65.108.125.120 - - [12/May/2026:11:58:36 -0500] "GET /index.php/20/8op9a7i2/925048/avigilajudicial/avigilajudicial/avigilajudicial/avigilajudicial/avigilajudicial/avigilajudicial/avigilajudicial/avigilajudicial/avigilajudicial/avigilajudicial/avigilajudicial/avigilajudicial/avigilajudicial/avigilajudicial/avigilajudicial/avigilajudicial/principal/principal/principal/pages/pages/avigilajudicial/principal/avigilajudicial/avigilajudicial/avigilajudicial/pages/avigilajudicial/principal/principal/pages/principal/contactenos.php HTTP/1.1" 200 54693 "-" "Mozilla/5.0 (compatible; MJ12bot/v1.4.8; http://mj12bot.com/)"
65.108.125.120 - - [12/May/2026:11:58:38 -0500] "GET /index.php/20/8op9a7i2/925048/avigilajudicial/avigilajudicial/avigilajudicial/avigilajudicial/avigilajudicial/avigilajudicial/avigilajudicial/avigilajudicial/avigilajudicial/avigilajudicial/avigilajudicial/avigilajudicial/avigilajudicial/avigilajudicial/avigilajudicial/avigilajudicial/principal/principal/principal/pages/pages/avigilajudicial/principal/avigilajudicial/avigilajudicial/avigilajudicial/pages/avigilajudicial/principal/principal/pages/principal/contratopersonas.php HTTP/1.1" 200 54693 "-" "Mozilla/5.0 (compatible; MJ12bot/v1.4.8; http://mj12bot.com/)"
190.85.87.250 - - [12/May/2026:11:58:39 -0500] "POST /cartera_consulta_titu_usuario.php?ced2=13870236&numcon=7204 HTTP/1.1" 200 23128 "http://www.asjudinet.com/cartera_consulta_titu_usuario.php?ced2=13870236&numcon=7204" "Mozilla/5.0 (Windows NT 10.0; Win64; x64) AppleWebKit/537.36 (KHTML, like Gecko) Chrome/147.0.0.0 Safari/537.36"
65.108.125.120 - - [12/May/2026:11:58:41 -0500] "GET /index.php/20/8op9a7i2/925048/avigilajudicial/avigilajudicial/avigilajudicial/avigilajudicial/avigilajudicial/avigilajudicial/avigilajudicial/avigilajudicial/avigilajudicial/avigilajudicial/avigilajudicial/avigilajudicial/avigilajudicial/avigilajudicial/avigilajudicial/avigilajudicial/principal/principal/principal/pages/pages/avigilajudicial/principal/avigilajudicial/avigilajudicial/avigilajudicial/pages/avigilajudicial/principal/principal/pages/principal/enlaces.php HTTP/1.1" 200 54693 "-" "Mozilla/5.0 (compatible; MJ12bot/v1.4.8; http://mj12bot.com/)"
190.85.87.250 - - [12/May/2026:11:58:40 -0500] "GET /consulta_titu_benefi_sus.php?ced2=13870236&cedb=1098651615&numcon=7204 HTTP/1.1" 200 3507 "http://www.asjudinet.com/cartera_consulta_titu_usuario.php?ced2=13870236&numcon=7204" "Mozilla/5.0 (Windows NT 10.0; Win64; x64) AppleWebKit/537.36 (KHTML, like Gecko) Chrome/147.0.0.0 Safari/537.36"
65.108.125.120 - - [12/May/2026:11:58:43 -0500] "GET /index.php/20/8op9a7i2/925048/avigilajudicial/avigilajudicial/avigilajudicial/avigilajudicial/avigilajudicial/avigilajudicial/avigilajudicial/avigilajudicial/avigilajudicial/avigilajudicial/avigilajudicial/avigilajudicial/avigilajudicial/avigilajudicial/avigilajudicial/avigilajudicial/principal/principal/principal/pages/pages/avigilajudicial/principal/avigilajudicial/avigilajudicial/avigilajudicial/pages/avigilajudicial/principal/principal/pages/principal/formulario_seminario_dih.php HTTP/1.1" 200 54693 "-" "Mozilla/5.0 (compatible; MJ12bot/v1.4.8; http://mj12bot.com/)"
65.108.125.120 - - [12/May/2026:11:58:45 -0500] "GET /index.php/20/8op9a7i2/925048/avigilajudicial/avigilajudicial/avigilajudicial/avigilajudicial/avigilajudicial/avigilajudicial/avigilajudicial/avigilajudicial/avigilajudicial/avigilajudicial/avigilajudicial/avigilajudicial/avigilajudicial/avigilajudicial/avigilajudicial/avigilajudicial/principal/principal/principal/pages/pages/avigilajudicial/principal/avigilajudicial/avigilajudicial/avigilajudicial/pages/avigilajudicial/principal/principal/pages/principal/index.php HTTP/1.1" 200 54693 "-" "Mozilla/5.0 (compatible; MJ12bot/v1.4.8; http://mj12bot.com/)"
65.108.125.120 - - [12/May/2026:11:58:46 -0500] "GET /index.php/20/8op9a7i2/925048/avigilajudicial/avigilajudicial/avigilajudicial/avigilajudicial/avigilajudicial/avigilajudicial/avigilajudicial/avigilajudicial/avigilajudicial/avigilajudicial/avigilajudicial/avigilajudicial/avigilajudicial/avigilajudicial/avigilajudicial/avigilajudicial/principal/principal/principal/pages/pages/avigilajudicial/principal/avigilajudicial/avigilajudicial/avigilajudicial/pages/avigilajudicial/principal/principal/pages/principal/lista_email.php HTTP/1.1" 200 54693 "-" "Mozilla/5.0 (compatible; MJ12bot/v1.4.8; http://mj12bot.com/)"
181.61.205.27 - - [12/May/2026:11:58:48 -0500] "POST /consulta_ced_histoser1.php?cf=&nf= HTTP/1.1" 200 6388 "http://www.asjudinet.com/consulta_ced_histoser1.php?cf=&nf=" "Mozilla/5.0 (Windows NT 10.0; Win64; x64) AppleWebKit/537.36 (KHTML, like Gecko) Chrome/147.0.0.0 Safari/537.36"
65.108.125.120 - - [12/May/2026:11:58:48 -0500] "GET /index.php/20/8op9a7i2/925048/avigilajudicial/avigilajudicial/avigilajudicial/avigilajudicial/avigilajudicial/avigilajudicial/avigilajudicial/avigilajudicial/avigilajudicial/avigilajudicial/avigilajudicial/avigilajudicial/avigilajudicial/avigilajudicial/avigilajudicial/avigilajudicial/principal/principal/principal/pages/pages/avigilajudicial/principal/avigilajudicial/avigilajudicial/avigilajudicial/pages/avigilajudicial/principal/principal/pages/principal/menu_comunicados.php HTTP/1.1" 200 54693 "-" "Mozilla/5.0 (compatible; MJ12bot/v1.4.8; http://mj12bot.com/)"
181.61.205.27 - - [12/May/2026:11:58:49 -0500] "GET /fondo_argollado.gif HTTP/1.1" 404 - "http://www.asjudinet.com/consulta_atencion.php?atencion=138712&id=79275936" "Mozilla/5.0 (Windows NT 10.0; Win64; x64) AppleWebKit/537.36 (KHTML, like Gecko) Chrome/147.0.0.0 Safari/537.36"
181.61.205.27 - - [12/May/2026:11:58:49 -0500] "GET /consulta_atencion.php?atencion=138712&id=79275936 HTTP/1.1" 200 10847 "http://www.asjudinet.com/consulta_ced_histoser1.php?cf=&nf=" "Mozilla/5.0 (Windows NT 10.0; Win64; x64) AppleWebKit/537.36 (KHTML, like Gecko) Chrome/147.0.0.0 Safari/537.36"
65.108.125.120 - - [12/May/2026:11:58:50 -0500] "GET /index.php/20/8op9a7i2/925048/avigilajudicial/avigilajudicial/avigilajudicial/avigilajudicial/avigilajudicial/avigilajudicial/avigilajudicial/avigilajudicial/avigilajudicial/avigilajudicial/avigilajudicial/avigilajudicial/avigilajudicial/avigilajudicial/avigilajudicial/avigilajudicial/principal/principal/principal/pages/pages/avigilajudicial/principal/avigilajudicial/avigilajudicial/avigilajudicial/pages/avigilajudicial/principal/principal/pages/principal/misionvision.php HTTP/1.1" 200 54693 "-" "Mozilla/5.0 (compatible; MJ12bot/v1.4.8; http://mj12bot.com/)"
65.108.125.120 - - [12/May/2026:11:58:52 -0500] "GET /index.php/20/8op9a7i2/925048/avigilajudicial/avigilajudicial/avigilajudicial/avigilajudicial/avigilajudicial/avigilajudicial/avigilajudicial/avigilajudicial/avigilajudicial/avigilajudicial/avigilajudicial/avigilajudicial/avigilajudicial/avigilajudicial/avigilajudicial/avigilajudicial/principal/principal/principal/pages/pages/avigilajudicial/principal/avigilajudicial/avigilajudicial/avigilajudicial/pages/avigilajudicial/principal/principal/pages/principal/prepago.php HTTP/1.1" 200 54693 "-" "Mozilla/5.0 (compatible; MJ12bot/v1.4.8; http://mj12bot.com/)"
190.85.87.250 - - [12/May/2026:11:58:51 -0500] "GET /cartera_consulta_titu_usuario.php?ced2=13870236&numcon=7204 HTTP/1.1" 200 128627 "http://www.asjudinet.com/consulta_ced_info_servi.php" "Mozilla/5.0 (Windows NT 10.0; Win64; x64) AppleWebKit/537.36 (KHTML, like Gecko) Chrome/147.0.0.0 Safari/537.36"
65.108.125.120 - - [12/May/2026:11:58:54 -0500] "GET /index.php/20/8op9a7i2/925048/avigilajudicial/avigilajudicial/avigilajudicial/avigilajudicial/avigilajudicial/avigilajudicial/avigilajudicial/avigilajudicial/avigilajudicial/avigilajudicial/avigilajudicial/avigilajudicial/avigilajudicial/avigilajudicial/avigilajudicial/avigilajudicial/principal/principal/principal/pages/pages/avigilajudicial/principal/avigilajudicial/avigilajudicial/avigilajudicial/pages/avigilajudicial/principal/principal/pages/principal/principal/asesoria.php HTTP/1.1" 200 54693 "-" "Mozilla/5.0 (compatible; MJ12bot/v1.4.8; http://mj12bot.com/)"
65.108.125.120 - - [12/May/2026:11:58:56 -0500] "GET /index.php/20/8op9a7i2/925048/avigilajudicial/avigilajudicial/avigilajudicial/avigilajudicial/avigilajudicial/avigilajudicial/avigilajudicial/avigilajudicial/avigilajudicial/avigilajudicial/avigilajudicial/avigilajudicial/avigilajudicial/avigilajudicial/avigilajudicial/avigilajudicial/principal/principal/principal/pages/pages/avigilajudicial/principal/avigilajudicial/avigilajudicial/avigilajudicial/pages/avigilajudicial/principal/principal/pages/principal/principal/casos_exito.php HTTP/1.1" 200 54693 "-" "Mozilla/5.0 (compatible; MJ12bot/v1.4.8; http://mj12bot.com/)"
190.85.87.250 - - [12/May/2026:11:58:54 -0500] "POST /cartera_consulta_titu_usuario.php?ced2=13870236&numcon=7204 HTTP/1.1" 200 24830 "http://www.asjudinet.com/cartera_consulta_titu_usuario.php?ced2=13870236&numcon=7204" "Mozilla/5.0 (Windows NT 10.0; Win64; x64) AppleWebKit/537.36 (KHTML, like Gecko) Chrome/147.0.0.0 Safari/537.36"
190.85.87.250 - - [12/May/2026:11:58:56 -0500] "GET /consulta_titu_benefi_sus.php?ced2=13870236&cedb=1098651615&numcon=7204 HTTP/1.1" 200 3507 "http://www.asjudinet.com/cartera_consulta_titu_usuario.php?ced2=13870236&numcon=7204" "Mozilla/5.0 (Windows NT 10.0; Win64; x64) AppleWebKit/537.36 (KHTML, like Gecko) Chrome/147.0.0.0 Safari/537.36"
65.108.125.120 - - [12/May/2026:11:58:58 -0500] "GET /index.php/20/8op9a7i2/925048/avigilajudicial/avigilajudicial/avigilajudicial/avigilajudicial/avigilajudicial/avigilajudicial/avigilajudicial/avigilajudicial/avigilajudicial/avigilajudicial/avigilajudicial/avigilajudicial/avigilajudicial/avigilajudicial/avigilajudicial/avigilajudicial/principal/principal/principal/pages/pages/avigilajudicial/principal/avigilajudicial/avigilajudicial/avigilajudicial/pages/avigilajudicial/principal/principal/pages/principal/principal/contactenos.php HTTP/1.1" 200 54693 "-" "Mozilla/5.0 (compatible; MJ12bot/v1.4.8; http://mj12bot.com/)"
65.108.125.120 - - [12/May/2026:11:59:00 -0500] "GET /index.php/20/8op9a7i2/925048/avigilajudicial/avigilajudicial/avigilajudicial/avigilajudicial/avigilajudicial/avigilajudicial/avigilajudicial/avigilajudicial/avigilajudicial/avigilajudicial/avigilajudicial/avigilajudicial/avigilajudicial/avigilajudicial/avigilajudicial/avigilajudicial/principal/principal/principal/pages/pages/avigilajudicial/principal/avigilajudicial/avigilajudicial/avigilajudicial/pages/avigilajudicial/principal/principal/pages/principal/principal/enlaces.php HTTP/1.1" 200 54693 "-" "Mozilla/5.0 (compatible; MJ12bot/v1.4.8; http://mj12bot.com/)"
65.108.125.120 - - [12/May/2026:11:59:02 -0500] "GET /index.php/20/8op9a7i2/925048/avigilajudicial/avigilajudicial/avigilajudicial/avigilajudicial/avigilajudicial/avigilajudicial/avigilajudicial/avigilajudicial/avigilajudicial/avigilajudicial/avigilajudicial/avigilajudicial/avigilajudicial/avigilajudicial/avigilajudicial/avigilajudicial/principal/principal/principal/pages/pages/avigilajudicial/principal/avigilajudicial/avigilajudicial/avigilajudicial/pages/avigilajudicial/principal/principal/pages/principal/principal/lista_email.php HTTP/1.1" 200 54693 "-" "Mozilla/5.0 (compatible; MJ12bot/v1.4.8; http://mj12bot.com/)"
65.108.125.120 - - [12/May/2026:11:59:05 -0500] "GET /index.php/20/8op9a7i2/925048/avigilajudicial/avigilajudicial/avigilajudicial/avigilajudicial/avigilajudicial/avigilajudicial/avigilajudicial/avigilajudicial/avigilajudicial/avigilajudicial/avigilajudicial/avigilajudicial/avigilajudicial/avigilajudicial/avigilajudicial/avigilajudicial/principal/principal/principal/pages/pages/avigilajudicial/principal/avigilajudicial/avigilajudicial/avigilajudicial/pages/avigilajudicial/principal/principal/pages/principal/principal/misionvision.php HTTP/1.1" 200 54693 "-" "Mozilla/5.0 (compatible; MJ12bot/v1.4.8; http://mj12bot.com/)"
181.61.205.27 - - [12/May/2026:11:59:06 -0500] "POST /consulta_ced_histoser1.php?cf=&nf= HTTP/1.1" 200 6399 "http://www.asjudinet.com/consulta_ced_histoser1.php?cf=&nf=" "Mozilla/5.0 (Windows NT 10.0; Win64; x64) AppleWebKit/537.36 (KHTML, like Gecko) Chrome/147.0.0.0 Safari/537.36"
65.108.125.120 - - [12/May/2026:11:59:07 -0500] "GET /index.php/20/8op9a7i2/925048/avigilajudicial/avigilajudicial/avigilajudicial/avigilajudicial/avigilajudicial/avigilajudicial/avigilajudicial/avigilajudicial/avigilajudicial/avigilajudicial/avigilajudicial/avigilajudicial/avigilajudicial/avigilajudicial/avigilajudicial/avigilajudicial/principal/principal/principal/pages/pages/avigilajudicial/principal/avigilajudicial/avigilajudicial/avigilajudicial/pages/avigilajudicial/principal/principal/pages/principal/principal/prepago.php HTTP/1.1" 200 54693 "-" "Mozilla/5.0 (compatible; MJ12bot/v1.4.8; http://mj12bot.com/)"
181.61.205.27 - - [12/May/2026:11:59:07 -0500] "GET /fondo_argollado.gif HTTP/1.1" 404 - "http://www.asjudinet.com/consulta_atencion.php?atencion=138713&id=39644989" "Mozilla/5.0 (Windows NT 10.0; Win64; x64) AppleWebKit/537.36 (KHTML, like Gecko) Chrome/147.0.0.0 Safari/537.36"
181.61.205.27 - - [12/May/2026:11:59:07 -0500] "GET /consulta_atencion.php?atencion=138713&id=39644989 HTTP/1.1" 200 11092 "http://www.asjudinet.com/consulta_ced_histoser1.php?cf=&nf=" "Mozilla/5.0 (Windows NT 10.0; Win64; x64) AppleWebKit/537.36 (KHTML, like Gecko) Chrome/147.0.0.0 Safari/537.36"
65.108.125.120 - - [12/May/2026:11:59:09 -0500] "GET /index.php/20/8op9a7i2/925048/avigilajudicial/avigilajudicial/avigilajudicial/avigilajudicial/avigilajudicial/avigilajudicial/avigilajudicial/avigilajudicial/avigilajudicial/avigilajudicial/avigilajudicial/avigilajudicial/avigilajudicial/avigilajudicial/avigilajudicial/avigilajudicial/principal/principal/principal/pages/pages/avigilajudicial/principal/avigilajudicial/avigilajudicial/avigilajudicial/pages/avigilajudicial/principal/principal/pages/principal/principal/quienes.php HTTP/1.1" 200 54693 "-" "Mozilla/5.0 (compatible; MJ12bot/v1.4.8; http://mj12bot.com/)"
65.108.125.120 - - [12/May/2026:11:59:11 -0500] "GET /index.php/20/8op9a7i2/925048/avigilajudicial/avigilajudicial/avigilajudicial/avigilajudicial/avigilajudicial/avigilajudicial/avigilajudicial/avigilajudicial/avigilajudicial/avigilajudicial/avigilajudicial/avigilajudicial/avigilajudicial/avigilajudicial/avigilajudicial/avigilajudicial/principal/principal/principal/pages/pages/avigilajudicial/principal/avigilajudicial/avigilajudicial/avigilajudicial/pages/avigilajudicial/principal/principal/pages/principal/principal/sucursales.php HTTP/1.1" 200 54693 "-" "Mozilla/5.0 (compatible; MJ12bot/v1.4.8; http://mj12bot.com/)"
65.108.125.120 - - [12/May/2026:11:59:13 -0500] "GET /index.php/20/8op9a7i2/925048/avigilajudicial/avigilajudicial/avigilajudicial/avigilajudicial/avigilajudicial/avigilajudicial/avigilajudicial/avigilajudicial/avigilajudicial/avigilajudicial/avigilajudicial/avigilajudicial/avigilajudicial/avigilajudicial/avigilajudicial/avigilajudicial/principal/principal/principal/pages/pages/avigilajudicial/principal/avigilajudicial/avigilajudicial/avigilajudicial/pages/avigilajudicial/principal/principal/pages/principal/principal/testimonios.php HTTP/1.1" 200 54693 "-" "Mozilla/5.0 (compatible; MJ12bot/v1.4.8; http://mj12bot.com/)"
65.108.125.120 - - [12/May/2026:11:59:15 -0500] "GET /index.php/20/8op9a7i2/925048/avigilajudicial/avigilajudicial/avigilajudicial/avigilajudicial/avigilajudicial/avigilajudicial/avigilajudicial/avigilajudicial/avigilajudicial/avigilajudicial/avigilajudicial/avigilajudicial/avigilajudicial/avigilajudicial/avigilajudicial/avigilajudicial/principal/principal/principal/pages/pages/avigilajudicial/principal/avigilajudicial/avigilajudicial/avigilajudicial/pages/avigilajudicial/principal/principal/pages/principal/principal/trayectoria.php HTTP/1.1" 200 54693 "-" "Mozilla/5.0 (compatible; MJ12bot/v1.4.8; http://mj12bot.com/)"
65.108.125.120 - - [12/May/2026:11:59:17 -0500] "GET /index.php/20/8op9a7i2/925048/avigilajudicial/avigilajudicial/avigilajudicial/avigilajudicial/avigilajudicial/avigilajudicial/avigilajudicial/avigilajudicial/avigilajudicial/avigilajudicial/avigilajudicial/avigilajudicial/avigilajudicial/avigilajudicial/avigilajudicial/avigilajudicial/principal/principal/principal/pages/pages/avigilajudicial/principal/avigilajudicial/avigilajudicial/avigilajudicial/pages/avigilajudicial/principal/principal/pages/principal/principal/ventajas.php HTTP/1.1" 200 54693 "-" "Mozilla/5.0 (compatible; MJ12bot/v1.4.8; http://mj12bot.com/)"
65.108.125.120 - - [12/May/2026:11:59:19 -0500] "GET /index.php/20/8op9a7i2/925048/avigilajudicial/avigilajudicial/avigilajudicial/avigilajudicial/avigilajudicial/avigilajudicial/avigilajudicial/avigilajudicial/avigilajudicial/avigilajudicial/avigilajudicial/avigilajudicial/avigilajudicial/avigilajudicial/avigilajudicial/avigilajudicial/principal/principal/principal/pages/pages/avigilajudicial/principal/avigilajudicial/avigilajudicial/avigilajudicial/pages/avigilajudicial/principal/principal/pages/principal/principal/video_empresa.php HTTP/1.1" 200 54693 "-" "Mozilla/5.0 (compatible; MJ12bot/v1.4.8; http://mj12bot.com/)"
65.108.125.120 - - [12/May/2026:11:59:21 -0500] "GET /index.php/20/8op9a7i2/925048/avigilajudicial/avigilajudicial/avigilajudicial/avigilajudicial/avigilajudicial/avigilajudicial/avigilajudicial/avigilajudicial/avigilajudicial/avigilajudicial/avigilajudicial/avigilajudicial/avigilajudicial/avigilajudicial/avigilajudicial/avigilajudicial/principal/principal/principal/pages/pages/avigilajudicial/principal/avigilajudicial/avigilajudicial/avigilajudicial/pages/avigilajudicial/principal/principal/pages/principal/quienes.php HTTP/1.1" 200 54693 "-" "Mozilla/5.0 (compatible; MJ12bot/v1.4.8; http://mj12bot.com/)"
65.108.125.120 - - [12/May/2026:11:59:23 -0500] "GET /index.php/20/8op9a7i2/925048/avigilajudicial/avigilajudicial/avigilajudicial/avigilajudicial/avigilajudicial/avigilajudicial/avigilajudicial/avigilajudicial/avigilajudicial/avigilajudicial/avigilajudicial/avigilajudicial/avigilajudicial/avigilajudicial/avigilajudicial/avigilajudicial/principal/principal/principal/pages/pages/avigilajudicial/principal/avigilajudicial/avigilajudicial/avigilajudicial/pages/avigilajudicial/principal/principal/pages/principal/soporteacademico.php HTTP/1.1" 200 54693 "-" "Mozilla/5.0 (compatible; MJ12bot/v1.4.8; http://mj12bot.com/)"
65.108.125.120 - - [12/May/2026:11:59:25 -0500] "GET /index.php/20/8op9a7i2/925048/avigilajudicial/avigilajudicial/avigilajudicial/avigilajudicial/avigilajudicial/avigilajudicial/avigilajudicial/avigilajudicial/avigilajudicial/avigilajudicial/avigilajudicial/avigilajudicial/avigilajudicial/avigilajudicial/avigilajudicial/avigilajudicial/principal/principal/principal/pages/pages/avigilajudicial/principal/avigilajudicial/avigilajudicial/avigilajudicial/pages/avigilajudicial/principal/principal/pages/principal/sucursales.php HTTP/1.1" 200 54693 "-" "Mozilla/5.0 (compatible; MJ12bot/v1.4.8; http://mj12bot.com/)"
65.108.125.120 - - [12/May/2026:11:59:27 -0500] "GET /index.php/20/8op9a7i2/925048/avigilajudicial/avigilajudicial/avigilajudicial/avigilajudicial/avigilajudicial/avigilajudicial/avigilajudicial/avigilajudicial/avigilajudicial/avigilajudicial/avigilajudicial/avigilajudicial/avigilajudicial/avigilajudicial/avigilajudicial/avigilajudicial/principal/principal/principal/pages/pages/avigilajudicial/principal/avigilajudicial/avigilajudicial/avigilajudicial/pages/avigilajudicial/principal/principal/pages/principal/sucursales_satelites.php HTTP/1.1" 200 54693 "-" "Mozilla/5.0 (compatible; MJ12bot/v1.4.8; http://mj12bot.com/)"
65.108.125.120 - - [12/May/2026:11:59:29 -0500] "GET /index.php/20/8op9a7i2/925048/avigilajudicial/avigilajudicial/avigilajudicial/avigilajudicial/avigilajudicial/avigilajudicial/avigilajudicial/avigilajudicial/avigilajudicial/avigilajudicial/avigilajudicial/avigilajudicial/avigilajudicial/avigilajudicial/avigilajudicial/avigilajudicial/principal/principal/principal/pages/pages/avigilajudicial/principal/avigilajudicial/avigilajudicial/avigilajudicial/pages/avigilajudicial/principal/principal/pages/principal/trayectoria.php HTTP/1.1" 200 54693 "-" "Mozilla/5.0 (compatible; MJ12bot/v1.4.8; http://mj12bot.com/)"
181.61.205.27 - - [12/May/2026:11:59:30 -0500] "POST /consulta_ced_histoser1.php?cf=&nf= HTTP/1.1" 200 6399 "http://www.asjudinet.com/consulta_ced_histoser1.php?cf=&nf=" "Mozilla/5.0 (Windows NT 10.0; Win64; x64) AppleWebKit/537.36 (KHTML, like Gecko) Chrome/147.0.0.0 Safari/537.36"
65.108.125.120 - - [12/May/2026:11:59:31 -0500] "GET /index.php/20/8op9a7i2/925048/avigilajudicial/avigilajudicial/avigilajudicial/avigilajudicial/avigilajudicial/avigilajudicial/avigilajudicial/avigilajudicial/avigilajudicial/avigilajudicial/avigilajudicial/avigilajudicial/avigilajudicial/avigilajudicial/avigilajudicial/avigilajudicial/principal/principal/principal/pages/pages/avigilajudicial/principal/avigilajudicial/avigilajudicial/avigilajudicial/pages/avigilajudicial/principal/principal/pages/principal/val_usuarios.php HTTP/1.1" 200 54693 "-" "Mozilla/5.0 (compatible; MJ12bot/v1.4.8; http://mj12bot.com/)"
65.108.125.120 - - [12/May/2026:11:59:33 -0500] "GET /index.php/20/8op9a7i2/925048/avigilajudicial/avigilajudicial/avigilajudicial/avigilajudicial/avigilajudicial/avigilajudicial/avigilajudicial/avigilajudicial/avigilajudicial/avigilajudicial/avigilajudicial/avigilajudicial/avigilajudicial/avigilajudicial/avigilajudicial/avigilajudicial/principal/principal/principal/pages/pages/avigilajudicial/principal/avigilajudicial/avigilajudicial/avigilajudicial/pages/avigilajudicial/principal/principal/pages/principal/val_usuarios_IURIS.php HTTP/1.1" 200 54693 "-" "Mozilla/5.0 (compatible; MJ12bot/v1.4.8; http://mj12bot.com/)"
190.85.87.250 - - [12/May/2026:11:59:34 -0500] "POST /acobranzas/seguimiento_cobranza_captura_vigentes.php?id=7255146&tipo=PIP&carpeta=7796 HTTP/1.1" 200 14156 "http://www.asjudinet.com/acobranzas/seguimiento_cobranza_captura_vigentes.php?id=7255146&tipo=PIP&carpeta=7796" "Mozilla/5.0 (Windows NT 10.0; Win64; x64) AppleWebKit/537.36 (KHTML, like Gecko) Chrome/148.0.0.0 Safari/537.36"
190.85.87.250 - - [12/May/2026:11:59:34 -0500] "GET /acobranzas/consultar_cobranzas_vigentes.php?ced2=7255146&numcon=2788 HTTP/1.1" 200 27335 "http://www.asjudinet.com/acobranzas/seguimiento_cobranza_captura_vigentes.php?id=7255146&tipo=PIP&carpeta=7796" "Mozilla/5.0 (Windows NT 10.0; Win64; x64) AppleWebKit/537.36 (KHTML, like Gecko) Chrome/148.0.0.0 Safari/537.36"
65.108.125.120 - - [12/May/2026:11:59:35 -0500] "GET /index.php/20/8op9a7i2/925048/avigilajudicial/avigilajudicial/avigilajudicial/avigilajudicial/avigilajudicial/avigilajudicial/avigilajudicial/avigilajudicial/avigilajudicial/avigilajudicial/avigilajudicial/avigilajudicial/avigilajudicial/avigilajudicial/avigilajudicial/avigilajudicial/principal/principal/principal/pages/pages/avigilajudicial/principal/avigilajudicial/avigilajudicial/avigilajudicial/pages/avigilajudicial/principal/principal/pages/principal/validar_usuarios_pagina.php HTTP/1.1" 200 54693 "-" "Mozilla/5.0 (compatible; MJ12bot/v1.4.8; http://mj12bot.com/)"
181.61.205.27 - - [12/May/2026:11:59:36 -0500] "GET /consulta_atencion.php?atencion=138714&id=1023933243 HTTP/1.1" 200 10815 "http://www.asjudinet.com/consulta_ced_histoser1.php?cf=&nf=" "Mozilla/5.0 (Windows NT 10.0; Win64; x64) AppleWebKit/537.36 (KHTML, like Gecko) Chrome/147.0.0.0 Safari/537.36"
181.61.205.27 - - [12/May/2026:11:59:36 -0500] "GET /fondo_argollado.gif HTTP/1.1" 404 - "http://www.asjudinet.com/consulta_atencion.php?atencion=138714&id=1023933243" "Mozilla/5.0 (Windows NT 10.0; Win64; x64) AppleWebKit/537.36 (KHTML, like Gecko) Chrome/147.0.0.0 Safari/537.36"
65.108.125.120 - - [12/May/2026:11:59:37 -0500] "GET /index.php/20/8op9a7i2/925048/avigilajudicial/avigilajudicial/avigilajudicial/avigilajudicial/avigilajudicial/avigilajudicial/avigilajudicial/avigilajudicial/avigilajudicial/avigilajudicial/avigilajudicial/avigilajudicial/avigilajudicial/avigilajudicial/avigilajudicial/avigilajudicial/principal/principal/principal/pages/pages/avigilajudicial/principal/avigilajudicial/avigilajudicial/avigilajudicial/pages/avigilajudicial/principal/principal/principal/pages/formulario_seminario_dih.php HTTP/1.1" 200 54693 "-" "Mozilla/5.0 (compatible; MJ12bot/v1.4.8; http://mj12bot.com/)"
190.85.87.250 - - [12/May/2026:11:59:37 -0500] "GET /cartera_consulta_titu_usuario.php?ced2=13870236&numcon=7204 HTTP/1.1" 200 128627 "http://www.asjudinet.com/consulta_ced_info_servi.php" "Mozilla/5.0 (Windows NT 10.0; Win64; x64) AppleWebKit/537.36 (KHTML, like Gecko) Chrome/147.0.0.0 Safari/537.36"
65.108.125.120 - - [12/May/2026:11:59:39 -0500] "GET /index.php/20/8op9a7i2/925048/avigilajudicial/avigilajudicial/avigilajudicial/avigilajudicial/avigilajudicial/avigilajudicial/avigilajudicial/avigilajudicial/avigilajudicial/avigilajudicial/avigilajudicial/avigilajudicial/avigilajudicial/avigilajudicial/avigilajudicial/avigilajudicial/principal/principal/principal/pages/pages/avigilajudicial/principal/avigilajudicial/avigilajudicial/avigilajudicial/pages/avigilajudicial/principal/principal/principal/pages/index.php HTTP/1.1" 200 54693 "-" "Mozilla/5.0 (compatible; MJ12bot/v1.4.8; http://mj12bot.com/)"
65.108.125.120 - - [12/May/2026:11:59:41 -0500] "GET /index.php/20/8op9a7i2/925048/avigilajudicial/avigilajudicial/avigilajudicial/avigilajudicial/avigilajudicial/avigilajudicial/avigilajudicial/avigilajudicial/avigilajudicial/avigilajudicial/avigilajudicial/avigilajudicial/avigilajudicial/avigilajudicial/avigilajudicial/avigilajudicial/principal/principal/principal/pages/pages/avigilajudicial/principal/avigilajudicial/avigilajudicial/avigilajudicial/pages/avigilajudicial/principal/principal/principal/pages/principal/asesoria.php HTTP/1.1" 200 54693 "-" "Mozilla/5.0 (compatible; MJ12bot/v1.4.8; http://mj12bot.com/)"
65.108.125.120 - - [12/May/2026:11:59:43 -0500] "GET /index.php/20/8op9a7i2/925048/avigilajudicial/avigilajudicial/avigilajudicial/avigilajudicial/avigilajudicial/avigilajudicial/avigilajudicial/avigilajudicial/avigilajudicial/avigilajudicial/avigilajudicial/avigilajudicial/avigilajudicial/avigilajudicial/avigilajudicial/avigilajudicial/principal/principal/principal/pages/pages/avigilajudicial/principal/avigilajudicial/avigilajudicial/avigilajudicial/pages/avigilajudicial/principal/principal/principal/pages/principal/casos_exito.php HTTP/1.1" 200 54693 "-" "Mozilla/5.0 (compatible; MJ12bot/v1.4.8; http://mj12bot.com/)"
65.108.125.120 - - [12/May/2026:11:59:45 -0500] "GET /index.php/20/8op9a7i2/925048/avigilajudicial/avigilajudicial/avigilajudicial/avigilajudicial/avigilajudicial/avigilajudicial/avigilajudicial/avigilajudicial/avigilajudicial/avigilajudicial/avigilajudicial/avigilajudicial/avigilajudicial/avigilajudicial/avigilajudicial/avigilajudicial/principal/principal/principal/pages/pages/avigilajudicial/principal/avigilajudicial/avigilajudicial/avigilajudicial/pages/avigilajudicial/principal/principal/principal/pages/principal/contactenos.php HTTP/1.1" 200 54693 "-" "Mozilla/5.0 (compatible; MJ12bot/v1.4.8; http://mj12bot.com/)"
65.108.125.120 - - [12/May/2026:11:59:48 -0500] "GET /index.php/20/8op9a7i2/925048/avigilajudicial/avigilajudicial/avigilajudicial/avigilajudicial/avigilajudicial/avigilajudicial/avigilajudicial/avigilajudicial/avigilajudicial/avigilajudicial/avigilajudicial/avigilajudicial/avigilajudicial/avigilajudicial/avigilajudicial/avigilajudicial/principal/principal/principal/pages/pages/avigilajudicial/principal/avigilajudicial/avigilajudicial/avigilajudicial/pages/avigilajudicial/principal/principal/principal/pages/principal/enlaces.php HTTP/1.1" 200 54693 "-" "Mozilla/5.0 (compatible; MJ12bot/v1.4.8; http://mj12bot.com/)"
65.108.125.120 - - [12/May/2026:11:59:50 -0500] "GET /index.php/20/8op9a7i2/925048/avigilajudicial/avigilajudicial/avigilajudicial/avigilajudicial/avigilajudicial/avigilajudicial/avigilajudicial/avigilajudicial/avigilajudicial/avigilajudicial/avigilajudicial/avigilajudicial/avigilajudicial/avigilajudicial/avigilajudicial/avigilajudicial/principal/principal/principal/pages/pages/avigilajudicial/principal/avigilajudicial/avigilajudicial/avigilajudicial/pages/avigilajudicial/principal/principal/principal/pages/principal/lista_email.php HTTP/1.1" 200 54693 "-" "Mozilla/5.0 (compatible; MJ12bot/v1.4.8; http://mj12bot.com/)"
65.108.125.120 - - [12/May/2026:11:59:52 -0500] "GET /index.php/20/8op9a7i2/925048/avigilajudicial/avigilajudicial/avigilajudicial/avigilajudicial/avigilajudicial/avigilajudicial/avigilajudicial/avigilajudicial/avigilajudicial/avigilajudicial/avigilajudicial/avigilajudicial/avigilajudicial/avigilajudicial/avigilajudicial/avigilajudicial/principal/principal/principal/pages/pages/avigilajudicial/principal/avigilajudicial/avigilajudicial/avigilajudicial/pages/avigilajudicial/principal/principal/principal/pages/principal/misionvision.php HTTP/1.1" 200 54693 "-" "Mozilla/5.0 (compatible; MJ12bot/v1.4.8; http://mj12bot.com/)"
65.108.125.120 - - [12/May/2026:11:59:54 -0500] "GET /index.php/20/8op9a7i2/925048/avigilajudicial/avigilajudicial/avigilajudicial/avigilajudicial/avigilajudicial/avigilajudicial/avigilajudicial/avigilajudicial/avigilajudicial/avigilajudicial/avigilajudicial/avigilajudicial/avigilajudicial/avigilajudicial/avigilajudicial/avigilajudicial/principal/principal/principal/pages/pages/avigilajudicial/principal/avigilajudicial/avigilajudicial/avigilajudicial/pages/avigilajudicial/principal/principal/principal/pages/principal/prepago.php HTTP/1.1" 200 54693 "-" "Mozilla/5.0 (compatible; MJ12bot/v1.4.8; http://mj12bot.com/)"
65.108.125.120 - - [12/May/2026:11:59:56 -0500] "GET /index.php/20/8op9a7i2/925048/avigilajudicial/avigilajudicial/avigilajudicial/avigilajudicial/avigilajudicial/avigilajudicial/avigilajudicial/avigilajudicial/avigilajudicial/avigilajudicial/avigilajudicial/avigilajudicial/avigilajudicial/avigilajudicial/avigilajudicial/avigilajudicial/principal/principal/principal/pages/pages/avigilajudicial/principal/avigilajudicial/avigilajudicial/avigilajudicial/pages/avigilajudicial/principal/principal/principal/pages/principal/quienes.php HTTP/1.1" 200 54693 "-" "Mozilla/5.0 (compatible; MJ12bot/v1.4.8; http://mj12bot.com/)"
181.61.205.27 - - [12/May/2026:11:59:58 -0500] "POST /consulta_ced_histoser1.php?cf=&nf= HTTP/1.1" 200 6399 "http://www.asjudinet.com/consulta_ced_histoser1.php?cf=&nf=" "Mozilla/5.0 (Windows NT 10.0; Win64; x64) AppleWebKit/537.36 (KHTML, like Gecko) Chrome/147.0.0.0 Safari/537.36"
181.61.205.27 - - [12/May/2026:12:00:00 -0500] "GET /fondo_argollado.gif HTTP/1.1" 404 - "http://www.asjudinet.com/consulta_atencion.php?atencion=138715&id=1023933243" "Mozilla/5.0 (Windows NT 10.0; Win64; x64) AppleWebKit/537.36 (KHTML, like Gecko) Chrome/147.0.0.0 Safari/537.36"
181.61.205.27 - - [12/May/2026:12:00:00 -0500] "GET /consulta_atencion.php?atencion=138715&id=1023933243 HTTP/1.1" 200 10899 "http://www.asjudinet.com/consulta_ced_histoser1.php?cf=&nf=" "Mozilla/5.0 (Windows NT 10.0; Win64; x64) AppleWebKit/537.36 (KHTML, like Gecko) Chrome/147.0.0.0 Safari/537.36"
181.61.205.27 - - [12/May/2026:12:00:22 -0500] "POST /consulta_ced_histoser1.php?cf=&nf= HTTP/1.1" 200 6396 "http://www.asjudinet.com/consulta_ced_histoser1.php?cf=&nf=" "Mozilla/5.0 (Windows NT 10.0; Win64; x64) AppleWebKit/537.36 (KHTML, like Gecko) Chrome/147.0.0.0 Safari/537.36"
181.61.205.27 - - [12/May/2026:12:00:23 -0500] "GET /fondo_argollado.gif HTTP/1.1" 404 - "http://www.asjudinet.com/consulta_atencion.php?atencion=138716&id=94521156" "Mozilla/5.0 (Windows NT 10.0; Win64; x64) AppleWebKit/537.36 (KHTML, like Gecko) Chrome/147.0.0.0 Safari/537.36"
181.61.205.27 - - [12/May/2026:12:00:23 -0500] "GET /consulta_atencion.php?atencion=138716&id=94521156 HTTP/1.1" 200 10933 "http://www.asjudinet.com/consulta_ced_histoser1.php?cf=&nf=" "Mozilla/5.0 (Windows NT 10.0; Win64; x64) AppleWebKit/537.36 (KHTML, like Gecko) Chrome/147.0.0.0 Safari/537.36"
181.61.205.27 - - [12/May/2026:12:00:41 -0500] "POST /consulta_ced_histoser1.php?cf=&nf= HTTP/1.1" 200 6396 "http://www.asjudinet.com/consulta_ced_histoser1.php?cf=&nf=" "Mozilla/5.0 (Windows NT 10.0; Win64; x64) AppleWebKit/537.36 (KHTML, like Gecko) Chrome/147.0.0.0 Safari/537.36"
181.61.205.27 - - [12/May/2026:12:00:42 -0500] "GET /fondo_argollado.gif HTTP/1.1" 404 - "http://www.asjudinet.com/consulta_atencion.php?atencion=138717&id=94521156" "Mozilla/5.0 (Windows NT 10.0; Win64; x64) AppleWebKit/537.36 (KHTML, like Gecko) Chrome/147.0.0.0 Safari/537.36"
181.61.205.27 - - [12/May/2026:12:00:42 -0500] "GET /consulta_atencion.php?atencion=138717&id=94521156 HTTP/1.1" 200 10887 "http://www.asjudinet.com/consulta_ced_histoser1.php?cf=&nf=" "Mozilla/5.0 (Windows NT 10.0; Win64; x64) AppleWebKit/537.36 (KHTML, like Gecko) Chrome/147.0.0.0 Safari/537.36"
181.61.205.27 - - [12/May/2026:12:01:04 -0500] "POST /consulta_ced_histoser1.php?cf=&nf= HTTP/1.1" 200 6396 "http://www.asjudinet.com/consulta_ced_histoser1.php?cf=&nf=" "Mozilla/5.0 (Windows NT 10.0; Win64; x64) AppleWebKit/537.36 (KHTML, like Gecko) Chrome/147.0.0.0 Safari/537.36"
181.61.205.27 - - [12/May/2026:12:01:09 -0500] "GET /fondo_argollado.gif HTTP/1.1" 404 - "http://www.asjudinet.com/consulta_atencion.php?atencion=138718&id=94521156" "Mozilla/5.0 (Windows NT 10.0; Win64; x64) AppleWebKit/537.36 (KHTML, like Gecko) Chrome/147.0.0.0 Safari/537.36"
181.61.205.27 - - [12/May/2026:12:01:09 -0500] "GET /consulta_atencion.php?atencion=138718&id=94521156 HTTP/1.1" 200 10860 "http://www.asjudinet.com/consulta_ced_histoser1.php?cf=&nf=" "Mozilla/5.0 (Windows NT 10.0; Win64; x64) AppleWebKit/537.36 (KHTML, like Gecko) Chrome/147.0.0.0 Safari/537.36"
190.85.87.250 - - [12/May/2026:12:01:22 -0500] "GET /consulta_cartera.php HTTP/1.1" 200 4668 "http://www.asjudinet.com/cartera_consulta_titu_usuario.php?ced2=13870236&numcon=7204" "Mozilla/5.0 (Windows NT 10.0; Win64; x64) AppleWebKit/537.36 (KHTML, like Gecko) Chrome/147.0.0.0 Safari/537.36"
181.61.205.27 - - [12/May/2026:12:01:32 -0500] "POST /consulta_ced_histoser1.php?cf=&nf= HTTP/1.1" 200 6392 "http://www.asjudinet.com/consulta_ced_histoser1.php?cf=&nf=" "Mozilla/5.0 (Windows NT 10.0; Win64; x64) AppleWebKit/537.36 (KHTML, like Gecko) Chrome/147.0.0.0 Safari/537.36"
181.61.205.27 - - [12/May/2026:12:01:37 -0500] "GET /consulta_atencion.php?atencion=138719&id=80384820 HTTP/1.1" 200 11156 "http://www.asjudinet.com/consulta_ced_histoser1.php?cf=&nf=" "Mozilla/5.0 (Windows NT 10.0; Win64; x64) AppleWebKit/537.36 (KHTML, like Gecko) Chrome/147.0.0.0 Safari/537.36"
181.61.205.27 - - [12/May/2026:12:01:37 -0500] "GET /fondo_argollado.gif HTTP/1.1" 404 - "http://www.asjudinet.com/consulta_atencion.php?atencion=138719&id=80384820" "Mozilla/5.0 (Windows NT 10.0; Win64; x64) AppleWebKit/537.36 (KHTML, like Gecko) Chrome/147.0.0.0 Safari/537.36"
181.61.205.27 - - [12/May/2026:12:01:57 -0500] "POST /consulta_ced_histoser1.php?cf=&nf= HTTP/1.1" 200 6390 "http://www.asjudinet.com/consulta_ced_histoser1.php?cf=&nf=" "Mozilla/5.0 (Windows NT 10.0; Win64; x64) AppleWebKit/537.36 (KHTML, like Gecko) Chrome/147.0.0.0 Safari/537.36"
114.119.142.179 - - [12/May/2026:12:02:07 -0500] "GET /index.php/zzztvsa/39aayzpksh_liqzne72382/principal/principal/principal/principal/ELEMENTS/otros/principal/pages/avigilajudicial/val_usuarios.php HTTP/1.1" 200 54693 "http://www.asjudinet.com/index.php/zzztvsa/39aayzpksh_liqzne72382/principal/principal/principal/principal/ELEMENTS/otros/principal/pages/avigilajudicial/val_usuarios_IURIS.php" "Mozilla/5.0 (Linux; Android 7.0;) AppleWebKit/537.36 (HTML, like Gecko) Mobile Safari/537.36 (compatible; PetalBot;+https://webmaster.petalsearch.com/site/petalbot)"
181.61.205.27 - - [12/May/2026:12:02:24 -0500] "GET /consulta_atencion.php?atencion=138720&id=79772070 HTTP/1.1" 200 11069 "http://www.asjudinet.com/consulta_ced_histoser1.php?cf=&nf=" "Mozilla/5.0 (Windows NT 10.0; Win64; x64) AppleWebKit/537.36 (KHTML, like Gecko) Chrome/147.0.0.0 Safari/537.36"
181.61.205.27 - - [12/May/2026:12:02:25 -0500] "GET /fondo_argollado.gif HTTP/1.1" 404 - "http://www.asjudinet.com/consulta_atencion.php?atencion=138720&id=79772070" "Mozilla/5.0 (Windows NT 10.0; Win64; x64) AppleWebKit/537.36 (KHTML, like Gecko) Chrome/147.0.0.0 Safari/537.36"
216.244.66.232 - - [12/May/2026:12:02:28 -0500] "GET /robots.txt HTTP/1.1" 200 43 "-" "Mozilla/5.0 (compatible; DotBot/1.2; +https://opensiteexplorer.org/dotbot; help@moz.com)"
181.61.205.27 - - [12/May/2026:12:02:44 -0500] "POST /consulta_ced_histoser1.php?cf=&nf= HTTP/1.1" 200 6385 "http://www.asjudinet.com/consulta_ced_histoser1.php?cf=&nf=" "Mozilla/5.0 (Windows NT 10.0; Win64; x64) AppleWebKit/537.36 (KHTML, like Gecko) Chrome/147.0.0.0 Safari/537.36"
181.61.205.27 - - [12/May/2026:12:02:47 -0500] "GET /fondo_argollado.gif HTTP/1.1" 404 - "http://www.asjudinet.com/consulta_atencion.php?atencion=138721&id=86015005" "Mozilla/5.0 (Windows NT 10.0; Win64; x64) AppleWebKit/537.36 (KHTML, like Gecko) Chrome/147.0.0.0 Safari/537.36"
181.61.205.27 - - [12/May/2026:12:02:47 -0500] "GET /consulta_atencion.php?atencion=138721&id=86015005 HTTP/1.1" 200 11198 "http://www.asjudinet.com/consulta_ced_histoser1.php?cf=&nf=" "Mozilla/5.0 (Windows NT 10.0; Win64; x64) AppleWebKit/537.36 (KHTML, like Gecko) Chrome/147.0.0.0 Safari/537.36"
181.61.205.27 - - [12/May/2026:12:03:13 -0500] "POST /consulta_ced_histoser1.php?cf=&nf= HTTP/1.1" 200 6391 "http://www.asjudinet.com/consulta_ced_histoser1.php?cf=&nf=" "Mozilla/5.0 (Windows NT 10.0; Win64; x64) AppleWebKit/537.36 (KHTML, like Gecko) Chrome/147.0.0.0 Safari/537.36"
181.61.205.27 - - [12/May/2026:12:03:14 -0500] "GET /fondo_argollado.gif HTTP/1.1" 404 - "http://www.asjudinet.com/consulta_atencion.php?atencion=138722&id=13460262" "Mozilla/5.0 (Windows NT 10.0; Win64; x64) AppleWebKit/537.36 (KHTML, like Gecko) Chrome/147.0.0.0 Safari/537.36"
181.61.205.27 - - [12/May/2026:12:03:14 -0500] "GET /consulta_atencion.php?atencion=138722&id=13460262 HTTP/1.1" 200 11356 "http://www.asjudinet.com/consulta_ced_histoser1.php?cf=&nf=" "Mozilla/5.0 (Windows NT 10.0; Win64; x64) AppleWebKit/537.36 (KHTML, like Gecko) Chrome/147.0.0.0 Safari/537.36"
181.61.205.27 - - [12/May/2026:12:03:37 -0500] "POST /consulta_ced_histoser1.php?cf=&nf= HTTP/1.1" 200 6390 "http://www.asjudinet.com/consulta_ced_histoser1.php?cf=&nf=" "Mozilla/5.0 (Windows NT 10.0; Win64; x64) AppleWebKit/537.36 (KHTML, like Gecko) Chrome/147.0.0.0 Safari/537.36"
181.61.205.27 - - [12/May/2026:12:03:40 -0500] "GET /fondo_argollado.gif HTTP/1.1" 404 - "http://www.asjudinet.com/consulta_atencion.php?atencion=138723&id=52938159" "Mozilla/5.0 (Windows NT 10.0; Win64; x64) AppleWebKit/537.36 (KHTML, like Gecko) Chrome/147.0.0.0 Safari/537.36"
181.61.205.27 - - [12/May/2026:12:03:40 -0500] "GET /consulta_atencion.php?atencion=138723&id=52938159 HTTP/1.1" 200 10974 "http://www.asjudinet.com/consulta_ced_histoser1.php?cf=&nf=" "Mozilla/5.0 (Windows NT 10.0; Win64; x64) AppleWebKit/537.36 (KHTML, like Gecko) Chrome/147.0.0.0 Safari/537.36"
190.67.203.19 - - [12/May/2026:12:04:19 -0500] "GET /callcenter/respuesta_abogado.php?cedulita=1126447846&numcon=14802&atencion=106218&funcionario=93476074 HTTP/1.1" 200 16103 "http://www.asjudinet.com/callcenter/listado_por_abogado.php?ced=93476074&nom=MANJARRES%20TAPIERO%20JULIO%20ERNESTO" "Mozilla/5.0 (Windows NT 10.0; Win64; x64) AppleWebKit/537.36 (KHTML, like Gecko) Chrome/148.0.0.0 Safari/537.36"
114.119.142.179 - - [12/May/2026:12:04:22 -0500] "GET /index.php/zzztvsa/39aayzpksh_liqzne72382/principal/principal/principal/ELEMENTS/otros/principal/avigilajudicial/index.php HTTP/1.1" 200 54693 "http://www.asjudinet.com/index.php/zzztvsa/39aayzpksh_liqzne72382/principal/principal/principal/ELEMENTS/otros/principal/avigilajudicial/formulario_seminario_dih.php" "Mozilla/5.0 (Linux; Android 7.0;) AppleWebKit/537.36 (HTML, like Gecko) Mobile Safari/537.36 (compatible; PetalBot;+https://webmaster.petalsearch.com/site/petalbot)"
181.61.205.27 - - [12/May/2026:12:04:30 -0500] "GET /callcenter/respuesta_sucursal.php?cedulita=16554374&numcon=31304&fecha=2026-05-12&atencion=106233&funcionario=79660662 HTTP/1.1" 200 15536 "http://asjudinet.com/callcenter/listado_por_sucursales.php?ced=79660662&nom=MORALES%20LOZANO%20JORGE%20LUIS&sucu=BOGOTA" "Mozilla/5.0 (Windows NT 10.0; Win64; x64) AppleWebKit/537.36 (KHTML, like Gecko) Chrome/147.0.0.0 Safari/537.36"
181.61.205.27 - - [12/May/2026:12:04:28 -0500] "GET /callcenter/listado_por_sucursales.php?ced=79660662&nom=MORALES%20LOZANO%20JORGE%20LUIS&sucu=BOGOTA HTTP/1.1" 200 7537 "-" "Mozilla/5.0 (Windows NT 10.0; Win64; x64) AppleWebKit/537.36 (KHTML, like Gecko) Chrome/147.0.0.0 Safari/537.36"
181.61.205.27 - - [12/May/2026:12:05:07 -0500] "POST /callcenter/respuesta_sucursal.php?cedulita=16554374&numcon=31304&fecha=2026-05-12&atencion=106233&funcionario=79660662 HTTP/1.1" 200 16038 "http://asjudinet.com/callcenter/respuesta_sucursal.php?cedulita=16554374&numcon=31304&fecha=2026-05-12&atencion=106233&funcionario=79660662" "Mozilla/5.0 (Windows NT 10.0; Win64; x64) AppleWebKit/537.36 (KHTML, like Gecko) Chrome/147.0.0.0 Safari/537.36"
190.85.87.250 - - [12/May/2026:12:05:14 -0500] "GET /callcenter/listado_por_abogado.php?ced=1030589780&nom=GONZALEZ%20CHIQUIZA%20YONATAN%20ALEXANDER HTTP/1.1" 200 21310 "http://www.asjudinet.com/callcenter/menu_abogados.php?ced=1030589780&nom=GONZALEZ%20CHIQUIZA%20YONATAN%20ALEXANDER" "Mozilla/5.0 (Windows NT 10.0; Win64; x64) AppleWebKit/537.36 (KHTML, like Gecko) Chrome/147.0.0.0 Safari/537.36"
190.85.87.250 - - [12/May/2026:12:05:18 -0500] "GET /callcenter/respuesta_abogado.php?cedulita=1121858393&numcon=20544&atencion=106228&funcionario=1030589780 HTTP/1.1" 200 16112 "http://www.asjudinet.com/callcenter/listado_por_abogado.php?ced=1030589780&nom=GONZALEZ%20CHIQUIZA%20YONATAN%20ALEXANDER" "Mozilla/5.0 (Windows NT 10.0; Win64; x64) AppleWebKit/537.36 (KHTML, like Gecko) Chrome/147.0.0.0 Safari/537.36"
181.61.205.27 - - [12/May/2026:12:05:18 -0500] "GET /callcenter/respuesta_sucursal.php?cedulita=16554374&numcon=31304&fecha=2026-05-12&atencion=106233&funcionario=79660662 HTTP/1.1" 200 15457 "http://asjudinet.com/callcenter/listado_por_sucursales.php?ced=79660662&nom=MORALES%20LOZANO%20JORGE%20LUIS&sucu=BOGOTA" "Mozilla/5.0 (Windows NT 10.0; Win64; x64) AppleWebKit/537.36 (KHTML, like Gecko) Chrome/147.0.0.0 Safari/537.36"
181.61.205.27 - - [12/May/2026:12:05:29 -0500] "GET /callcenter/listado_por_sucursales.php?ced=79660662&nom=MORALES%20LOZANO%20JORGE%20LUIS&sucu=BOGOTA HTTP/1.1" 200 6919 "-" "Mozilla/5.0 (Windows NT 10.0; Win64; x64) AppleWebKit/537.36 (KHTML, like Gecko) Chrome/147.0.0.0 Safari/537.36"
114.119.130.177 - - [12/May/2026:12:05:45 -0500] "GET /index.php/zzztvsa/39aayzpksh_liqzne72382/principal/principal/principal/Assets/principal/avigilajudicial/pages/principal/consultar_contratos_escaneados_correo.php HTTP/1.1" 200 54693 "http://www.asjudinet.com/index.php/zzztvsa/39aayzpksh_liqzne72382/principal/principal/principal/Assets/principal/avigilajudicial/pages/val_usuarios.php" "Mozilla/5.0 (Linux; Android 7.0;) AppleWebKit/537.36 (HTML, like Gecko) Mobile Safari/537.36 (compatible; PetalBot;+https://webmaster.petalsearch.com/site/petalbot)"
190.85.87.250 - - [12/May/2026:12:06:41 -0500] "POST /callcenter/respuesta_abogado.php?cedulita=1121858393&numcon=20544&atencion=106228&funcionario=1030589780 HTTP/1.1" 200 16857 "http://www.asjudinet.com/callcenter/respuesta_abogado.php?cedulita=1121858393&numcon=20544&atencion=106228&funcionario=1030589780" "Mozilla/5.0 (Windows NT 10.0; Win64; x64) AppleWebKit/537.36 (KHTML, like Gecko) Chrome/147.0.0.0 Safari/537.36"
190.85.87.250 - - [12/May/2026:12:06:45 -0500] "GET /callcenter/listado_por_abogado.php?ced=1030589780&nom=GONZALEZ%20CHIQUIZA%20YONATAN%20ALEXANDER HTTP/1.1" 200 20718 "http://www.asjudinet.com/callcenter/menu_abogados.php?ced=1030589780&nom=GONZALEZ%20CHIQUIZA%20YONATAN%20ALEXANDER" "Mozilla/5.0 (Windows NT 10.0; Win64; x64) AppleWebKit/537.36 (KHTML, like Gecko) Chrome/147.0.0.0 Safari/537.36"
190.85.87.250 - - [12/May/2026:12:06:50 -0500] "GET /callcenter/respuesta_abogado.php?cedulita=14678828&numcon=I1330&atencion=106229&funcionario=1030589780 HTTP/1.1" 200 16088 "http://www.asjudinet.com/callcenter/listado_por_abogado.php?ced=1030589780&nom=GONZALEZ%20CHIQUIZA%20YONATAN%20ALEXANDER" "Mozilla/5.0 (Windows NT 10.0; Win64; x64) AppleWebKit/537.36 (KHTML, like Gecko) Chrome/147.0.0.0 Safari/537.36"
114.119.137.103 - - [12/May/2026:12:07:26 -0500] "GET /index.php/zzztvsa/39aayzpksh_liqzne72382/principal/principal/principal/Assets/principal/avigilajudicial/pages/pages/formulario_seminario_dih.php HTTP/1.1" 200 54693 "http://www.asjudinet.com/index.php/zzztvsa/39aayzpksh_liqzne72382/principal/principal/principal/Assets/principal/avigilajudicial/pages/pages/val_usuarios.php" "Mozilla/5.0 (Linux; Android 7.0;) AppleWebKit/537.36 (HTML, like Gecko) Mobile Safari/537.36 (compatible; PetalBot;+https://webmaster.petalsearch.com/site/petalbot)"
190.85.87.250 - - [12/May/2026:12:08:54 -0500] "POST /callcenter/respuesta_abogado.php?cedulita=14678828&numcon=I1330&atencion=106229&funcionario=1030589780 HTTP/1.1" 200 16607 "http://www.asjudinet.com/callcenter/respuesta_abogado.php?cedulita=14678828&numcon=I1330&atencion=106229&funcionario=1030589780" "Mozilla/5.0 (Windows NT 10.0; Win64; x64) AppleWebKit/537.36 (KHTML, like Gecko) Chrome/147.0.0.0 Safari/537.36"
190.85.87.250 - - [12/May/2026:12:09:01 -0500] "GET /callcenter/listado_por_abogado.php?ced=1030589780&nom=GONZALEZ%20CHIQUIZA%20YONATAN%20ALEXANDER HTTP/1.1" 200 20136 "http://www.asjudinet.com/callcenter/menu_abogados.php?ced=1030589780&nom=GONZALEZ%20CHIQUIZA%20YONATAN%20ALEXANDER" "Mozilla/5.0 (Windows NT 10.0; Win64; x64) AppleWebKit/537.36 (KHTML, like Gecko) Chrome/147.0.0.0 Safari/537.36"
186.28.206.3 - - [12/May/2026:12:09:44 -0500] "GET /callcenter/listado_por_abogado.php?ced=1013657865&nom=SUAREZ%20SANCHEZ%20JESSICA%20MILENA HTTP/1.1" 200 18819 "http://www.asjudinet.com/callcenter/menu_abogados.php?ced=1013657865&nom=SUAREZ%20SANCHEZ%20JESSICA%20MILENA" "Mozilla/5.0 (Macintosh; Intel Mac OS X 10_15_7) AppleWebKit/537.36 (KHTML, like Gecko) Chrome/148.0.0.0 Safari/537.36"
114.119.150.5 - - [12/May/2026:12:12:42 -0500] "GET /index.php/zzztvsa/39aayzpksh_liqzne72382/principal/principal/avigilajudicial/principal/ELEMENTS/otros/principal/pages/pages/menu_creditos_rotativos.php HTTP/1.1" 200 54693 "http://www.asjudinet.com/index.php/zzztvsa/39aayzpksh_liqzne72382/principal/principal/avigilajudicial/principal/ELEMENTS/otros/principal/pages/index.php" "Mozilla/5.0 (Linux; Android 7.0;) AppleWebKit/537.36 (HTML, like Gecko) Mobile Safari/537.36 (compatible; PetalBot;+https://webmaster.petalsearch.com/site/petalbot)"
186.28.206.3 - - [12/May/2026:12:13:00 -0500] "GET /val_usuarios.php HTTP/1.1" 200 7808 "-" "Mozilla/5.0 (Macintosh; Intel Mac OS X 10_15_7) AppleWebKit/537.36 (KHTML, like Gecko) Chrome/148.0.0.0 Safari/537.36"
186.28.206.3 - - [12/May/2026:12:13:06 -0500] "POST /val_usuarios.php HTTP/1.1" 200 156 "http://www.asjudinet.com/val_usuarios.php" "Mozilla/5.0 (Macintosh; Intel Mac OS X 10_15_7) AppleWebKit/537.36 (KHTML, like Gecko) Chrome/148.0.0.0 Safari/537.36"
186.28.206.3 - - [12/May/2026:12:13:06 -0500] "GET /menu_admin.php?ced=1013657865&nom=SUAREZ%20SANCHEZ%20JESSICA%20MILENA&aaa=2156&cargo=2156 HTTP/1.1" 200 55572 "http://www.asjudinet.com/val_usuarios.php" "Mozilla/5.0 (Macintosh; Intel Mac OS X 10_15_7) AppleWebKit/537.36 (KHTML, like Gecko) Chrome/148.0.0.0 Safari/537.36"
186.28.206.3 - - [12/May/2026:12:13:12 -0500] "GET /abogados/validacion_revistas_judicial.php HTTP/1.1" 200 7841 "http://www.asjudinet.com/menu_admin.php?ced=1013657865&nom=SUAREZ%20SANCHEZ%20JESSICA%20MILENA&aaa=2156&cargo=2156" "Mozilla/5.0 (Macintosh; Intel Mac OS X 10_15_7) AppleWebKit/537.36 (KHTML, like Gecko) Chrome/148.0.0.0 Safari/537.36"
186.28.206.3 - - [12/May/2026:12:13:13 -0500] "POST /abogados/validacion_revistas_judicial.php HTTP/1.1" 200 7980 "http://www.asjudinet.com/abogados/validacion_revistas_judicial.php" "Mozilla/5.0 (Macintosh; Intel Mac OS X 10_15_7) AppleWebKit/537.36 (KHTML, like Gecko) Chrome/148.0.0.0 Safari/537.36"
186.28.206.3 - - [12/May/2026:12:13:14 -0500] "GET /abogados/menu_vigilancia_judicial.php?ced=1013657865&nom=SUAREZ%20SANCHEZ%20JESSICA%20MILENA HTTP/1.1" 200 6947 "http://www.asjudinet.com/abogados/validacion_revistas_judicial.php" "Mozilla/5.0 (Macintosh; Intel Mac OS X 10_15_7) AppleWebKit/537.36 (KHTML, like Gecko) Chrome/148.0.0.0 Safari/537.36"
186.28.206.3 - - [12/May/2026:12:13:16 -0500] "GET /abogados/ingresar_revista_judicial.php?ced=1013657865&nom=SUAREZ%20SANCHEZ%20JESSICA%20MILENA HTTP/1.1" 200 4963 "http://www.asjudinet.com/abogados/menu_vigilancia_judicial.php?ced=1013657865&nom=SUAREZ%20SANCHEZ%20JESSICA%20MILENA" "Mozilla/5.0 (Macintosh; Intel Mac OS X 10_15_7) AppleWebKit/537.36 (KHTML, like Gecko) Chrome/148.0.0.0 Safari/537.36"
201.233.75.122 - - [12/May/2026:12:13:42 -0500] "GET /callcenter/menu_abogados.php?ced=70048145&nom=MORENO%20VASQUEZ%20GUSTAVO HTTP/1.1" 200 3506 "http://www.asjudinet.com/callcenter/listado_por_abogado.php?ced=70048145&nom=MORENO%20VASQUEZ%20GUSTAVO" "Mozilla/5.0 (Windows NT 10.0; Win64; x64) AppleWebKit/537.36 (KHTML, like Gecko) Chrome/148.0.0.0 Safari/537.36 Edg/148.0.0.0"
201.233.75.122 - - [12/May/2026:12:13:42 -0500] "GET /favicon.ico HTTP/1.1" 200 9036 "http://www.asjudinet.com/callcenter/menu_abogados.php?ced=70048145&nom=MORENO%20VASQUEZ%20GUSTAVO" "Mozilla/5.0 (Windows NT 10.0; Win64; x64) AppleWebKit/537.36 (KHTML, like Gecko) Chrome/148.0.0.0 Safari/537.36 Edg/148.0.0.0"
