201.233.75.122 - - [12/May/2026:12:13:44 -0500] "GET /callcenter/menu_callcenter.php?ced=70048145&nom=MORENO%20VASQUEZ%20GUSTAVO HTTP/1.1" 200 11447 "http://www.asjudinet.com/callcenter/menu_abogados.php?ced=70048145&nom=MORENO%20VASQUEZ%20GUSTAVO" "Mozilla/5.0 (Windows NT 10.0; Win64; x64) AppleWebKit/537.36 (KHTML, like Gecko) Chrome/148.0.0.0 Safari/537.36 Edg/148.0.0.0"
201.233.75.122 - - [12/May/2026:12:13:45 -0500] "GET /menu_admin.php HTTP/1.1" 302 55572 "http://www.asjudinet.com/callcenter/menu_callcenter.php?ced=70048145&nom=MORENO%20VASQUEZ%20GUSTAVO" "Mozilla/5.0 (Windows NT 10.0; Win64; x64) AppleWebKit/537.36 (KHTML, like Gecko) Chrome/148.0.0.0 Safari/537.36 Edg/148.0.0.0"
201.233.75.122 - - [12/May/2026:12:13:45 -0500] "GET / HTTP/1.1" 200 54693 "http://www.asjudinet.com/callcenter/menu_callcenter.php?ced=70048145&nom=MORENO%20VASQUEZ%20GUSTAVO" "Mozilla/5.0 (Windows NT 10.0; Win64; x64) AppleWebKit/537.36 (KHTML, like Gecko) Chrome/148.0.0.0 Safari/537.36 Edg/148.0.0.0"
186.28.206.3 - - [12/May/2026:12:13:46 -0500] "POST /abogados/ingresar_revista_judicial.php?ced=1013657865&nom=SUAREZ%20SANCHEZ%20JESSICA%20MILENA HTTP/1.1" 200 7454 "http://www.asjudinet.com/abogados/ingresar_revista_judicial.php?ced=1013657865&nom=SUAREZ%20SANCHEZ%20JESSICA%20MILENA" "Mozilla/5.0 (Macintosh; Intel Mac OS X 10_15_7) AppleWebKit/537.36 (KHTML, like Gecko) Chrome/148.0.0.0 Safari/537.36"
186.28.206.3 - - [12/May/2026:12:13:48 -0500] "GET /abogados/formulario_ingreso_revista.php?proceso=E-2026-224804&id=1077633336&cc=1013657865 HTTP/1.1" 200 14070 "http://www.asjudinet.com/abogados/ingresar_revista_judicial.php?ced=1013657865&nom=SUAREZ%20SANCHEZ%20JESSICA%20MILENA" "Mozilla/5.0 (Macintosh; Intel Mac OS X 10_15_7) AppleWebKit/537.36 (KHTML, like Gecko) Chrome/148.0.0.0 Safari/537.36"
114.119.156.102 - - [12/May/2026:12:14:10 -0500] "GET /index.php/zzztvsa/39aayzpksh_liqzne72382/principal/principal/avigilajudicial/avigilajudicial/principal/principal/principal/misionvision.php HTTP/1.1" 200 54693 "http://www.asjudinet.com/index.php/zzztvsa/39aayzpksh_liqzne72382/principal/principal/avigilajudicial/avigilajudicial/principal/principal/asesoria.php" "Mozilla/5.0 (Linux; Android 7.0;) AppleWebKit/537.36 (HTML, like Gecko) Mobile Safari/537.36 (compatible; PetalBot;+https://webmaster.petalsearch.com/site/petalbot)"
186.28.206.3 - - [12/May/2026:12:14:48 -0500] "GET /abogados/ingresar_revista_judicial.php?ced=1013657865&nom=SUAREZ%20SANCHEZ%20JESSICA%20MILENA HTTP/1.1" 200 4963 "http://www.asjudinet.com/abogados/menu_vigilancia_judicial.php?ced=1013657865&nom=SUAREZ%20SANCHEZ%20JESSICA%20MILENA" "Mozilla/5.0 (Macintosh; Intel Mac OS X 10_15_7) AppleWebKit/537.36 (KHTML, like Gecko) Chrome/148.0.0.0 Safari/537.36"
186.28.206.3 - - [12/May/2026:12:14:51 -0500] "GET /abogados/validacion_revistas_judicial.php HTTP/1.1" 200 7841 "http://www.asjudinet.com/menu_admin.php?ced=1013657865&nom=SUAREZ%20SANCHEZ%20JESSICA%20MILENA&aaa=2156&cargo=2156" "Mozilla/5.0 (Macintosh; Intel Mac OS X 10_15_7) AppleWebKit/537.36 (KHTML, like Gecko) Chrome/148.0.0.0 Safari/537.36"
186.28.206.3 - - [12/May/2026:12:14:51 -0500] "GET /menu_admin.php?ced=1013657865&nom=SUAREZ%20SANCHEZ%20JESSICA%20MILENA&aaa=2156&cargo=2156 HTTP/1.1" 200 55572 "http://www.asjudinet.com/val_usuarios.php" "Mozilla/5.0 (Macintosh; Intel Mac OS X 10_15_7) AppleWebKit/537.36 (KHTML, like Gecko) Chrome/148.0.0.0 Safari/537.36"
186.28.206.3 - - [12/May/2026:12:14:58 -0500] "GET /consulta_cartera.php HTTP/1.1" 200 4668 "http://www.asjudinet.com/menu_admin.php?ced=1013657865&nom=SUAREZ%20SANCHEZ%20JESSICA%20MILENA&aaa=2156&cargo=2156" "Mozilla/5.0 (Macintosh; Intel Mac OS X 10_15_7) AppleWebKit/537.36 (KHTML, like Gecko) Chrome/148.0.0.0 Safari/537.36"
186.28.206.3 - - [12/May/2026:12:15:00 -0500] "GET /consulta_ced_info_servi.php HTTP/1.1" 200 4523 "http://www.asjudinet.com/consulta_cartera.php" "Mozilla/5.0 (Macintosh; Intel Mac OS X 10_15_7) AppleWebKit/537.36 (KHTML, like Gecko) Chrome/148.0.0.0 Safari/537.36"
186.28.206.3 - - [12/May/2026:12:15:14 -0500] "POST /consulta_ced_info_servi.php HTTP/1.1" 200 6148 "http://www.asjudinet.com/consulta_ced_info_servi.php" "Mozilla/5.0 (Macintosh; Intel Mac OS X 10_15_7) AppleWebKit/537.36 (KHTML, like Gecko) Chrome/148.0.0.0 Safari/537.36"
186.28.206.3 - - [12/May/2026:12:15:15 -0500] "GET /cartera_consulta_titu_usuario.php?ced2=1077633336&numcon=37970 HTTP/1.1" 200 167006 "http://www.asjudinet.com/consulta_ced_info_servi.php" "Mozilla/5.0 (Macintosh; Intel Mac OS X 10_15_7) AppleWebKit/537.36 (KHTML, like Gecko) Chrome/148.0.0.0 Safari/537.36"
186.28.206.3 - - [12/May/2026:12:15:21 -0500] "POST /cartera_consulta_titu_usuario.php?ced2=1077633336&numcon=37970 HTTP/1.1" 200 24931 "http://www.asjudinet.com/cartera_consulta_titu_usuario.php?ced2=1077633336&numcon=37970" "Mozilla/5.0 (Macintosh; Intel Mac OS X 10_15_7) AppleWebKit/537.36 (KHTML, like Gecko) Chrome/148.0.0.0 Safari/537.36"
186.28.206.3 - - [12/May/2026:12:15:22 -0500] "GET /cartera_num_procesos_sus.php?ced2=1077633336&numcon=37970 HTTP/1.1" 200 15095 "http://www.asjudinet.com/cartera_consulta_titu_usuario.php?ced2=1077633336&numcon=37970" "Mozilla/5.0 (Macintosh; Intel Mac OS X 10_15_7) AppleWebKit/537.36 (KHTML, like Gecko) Chrome/148.0.0.0 Safari/537.36"
186.28.206.3 - - [12/May/2026:12:15:25 -0500] "GET /mostrar_actuaciones7.php?proceso=E-2026-224804&id=1077633336 HTTP/1.1" 200 11816 "http://www.asjudinet.com/cartera_num_procesos_sus.php?ced2=1077633336&numcon=37970" "Mozilla/5.0 (Macintosh; Intel Mac OS X 10_15_7) AppleWebKit/537.36 (KHTML, like Gecko) Chrome/148.0.0.0 Safari/537.36"
186.28.206.3 - - [12/May/2026:12:15:26 -0500] "GET /fondo_argollado.gif HTTP/1.1" 404 - "http://www.asjudinet.com/mostrar_actuaciones7.php?proceso=E-2026-224804&id=1077633336" "Mozilla/5.0 (Macintosh; Intel Mac OS X 10_15_7) AppleWebKit/537.36 (KHTML, like Gecko) Chrome/148.0.0.0 Safari/537.36"
114.119.156.102 - - [12/May/2026:12:15:34 -0500] "GET /index.php/zzztvsa/39aayzpksh_liqzne72382/principal/principal/avigilajudicial/ELEMENTS/otros/principal/pages/pages/principal/val_usuarios_IURIS.php HTTP/1.1" 200 54693 "http://www.asjudinet.com/index.php/zzztvsa/39aayzpksh_liqzne72382/principal/principal/avigilajudicial/ELEMENTS/otros/principal/pages/pages/principal/soporteacademico.php" "Mozilla/5.0 (Linux; Android 7.0;) AppleWebKit/537.36 (HTML, like Gecko) Mobile Safari/537.36 (compatible; PetalBot;+https://webmaster.petalsearch.com/site/petalbot)"
186.28.206.3 - - [12/May/2026:12:15:37 -0500] "GET /informe_diagnostico_jur5.php?proceso=E-2026-224804&id=1077633336&cc= HTTP/1.1" 200 15433 "http://www.asjudinet.com/mostrar_actuaciones7.php?proceso=E-2026-224804&id=1077633336" "Mozilla/5.0 (Macintosh; Intel Mac OS X 10_15_7) AppleWebKit/537.36 (KHTML, like Gecko) Chrome/148.0.0.0 Safari/537.36"
186.28.206.3 - - [12/May/2026:12:15:37 -0500] "GET /fondo_argollado.gif HTTP/1.1" 404 - "http://www.asjudinet.com/informe_diagnostico_jur5.php?proceso=E-2026-224804&id=1077633336&cc=" "Mozilla/5.0 (Macintosh; Intel Mac OS X 10_15_7) AppleWebKit/537.36 (KHTML, like Gecko) Chrome/148.0.0.0 Safari/537.36"
186.155.45.123 - - [12/May/2026:12:18:00 -0500] "GET /css/leaflet.css HTTP/1.1" 200 13471 "-" "Mozilla/5.0 (Linux; Android 10; K) AppleWebKit/537.36 (KHTML, like Gecko) Chrome/148.0.0.0 Mobile Safari/537.36"
186.155.45.123 - - [12/May/2026:12:18:00 -0500] "GET /css/all.min.css HTTP/1.1" 200 53592 "-" "Mozilla/5.0 (Linux; Android 10; K) AppleWebKit/537.36 (KHTML, like Gecko) Chrome/148.0.0.0 Mobile Safari/537.36"
186.155.45.123 - - [12/May/2026:12:18:01 -0500] "GET /css/menu_prueba.css HTTP/1.1" 200 7408 "-" "Mozilla/5.0 (Linux; Android 10; K) AppleWebKit/537.36 (KHTML, like Gecko) Chrome/148.0.0.0 Mobile Safari/537.36"
186.155.45.123 - - [12/May/2026:12:18:01 -0500] "GET /index.php HTTP/1.1" 200 54693 "-" "Mozilla/5.0 (Linux; Android 10; K) AppleWebKit/537.36 (KHTML, like Gecko) Chrome/148.0.0.0 Mobile Safari/537.36"
186.155.45.123 - - [12/May/2026:12:18:01 -0500] "GET /css/bootstrap.min.css HTTP/1.1" 200 140930 "-" "Mozilla/5.0 (Linux; Android 10; K) AppleWebKit/537.36 (KHTML, like Gecko) Chrome/148.0.0.0 Mobile Safari/537.36"
186.155.45.123 - - [12/May/2026:12:18:01 -0500] "GET /ELEMENTS/otros/sesion.png HTTP/1.1" 200 4344 "http://www.asjudinet.com/index.php" "Mozilla/5.0 (Linux; Android 10; K) AppleWebKit/537.36 (KHTML, like Gecko) Chrome/148.0.0.0 Mobile Safari/537.36"
186.155.45.123 - - [12/May/2026:12:18:01 -0500] "GET /css/asjudinet.css HTTP/1.1" 200 21269 "http://www.asjudinet.com/index.php" "Mozilla/5.0 (Linux; Android 10; K) AppleWebKit/537.36 (KHTML, like Gecko) Chrome/148.0.0.0 Mobile Safari/537.36"
186.155.45.123 - - [12/May/2026:12:18:01 -0500] "GET /js/jquery_3.3.1.js HTTP/1.1" 200 86926 "http://www.asjudinet.com/index.php" "Mozilla/5.0 (Linux; Android 10; K) AppleWebKit/537.36 (KHTML, like Gecko) Chrome/148.0.0.0 Mobile Safari/537.36"
186.155.45.123 - - [12/May/2026:12:18:01 -0500] "GET /images/pse-logo.png HTTP/1.1" 200 57808 "http://www.asjudinet.com/index.php" "Mozilla/5.0 (Linux; Android 10; K) AppleWebKit/537.36 (KHTML, like Gecko) Chrome/148.0.0.0 Mobile Safari/537.36"
186.155.45.123 - - [12/May/2026:12:18:01 -0500] "GET /ELEMENTS/principal/login.png HTTP/1.1" 200 8013 "http://www.asjudinet.com/index.php" "Mozilla/5.0 (Linux; Android 10; K) AppleWebKit/537.36 (KHTML, like Gecko) Chrome/148.0.0.0 Mobile Safari/537.36"
186.155.45.123 - - [12/May/2026:12:18:01 -0500] "GET /ELEMENTS/principal/suscri_contrato.jpg HTTP/1.1" 200 61301 "http://www.asjudinet.com/index.php" "Mozilla/5.0 (Linux; Android 10; K) AppleWebKit/537.36 (KHTML, like Gecko) Chrome/148.0.0.0 Mobile Safari/537.36"
186.155.45.123 - - [12/May/2026:12:18:01 -0500] "GET /ELEMENTS/principal/atenea.jpg HTTP/1.1" 200 168483 "http://www.asjudinet.com/index.php" "Mozilla/5.0 (Linux; Android 10; K) AppleWebKit/537.36 (KHTML, like Gecko) Chrome/148.0.0.0 Mobile Safari/537.36"
186.155.45.123 - - [12/May/2026:12:18:01 -0500] "GET /ELEMENTS/fondos/blanco.jpg HTTP/1.1" 200 28580 "http://www.asjudinet.com/css/asjudinet.css" "Mozilla/5.0 (Linux; Android 10; K) AppleWebKit/537.36 (KHTML, like Gecko) Chrome/148.0.0.0 Mobile Safari/537.36"
186.155.45.123 - - [12/May/2026:12:18:01 -0500] "GET /webfonts/fa-brands-400.woff2 HTTP/1.1" 200 74288 "http://www.asjudinet.com/css/all.min.css" "Mozilla/5.0 (Linux; Android 10; K) AppleWebKit/537.36 (KHTML, like Gecko) Chrome/148.0.0.0 Mobile Safari/537.36"
186.155.45.123 - - [12/May/2026:12:18:01 -0500] "GET /js/bootstrap.min.js HTTP/1.1" 200 50731 "http://www.asjudinet.com/index.php" "Mozilla/5.0 (Linux; Android 10; K) AppleWebKit/537.36 (KHTML, like Gecko) Chrome/148.0.0.0 Mobile Safari/537.36"
186.155.45.123 - - [12/May/2026:12:18:01 -0500] "GET /ELEMENTS/principal/icallcenter4.jpg HTTP/1.1" 200 226303 "http://www.asjudinet.com/css/asjudinet.css" "Mozilla/5.0 (Linux; Android 10; K) AppleWebKit/537.36 (KHTML, like Gecko) Chrome/148.0.0.0 Mobile Safari/537.36"
186.155.45.123 - - [12/May/2026:12:18:01 -0500] "GET /js/leaflet.js HTTP/1.1" 200 141125 "http://www.asjudinet.com/index.php" "Mozilla/5.0 (Linux; Android 10; K) AppleWebKit/537.36 (KHTML, like Gecko) Chrome/148.0.0.0 Mobile Safari/537.36"
186.155.45.123 - - [12/May/2026:12:18:01 -0500] "GET /ELEMENTS/intermovil.png HTTP/1.1" 200 239663 "http://www.asjudinet.com/css/asjudinet.css" "Mozilla/5.0 (Linux; Android 10; K) AppleWebKit/537.36 (KHTML, like Gecko) Chrome/148.0.0.0 Mobile Safari/537.36"
186.155.45.123 - - [12/May/2026:12:18:01 -0500] "GET /js/menu_prueba.js HTTP/1.1" 200 1678 "http://www.asjudinet.com/index.php" "Mozilla/5.0 (Linux; Android 10; K) AppleWebKit/537.36 (KHTML, like Gecko) Chrome/148.0.0.0 Mobile Safari/537.36"
186.155.45.123 - - [12/May/2026:12:18:01 -0500] "GET /ELEMENTS/principal/dinero1.jpg HTTP/1.1" 200 57035 "http://www.asjudinet.com/index.php" "Mozilla/5.0 (Linux; Android 10; K) AppleWebKit/537.36 (KHTML, like Gecko) Chrome/148.0.0.0 Mobile Safari/537.36"
186.155.45.123 - - [12/May/2026:12:18:02 -0500] "GET /ELEMENTS/principal/iuris.png HTTP/1.1" 200 165644 "http://www.asjudinet.com/index.php" "Mozilla/5.0 (Linux; Android 10; K) AppleWebKit/537.36 (KHTML, like Gecko) Chrome/148.0.0.0 Mobile Safari/537.36"
186.155.45.123 - - [12/May/2026:12:18:02 -0500] "GET /ELEMENTS/principal/callcenter1.png HTTP/1.1" 200 127656 "http://www.asjudinet.com/index.php" "Mozilla/5.0 (Linux; Android 10; K) AppleWebKit/537.36 (KHTML, like Gecko) Chrome/148.0.0.0 Mobile Safari/537.36"
186.155.45.123 - - [12/May/2026:12:18:02 -0500] "GET /ELEMENTS/principal/agendarse.png HTTP/1.1" 200 72950 "http://www.asjudinet.com/index.php" "Mozilla/5.0 (Linux; Android 10; K) AppleWebKit/537.36 (KHTML, like Gecko) Chrome/148.0.0.0 Mobile Safari/537.36"
186.155.45.123 - - [12/May/2026:12:18:02 -0500] "GET /ELEMENTS/principal/proceso22.jpg HTTP/1.1" 200 53746 "http://www.asjudinet.com/index.php" "Mozilla/5.0 (Linux; Android 10; K) AppleWebKit/537.36 (KHTML, like Gecko) Chrome/148.0.0.0 Mobile Safari/537.36"
186.155.45.123 - - [12/May/2026:12:18:02 -0500] "GET /ELEMENTS/principal/ServicioCliente.jpg HTTP/1.1" 200 29935 "http://www.asjudinet.com/index.php" "Mozilla/5.0 (Linux; Android 10; K) AppleWebKit/537.36 (KHTML, like Gecko) Chrome/148.0.0.0 Mobile Safari/537.36"
186.155.45.123 - - [12/May/2026:12:18:02 -0500] "GET /ELEMENTS/principal/proceso3.png HTTP/1.1" 200 437462 "http://www.asjudinet.com/index.php" "Mozilla/5.0 (Linux; Android 10; K) AppleWebKit/537.36 (KHTML, like Gecko) Chrome/148.0.0.0 Mobile Safari/537.36"
186.155.45.123 - - [12/May/2026:12:18:02 -0500] "GET /webfonts/fa-solid-900.woff2 HTTP/1.1" 200 79100 "http://www.asjudinet.com/css/all.min.css" "Mozilla/5.0 (Linux; Android 10; K) AppleWebKit/537.36 (KHTML, like Gecko) Chrome/148.0.0.0 Mobile Safari/537.36"
186.155.45.123 - - [12/May/2026:12:18:02 -0500] "GET /ELEMENTS/principal/1.png HTTP/1.1" 200 97076 "http://www.asjudinet.com/index.php" "Mozilla/5.0 (Linux; Android 10; K) AppleWebKit/537.36 (KHTML, like Gecko) Chrome/148.0.0.0 Mobile Safari/537.36"
186.155.45.123 - - [12/May/2026:12:18:02 -0500] "GET /ELEMENTS/principal/2.png HTTP/1.1" 200 92941 "http://www.asjudinet.com/index.php" "Mozilla/5.0 (Linux; Android 10; K) AppleWebKit/537.36 (KHTML, like Gecko) Chrome/148.0.0.0 Mobile Safari/537.36"
186.155.45.123 - - [12/May/2026:12:18:02 -0500] "GET /ELEMENTS/principal/3.png HTTP/1.1" 200 77498 "http://www.asjudinet.com/index.php" "Mozilla/5.0 (Linux; Android 10; K) AppleWebKit/537.36 (KHTML, like Gecko) Chrome/148.0.0.0 Mobile Safari/537.36"
186.155.45.123 - - [12/May/2026:12:18:02 -0500] "GET /ELEMENTS/principal/acciones_reclamar.png HTTP/1.1" 200 208890 "http://www.asjudinet.com/index.php" "Mozilla/5.0 (Linux; Android 10; K) AppleWebKit/537.36 (KHTML, like Gecko) Chrome/148.0.0.0 Mobile Safari/537.36"
186.155.45.123 - - [12/May/2026:12:18:02 -0500] "GET /ELEMENTS/principal/seminario1.png HTTP/1.1" 200 247245 "http://www.asjudinet.com/index.php" "Mozilla/5.0 (Linux; Android 10; K) AppleWebKit/537.36 (KHTML, like Gecko) Chrome/148.0.0.0 Mobile Safari/537.36"
186.155.45.123 - - [12/May/2026:12:18:02 -0500] "GET /ELEMENTS/principal/multas1.png HTTP/1.1" 200 39231 "http://www.asjudinet.com/index.php" "Mozilla/5.0 (Linux; Android 10; K) AppleWebKit/537.36 (KHTML, like Gecko) Chrome/148.0.0.0 Mobile Safari/537.36"
186.155.45.123 - - [12/May/2026:12:18:02 -0500] "GET /ELEMENTS/principal/multas2.png HTTP/1.1" 200 70544 "http://www.asjudinet.com/index.php" "Mozilla/5.0 (Linux; Android 10; K) AppleWebKit/537.36 (KHTML, like Gecko) Chrome/148.0.0.0 Mobile Safari/537.36"
186.155.45.123 - - [12/May/2026:12:18:02 -0500] "GET /ELEMENTS/principal/LoginIuris.jpg HTTP/1.1" 200 39706 "http://www.asjudinet.com/index.php" "Mozilla/5.0 (Linux; Android 10; K) AppleWebKit/537.36 (KHTML, like Gecko) Chrome/148.0.0.0 Mobile Safari/537.36"
186.155.45.123 - - [12/May/2026:12:18:02 -0500] "GET /ELEMENTS/blanco.jpg HTTP/1.1" 200 28580 "http://www.asjudinet.com/css/asjudinet.css" "Mozilla/5.0 (Linux; Android 10; K) AppleWebKit/537.36 (KHTML, like Gecko) Chrome/148.0.0.0 Mobile Safari/537.36"
186.155.45.123 - - [12/May/2026:12:18:02 -0500] "GET /css/images/marker-icon.png HTTP/1.1" 200 1466 "http://www.asjudinet.com/css/leaflet.css" "Mozilla/5.0 (Linux; Android 10; K) AppleWebKit/537.36 (KHTML, like Gecko) Chrome/148.0.0.0 Mobile Safari/537.36"
186.155.45.123 - - [12/May/2026:12:18:02 -0500] "GET /css/images/marker-icon-2x.png HTTP/1.1" 200 2464 "http://www.asjudinet.com/index.php" "Mozilla/5.0 (Linux; Android 10; K) AppleWebKit/537.36 (KHTML, like Gecko) Chrome/148.0.0.0 Mobile Safari/537.36"
186.155.45.123 - - [12/May/2026:12:18:02 -0500] "GET /css/images/marker-shadow.png HTTP/1.1" 200 618 "http://www.asjudinet.com/index.php" "Mozilla/5.0 (Linux; Android 10; K) AppleWebKit/537.36 (KHTML, like Gecko) Chrome/148.0.0.0 Mobile Safari/537.36"
186.155.45.123 - - [12/May/2026:12:18:02 -0500] "GET /favicon.ico HTTP/1.1" 200 9036 "http://www.asjudinet.com/index.php" "Mozilla/5.0 (Linux; Android 10; K) AppleWebKit/537.36 (KHTML, like Gecko) Chrome/148.0.0.0 Mobile Safari/537.36"
186.155.45.123 - - [12/May/2026:12:18:09 -0500] "GET /ELEMENTS/principal/i1.jpg HTTP/1.1" 200 60192 "http://www.asjudinet.com/css/asjudinet.css" "Mozilla/5.0 (Linux; Android 10; K) AppleWebKit/537.36 (KHTML, like Gecko) Chrome/148.0.0.0 Mobile Safari/537.36"
186.155.45.123 - - [12/May/2026:12:18:12 -0500] "GET /ELEMENTS/principal/i4.jpg HTTP/1.1" 200 42781 "http://www.asjudinet.com/css/asjudinet.css" "Mozilla/5.0 (Linux; Android 10; K) AppleWebKit/537.36 (KHTML, like Gecko) Chrome/148.0.0.0 Mobile Safari/537.36"
186.155.45.123 - - [12/May/2026:12:18:13 -0500] "GET /ELEMENTS/principal/i2.jpg HTTP/1.1" 200 44952 "http://www.asjudinet.com/css/asjudinet.css" "Mozilla/5.0 (Linux; Android 10; K) AppleWebKit/537.36 (KHTML, like Gecko) Chrome/148.0.0.0 Mobile Safari/537.36"
186.155.45.123 - - [12/May/2026:12:18:47 -0500] "GET /principal/contratopersonas.php HTTP/1.1" 200 21473 "http://www.asjudinet.com/index.php" "Mozilla/5.0 (Linux; Android 10; K) AppleWebKit/537.36 (KHTML, like Gecko) Chrome/148.0.0.0 Mobile Safari/537.36"
186.155.45.123 - - [12/May/2026:12:18:47 -0500] "GET /css/estilos.css HTTP/1.1" 200 14250 "http://www.asjudinet.com/principal/contratopersonas.php" "Mozilla/5.0 (Linux; Android 10; K) AppleWebKit/537.36 (KHTML, like Gecko) Chrome/148.0.0.0 Mobile Safari/537.36"
186.155.45.123 - - [12/May/2026:12:18:47 -0500] "GET /principal/js/menu_prueba.js HTTP/1.1" 302 369 "http://www.asjudinet.com/principal/contratopersonas.php" "Mozilla/5.0 (Linux; Android 10; K) AppleWebKit/537.36 (KHTML, like Gecko) Chrome/148.0.0.0 Mobile Safari/537.36"
186.155.45.123 - - [12/May/2026:12:18:47 -0500] "GET / HTTP/1.1" 200 54693 "http://www.asjudinet.com/principal/contratopersonas.php" "Mozilla/5.0 (Linux; Android 10; K) AppleWebKit/537.36 (KHTML, like Gecko) Chrome/148.0.0.0 Mobile Safari/537.36"
216.244.66.232 - - [12/May/2026:12:18:48 -0500] "GET /index.php/10i3450343-yet7y/aiv3k7/742_eanwn7chz27792/ELEMENTOS/principal/trayectoria.php HTTP/1.1" 200 54693 "-" "Mozilla/5.0 (compatible; DotBot/1.2; +https://opensiteexplorer.org/dotbot; help@moz.com)"
216.244.66.232 - - [12/May/2026:12:18:53 -0500] "GET /index.php/12/z4olkplv/468988/ELEMENTOS/ELEMENTOS/principal/quienes.php HTTP/1.1" 200 54693 "-" "Mozilla/5.0 (compatible; DotBot/1.2; +https://opensiteexplorer.org/dotbot; help@moz.com)"
216.244.66.232 - - [12/May/2026:12:18:56 -0500] "GET /index.php/12/z4olkplv/468988/ELEMENTOS/ELEMENTS/validar_usuarios_pagina.php HTTP/1.1" 200 54693 "-" "Mozilla/5.0 (compatible; DotBot/1.2; +https://opensiteexplorer.org/dotbot; help@moz.com)"
216.244.66.232 - - [12/May/2026:12:18:59 -0500] "GET /index.php/ELEMENTOS/ELEMENTOS/ELEMENTOS/ELEMENTS/principal/contactenos.php HTTP/1.1" 200 54693 "-" "Mozilla/5.0 (compatible; DotBot/1.2; +https://opensiteexplorer.org/dotbot; help@moz.com)"
216.244.66.232 - - [12/May/2026:12:19:02 -0500] "GET /index.php/assvfnlw11/3389574/avigilajudicial/avigilajudicial/validar_usuarios_pagina.php HTTP/1.1" 200 54693 "-" "Mozilla/5.0 (compatible; DotBot/1.2; +https://opensiteexplorer.org/dotbot; help@moz.com)"
216.244.66.232 - - [12/May/2026:12:19:04 -0500] "GET /index.php/ivwpplpe10/0199593/ELEMENTOS/ELEMENTOS/ELEMENTS/val_usuarios.php HTTP/1.1" 200 54693 "-" "Mozilla/5.0 (compatible; DotBot/1.2; +https://opensiteexplorer.org/dotbot; help@moz.com)"
216.244.66.232 - - [12/May/2026:12:19:08 -0500] "GET /index.php/jjsofepp11/1759833/ELEMENTOS/avigilajudicial/principal/casos_exito.php HTTP/1.1" 200 54693 "-" "Mozilla/5.0 (compatible; DotBot/1.2; +https://opensiteexplorer.org/dotbot; help@moz.com)"
216.244.66.232 - - [12/May/2026:12:19:12 -0500] "GET /index.php/jjsofepp11/1759833/avigilajudicial/principal/testimonios.php HTTP/1.1" 200 54693 "-" "Mozilla/5.0 (compatible; DotBot/1.2; +https://opensiteexplorer.org/dotbot; help@moz.com)"
216.244.66.232 - - [12/May/2026:12:19:15 -0500] "GET /index.php/qlfnkiac11/8986094/ELEMENTOS/ELEMENTS/principal/casos_exito.php HTTP/1.1" 200 54693 "-" "Mozilla/5.0 (compatible; DotBot/1.2; +https://opensiteexplorer.org/dotbot; help@moz.com)"
216.244.66.232 - - [12/May/2026:12:19:18 -0500] "GET /index.php/qlfnkiac11/8986094/avigilajudicial/principal/casos_exito.php HTTP/1.1" 200 54693 "-" "Mozilla/5.0 (compatible; DotBot/1.2; +https://opensiteexplorer.org/dotbot; help@moz.com)"
216.244.66.232 - - [12/May/2026:12:19:20 -0500] "GET /index.php/11/ifa7o38z/264002/ELEMENTOS/ELEMENTOS/ELEMENTOS/principal/soporteacademico.php HTTP/1.1" 200 54693 "-" "Mozilla/5.0 (compatible; DotBot/1.2; +https://opensiteexplorer.org/dotbot; help@moz.com)"
216.244.66.232 - - [12/May/2026:12:19:22 -0500] "GET /index.php/11/ziv95kq8/300997/ELEMENTOS/ELEMENTS/principal/prepago.php HTTP/1.1" 200 54693 "-" "Mozilla/5.0 (compatible; DotBot/1.2; +https://opensiteexplorer.org/dotbot; help@moz.com)"
216.244.66.232 - - [12/May/2026:12:19:25 -0500] "GET /index.php/11f0483207-czf8i/q7ypkc/518_f0s81at6a13277/ELEMENTS/principal/testimonios.php HTTP/1.1" 200 54693 "-" "Mozilla/5.0 (compatible; DotBot/1.2; +https://opensiteexplorer.org/dotbot; help@moz.com)"
216.244.66.232 - - [12/May/2026:12:19:26 -0500] "GET /index.php/ELEMENTOS/ELEMENTOS/avigilajudicial/avigilajudicial/principal/contactenos.php HTTP/1.1" 200 54693 "-" "Mozilla/5.0 (compatible; DotBot/1.2; +https://opensiteexplorer.org/dotbot; help@moz.com)"
216.244.66.232 - - [12/May/2026:12:19:27 -0500] "GET /index.php/npznyq11/hj7976/avigilajudicial/principal/asesoria.php HTTP/1.1" 200 54693 "-" "Mozilla/5.0 (compatible; DotBot/1.2; +https://opensiteexplorer.org/dotbot; help@moz.com)"
216.244.66.232 - - [12/May/2026:12:19:28 -0500] "GET /index.php/qfwylhtk11/4876515/avigilajudicial/avigilajudicial/principal/menu_comunicados.php HTTP/1.1" 200 54693 "-" "Mozilla/5.0 (compatible; DotBot/1.2; +https://opensiteexplorer.org/dotbot; help@moz.com)"
216.244.66.232 - - [12/May/2026:12:19:30 -0500] "GET /index.php/wjvqtzc/11cnaqjiyp_qoanhv78084/avigilajudicial/avigilajudicial/principal/trayectoria.php HTTP/1.1" 200 54693 "-" "Mozilla/5.0 (compatible; DotBot/1.2; +https://opensiteexplorer.org/dotbot; help@moz.com)"
216.244.66.232 - - [12/May/2026:12:19:31 -0500] "GET /index.php/zwynnt11/co9448/ELEMENTOS/ELEMENTS/ELEMENTS/principal/enlaces.php HTTP/1.1" 200 54693 "-" "Mozilla/5.0 (compatible; DotBot/1.2; +https://opensiteexplorer.org/dotbot; help@moz.com)"
114.119.137.103 - - [12/May/2026:12:19:45 -0500] "GET /index.php/zzztvsa/39aayzpksh_liqzne72382/principal/principal/Assets/principal/pages/principal/pages/avigilajudicial/validar_vigi_judicial.php HTTP/1.1" 200 54693 "http://www.asjudinet.com/index.php/zzztvsa/39aayzpksh_liqzne72382/principal/principal/Assets/principal/pages/principal/pages/formulario_seminario_dih.php" "Mozilla/5.0 (Linux; Android 7.0;) AppleWebKit/537.36 (HTML, like Gecko) Mobile Safari/537.36 (compatible; PetalBot;+https://webmaster.petalsearch.com/site/petalbot)"
186.28.206.3 - - [12/May/2026:12:19:57 -0500] "POST /informe_diagnostico_jur5.php?proceso=E-2026-224804&id=1077633336&cc= HTTP/1.1" 200 15499 "http://www.asjudinet.com/informe_diagnostico_jur5.php?proceso=E-2026-224804&id=1077633336&cc=" "Mozilla/5.0 (Macintosh; Intel Mac OS X 10_15_7) AppleWebKit/537.36 (KHTML, like Gecko) Chrome/148.0.0.0 Safari/537.36"
186.28.206.3 - - [12/May/2026:12:19:59 -0500] "GET /fondo_argollado.gif HTTP/1.1" 404 - "http://www.asjudinet.com/informe_diagnostico_jur5.php?proceso=E-2026-224804&id=1077633336&cc=" "Mozilla/5.0 (Macintosh; Intel Mac OS X 10_15_7) AppleWebKit/537.36 (KHTML, like Gecko) Chrome/148.0.0.0 Safari/537.36"
134.101.212.215 - - [12/May/2026:12:19:59 -0500] "GET /robots.txt HTTP/1.1" 200 43 "-" "Mozilla/5.0 (compatible; MJ12bot/v1.4.8; http://mj12bot.com/)"
134.101.212.215 - - [12/May/2026:12:20:01 -0500] "GET /index.php/20/8op9a7i2/925048/avigilajudicial/avigilajudicial/avigilajudicial/avigilajudicial/avigilajudicial/avigilajudicial/avigilajudicial/avigilajudicial/avigilajudicial/avigilajudicial/avigilajudicial/avigilajudicial/avigilajudicial/avigilajudicial/avigilajudicial/avigilajudicial/principal/principal/principal/pages/pages/avigilajudicial/pages/pages/principal/asesoria.php HTTP/1.1" 200 54693 "-" "Mozilla/5.0 (compatible; MJ12bot/v1.4.8; http://mj12bot.com/)"
134.101.212.215 - - [12/May/2026:12:20:03 -0500] "GET /index.php/20/8op9a7i2/925048/avigilajudicial/avigilajudicial/avigilajudicial/avigilajudicial/avigilajudicial/avigilajudicial/avigilajudicial/avigilajudicial/avigilajudicial/avigilajudicial/avigilajudicial/avigilajudicial/avigilajudicial/avigilajudicial/avigilajudicial/avigilajudicial/principal/principal/principal/pages/pages/avigilajudicial/pages/principal/principal/principal/principal/principal/pages/principal/pages/pages/pages/avigilajudicial/pages/pages/principal/contactenos.php HTTP/1.1" 200 54693 "-" "Mozilla/5.0 (compatible; MJ12bot/v1.4.8; http://mj12bot.com/)"
134.101.212.215 - - [12/May/2026:12:20:05 -0500] "GET /index.php/20/8op9a7i2/925048/avigilajudicial/avigilajudicial/avigilajudicial/avigilajudicial/avigilajudicial/avigilajudicial/avigilajudicial/avigilajudicial/avigilajudicial/avigilajudicial/avigilajudicial/avigilajudicial/avigilajudicial/avigilajudicial/avigilajudicial/avigilajudicial/principal/principal/principal/pages/pages/avigilajudicial/principal/avigilajudicial/avigilajudicial/avigilajudicial/pages/pages/avigilajudicial/pages/avigilajudicial/principal/principal/prepago.php HTTP/1.1" 200 54693 "-" "Mozilla/5.0 (compatible; MJ12bot/v1.4.8; http://mj12bot.com/)"
216.244.66.232 - - [12/May/2026:12:20:07 -0500] "GET /index.php/11z1676616-q49aw/9i4oc7/991_cwvy7hcip29495/principal/principal/principal/contratopersonas.php HTTP/1.1" 200 54693 "-" "Mozilla/5.0 (compatible; DotBot/1.2; +https://opensiteexplorer.org/dotbot; help@moz.com)"
134.101.212.215 - - [12/May/2026:12:20:07 -0500] "GET /index.php/20/8op9a7i2/925048/avigilajudicial/avigilajudicial/avigilajudicial/avigilajudicial/avigilajudicial/avigilajudicial/avigilajudicial/avigilajudicial/avigilajudicial/avigilajudicial/avigilajudicial/avigilajudicial/avigilajudicial/avigilajudicial/avigilajudicial/avigilajudicial/principal/principal/principal/pages/pages/avigilajudicial/principal/avigilajudicial/avigilajudicial/avigilajudicial/pages/pages/avigilajudicial/pages/avigilajudicial/principal/principal/quienes.php HTTP/1.1" 200 54693 "-" "Mozilla/5.0 (compatible; MJ12bot/v1.4.8; http://mj12bot.com/)"
216.244.66.232 - - [12/May/2026:12:20:08 -0500] "GET /index.php/12k1853798-k9cwv/hjo91p/932_e6t7sovov28432/avigilajudicial/principal/principal/asesoria.php HTTP/1.1" 200 54693 "-" "Mozilla/5.0 (compatible; DotBot/1.2; +https://opensiteexplorer.org/dotbot; help@moz.com)"
134.101.212.215 - - [12/May/2026:12:20:09 -0500] "GET /index.php/20/8op9a7i2/925048/avigilajudicial/avigilajudicial/avigilajudicial/avigilajudicial/avigilajudicial/avigilajudicial/avigilajudicial/avigilajudicial/avigilajudicial/avigilajudicial/avigilajudicial/avigilajudicial/avigilajudicial/avigilajudicial/avigilajudicial/avigilajudicial/principal/principal/principal/pages/pages/avigilajudicial/principal/avigilajudicial/avigilajudicial/avigilajudicial/pages/pages/avigilajudicial/pages/avigilajudicial/principal/principal/sucursales.php HTTP/1.1" 200 54693 "-" "Mozilla/5.0 (compatible; MJ12bot/v1.4.8; http://mj12bot.com/)"
134.101.212.215 - - [12/May/2026:12:20:11 -0500] "GET /index.php/20/8op9a7i2/925048/avigilajudicial/avigilajudicial/avigilajudicial/avigilajudicial/avigilajudicial/avigilajudicial/avigilajudicial/avigilajudicial/avigilajudicial/avigilajudicial/avigilajudicial/avigilajudicial/avigilajudicial/avigilajudicial/avigilajudicial/avigilajudicial/principal/principal/principal/pages/pages/avigilajudicial/principal/avigilajudicial/avigilajudicial/avigilajudicial/pages/pages/avigilajudicial/pages/avigilajudicial/principal/principal/testimonios.php HTTP/1.1" 200 54693 "-" "Mozilla/5.0 (compatible; MJ12bot/v1.4.8; http://mj12bot.com/)"
216.244.66.232 - - [12/May/2026:12:20:13 -0500] "GET /index.php/viyyjesl11/5992345/avigilajudicial/ELEMENTOS/principal/principal/trayectoria.php HTTP/1.1" 200 54693 "-" "Mozilla/5.0 (compatible; DotBot/1.2; +https://opensiteexplorer.org/dotbot; help@moz.com)"
134.101.212.215 - - [12/May/2026:12:20:13 -0500] "GET /index.php/20/8op9a7i2/925048/avigilajudicial/avigilajudicial/avigilajudicial/avigilajudicial/avigilajudicial/avigilajudicial/avigilajudicial/avigilajudicial/avigilajudicial/avigilajudicial/avigilajudicial/avigilajudicial/avigilajudicial/avigilajudicial/avigilajudicial/avigilajudicial/principal/principal/principal/pages/pages/avigilajudicial/principal/avigilajudicial/avigilajudicial/avigilajudicial/pages/pages/avigilajudicial/pages/avigilajudicial/principal/principal/trayectoria.php HTTP/1.1" 200 54693 "-" "Mozilla/5.0 (compatible; MJ12bot/v1.4.8; http://mj12bot.com/)"
134.101.212.215 - - [12/May/2026:12:20:15 -0500] "GET /index.php/20/8op9a7i2/925048/avigilajudicial/avigilajudicial/avigilajudicial/avigilajudicial/avigilajudicial/avigilajudicial/avigilajudicial/avigilajudicial/avigilajudicial/avigilajudicial/avigilajudicial/avigilajudicial/avigilajudicial/avigilajudicial/avigilajudicial/avigilajudicial/principal/principal/principal/pages/pages/avigilajudicial/principal/avigilajudicial/avigilajudicial/avigilajudicial/pages/pages/avigilajudicial/pages/avigilajudicial/principal/principal/ventajas.php HTTP/1.1" 200 54693 "-" "Mozilla/5.0 (compatible; MJ12bot/v1.4.8; http://mj12bot.com/)"
134.101.212.215 - - [12/May/2026:12:20:17 -0500] "GET /index.php/20/8op9a7i2/925048/avigilajudicial/avigilajudicial/avigilajudicial/avigilajudicial/avigilajudicial/avigilajudicial/avigilajudicial/avigilajudicial/avigilajudicial/avigilajudicial/avigilajudicial/avigilajudicial/avigilajudicial/avigilajudicial/avigilajudicial/avigilajudicial/principal/principal/principal/pages/pages/avigilajudicial/principal/avigilajudicial/avigilajudicial/avigilajudicial/pages/pages/avigilajudicial/pages/avigilajudicial/principal/quienes.php HTTP/1.1" 200 54693 "-" "Mozilla/5.0 (compatible; MJ12bot/v1.4.8; http://mj12bot.com/)"
134.101.212.215 - - [12/May/2026:12:20:19 -0500] "GET /index.php/20/8op9a7i2/925048/avigilajudicial/avigilajudicial/avigilajudicial/avigilajudicial/avigilajudicial/avigilajudicial/avigilajudicial/avigilajudicial/avigilajudicial/avigilajudicial/avigilajudicial/avigilajudicial/avigilajudicial/avigilajudicial/avigilajudicial/avigilajudicial/principal/principal/principal/pages/pages/avigilajudicial/principal/avigilajudicial/avigilajudicial/avigilajudicial/pages/pages/avigilajudicial/pages/avigilajudicial/principal/soporteacademico.php HTTP/1.1" 200 54693 "-" "Mozilla/5.0 (compatible; MJ12bot/v1.4.8; http://mj12bot.com/)"
134.101.212.215 - - [12/May/2026:12:20:21 -0500] "GET /index.php/20/8op9a7i2/925048/avigilajudicial/avigilajudicial/avigilajudicial/avigilajudicial/avigilajudicial/avigilajudicial/avigilajudicial/avigilajudicial/avigilajudicial/avigilajudicial/avigilajudicial/avigilajudicial/avigilajudicial/avigilajudicial/avigilajudicial/avigilajudicial/principal/principal/principal/pages/pages/avigilajudicial/principal/avigilajudicial/avigilajudicial/avigilajudicial/pages/pages/avigilajudicial/pages/avigilajudicial/principal/sucursales.php HTTP/1.1" 200 54693 "-" "Mozilla/5.0 (compatible; MJ12bot/v1.4.8; http://mj12bot.com/)"
134.101.212.215 - - [12/May/2026:12:20:23 -0500] "GET /index.php/20/8op9a7i2/925048/avigilajudicial/avigilajudicial/avigilajudicial/avigilajudicial/avigilajudicial/avigilajudicial/avigilajudicial/avigilajudicial/avigilajudicial/avigilajudicial/avigilajudicial/avigilajudicial/avigilajudicial/avigilajudicial/avigilajudicial/avigilajudicial/principal/principal/principal/pages/pages/avigilajudicial/principal/avigilajudicial/avigilajudicial/avigilajudicial/pages/pages/avigilajudicial/pages/avigilajudicial/principal/sucursales_satelites.php HTTP/1.1" 200 54693 "-" "Mozilla/5.0 (compatible; MJ12bot/v1.4.8; http://mj12bot.com/)"
216.244.66.232 - - [12/May/2026:12:20:24 -0500] "GET /index.php/ycqjpok/11isvlywpj_sncove34014/avigilajudicial/avigilajudicial/principal/principal/trayectoria.php HTTP/1.1" 200 54693 "-" "Mozilla/5.0 (compatible; DotBot/1.2; +https://opensiteexplorer.org/dotbot; help@moz.com)"
134.101.212.215 - - [12/May/2026:12:20:25 -0500] "GET /index.php/20/8op9a7i2/925048/avigilajudicial/avigilajudicial/avigilajudicial/avigilajudicial/avigilajudicial/avigilajudicial/avigilajudicial/avigilajudicial/avigilajudicial/avigilajudicial/avigilajudicial/avigilajudicial/avigilajudicial/avigilajudicial/avigilajudicial/avigilajudicial/principal/principal/principal/pages/pages/avigilajudicial/principal/avigilajudicial/avigilajudicial/avigilajudicial/pages/pages/avigilajudicial/pages/avigilajudicial/principal/testimonios.php HTTP/1.1" 200 54693 "-" "Mozilla/5.0 (compatible; MJ12bot/v1.4.8; http://mj12bot.com/)"
134.101.212.215 - - [12/May/2026:12:20:27 -0500] "GET /index.php/20/8op9a7i2/925048/avigilajudicial/avigilajudicial/avigilajudicial/avigilajudicial/avigilajudicial/avigilajudicial/avigilajudicial/avigilajudicial/avigilajudicial/avigilajudicial/avigilajudicial/avigilajudicial/avigilajudicial/avigilajudicial/avigilajudicial/avigilajudicial/principal/principal/principal/pages/pages/avigilajudicial/principal/avigilajudicial/avigilajudicial/avigilajudicial/pages/pages/avigilajudicial/pages/avigilajudicial/principal/trayectoria.php HTTP/1.1" 200 54693 "-" "Mozilla/5.0 (compatible; MJ12bot/v1.4.8; http://mj12bot.com/)"
186.28.206.3 - - [12/May/2026:12:20:27 -0500] "GET /cartera_consulta_titu_usuario.php?ced2=1077633336&numcon=37970 HTTP/1.1" 200 7968 "http://www.asjudinet.com/consulta_ced_info_servi.php" "Mozilla/5.0 (Macintosh; Intel Mac OS X 10_15_7) AppleWebKit/537.36 (KHTML, like Gecko) Chrome/148.0.0.0 Safari/537.36"
186.28.206.3 - - [12/May/2026:12:20:28 -0500] "GET /consulta_ced_info_servi.php HTTP/1.1" 200 4523 "http://www.asjudinet.com/consulta_cartera.php" "Mozilla/5.0 (Macintosh; Intel Mac OS X 10_15_7) AppleWebKit/537.36 (KHTML, like Gecko) Chrome/148.0.0.0 Safari/537.36"
134.101.212.215 - - [12/May/2026:12:20:29 -0500] "GET /index.php/20/8op9a7i2/925048/avigilajudicial/avigilajudicial/avigilajudicial/avigilajudicial/avigilajudicial/avigilajudicial/avigilajudicial/avigilajudicial/avigilajudicial/avigilajudicial/avigilajudicial/avigilajudicial/avigilajudicial/avigilajudicial/avigilajudicial/avigilajudicial/principal/principal/principal/pages/pages/avigilajudicial/principal/avigilajudicial/avigilajudicial/avigilajudicial/pages/pages/avigilajudicial/pages/avigilajudicial/principal/val_usuarios.php HTTP/1.1" 200 54693 "-" "Mozilla/5.0 (compatible; MJ12bot/v1.4.8; http://mj12bot.com/)"
134.101.212.215 - - [12/May/2026:12:20:31 -0500] "GET /index.php/20/8op9a7i2/925048/avigilajudicial/avigilajudicial/avigilajudicial/avigilajudicial/avigilajudicial/avigilajudicial/avigilajudicial/avigilajudicial/avigilajudicial/avigilajudicial/avigilajudicial/avigilajudicial/avigilajudicial/avigilajudicial/avigilajudicial/avigilajudicial/principal/principal/principal/pages/pages/avigilajudicial/principal/avigilajudicial/avigilajudicial/avigilajudicial/pages/pages/avigilajudicial/pages/avigilajudicial/principal/val_usuarios_IURIS.php HTTP/1.1" 200 54693 "-" "Mozilla/5.0 (compatible; MJ12bot/v1.4.8; http://mj12bot.com/)"
134.101.212.215 - - [12/May/2026:12:20:33 -0500] "GET /index.php/20/8op9a7i2/925048/avigilajudicial/avigilajudicial/avigilajudicial/avigilajudicial/avigilajudicial/avigilajudicial/avigilajudicial/avigilajudicial/avigilajudicial/avigilajudicial/avigilajudicial/avigilajudicial/avigilajudicial/avigilajudicial/avigilajudicial/avigilajudicial/principal/principal/principal/pages/pages/avigilajudicial/principal/avigilajudicial/avigilajudicial/avigilajudicial/pages/pages/avigilajudicial/pages/avigilajudicial/principal/ventajas.php HTTP/1.1" 200 54693 "-" "Mozilla/5.0 (compatible; MJ12bot/v1.4.8; http://mj12bot.com/)"
216.244.66.232 - - [12/May/2026:12:20:34 -0500] "GET /index.php/zwvjtoey11/0691705/ELEMENTOS/ELEMENTOS/principal/principal/menu_comunicados.php HTTP/1.1" 200 54693 "-" "Mozilla/5.0 (compatible; DotBot/1.2; +https://opensiteexplorer.org/dotbot; help@moz.com)"
134.101.212.215 - - [12/May/2026:12:20:35 -0500] "GET /index.php/20/8op9a7i2/925048/avigilajudicial/avigilajudicial/avigilajudicial/avigilajudicial/avigilajudicial/avigilajudicial/avigilajudicial/avigilajudicial/avigilajudicial/avigilajudicial/avigilajudicial/avigilajudicial/avigilajudicial/avigilajudicial/avigilajudicial/avigilajudicial/principal/principal/principal/pages/pages/avigilajudicial/principal/avigilajudicial/avigilajudicial/avigilajudicial/pages/pages/avigilajudicial/pages/avigilajudicial/val_usuarios.php HTTP/1.1" 200 54693 "-" "Mozilla/5.0 (compatible; MJ12bot/v1.4.8; http://mj12bot.com/)"
134.101.212.215 - - [12/May/2026:12:20:37 -0500] "GET /index.php/20/8op9a7i2/925048/avigilajudicial/avigilajudicial/avigilajudicial/avigilajudicial/avigilajudicial/avigilajudicial/avigilajudicial/avigilajudicial/avigilajudicial/avigilajudicial/avigilajudicial/avigilajudicial/avigilajudicial/avigilajudicial/avigilajudicial/avigilajudicial/principal/principal/principal/pages/pages/avigilajudicial/principal/avigilajudicial/avigilajudicial/avigilajudicial/pages/pages/avigilajudicial/pages/avigilajudicial/val_usuarios_IURIS.php HTTP/1.1" 200 54693 "-" "Mozilla/5.0 (compatible; MJ12bot/v1.4.8; http://mj12bot.com/)"
134.101.212.215 - - [12/May/2026:12:20:39 -0500] "GET /index.php/20/8op9a7i2/925048/avigilajudicial/avigilajudicial/avigilajudicial/avigilajudicial/avigilajudicial/avigilajudicial/avigilajudicial/avigilajudicial/avigilajudicial/avigilajudicial/avigilajudicial/avigilajudicial/avigilajudicial/avigilajudicial/avigilajudicial/avigilajudicial/principal/principal/principal/pages/pages/avigilajudicial/principal/avigilajudicial/avigilajudicial/avigilajudicial/pages/pages/avigilajudicial/pages/avigilajudicial/validar_usuarios_pagina.php HTTP/1.1" 200 54693 "-" "Mozilla/5.0 (compatible; MJ12bot/v1.4.8; http://mj12bot.com/)"
186.28.206.3 - - [12/May/2026:12:20:45 -0500] "POST /consulta_ced_info_servi.php HTTP/1.1" 200 6008 "http://www.asjudinet.com/consulta_ced_info_servi.php" "Mozilla/5.0 (Macintosh; Intel Mac OS X 10_15_7) AppleWebKit/537.36 (KHTML, like Gecko) Chrome/148.0.0.0 Safari/537.36"
186.28.206.3 - - [12/May/2026:12:20:46 -0500] "GET /cartera_consul_bene_usuario.php?ced2=1073163620&numcon=50049 HTTP/1.1" 200 19391 "http://www.asjudinet.com/consulta_ced_info_servi.php" "Mozilla/5.0 (Macintosh; Intel Mac OS X 10_15_7) AppleWebKit/537.36 (KHTML, like Gecko) Chrome/148.0.0.0 Safari/537.36"
186.28.206.3 - - [12/May/2026:12:20:51 -0500] "POST /cartera_consul_bene_usuario.php?ced2=1073163620&numcon=50049 HTTP/1.1" 200 19513 "http://www.asjudinet.com/cartera_consul_bene_usuario.php?ced2=1073163620&numcon=50049" "Mozilla/5.0 (Macintosh; Intel Mac OS X 10_15_7) AppleWebKit/537.36 (KHTML, like Gecko) Chrome/148.0.0.0 Safari/537.36"
186.28.206.3 - - [12/May/2026:12:20:51 -0500] "GET /cartera_num_proceso_ben_usu.php?ced2=1073163620&numcon=50049 HTTP/1.1" 200 7212 "http://www.asjudinet.com/cartera_consul_bene_usuario.php?ced2=1073163620&numcon=50049" "Mozilla/5.0 (Macintosh; Intel Mac OS X 10_15_7) AppleWebKit/537.36 (KHTML, like Gecko) Chrome/148.0.0.0 Safari/537.36"
134.101.212.215 - - [12/May/2026:12:20:52 -0500] "GET /index.php/20/8op9a7i2/925048/avigilajudicial/avigilajudicial/avigilajudicial/avigilajudicial/avigilajudicial/avigilajudicial/avigilajudicial/avigilajudicial/avigilajudicial/avigilajudicial/avigilajudicial/avigilajudicial/avigilajudicial/avigilajudicial/avigilajudicial/avigilajudicial/principal/principal/principal/pages/pages/avigilajudicial/principal/avigilajudicial/avigilajudicial/avigilajudicial/pages/pages/avigilajudicial/pages/pages/avigilajudicial/validar_vigi_judicial.php HTTP/1.1" 200 54693 "-" "Mozilla/5.0 (compatible; MJ12bot/v1.4.8; http://mj12bot.com/)"
186.28.206.3 - - [12/May/2026:12:20:53 -0500] "GET /mostrar_actuaciones7.php?proceso=E-2026-198356&id=1073163620 HTTP/1.1" 200 11815 "http://www.asjudinet.com/cartera_num_proceso_ben_usu.php?ced2=1073163620&numcon=50049" "Mozilla/5.0 (Macintosh; Intel Mac OS X 10_15_7) AppleWebKit/537.36 (KHTML, like Gecko) Chrome/148.0.0.0 Safari/537.36"
186.28.206.3 - - [12/May/2026:12:20:54 -0500] "GET /fondo_argollado.gif HTTP/1.1" 404 - "http://www.asjudinet.com/mostrar_actuaciones7.php?proceso=E-2026-198356&id=1073163620" "Mozilla/5.0 (Macintosh; Intel Mac OS X 10_15_7) AppleWebKit/537.36 (KHTML, like Gecko) Chrome/148.0.0.0 Safari/537.36"
134.101.212.215 - - [12/May/2026:12:20:54 -0500] "GET /index.php/20/8op9a7i2/925048/avigilajudicial/avigilajudicial/avigilajudicial/avigilajudicial/avigilajudicial/avigilajudicial/avigilajudicial/avigilajudicial/avigilajudicial/avigilajudicial/avigilajudicial/avigilajudicial/avigilajudicial/avigilajudicial/avigilajudicial/avigilajudicial/principal/principal/principal/pages/pages/avigilajudicial/principal/avigilajudicial/avigilajudicial/avigilajudicial/pages/pages/avigilajudicial/pages/pages/formulario_seminario_dih.php HTTP/1.1" 200 54693 "-" "Mozilla/5.0 (compatible; MJ12bot/v1.4.8; http://mj12bot.com/)"
186.28.206.3 - - [12/May/2026:12:20:56 -0500] "GET /informe_diagnostico_jur5.php?proceso=E-2026-198356&id=1073163620&cc= HTTP/1.1" 200 15395 "http://www.asjudinet.com/mostrar_actuaciones7.php?proceso=E-2026-198356&id=1073163620" "Mozilla/5.0 (Macintosh; Intel Mac OS X 10_15_7) AppleWebKit/537.36 (KHTML, like Gecko) Chrome/148.0.0.0 Safari/537.36"
186.28.206.3 - - [12/May/2026:12:20:56 -0500] "GET /fondo_argollado.gif HTTP/1.1" 404 - "http://www.asjudinet.com/informe_diagnostico_jur5.php?proceso=E-2026-198356&id=1073163620&cc=" "Mozilla/5.0 (Macintosh; Intel Mac OS X 10_15_7) AppleWebKit/537.36 (KHTML, like Gecko) Chrome/148.0.0.0 Safari/537.36"
134.101.212.215 - - [12/May/2026:12:20:56 -0500] "GET /index.php/20/8op9a7i2/925048/avigilajudicial/avigilajudicial/avigilajudicial/avigilajudicial/avigilajudicial/avigilajudicial/avigilajudicial/avigilajudicial/avigilajudicial/avigilajudicial/avigilajudicial/avigilajudicial/avigilajudicial/avigilajudicial/avigilajudicial/avigilajudicial/principal/principal/principal/pages/pages/avigilajudicial/principal/avigilajudicial/avigilajudicial/avigilajudicial/pages/pages/avigilajudicial/pages/pages/index.php HTTP/1.1" 200 54693 "-" "Mozilla/5.0 (compatible; MJ12bot/v1.4.8; http://mj12bot.com/)"
134.101.212.215 - - [12/May/2026:12:20:58 -0500] "GET /index.php/20/8op9a7i2/925048/avigilajudicial/avigilajudicial/avigilajudicial/avigilajudicial/avigilajudicial/avigilajudicial/avigilajudicial/avigilajudicial/avigilajudicial/avigilajudicial/avigilajudicial/avigilajudicial/avigilajudicial/avigilajudicial/avigilajudicial/avigilajudicial/principal/principal/principal/pages/pages/avigilajudicial/principal/avigilajudicial/avigilajudicial/avigilajudicial/pages/pages/avigilajudicial/pages/pages/pages/menu_creditos_rotativos.php HTTP/1.1" 200 54693 "-" "Mozilla/5.0 (compatible; MJ12bot/v1.4.8; http://mj12bot.com/)"
134.101.212.215 - - [12/May/2026:12:21:00 -0500] "GET /index.php/20/8op9a7i2/925048/avigilajudicial/avigilajudicial/avigilajudicial/avigilajudicial/avigilajudicial/avigilajudicial/avigilajudicial/avigilajudicial/avigilajudicial/avigilajudicial/avigilajudicial/avigilajudicial/avigilajudicial/avigilajudicial/avigilajudicial/avigilajudicial/principal/principal/principal/pages/pages/avigilajudicial/principal/avigilajudicial/avigilajudicial/avigilajudicial/pages/pages/avigilajudicial/pages/pages/pages/menu_procesos_todos.php HTTP/1.1" 200 54693 "-" "Mozilla/5.0 (compatible; MJ12bot/v1.4.8; http://mj12bot.com/)"
134.101.212.215 - - [12/May/2026:12:21:02 -0500] "GET /index.php/20/8op9a7i2/925048/avigilajudicial/avigilajudicial/avigilajudicial/avigilajudicial/avigilajudicial/avigilajudicial/avigilajudicial/avigilajudicial/avigilajudicial/avigilajudicial/avigilajudicial/avigilajudicial/avigilajudicial/avigilajudicial/avigilajudicial/avigilajudicial/principal/principal/principal/pages/pages/avigilajudicial/principal/avigilajudicial/avigilajudicial/avigilajudicial/pages/pages/avigilajudicial/pages/pages/principal/NoticiasImportantes.php HTTP/1.1" 200 54693 "-" "Mozilla/5.0 (compatible; MJ12bot/v1.4.8; http://mj12bot.com/)"
134.101.212.215 - - [12/May/2026:12:21:04 -0500] "GET /index.php/20/8op9a7i2/925048/avigilajudicial/avigilajudicial/avigilajudicial/avigilajudicial/avigilajudicial/avigilajudicial/avigilajudicial/avigilajudicial/avigilajudicial/avigilajudicial/avigilajudicial/avigilajudicial/avigilajudicial/avigilajudicial/avigilajudicial/avigilajudicial/principal/principal/principal/pages/pages/avigilajudicial/principal/avigilajudicial/avigilajudicial/avigilajudicial/pages/pages/avigilajudicial/pages/pages/principal/asesoria.php HTTP/1.1" 200 54693 "-" "Mozilla/5.0 (compatible; MJ12bot/v1.4.8; http://mj12bot.com/)"
134.101.212.215 - - [12/May/2026:12:21:06 -0500] "GET /index.php/20/8op9a7i2/925048/avigilajudicial/avigilajudicial/avigilajudicial/avigilajudicial/avigilajudicial/avigilajudicial/avigilajudicial/avigilajudicial/avigilajudicial/avigilajudicial/avigilajudicial/avigilajudicial/avigilajudicial/avigilajudicial/avigilajudicial/avigilajudicial/principal/principal/principal/pages/pages/avigilajudicial/principal/avigilajudicial/avigilajudicial/avigilajudicial/pages/pages/avigilajudicial/pages/pages/principal/casos_exito.php HTTP/1.1" 200 54693 "-" "Mozilla/5.0 (compatible; MJ12bot/v1.4.8; http://mj12bot.com/)"
134.101.212.215 - - [12/May/2026:12:21:08 -0500] "GET /index.php/20/8op9a7i2/925048/avigilajudicial/avigilajudicial/avigilajudicial/avigilajudicial/avigilajudicial/avigilajudicial/avigilajudicial/avigilajudicial/avigilajudicial/avigilajudicial/avigilajudicial/avigilajudicial/avigilajudicial/avigilajudicial/avigilajudicial/avigilajudicial/principal/principal/principal/pages/pages/avigilajudicial/principal/avigilajudicial/avigilajudicial/avigilajudicial/pages/pages/avigilajudicial/pages/pages/principal/contactenos.php HTTP/1.1" 200 54693 "-" "Mozilla/5.0 (compatible; MJ12bot/v1.4.8; http://mj12bot.com/)"
134.101.212.215 - - [12/May/2026:12:21:10 -0500] "GET /index.php/20/8op9a7i2/925048/avigilajudicial/avigilajudicial/avigilajudicial/avigilajudicial/avigilajudicial/avigilajudicial/avigilajudicial/avigilajudicial/avigilajudicial/avigilajudicial/avigilajudicial/avigilajudicial/avigilajudicial/avigilajudicial/avigilajudicial/avigilajudicial/principal/principal/principal/pages/pages/avigilajudicial/principal/avigilajudicial/avigilajudicial/avigilajudicial/pages/pages/avigilajudicial/pages/pages/principal/contratopersonas.php HTTP/1.1" 200 54693 "-" "Mozilla/5.0 (compatible; MJ12bot/v1.4.8; http://mj12bot.com/)"
134.101.212.215 - - [12/May/2026:12:21:12 -0500] "GET /index.php/20/8op9a7i2/925048/avigilajudicial/avigilajudicial/avigilajudicial/avigilajudicial/avigilajudicial/avigilajudicial/avigilajudicial/avigilajudicial/avigilajudicial/avigilajudicial/avigilajudicial/avigilajudicial/avigilajudicial/avigilajudicial/avigilajudicial/avigilajudicial/principal/principal/principal/pages/pages/avigilajudicial/principal/avigilajudicial/avigilajudicial/avigilajudicial/pages/pages/avigilajudicial/pages/pages/principal/enlaces.php HTTP/1.1" 200 54693 "-" "Mozilla/5.0 (compatible; MJ12bot/v1.4.8; http://mj12bot.com/)"
134.101.212.215 - - [12/May/2026:12:21:15 -0500] "GET /index.php/20/8op9a7i2/925048/avigilajudicial/avigilajudicial/avigilajudicial/avigilajudicial/avigilajudicial/avigilajudicial/avigilajudicial/avigilajudicial/avigilajudicial/avigilajudicial/avigilajudicial/avigilajudicial/avigilajudicial/avigilajudicial/avigilajudicial/avigilajudicial/principal/principal/principal/pages/pages/avigilajudicial/principal/avigilajudicial/avigilajudicial/avigilajudicial/pages/pages/avigilajudicial/pages/pages/principal/formulario_seminario_dih.php HTTP/1.1" 200 54693 "-" "Mozilla/5.0 (compatible; MJ12bot/v1.4.8; http://mj12bot.com/)"
134.101.212.215 - - [12/May/2026:12:21:17 -0500] "GET /index.php/20/8op9a7i2/925048/avigilajudicial/avigilajudicial/avigilajudicial/avigilajudicial/avigilajudicial/avigilajudicial/avigilajudicial/avigilajudicial/avigilajudicial/avigilajudicial/avigilajudicial/avigilajudicial/avigilajudicial/avigilajudicial/avigilajudicial/avigilajudicial/principal/principal/principal/pages/pages/avigilajudicial/principal/avigilajudicial/avigilajudicial/avigilajudicial/pages/pages/avigilajudicial/pages/pages/principal/index.php HTTP/1.1" 200 54693 "-" "Mozilla/5.0 (compatible; MJ12bot/v1.4.8; http://mj12bot.com/)"
