190.85.87.250 - - [12/May/2026:10:24:29 -0500] "GET /callcenter/respuesta_acciones_constitucional.php?cedulita=1047495107&numcon=32085&fecha=2026-05-12&atencion=106225&funcionario=1000940633 HTTP/1.1" 200 21218 "http://www.asjudinet.com/callcenter/listado_acciones_constitucionales.php?ced=1000940633&nom=ROA%20PEDRAZA%20DANIEL" "Mozilla/5.0 (Windows NT 10.0; Win64; x64) AppleWebKit/537.36 (KHTML, like Gecko) Chrome/147.0.0.0 Safari/537.36"
181.61.205.27 - - [12/May/2026:10:24:35 -0500] "POST /ingresar_accion_tomada.php?cedul=39644989&atencion=138713&fechase=2026-04-05&esta=7 HTTP/1.1" 200 17247 "http://www.asjudinet.com/ingresar_accion_tomada.php?cedul=39644989&atencion=138713&fechase=2026-04-05&esta=7" "Mozilla/5.0 (Windows NT 10.0; Win64; x64) AppleWebKit/537.36 (KHTML, like Gecko) Chrome/147.0.0.0 Safari/537.36"
190.85.87.250 - - [12/May/2026:10:25:03 -0500] "GET /callcenter/respuesta_acciones_constitucional.php?cedulita=1047495107&numcon=32085&fecha=2026-05-12&atencion=106225&funcionario=1000940633 HTTP/1.1" 200 21218 "http://www.asjudinet.com/callcenter/listado_acciones_constitucionales.php?ced=1000940633&nom=ROA%20PEDRAZA%20DANIEL" "Mozilla/5.0 (Windows NT 10.0; Win64; x64) AppleWebKit/537.36 (KHTML, like Gecko) Chrome/147.0.0.0 Safari/537.36"
185.104.166.91 - - [12/May/2026:10:25:10 -0500] "GET /ELEMENTS/principal/i4.jpg HTTP/1.1" 200 42781 "http://www.asjudinet.com/css/asjudinet.css" "Mozilla/5.0 (Windows NT 10.0; Win64; x64) AppleWebKit/537.36 (KHTML, like Gecko) Chrome/147.0.0.0 Safari/537.36"
190.85.87.250 - - [12/May/2026:10:25:10 -0500] "POST /acobranzas/cobranzas_consulta_cartera1.php HTTP/1.1" 200 6422 "http://www.asjudinet.com/acobranzas/cobranzas_consulta_cartera1.php" "Mozilla/5.0 (Windows NT 10.0; Win64; x64) AppleWebKit/537.36 (KHTML, like Gecko) Chrome/148.0.0.0 Safari/537.36"
185.104.166.91 - - [12/May/2026:10:25:13 -0500] "GET /ELEMENTS/principal/i2.jpg HTTP/1.1" 200 44952 "http://www.asjudinet.com/css/asjudinet.css" "Mozilla/5.0 (Windows NT 10.0; Win64; x64) AppleWebKit/537.36 (KHTML, like Gecko) Chrome/147.0.0.0 Safari/537.36"
190.85.87.250 - - [12/May/2026:10:25:12 -0500] "GET /acobranzas/cobranzas_serviasju1.php?ced2=19348276&numcon=I0306 HTTP/1.1" 200 16893 "http://www.asjudinet.com/acobranzas/cobranzas_consulta_cartera1.php" "Mozilla/5.0 (Windows NT 10.0; Win64; x64) AppleWebKit/537.36 (KHTML, like Gecko) Chrome/148.0.0.0 Safari/537.36"
190.85.87.250 - - [12/May/2026:10:25:12 -0500] "GET /acobranzas/cobranzas_serviasju1.php?ced2=19348276&numcon=I0306 HTTP/1.1" 200 16893 "http://www.asjudinet.com/acobranzas/cobranzas_consulta_cartera1.php" "Mozilla/5.0 (Windows NT 10.0; Win64; x64) AppleWebKit/537.36 (KHTML, like Gecko) Chrome/148.0.0.0 Safari/537.36"
190.85.87.250 - - [12/May/2026:10:25:12 -0500] "GET /acobranzas/cobranzas_serviasju1.php?ced2=19348276&numcon=I0306 HTTP/1.1" 200 16893 "http://www.asjudinet.com/acobranzas/cobranzas_consulta_cartera1.php" "Mozilla/5.0 (Windows NT 10.0; Win64; x64) AppleWebKit/537.36 (KHTML, like Gecko) Chrome/148.0.0.0 Safari/537.36"
190.85.87.250 - - [12/May/2026:10:25:12 -0500] "GET /acobranzas/cobranzas_serviasju1.php?ced2=19348276&numcon=I0306 HTTP/1.1" 200 28820 "http://www.asjudinet.com/acobranzas/cobranzas_consulta_cartera1.php" "Mozilla/5.0 (Windows NT 10.0; Win64; x64) AppleWebKit/537.36 (KHTML, like Gecko) Chrome/148.0.0.0 Safari/537.36"
181.61.205.27 - - [12/May/2026:10:25:20 -0500] "POST /consulta_ced_accion_tomada.php HTTP/1.1" 200 6677 "http://www.asjudinet.com/consulta_ced_accion_tomada.php" "Mozilla/5.0 (Windows NT 10.0; Win64; x64) AppleWebKit/537.36 (KHTML, like Gecko) Chrome/147.0.0.0 Safari/537.36"
190.85.87.250 - - [12/May/2026:10:25:21 -0500] "POST /acobranzas/consulta_ced_cob_estado_1da.php HTTP/1.1" 200 6780 "http://www.asjudinet.com/acobranzas/consulta_ced_cob_estado_1da.php" "Mozilla/5.0 (Windows NT 10.0; Win64; x64) AppleWebKit/537.36 (KHTML, like Gecko) Chrome/148.0.0.0 Safari/537.36"
190.85.87.250 - - [12/May/2026:10:25:22 -0500] "GET /acobranzas/consultar_cobranzas_vigentes.php?id=19348276&carpeta=17032&tipo=INT03 HTTP/1.1" 200 53629 "http://www.asjudinet.com/acobranzas/consulta_ced_cob_estado_1da.php" "Mozilla/5.0 (Windows NT 10.0; Win64; x64) AppleWebKit/537.36 (KHTML, like Gecko) Chrome/148.0.0.0 Safari/537.36"
190.85.87.250 - - [12/May/2026:10:25:28 -0500] "GET /acobranzas/seguimiento_cobranza_captura_vigentes.php?id=19348276&tipo=INT03&carpeta=17032 HTTP/1.1" 200 14056 "http://www.asjudinet.com/acobranzas/consultar_cobranzas_vigentes.php?id=19348276&carpeta=17032&tipo=INT03" "Mozilla/5.0 (Windows NT 10.0; Win64; x64) AppleWebKit/537.36 (KHTML, like Gecko) Chrome/148.0.0.0 Safari/537.36"
181.61.205.27 - - [12/May/2026:10:25:29 -0500] "GET /ingresar_accion_tomada.php?cedul=1023933243&atencion=138714&fechase=2026-04-05&esta=7 HTTP/1.1" 200 17111 "http://www.asjudinet.com/consulta_ced_accion_tomada.php" "Mozilla/5.0 (Windows NT 10.0; Win64; x64) AppleWebKit/537.36 (KHTML, like Gecko) Chrome/147.0.0.0 Safari/537.36"
201.221.178.23 - - [12/May/2026:10:25:35 -0500] "GET /abogados/mostrar_actuaciones.php?cedula=1005084008&numproceso=54660408900120170005300 HTTP/1.1" 200 57907 "http://www.asjudinet.com/abogados/listado_por_abogado.php?ced=1005039149&nom=LIZARAZO%20DIEGO%20ALEJANDRO" "Mozilla/5.0 (Windows NT 10.0; Win64; x64) AppleWebKit/537.36 (KHTML, like Gecko) Chrome/147.0.0.0 Safari/537.36"
190.85.87.250 - - [12/May/2026:10:26:08 -0500] "POST /acobranzas/seguimiento_cobranza_captura_vigentes.php?id=19348276&tipo=INT03&carpeta=17032 HTTP/1.1" 200 14177 "http://www.asjudinet.com/acobranzas/seguimiento_cobranza_captura_vigentes.php?id=19348276&tipo=INT03&carpeta=17032" "Mozilla/5.0 (Windows NT 10.0; Win64; x64) AppleWebKit/537.36 (KHTML, like Gecko) Chrome/148.0.0.0 Safari/537.36"
190.85.87.250 - - [12/May/2026:10:26:08 -0500] "GET /acobranzas/consultar_cobranzas_vigentes.php?ced2=19348276&numcon=I0306 HTTP/1.1" 200 27335 "http://www.asjudinet.com/acobranzas/seguimiento_cobranza_captura_vigentes.php?id=19348276&tipo=INT03&carpeta=17032" "Mozilla/5.0 (Windows NT 10.0; Win64; x64) AppleWebKit/537.36 (KHTML, like Gecko) Chrome/148.0.0.0 Safari/537.36"
190.85.87.250 - - [12/May/2026:10:26:13 -0500] "POST /callcenter/respuesta_acciones_constitucional.php?cedulita=1047495107&numcon=32085&fecha=2026-05-12&atencion=106225&funcionario=1000940633 HTTP/1.1" 200 21771 "http://www.asjudinet.com/callcenter/respuesta_acciones_constitucional.php?cedulita=1047495107&numcon=32085&fecha=2026-05-12&atencion=106225&funcionario=1000940633" "Mozilla/5.0 (Windows NT 10.0; Win64; x64) AppleWebKit/537.36 (KHTML, like Gecko) Chrome/147.0.0.0 Safari/537.36"
190.85.87.250 - - [12/May/2026:10:26:16 -0500] "POST /acobranzas/cobranzas_consulta_cartera1.php HTTP/1.1" 200 5956 "http://www.asjudinet.com/acobranzas/cobranzas_consulta_cartera1.php" "Mozilla/5.0 (Windows NT 10.0; Win64; x64) AppleWebKit/537.36 (KHTML, like Gecko) Chrome/148.0.0.0 Safari/537.36"
190.85.87.250 - - [12/May/2026:10:26:17 -0500] "GET /acobranzas/cobranzas_serviasju1.php?ced2=1090528509&numcon=47858 HTTP/1.1" 200 16848 "http://www.asjudinet.com/acobranzas/cobranzas_consulta_cartera1.php" "Mozilla/5.0 (Windows NT 10.0; Win64; x64) AppleWebKit/537.36 (KHTML, like Gecko) Chrome/148.0.0.0 Safari/537.36"
190.85.87.250 - - [12/May/2026:10:26:17 -0500] "GET /acobranzas/cobranzas_serviasju1.php?ced2=1090528509&numcon=47858 HTTP/1.1" 200 50700 "http://www.asjudinet.com/acobranzas/cobranzas_consulta_cartera1.php" "Mozilla/5.0 (Windows NT 10.0; Win64; x64) AppleWebKit/537.36 (KHTML, like Gecko) Chrome/148.0.0.0 Safari/537.36"
190.85.87.250 - - [12/May/2026:10:26:21 -0500] "GET /callcenter/listado_acciones_constitucionales.php?ced=1000940633&nom=ROA%20PEDRAZA%20DANIEL HTTP/1.1" 200 3450 "http://www.asjudinet.com/callcenter/menu_acciones_constitucionales.php?ced=1000940633&nom=ROA%20PEDRAZA%20DANIEL" "Mozilla/5.0 (Windows NT 10.0; Win64; x64) AppleWebKit/537.36 (KHTML, like Gecko) Chrome/147.0.0.0 Safari/537.36"
190.85.87.250 - - [12/May/2026:10:26:22 -0500] "GET /callcenter/menu_acciones_constitucionales.php?ced=1000940633&nom=ROA%20PEDRAZA%20DANIEL HTTP/1.1" 200 3294 "http://www.asjudinet.com/callcenter/listado_acciones_constitucionales.php?ced=1000940633&nom=ROA%20PEDRAZA%20DANIEL" "Mozilla/5.0 (Windows NT 10.0; Win64; x64) AppleWebKit/537.36 (KHTML, like Gecko) Chrome/147.0.0.0 Safari/537.36"
190.85.87.250 - - [12/May/2026:10:26:22 -0500] "GET /callcenter/listado_acciones_constitucionales_pendientes.php?ced=1000940633&nom=ROA%20PEDRAZA%20DANIEL HTTP/1.1" 200 6235 "http://www.asjudinet.com/callcenter/menu_acciones_constitucionales.php?ced=1000940633&nom=ROA%20PEDRAZA%20DANIEL" "Mozilla/5.0 (Windows NT 10.0; Win64; x64) AppleWebKit/537.36 (KHTML, like Gecko) Chrome/147.0.0.0 Safari/537.36"
190.85.87.250 - - [12/May/2026:10:26:25 -0500] "POST /acobranzas/consulta_ced_cob_estado_1da.php HTTP/1.1" 200 6790 "http://www.asjudinet.com/acobranzas/consulta_ced_cob_estado_1da.php" "Mozilla/5.0 (Windows NT 10.0; Win64; x64) AppleWebKit/537.36 (KHTML, like Gecko) Chrome/148.0.0.0 Safari/537.36"
190.85.87.250 - - [12/May/2026:10:26:24 -0500] "GET /callcenter/respuesta_trabajo_pendiente.php?cedulita=1047495107&numcon=32085&fecha=2026-05-12&atencion=106225&funcionario=1000940633 HTTP/1.1" 200 17394 "http://www.asjudinet.com/callcenter/listado_acciones_constitucionales_pendientes.php?ced=1000940633&nom=ROA%20PEDRAZA%20DANIEL" "Mozilla/5.0 (Windows NT 10.0; Win64; x64) AppleWebKit/537.36 (KHTML, like Gecko) Chrome/147.0.0.0 Safari/537.36"
190.85.87.250 - - [12/May/2026:10:26:29 -0500] "GET /acobranzas/consultar_cobranzas_vigentes.php?id=1090528509&carpeta=17063&tipo=INT01 HTTP/1.1" 200 19940 "http://www.asjudinet.com/acobranzas/consulta_ced_cob_estado_1da.php" "Mozilla/5.0 (Windows NT 10.0; Win64; x64) AppleWebKit/537.36 (KHTML, like Gecko) Chrome/148.0.0.0 Safari/537.36"
190.85.87.250 - - [12/May/2026:10:26:32 -0500] "GET /acobranzas/seguimiento_cobranza_captura_vigentes.php?id=1090528509&tipo=INT01&carpeta=17063 HTTP/1.1" 200 14020 "http://www.asjudinet.com/acobranzas/consultar_cobranzas_vigentes.php?id=1090528509&carpeta=17063&tipo=INT01" "Mozilla/5.0 (Windows NT 10.0; Win64; x64) AppleWebKit/537.36 (KHTML, like Gecko) Chrome/148.0.0.0 Safari/537.36"
185.104.166.91 - - [12/May/2026:10:26:54 -0500] "GET /abogados/formulario_ingreso_revista.php?proceso=11001400307620240156200&id=901486028-1&cc=51723111 HTTP/1.1" 200 22727 "http://www.asjudinet.com/abogados/ingresar_revista_judicial.php?ced=51723111&nom=MORENO%20ANGARITA%20ELIZABETH" "Mozilla/5.0 (Windows NT 10.0; Win64; x64) AppleWebKit/537.36 (KHTML, like Gecko) Chrome/147.0.0.0 Safari/537.36"
190.85.87.250 - - [12/May/2026:10:27:14 -0500] "POST /cartera_num_procesos_sus.php?ced2=14678828&numcon=I1330 HTTP/1.1" 200 17524 "http://www.asjudinet.com/cartera_num_procesos_sus.php?ced2=14678828&numcon=I1330" "Mozilla/5.0 (Windows NT 10.0; Win64; x64) AppleWebKit/537.36 (KHTML, like Gecko) Chrome/147.0.0.0 Safari/537.36"
190.85.87.250 - - [12/May/2026:10:27:14 -0500] "GET /cartera_consulta_titu_usuario.php?ced2=14678828&numcon=I1330 HTTP/1.1" 200 70707 "http://www.asjudinet.com/cartera_num_procesos_sus.php?ced2=14678828&numcon=I1330" "Mozilla/5.0 (Windows NT 10.0; Win64; x64) AppleWebKit/537.36 (KHTML, like Gecko) Chrome/147.0.0.0 Safari/537.36"
190.85.87.250 - - [12/May/2026:10:27:17 -0500] "GET /consulta_cartera.php HTTP/1.1" 200 4668 "http://www.asjudinet.com/cartera_consulta_titu_usuario.php?ced2=14678828&numcon=I1330" "Mozilla/5.0 (Windows NT 10.0; Win64; x64) AppleWebKit/537.36 (KHTML, like Gecko) Chrome/147.0.0.0 Safari/537.36"
190.85.87.250 - - [12/May/2026:10:27:18 -0500] "GET /consulta_ced_info_servi.php HTTP/1.1" 200 4523 "http://www.asjudinet.com/consulta_cartera.php" "Mozilla/5.0 (Windows NT 10.0; Win64; x64) AppleWebKit/537.36 (KHTML, like Gecko) Chrome/147.0.0.0 Safari/537.36"
190.85.87.250 - - [12/May/2026:10:27:34 -0500] "POST /acobranzas/seguimiento_cobranza_captura_vigentes.php?id=1090528509&tipo=INT01&carpeta=17063 HTTP/1.1" 200 14143 "http://www.asjudinet.com/acobranzas/seguimiento_cobranza_captura_vigentes.php?id=1090528509&tipo=INT01&carpeta=17063" "Mozilla/5.0 (Windows NT 10.0; Win64; x64) AppleWebKit/537.36 (KHTML, like Gecko) Chrome/148.0.0.0 Safari/537.36"
190.85.87.250 - - [12/May/2026:10:27:35 -0500] "GET /acobranzas/consultar_cobranzas_vigentes.php?ced2=1090528509&numcon=47858 HTTP/1.1" 200 27335 "http://www.asjudinet.com/acobranzas/seguimiento_cobranza_captura_vigentes.php?id=1090528509&tipo=INT01&carpeta=17063" "Mozilla/5.0 (Windows NT 10.0; Win64; x64) AppleWebKit/537.36 (KHTML, like Gecko) Chrome/148.0.0.0 Safari/537.36"
190.85.87.250 - - [12/May/2026:10:27:48 -0500] "POST /acobranzas/cobranzas_consulta_cartera1.php HTTP/1.1" 200 5953 "http://www.asjudinet.com/acobranzas/cobranzas_consulta_cartera1.php" "Mozilla/5.0 (Windows NT 10.0; Win64; x64) AppleWebKit/537.36 (KHTML, like Gecko) Chrome/148.0.0.0 Safari/537.36"
190.85.87.250 - - [12/May/2026:10:27:54 -0500] "GET /acobranzas/cobranzas_serviasju1.php?ced2=1002547203&numcon=47017 HTTP/1.1" 200 16856 "http://www.asjudinet.com/acobranzas/cobranzas_consulta_cartera1.php" "Mozilla/5.0 (Windows NT 10.0; Win64; x64) AppleWebKit/537.36 (KHTML, like Gecko) Chrome/148.0.0.0 Safari/537.36"
190.85.87.250 - - [12/May/2026:10:27:54 -0500] "GET /acobranzas/cobranzas_serviasju1.php?ced2=1002547203&numcon=47017 HTTP/1.1" 200 18568 "http://www.asjudinet.com/acobranzas/cobranzas_consulta_cartera1.php" "Mozilla/5.0 (Windows NT 10.0; Win64; x64) AppleWebKit/537.36 (KHTML, like Gecko) Chrome/148.0.0.0 Safari/537.36"
190.85.87.250 - - [12/May/2026:10:28:00 -0500] "POST /acobranzas/consulta_ced_cob_estado_1da.php HTTP/1.1" 200 6787 "http://www.asjudinet.com/acobranzas/consulta_ced_cob_estado_1da.php" "Mozilla/5.0 (Windows NT 10.0; Win64; x64) AppleWebKit/537.36 (KHTML, like Gecko) Chrome/148.0.0.0 Safari/537.36"
190.85.87.250 - - [12/May/2026:10:28:01 -0500] "GET /acobranzas/consultar_cobranzas_vigentes.php?id=1002547203&carpeta=17065&tipo=INT01 HTTP/1.1" 200 17371 "http://www.asjudinet.com/acobranzas/consulta_ced_cob_estado_1da.php" "Mozilla/5.0 (Windows NT 10.0; Win64; x64) AppleWebKit/537.36 (KHTML, like Gecko) Chrome/148.0.0.0 Safari/537.36"
190.85.87.250 - - [12/May/2026:10:28:04 -0500] "GET /acobranzas/seguimiento_cobranza_captura_vigentes.php?id=1002547203&tipo=INT01&carpeta=17065 HTTP/1.1" 200 14033 "http://www.asjudinet.com/acobranzas/consultar_cobranzas_vigentes.php?id=1002547203&carpeta=17065&tipo=INT01" "Mozilla/5.0 (Windows NT 10.0; Win64; x64) AppleWebKit/537.36 (KHTML, like Gecko) Chrome/148.0.0.0 Safari/537.36"
190.85.87.250 - - [12/May/2026:10:28:06 -0500] "POST /callcenter/solicitud_cita_ingreso.php?numcon=21970&cedulita=4086146&funcionario=1143339970 HTTP/1.1" 200 49259 "http://www.asjudinet.com/callcenter/solicitud_cita_ingreso.php?numcon=21970&cedulita=4086146&funcionario=1143339970" "Mozilla/5.0 (Windows NT 10.0; Win64; x64) AppleWebKit/537.36 (KHTML, like Gecko) Chrome/147.0.0.0 Safari/537.36"
190.85.87.250 - - [12/May/2026:10:28:08 -0500] "GET /callcenter/menu_callcenter.php?ced=1143339970&nom=FALCON%20TEJADA%20KAREN%20ELIANA HTTP/1.1" 200 11645 "http://www.asjudinet.com/callcenter/solicitud_cita_ingreso.php?numcon=21970&cedulita=4086146&funcionario=1143339970" "Mozilla/5.0 (Windows NT 10.0; Win64; x64) AppleWebKit/537.36 (KHTML, like Gecko) Chrome/147.0.0.0 Safari/537.36"
190.85.87.250 - - [12/May/2026:10:28:10 -0500] "GET /callcenter/validar_recepcionistas.php?ced=1143339970&nom=FALCON%20TEJADA%20KAREN%20ELIANA HTTP/1.1" 200 7964 "http://www.asjudinet.com/callcenter/menu_callcenter.php?ced=1143339970&nom=FALCON%20TEJADA%20KAREN%20ELIANA" "Mozilla/5.0 (Windows NT 10.0; Win64; x64) AppleWebKit/537.36 (KHTML, like Gecko) Chrome/147.0.0.0 Safari/537.36"
190.85.87.250 - - [12/May/2026:10:28:12 -0500] "POST /callcenter/validar_recepcionistas.php HTTP/1.1" 200 8054 "http://www.asjudinet.com/callcenter/validar_recepcionistas.php?ced=1143339970&nom=FALCON%20TEJADA%20KAREN%20ELIANA" "Mozilla/5.0 (Windows NT 10.0; Win64; x64) AppleWebKit/537.36 (KHTML, like Gecko) Chrome/147.0.0.0 Safari/537.36"
190.85.87.250 - - [12/May/2026:10:28:12 -0500] "GET /callcenter/solicitud_cita.php?ced=1110177572&nom=FERLA%20MORENO%20FRANCY%20LORENA HTTP/1.1" 200 5676 "http://www.asjudinet.com/callcenter/validar_recepcionistas.php" "Mozilla/5.0 (Windows NT 10.0; Win64; x64) AppleWebKit/537.36 (KHTML, like Gecko) Chrome/147.0.0.0 Safari/537.36"
190.85.191.209 - - [12/May/2026:10:28:33 -0500] "GET /index.php HTTP/1.1" 200 54693 "-" "Mozilla/5.0 (Windows NT 10.0; Win64; x64) AppleWebKit/537.36 (KHTML, like Gecko) Chrome/147.0.0.0 Safari/537.36"
190.85.191.209 - - [12/May/2026:10:28:38 -0500] "GET /consulta_ced_info_servi.php HTTP/1.1" 200 4523 "-" "Mozilla/5.0 (Windows NT 10.0; Win64; x64) AppleWebKit/537.36 (KHTML, like Gecko) Chrome/148.0.0.0 Safari/537.36"
190.85.191.209 - - [12/May/2026:10:28:43 -0500] "GET /val_usuarios.php HTTP/1.1" 200 7808 "http://www.asjudinet.com/index.php" "Mozilla/5.0 (Windows NT 10.0; Win64; x64) AppleWebKit/537.36 (KHTML, like Gecko) Chrome/147.0.0.0 Safari/537.36"
181.61.205.27 - - [12/May/2026:10:28:48 -0500] "POST /ingresar_accion_tomada.php?cedul=1023933243&atencion=138714&fechase=2026-04-05&esta=7 HTTP/1.1" 200 17248 "http://www.asjudinet.com/ingresar_accion_tomada.php?cedul=1023933243&atencion=138714&fechase=2026-04-05&esta=7" "Mozilla/5.0 (Windows NT 10.0; Win64; x64) AppleWebKit/537.36 (KHTML, like Gecko) Chrome/147.0.0.0 Safari/537.36"
190.85.191.209 - - [12/May/2026:10:29:05 -0500] "POST /val_usuarios.php HTTP/1.1" 200 151 "http://www.asjudinet.com/val_usuarios.php" "Mozilla/5.0 (Windows NT 10.0; Win64; x64) AppleWebKit/537.36 (KHTML, like Gecko) Chrome/147.0.0.0 Safari/537.36"
190.85.191.209 - - [12/May/2026:10:29:05 -0500] "GET /menu_admin.php?ced=41738943&nom=RODRIGUEZ%20%20MONTOYA%20ESPERANZA&aaa=135&cargo=135 HTTP/1.1" 200 55572 "http://www.asjudinet.com/val_usuarios.php" "Mozilla/5.0 (Windows NT 10.0; Win64; x64) AppleWebKit/537.36 (KHTML, like Gecko) Chrome/147.0.0.0 Safari/537.36"
190.85.87.250 - - [12/May/2026:10:29:11 -0500] "POST /acobranzas/seguimiento_cobranza_captura_vigentes.php?id=1002547203&tipo=INT01&carpeta=17065 HTTP/1.1" 200 14156 "http://www.asjudinet.com/acobranzas/seguimiento_cobranza_captura_vigentes.php?id=1002547203&tipo=INT01&carpeta=17065" "Mozilla/5.0 (Windows NT 10.0; Win64; x64) AppleWebKit/537.36 (KHTML, like Gecko) Chrome/148.0.0.0 Safari/537.36"
190.85.87.250 - - [12/May/2026:10:29:11 -0500] "GET /acobranzas/consultar_cobranzas_vigentes.php?ced2=1002547203&numcon=47017 HTTP/1.1" 200 27335 "http://www.asjudinet.com/acobranzas/seguimiento_cobranza_captura_vigentes.php?id=1002547203&tipo=INT01&carpeta=17065" "Mozilla/5.0 (Windows NT 10.0; Win64; x64) AppleWebKit/537.36 (KHTML, like Gecko) Chrome/148.0.0.0 Safari/537.36"
190.85.191.209 - - [12/May/2026:10:29:13 -0500] "GET /consulta_cartera.php HTTP/1.1" 200 4668 "http://www.asjudinet.com/menu_admin.php?ced=41738943&nom=RODRIGUEZ%20%20MONTOYA%20ESPERANZA&aaa=135&cargo=135" "Mozilla/5.0 (Windows NT 10.0; Win64; x64) AppleWebKit/537.36 (KHTML, like Gecko) Chrome/147.0.0.0 Safari/537.36"
190.85.191.209 - - [12/May/2026:10:29:15 -0500] "GET /consulta_ced_info_servi.php HTTP/1.1" 200 4523 "http://www.asjudinet.com/consulta_cartera.php" "Mozilla/5.0 (Windows NT 10.0; Win64; x64) AppleWebKit/537.36 (KHTML, like Gecko) Chrome/147.0.0.0 Safari/537.36"
190.85.87.250 - - [12/May/2026:10:29:21 -0500] "POST /acobranzas/cobranzas_consulta_cartera1.php HTTP/1.1" 200 5953 "http://www.asjudinet.com/acobranzas/cobranzas_consulta_cartera1.php" "Mozilla/5.0 (Windows NT 10.0; Win64; x64) AppleWebKit/537.36 (KHTML, like Gecko) Chrome/148.0.0.0 Safari/537.36"
190.85.87.250 - - [12/May/2026:10:29:22 -0500] "GET /acobranzas/cobranzas_serviasju1.php?ced2=1007210915&numcon=44650 HTTP/1.1" 200 15174 "http://www.asjudinet.com/acobranzas/cobranzas_consulta_cartera1.php" "Mozilla/5.0 (Windows NT 10.0; Win64; x64) AppleWebKit/537.36 (KHTML, like Gecko) Chrome/148.0.0.0 Safari/537.36"
190.85.87.250 - - [12/May/2026:10:29:22 -0500] "GET /acobranzas/cobranzas_serviasju1.php?ced2=1007210915&numcon=44650 HTTP/1.1" 200 18568 "http://www.asjudinet.com/acobranzas/cobranzas_consulta_cartera1.php" "Mozilla/5.0 (Windows NT 10.0; Win64; x64) AppleWebKit/537.36 (KHTML, like Gecko) Chrome/148.0.0.0 Safari/537.36"
190.85.87.250 - - [12/May/2026:10:29:26 -0500] "POST /afinanciera/cartera_renovacion_contrato.php?ced2=12602862&numcon=8159 HTTP/1.1" 200 115576 "http://www.asjudinet.com/afinanciera/cartera_renovacion_contrato.php?ced2=12602862&numcon=8159" "Mozilla/5.0 (Windows NT 10.0; Win64; x64) AppleWebKit/537.36 (KHTML, like Gecko) Chrome/148.0.0.0 Safari/537.36"
114.119.128.77 - - [12/May/2026:10:29:30 -0500] "GET /index.php/zzztvsa/39aayzpksh_liqzne72382/principal/avigilajudicial/ELEMENTS/principal/pages/menu_creditos_rotativos.php HTTP/1.1" 200 54693 "http://www.asjudinet.com/index.php/zzztvsa/39aayzpksh_liqzne72382/principal/avigilajudicial/ELEMENTS/principal/index.php" "Mozilla/5.0 (Linux; Android 7.0;) AppleWebKit/537.36 (HTML, like Gecko) Mobile Safari/537.36 (compatible; PetalBot;+https://webmaster.petalsearch.com/site/petalbot)"
190.85.87.250 - - [12/May/2026:10:29:33 -0500] "GET /afinanciera/menu_cartera_debito.php HTTP/1.1" 200 38627 "http://www.asjudinet.com/afinanciera/cartera_consulta_renova.php" "Mozilla/5.0 (Windows NT 10.0; Win64; x64) AppleWebKit/537.36 (KHTML, like Gecko) Chrome/148.0.0.0 Safari/537.36"
190.85.87.250 - - [12/May/2026:10:29:40 -0500] "GET /menu_admin.php HTTP/1.1" 200 55572 "http://www.asjudinet.com/afinanciera/menu_cartera_debito.php" "Mozilla/5.0 (Windows NT 10.0; Win64; x64) AppleWebKit/537.36 (KHTML, like Gecko) Chrome/148.0.0.0 Safari/537.36"
190.85.87.250 - - [12/May/2026:10:29:43 -0500] "GET /afinanciera/validar_nomina_cartera.php HTTP/1.1" 200 7804 "http://www.asjudinet.com/menu_admin.php" "Mozilla/5.0 (Windows NT 10.0; Win64; x64) AppleWebKit/537.36 (KHTML, like Gecko) Chrome/148.0.0.0 Safari/537.36"
190.85.87.250 - - [12/May/2026:10:29:43 -0500] "POST /acobranzas/consulta_ced_cob_estado_1da.php HTTP/1.1" 200 6787 "http://www.asjudinet.com/acobranzas/consulta_ced_cob_estado_1da.php" "Mozilla/5.0 (Windows NT 10.0; Win64; x64) AppleWebKit/537.36 (KHTML, like Gecko) Chrome/148.0.0.0 Safari/537.36"
190.85.87.250 - - [12/May/2026:10:29:44 -0500] "GET /acobranzas/consultar_cobranzas_vigentes.php?id=1007210915&carpeta=17097&tipo=INT02 HTTP/1.1" 200 24563 "http://www.asjudinet.com/acobranzas/consulta_ced_cob_estado_1da.php" "Mozilla/5.0 (Windows NT 10.0; Win64; x64) AppleWebKit/537.36 (KHTML, like Gecko) Chrome/148.0.0.0 Safari/537.36"
190.85.87.250 - - [12/May/2026:10:29:45 -0500] "POST /afinanciera/validar_nomina_cartera.php HTTP/1.1" 200 133 "http://www.asjudinet.com/afinanciera/validar_nomina_cartera.php" "Mozilla/5.0 (Windows NT 10.0; Win64; x64) AppleWebKit/537.36 (KHTML, like Gecko) Chrome/148.0.0.0 Safari/537.36"
190.85.87.250 - - [12/May/2026:10:29:45 -0500] "GET /afinanciera/menu_cartera_nomina.php?ced=52202053&nom=FONSECA%20FUQUENE%20IRENE HTTP/1.1" 200 23831 "http://www.asjudinet.com/afinanciera/validar_nomina_cartera.php" "Mozilla/5.0 (Windows NT 10.0; Win64; x64) AppleWebKit/537.36 (KHTML, like Gecko) Chrome/148.0.0.0 Safari/537.36"
181.61.205.27 - - [12/May/2026:10:29:45 -0500] "GET /menu_admin.php?ced=79660662&nom=MORALES%20LOZANO%20JORGE%20LUIS&aaa=499&cargo=499 HTTP/1.1" 302 55572 "-" "Mozilla/5.0 (Windows NT 10.0; Win64; x64) AppleWebKit/537.36 (KHTML, like Gecko) Chrome/147.0.0.0 Safari/537.36"
181.61.205.27 - - [12/May/2026:10:29:46 -0500] "GET / HTTP/1.1" 200 54693 "-" "Mozilla/5.0 (Windows NT 10.0; Win64; x64) AppleWebKit/537.36 (KHTML, like Gecko) Chrome/147.0.0.0 Safari/537.36"
190.85.87.250 - - [12/May/2026:10:29:47 -0500] "GET /acobranzas/seguimiento_cobranza_captura_vigentes.php?id=1007210915&tipo=INT02&carpeta=17097 HTTP/1.1" 200 14029 "http://www.asjudinet.com/acobranzas/consultar_cobranzas_vigentes.php?id=1007210915&carpeta=17097&tipo=INT02" "Mozilla/5.0 (Windows NT 10.0; Win64; x64) AppleWebKit/537.36 (KHTML, like Gecko) Chrome/148.0.0.0 Safari/537.36"
181.61.205.27 - - [12/May/2026:10:29:49 -0500] "GET /val_usuarios.php HTTP/1.1" 200 7808 "http://www.asjudinet.com/" "Mozilla/5.0 (Windows NT 10.0; Win64; x64) AppleWebKit/537.36 (KHTML, like Gecko) Chrome/147.0.0.0 Safari/537.36"
181.61.205.27 - - [12/May/2026:10:29:51 -0500] "POST /val_usuarios.php HTTP/1.1" 200 148 "http://www.asjudinet.com/val_usuarios.php" "Mozilla/5.0 (Windows NT 10.0; Win64; x64) AppleWebKit/537.36 (KHTML, like Gecko) Chrome/147.0.0.0 Safari/537.36"
181.61.205.27 - - [12/May/2026:10:29:51 -0500] "GET /menu_admin.php?ced=79660662&nom=MORALES%20LOZANO%20JORGE%20LUIS&aaa=499&cargo=499 HTTP/1.1" 200 55572 "http://www.asjudinet.com/val_usuarios.php" "Mozilla/5.0 (Windows NT 10.0; Win64; x64) AppleWebKit/537.36 (KHTML, like Gecko) Chrome/147.0.0.0 Safari/537.36"
190.85.191.209 - - [12/May/2026:10:29:52 -0500] "POST /consulta_ced_info_servi.php HTTP/1.1" 200 9405 "http://www.asjudinet.com/consulta_ced_info_servi.php" "Mozilla/5.0 (Windows NT 10.0; Win64; x64) AppleWebKit/537.36 (KHTML, like Gecko) Chrome/147.0.0.0 Safari/537.36"
190.85.87.250 - - [12/May/2026:10:29:55 -0500] "GET /afinanciera/cartera_consulta_his_nom.php HTTP/1.1" 200 5203 "http://www.asjudinet.com/afinanciera/menu_cartera_nomina.php?ced=52202053&nom=FONSECA%20FUQUENE%20IRENE" "Mozilla/5.0 (Windows NT 10.0; Win64; x64) AppleWebKit/537.36 (KHTML, like Gecko) Chrome/148.0.0.0 Safari/537.36"
181.61.205.27 - - [12/May/2026:10:29:55 -0500] "GET /consulta_cartera.php HTTP/1.1" 200 4668 "http://www.asjudinet.com/menu_admin.php?ced=79660662&nom=MORALES%20LOZANO%20JORGE%20LUIS&aaa=499&cargo=499" "Mozilla/5.0 (Windows NT 10.0; Win64; x64) AppleWebKit/537.36 (KHTML, like Gecko) Chrome/147.0.0.0 Safari/537.36"
181.61.205.27 - - [12/May/2026:10:29:56 -0500] "GET /consulta_ced_info_servi.php HTTP/1.1" 200 4523 "http://www.asjudinet.com/consulta_cartera.php" "Mozilla/5.0 (Windows NT 10.0; Win64; x64) AppleWebKit/537.36 (KHTML, like Gecko) Chrome/147.0.0.0 Safari/537.36"
190.85.191.209 - - [12/May/2026:10:29:57 -0500] "GET /cartera_consulta_titu_usuario.php?ced2=79597060&numcon=3663B HTTP/1.1" 200 75375 "http://www.asjudinet.com/consulta_ced_info_servi.php" "Mozilla/5.0 (Windows NT 10.0; Win64; x64) AppleWebKit/537.36 (KHTML, like Gecko) Chrome/147.0.0.0 Safari/537.36"
190.85.87.250 - - [12/May/2026:10:30:06 -0500] "POST /afinanciera/cartera_consulta_his_nom.php HTTP/1.1" 200 6052 "http://www.asjudinet.com/afinanciera/cartera_consulta_his_nom.php" "Mozilla/5.0 (Windows NT 10.0; Win64; x64) AppleWebKit/537.36 (KHTML, like Gecko) Chrome/148.0.0.0 Safari/537.36"
190.85.87.250 - - [12/May/2026:10:30:09 -0500] "GET /afinanciera/cartera_pasar_historico_nominas.php?ced2=12602862&numcon=8159&tipo=INT03 HTTP/1.1" 200 121217 "http://www.asjudinet.com/afinanciera/cartera_consulta_his_nom.php" "Mozilla/5.0 (Windows NT 10.0; Win64; x64) AppleWebKit/537.36 (KHTML, like Gecko) Chrome/148.0.0.0 Safari/537.36"
190.85.191.209 - - [12/May/2026:10:30:12 -0500] "POST /cartera_consulta_titu_usuario.php?ced2=79597060&numcon=3663B HTTP/1.1" 200 23108 "http://www.asjudinet.com/cartera_consulta_titu_usuario.php?ced2=79597060&numcon=3663B" "Mozilla/5.0 (Windows NT 10.0; Win64; x64) AppleWebKit/537.36 (KHTML, like Gecko) Chrome/147.0.0.0 Safari/537.36"
190.85.191.209 - - [12/May/2026:10:30:14 -0500] "GET /consulta_titu_benefi_sus.php?ced2=79597060&cedb=1000463156&numcon=3663B HTTP/1.1" 200 7567 "http://www.asjudinet.com/cartera_consulta_titu_usuario.php?ced2=79597060&numcon=3663B" "Mozilla/5.0 (Windows NT 10.0; Win64; x64) AppleWebKit/537.36 (KHTML, like Gecko) Chrome/147.0.0.0 Safari/537.36"
181.61.205.27 - - [12/May/2026:10:30:29 -0500] "POST /consulta_ced_info_servi.php HTTP/1.1" 200 92355 "http://www.asjudinet.com/consulta_ced_info_servi.php" "Mozilla/5.0 (Windows NT 10.0; Win64; x64) AppleWebKit/537.36 (KHTML, like Gecko) Chrome/147.0.0.0 Safari/537.36"
190.85.191.209 - - [12/May/2026:10:30:35 -0500] "GET /cartera_tituben_proceso_sus.php?cedben=1000463156&ced2=79597060&numcon=3663B HTTP/1.1" 200 7923 "http://www.asjudinet.com/consulta_titu_benefi_sus.php?ced2=79597060&cedb=1000463156&numcon=3663B" "Mozilla/5.0 (Windows NT 10.0; Win64; x64) AppleWebKit/537.36 (KHTML, like Gecko) Chrome/147.0.0.0 Safari/537.36"
190.85.87.250 - - [12/May/2026:10:31:01 -0500] "POST /acobranzas/seguimiento_cobranza_captura_vigentes.php?id=1007210915&tipo=INT02&carpeta=17097 HTTP/1.1" 200 14152 "http://www.asjudinet.com/acobranzas/seguimiento_cobranza_captura_vigentes.php?id=1007210915&tipo=INT02&carpeta=17097" "Mozilla/5.0 (Windows NT 10.0; Win64; x64) AppleWebKit/537.36 (KHTML, like Gecko) Chrome/148.0.0.0 Safari/537.36"
190.85.87.250 - - [12/May/2026:10:31:02 -0500] "GET /acobranzas/consultar_cobranzas_vigentes.php?ced2=1007210915&numcon=44650 HTTP/1.1" 200 27335 "http://www.asjudinet.com/acobranzas/seguimiento_cobranza_captura_vigentes.php?id=1007210915&tipo=INT02&carpeta=17097" "Mozilla/5.0 (Windows NT 10.0; Win64; x64) AppleWebKit/537.36 (KHTML, like Gecko) Chrome/148.0.0.0 Safari/537.36"
190.85.87.250 - - [12/May/2026:10:31:06 -0500] "POST /afinanciera/cartera_pasar_historico_nominas.php?ced2=12602862&numcon=8159&tipo=INT03 HTTP/1.1" 200 121284 "http://www.asjudinet.com/afinanciera/cartera_pasar_historico_nominas.php?ced2=12602862&numcon=8159&tipo=INT03" "Mozilla/5.0 (Windows NT 10.0; Win64; x64) AppleWebKit/537.36 (KHTML, like Gecko) Chrome/148.0.0.0 Safari/537.36"
190.85.191.209 - - [12/May/2026:10:31:17 -0500] "POST /cartera_tituben_proceso_sus.php?cedben=1000463156&ced2=79597060&numcon=3663B HTTP/1.1" 200 8045 "http://www.asjudinet.com/cartera_tituben_proceso_sus.php?cedben=1000463156&ced2=79597060&numcon=3663B" "Mozilla/5.0 (Windows NT 10.0; Win64; x64) AppleWebKit/537.36 (KHTML, like Gecko) Chrome/147.0.0.0 Safari/537.36"
190.85.87.250 - - [12/May/2026:10:31:17 -0500] "GET /afinanciera/menu_cartera_nomina.php HTTP/1.1" 200 23831 "http://www.asjudinet.com/afinanciera/cartera_pasar_historico_nominas.php?ced2=12602862&numcon=8159&tipo=INT03" "Mozilla/5.0 (Windows NT 10.0; Win64; x64) AppleWebKit/537.36 (KHTML, like Gecko) Chrome/148.0.0.0 Safari/537.36"
190.85.87.250 - - [12/May/2026:10:31:19 -0500] "GET /afinanciera/cartera_consul_titu_nom.php HTTP/1.1" 200 5244 "http://www.asjudinet.com/afinanciera/menu_cartera_nomina.php" "Mozilla/5.0 (Windows NT 10.0; Win64; x64) AppleWebKit/537.36 (KHTML, like Gecko) Chrome/148.0.0.0 Safari/537.36"
190.85.191.209 - - [12/May/2026:10:31:17 -0500] "GET /cartera_consulta_titu_usuario.php?ced2=79597060&numcon=3663B HTTP/1.1" 200 75375 "http://www.asjudinet.com/cartera_tituben_proceso_sus.php?cedben=1000463156&ced2=79597060&numcon=3663B" "Mozilla/5.0 (Windows NT 10.0; Win64; x64) AppleWebKit/537.36 (KHTML, like Gecko) Chrome/147.0.0.0 Safari/537.36"
190.85.87.250 - - [12/May/2026:10:31:20 -0500] "POST /acobranzas/cobranzas_consulta_cartera1.php HTTP/1.1" 200 5954 "http://www.asjudinet.com/acobranzas/cobranzas_consulta_cartera1.php" "Mozilla/5.0 (Windows NT 10.0; Win64; x64) AppleWebKit/537.36 (KHTML, like Gecko) Chrome/148.0.0.0 Safari/537.36"
190.85.87.250 - - [12/May/2026:10:31:22 -0500] "GET /acobranzas/cobranzas_serviasju1.php?ced2=1120570379&numcon=7727 HTTP/1.1" 200 16870 "http://www.asjudinet.com/acobranzas/cobranzas_consulta_cartera1.php" "Mozilla/5.0 (Windows NT 10.0; Win64; x64) AppleWebKit/537.36 (KHTML, like Gecko) Chrome/148.0.0.0 Safari/537.36"
190.85.87.250 - - [12/May/2026:10:31:22 -0500] "GET /acobranzas/cobranzas_serviasju1.php?ced2=1120570379&numcon=7727 HTTP/1.1" 200 57757 "http://www.asjudinet.com/acobranzas/cobranzas_consulta_cartera1.php" "Mozilla/5.0 (Windows NT 10.0; Win64; x64) AppleWebKit/537.36 (KHTML, like Gecko) Chrome/148.0.0.0 Safari/537.36"
190.85.191.209 - - [12/May/2026:10:31:24 -0500] "POST /cartera_consulta_titu_usuario.php?ced2=79597060&numcon=3663B HTTP/1.1" 200 24797 "http://www.asjudinet.com/cartera_consulta_titu_usuario.php?ced2=79597060&numcon=3663B" "Mozilla/5.0 (Windows NT 10.0; Win64; x64) AppleWebKit/537.36 (KHTML, like Gecko) Chrome/147.0.0.0 Safari/537.36"
190.85.191.209 - - [12/May/2026:10:31:25 -0500] "GET /consulta_titu_benefi_sus.php?ced2=79597060&cedb=1000463156&numcon=3663B HTTP/1.1" 200 7567 "http://www.asjudinet.com/cartera_consulta_titu_usuario.php?ced2=79597060&numcon=3663B" "Mozilla/5.0 (Windows NT 10.0; Win64; x64) AppleWebKit/537.36 (KHTML, like Gecko) Chrome/147.0.0.0 Safari/537.36"
190.85.87.250 - - [12/May/2026:10:31:27 -0500] "POST /acobranzas/consulta_ced_cob_estado_1da.php HTTP/1.1" 200 6789 "http://www.asjudinet.com/acobranzas/consulta_ced_cob_estado_1da.php" "Mozilla/5.0 (Windows NT 10.0; Win64; x64) AppleWebKit/537.36 (KHTML, like Gecko) Chrome/148.0.0.0 Safari/537.36"
190.85.87.250 - - [12/May/2026:10:31:28 -0500] "GET /acobranzas/consultar_cobranzas_vigentes.php?id=1120570379&carpeta=17112&tipo=INT03 HTTP/1.1" 200 29225 "http://www.asjudinet.com/acobranzas/consulta_ced_cob_estado_1da.php" "Mozilla/5.0 (Windows NT 10.0; Win64; x64) AppleWebKit/537.36 (KHTML, like Gecko) Chrome/148.0.0.0 Safari/537.36"
190.85.87.250 - - [12/May/2026:10:31:27 -0500] "POST /afinanciera/cartera_consul_titu_nom.php HTTP/1.1" 200 6117 "http://www.asjudinet.com/afinanciera/cartera_consul_titu_nom.php" "Mozilla/5.0 (Windows NT 10.0; Win64; x64) AppleWebKit/537.36 (KHTML, like Gecko) Chrome/148.0.0.0 Safari/537.36"
190.85.87.250 - - [12/May/2026:10:31:32 -0500] "GET /acobranzas/seguimiento_cobranza_captura_vigentes.php?id=1120570379&tipo=INT03&carpeta=17112 HTTP/1.1" 200 14039 "http://www.asjudinet.com/acobranzas/consultar_cobranzas_vigentes.php?id=1120570379&carpeta=17112&tipo=INT03" "Mozilla/5.0 (Windows NT 10.0; Win64; x64) AppleWebKit/537.36 (KHTML, like Gecko) Chrome/148.0.0.0 Safari/537.36"
190.85.87.250 - - [12/May/2026:10:31:30 -0500] "GET /afinanciera/cartera_consulta_titular_nom.php?ced2=12602862&numcon=8159&tipo=INT03 HTTP/1.1" 200 31523 "http://www.asjudinet.com/afinanciera/cartera_consul_titu_nom.php" "Mozilla/5.0 (Windows NT 10.0; Win64; x64) AppleWebKit/537.36 (KHTML, like Gecko) Chrome/148.0.0.0 Safari/537.36"
190.85.191.209 - - [12/May/2026:10:31:45 -0500] "GET /cartera_tituben_proceso_sus.php?cedben=52289024&ced2=79597060&numcon=3663B HTTP/1.1" 200 7954 "http://www.asjudinet.com/consulta_titu_benefi_sus.php?ced2=79597060&cedb=1000463156&numcon=3663B" "Mozilla/5.0 (Windows NT 10.0; Win64; x64) AppleWebKit/537.36 (KHTML, like Gecko) Chrome/147.0.0.0 Safari/537.36"
181.61.205.27 - - [12/May/2026:10:31:48 -0500] "POST /consulta_ced_info_servi.php HTTP/1.1" 200 19198 "http://www.asjudinet.com/consulta_ced_info_servi.php" "Mozilla/5.0 (Windows NT 10.0; Win64; x64) AppleWebKit/537.36 (KHTML, like Gecko) Chrome/147.0.0.0 Safari/537.36"
181.61.205.27 - - [12/May/2026:10:31:52 -0500] "GET /cartera_consul_bene_usuario.php?ced2=52289024&numcon=3663B HTTP/1.1" 200 19366 "http://www.asjudinet.com/consulta_ced_info_servi.php" "Mozilla/5.0 (Windows NT 10.0; Win64; x64) AppleWebKit/537.36 (KHTML, like Gecko) Chrome/147.0.0.0 Safari/537.36"
181.61.205.27 - - [12/May/2026:10:31:56 -0500] "POST /cartera_consul_bene_usuario.php?ced2=52289024&numcon=3663B HTTP/1.1" 200 19486 "http://www.asjudinet.com/cartera_consul_bene_usuario.php?ced2=52289024&numcon=3663B" "Mozilla/5.0 (Windows NT 10.0; Win64; x64) AppleWebKit/537.36 (KHTML, like Gecko) Chrome/147.0.0.0 Safari/537.36"
181.61.205.27 - - [12/May/2026:10:31:56 -0500] "GET /cartera_num_proceso_ben_usu.php?ced2=52289024&numcon=3663B HTTP/1.1" 200 7181 "http://www.asjudinet.com/cartera_consul_bene_usuario.php?ced2=52289024&numcon=3663B" "Mozilla/5.0 (Windows NT 10.0; Win64; x64) AppleWebKit/537.36 (KHTML, like Gecko) Chrome/147.0.0.0 Safari/537.36"
181.61.205.27 - - [12/May/2026:10:31:59 -0500] "POST /cartera_num_proceso_ben_usu.php?ced2=52289024&numcon=3663B HTTP/1.1" 200 7301 "http://www.asjudinet.com/cartera_num_proceso_ben_usu.php?ced2=52289024&numcon=3663B" "Mozilla/5.0 (Windows NT 10.0; Win64; x64) AppleWebKit/537.36 (KHTML, like Gecko) Chrome/147.0.0.0 Safari/537.36"
181.61.205.27 - - [12/May/2026:10:31:59 -0500] "GET /cartera_consul_bene_usuario.php?ced2=52289024&numcon=3663B HTTP/1.1" 200 19366 "http://www.asjudinet.com/cartera_num_proceso_ben_usu.php?ced2=52289024&numcon=3663B" "Mozilla/5.0 (Windows NT 10.0; Win64; x64) AppleWebKit/537.36 (KHTML, like Gecko) Chrome/147.0.0.0 Safari/537.36"
190.85.191.209 - - [12/May/2026:10:32:07 -0500] "GET /cartera_tituben_proceso_sus.php?cedben=1000463156&ced2=79597060&numcon=3663B HTTP/1.1" 200 7923 "http://www.asjudinet.com/consulta_titu_benefi_sus.php?ced2=79597060&cedb=1000463156&numcon=3663B" "Mozilla/5.0 (Windows NT 10.0; Win64; x64) AppleWebKit/537.36 (KHTML, like Gecko) Chrome/147.0.0.0 Safari/537.36"
190.85.87.250 - - [12/May/2026:10:32:12 -0500] "POST /acobranzas/seguimiento_cobranza_captura_vigentes.php?id=1120570379&tipo=INT03&carpeta=17112 HTTP/1.1" 200 14161 "http://www.asjudinet.com/acobranzas/seguimiento_cobranza_captura_vigentes.php?id=1120570379&tipo=INT03&carpeta=17112" "Mozilla/5.0 (Windows NT 10.0; Win64; x64) AppleWebKit/537.36 (KHTML, like Gecko) Chrome/148.0.0.0 Safari/537.36"
190.85.87.250 - - [12/May/2026:10:32:12 -0500] "GET /acobranzas/consultar_cobranzas_vigentes.php?ced2=1120570379&numcon=7727 HTTP/1.1" 200 27335 "http://www.asjudinet.com/acobranzas/seguimiento_cobranza_captura_vigentes.php?id=1120570379&tipo=INT03&carpeta=17112" "Mozilla/5.0 (Windows NT 10.0; Win64; x64) AppleWebKit/537.36 (KHTML, like Gecko) Chrome/148.0.0.0 Safari/537.36"
114.119.142.179 - - [12/May/2026:10:32:17 -0500] "GET /index.php/zzztvsa/39aayzpksh_liqzne72382/principal/avigilajudicial/principal/pages/pages/avigilajudicial/pages/validar_usuarios_pagina.php HTTP/1.1" 200 54693 "http://www.asjudinet.com/index.php/zzztvsa/39aayzpksh_liqzne72382/principal/avigilajudicial/principal/pages/pages/avigilajudicial/pages/val_usuarios_IURIS.php" "Mozilla/5.0 (Linux; Android 7.0;) AppleWebKit/537.36 (HTML, like Gecko) Mobile Safari/537.36 (compatible; PetalBot;+https://webmaster.petalsearch.com/site/petalbot)"
190.85.87.250 - - [12/May/2026:10:32:25 -0500] "POST /acobranzas/cobranzas_consulta_cartera1.php HTTP/1.1" 200 6407 "http://www.asjudinet.com/acobranzas/cobranzas_consulta_cartera1.php" "Mozilla/5.0 (Windows NT 10.0; Win64; x64) AppleWebKit/537.36 (KHTML, like Gecko) Chrome/148.0.0.0 Safari/537.36"
190.85.191.209 - - [12/May/2026:10:32:27 -0500] "POST /cartera_tituben_proceso_sus.php?cedben=1000463156&ced2=79597060&numcon=3663B HTTP/1.1" 200 8045 "http://www.asjudinet.com/cartera_tituben_proceso_sus.php?cedben=1000463156&ced2=79597060&numcon=3663B" "Mozilla/5.0 (Windows NT 10.0; Win64; x64) AppleWebKit/537.36 (KHTML, like Gecko) Chrome/147.0.0.0 Safari/537.36"
190.85.87.250 - - [12/May/2026:10:32:27 -0500] "GET /acobranzas/cobranzas_serviasju1.php?ced2=17648323&numcon=7471A HTTP/1.1" 200 16839 "http://www.asjudinet.com/acobranzas/cobranzas_consulta_cartera1.php" "Mozilla/5.0 (Windows NT 10.0; Win64; x64) AppleWebKit/537.36 (KHTML, like Gecko) Chrome/148.0.0.0 Safari/537.36"
190.85.87.250 - - [12/May/2026:10:32:27 -0500] "GET /acobranzas/cobranzas_serviasju1.php?ced2=17648323&numcon=7471A HTTP/1.1" 200 16839 "http://www.asjudinet.com/acobranzas/cobranzas_consulta_cartera1.php" "Mozilla/5.0 (Windows NT 10.0; Win64; x64) AppleWebKit/537.36 (KHTML, like Gecko) Chrome/148.0.0.0 Safari/537.36"
190.85.87.250 - - [12/May/2026:10:32:27 -0500] "GET /acobranzas/cobranzas_serviasju1.php?ced2=17648323&numcon=7471A HTTP/1.1" 200 40673 "http://www.asjudinet.com/acobranzas/cobranzas_consulta_cartera1.php" "Mozilla/5.0 (Windows NT 10.0; Win64; x64) AppleWebKit/537.36 (KHTML, like Gecko) Chrome/148.0.0.0 Safari/537.36"
190.85.191.209 - - [12/May/2026:10:32:27 -0500] "GET /cartera_consulta_titu_usuario.php?ced2=79597060&numcon=3663B HTTP/1.1" 200 24664 "http://www.asjudinet.com/cartera_tituben_proceso_sus.php?cedben=1000463156&ced2=79597060&numcon=3663B" "Mozilla/5.0 (Windows NT 10.0; Win64; x64) AppleWebKit/537.36 (KHTML, like Gecko) Chrome/147.0.0.0 Safari/537.36"
190.85.191.209 - - [12/May/2026:10:32:29 -0500] "GET /cartera_tituben_proceso_sus.php?cedben=1000463156&ced2=79597060&numcon=3663B HTTP/1.1" 200 7923 "http://www.asjudinet.com/consulta_titu_benefi_sus.php?ced2=79597060&cedb=1000463156&numcon=3663B" "Mozilla/5.0 (Windows NT 10.0; Win64; x64) AppleWebKit/537.36 (KHTML, like Gecko) Chrome/147.0.0.0 Safari/537.36"
190.85.87.250 - - [12/May/2026:10:32:33 -0500] "POST /acobranzas/consulta_ced_cob_estado_1da.php HTTP/1.1" 200 6774 "http://www.asjudinet.com/acobranzas/consulta_ced_cob_estado_1da.php" "Mozilla/5.0 (Windows NT 10.0; Win64; x64) AppleWebKit/537.36 (KHTML, like Gecko) Chrome/148.0.0.0 Safari/537.36"
190.85.87.250 - - [12/May/2026:10:32:34 -0500] "GET /acobranzas/consultar_cobranzas_vigentes.php?id=17648323&carpeta=17115&tipo=INT04 HTTP/1.1" 200 30757 "http://www.asjudinet.com/acobranzas/consulta_ced_cob_estado_1da.php" "Mozilla/5.0 (Windows NT 10.0; Win64; x64) AppleWebKit/537.36 (KHTML, like Gecko) Chrome/148.0.0.0 Safari/537.36"
190.85.87.250 - - [12/May/2026:10:32:37 -0500] "GET /acobranzas/seguimiento_cobranza_captura_vigentes.php?id=17648323&tipo=INT04&carpeta=17115 HTTP/1.1" 200 14008 "http://www.asjudinet.com/acobranzas/consultar_cobranzas_vigentes.php?id=17648323&carpeta=17115&tipo=INT04" "Mozilla/5.0 (Windows NT 10.0; Win64; x64) AppleWebKit/537.36 (KHTML, like Gecko) Chrome/148.0.0.0 Safari/537.36"
190.85.87.250 - - [12/May/2026:10:32:38 -0500] "GET /afinanciera/menu_cartera_nomina.php HTTP/1.1" 200 23831 "http://www.asjudinet.com/afinanciera/cartera_consulta_titular_nom.php?ced2=12602862&numcon=8159&tipo=INT03" "Mozilla/5.0 (Windows NT 10.0; Win64; x64) AppleWebKit/537.36 (KHTML, like Gecko) Chrome/148.0.0.0 Safari/537.36"
190.85.191.209 - - [12/May/2026:10:32:35 -0500] "GET /cartera_consulta_titu_usuario.php?ced2=79597060&numcon=3663B HTTP/1.1" 200 75375 "http://www.asjudinet.com/cartera_tituben_proceso_sus.php?cedben=1000463156&ced2=79597060&numcon=3663B" "Mozilla/5.0 (Windows NT 10.0; Win64; x64) AppleWebKit/537.36 (KHTML, like Gecko) Chrome/147.0.0.0 Safari/537.36"
190.85.87.250 - - [12/May/2026:10:32:48 -0500] "GET /afinanciera/menu_cartera_debito.php HTTP/1.1" 200 38627 "http://www.asjudinet.com/afinanciera/cartera_consulta_titu_usuario.php?ced2=4081684&numcon=25279" "Mozilla/5.0 (Windows NT 10.0; Win64; x64) AppleWebKit/537.36 (KHTML, like Gecko) Chrome/148.0.0.0 Safari/537.36"
190.85.87.250 - - [12/May/2026:10:32:48 -0500] "GET /afinanciera/menu_cartera_nomina.php HTTP/1.1" 200 23831 "http://www.asjudinet.com/afinanciera/cartera_consulta_renova_n.php" "Mozilla/5.0 (Windows NT 10.0; Win64; x64) AppleWebKit/537.36 (KHTML, like Gecko) Chrome/148.0.0.0 Safari/537.36"
181.61.205.27 - - [12/May/2026:10:32:49 -0500] "POST /cartera_consul_bene_usuario.php?ced2=52289024&numcon=3663B HTTP/1.1" 200 19486 "http://www.asjudinet.com/cartera_consul_bene_usuario.php?ced2=52289024&numcon=3663B" "Mozilla/5.0 (Windows NT 10.0; Win64; x64) AppleWebKit/537.36 (KHTML, like Gecko) Chrome/147.0.0.0 Safari/537.36"
181.61.205.27 - - [12/May/2026:10:32:49 -0500] "GET /cartera_num_proceso_ben_usu.php?ced2=52289024&numcon=3663B HTTP/1.1" 200 7181 "http://www.asjudinet.com/cartera_consul_bene_usuario.php?ced2=52289024&numcon=3663B" "Mozilla/5.0 (Windows NT 10.0; Win64; x64) AppleWebKit/537.36 (KHTML, like Gecko) Chrome/147.0.0.0 Safari/537.36"
190.85.87.250 - - [12/May/2026:10:32:49 -0500] "GET /afinanciera/cartera_consul_titu_deb.php HTTP/1.1" 200 5181 "http://www.asjudinet.com/afinanciera/menu_cartera_debito.php" "Mozilla/5.0 (Windows NT 10.0; Win64; x64) AppleWebKit/537.36 (KHTML, like Gecko) Chrome/148.0.0.0 Safari/537.36"
181.61.205.27 - - [12/May/2026:10:32:53 -0500] "GET /fondo_argollado.gif HTTP/1.1" 404 - "http://www.asjudinet.com/mostrar_actuaciones_historicas.php?proceso=202501170&id=52289024" "Mozilla/5.0 (Windows NT 10.0; Win64; x64) AppleWebKit/537.36 (KHTML, like Gecko) Chrome/147.0.0.0 Safari/537.36"
181.61.205.27 - - [12/May/2026:10:32:53 -0500] "GET /mostrar_actuaciones_historicas.php?proceso=202501170&id=52289024 HTTP/1.1" 200 12694 "http://www.asjudinet.com/cartera_num_proceso_ben_usu.php?ced2=52289024&numcon=3663B" "Mozilla/5.0 (Windows NT 10.0; Win64; x64) AppleWebKit/537.36 (KHTML, like Gecko) Chrome/147.0.0.0 Safari/537.36"
190.85.87.250 - - [12/May/2026:10:32:54 -0500] "POST /afinanciera/cartera_consul_titu_deb.php HTTP/1.1" 200 6041 "http://www.asjudinet.com/afinanciera/cartera_consul_titu_deb.php" "Mozilla/5.0 (Windows NT 10.0; Win64; x64) AppleWebKit/537.36 (KHTML, like Gecko) Chrome/148.0.0.0 Safari/537.36"
190.85.87.250 - - [12/May/2026:10:32:57 -0500] "GET /afinanciera/menu_cartera_debito.php HTTP/1.1" 200 38627 "-" "Mozilla/5.0 (Windows NT 10.0; Win64; x64) AppleWebKit/537.36 (KHTML, like Gecko) Chrome/148.0.0.0 Safari/537.36"
190.85.191.209 - - [12/May/2026:10:32:55 -0500] "POST /cartera_consulta_titu_usuario.php?ced2=79597060&numcon=3663B HTTP/1.1" 200 24914 "http://www.asjudinet.com/cartera_consulta_titu_usuario.php?ced2=79597060&numcon=3663B" "Mozilla/5.0 (Windows NT 10.0; Win64; x64) AppleWebKit/537.36 (KHTML, like Gecko) Chrome/147.0.0.0 Safari/537.36"
190.85.191.209 - - [12/May/2026:10:32:56 -0500] "GET /cartera_num_procesos_sus.php?ced2=79597060&numcon=3663B HTTP/1.1" 200 14909 "http://www.asjudinet.com/cartera_consulta_titu_usuario.php?ced2=79597060&numcon=3663B" "Mozilla/5.0 (Windows NT 10.0; Win64; x64) AppleWebKit/537.36 (KHTML, like Gecko) Chrome/147.0.0.0 Safari/537.36"
190.85.87.250 - - [12/May/2026:10:32:56 -0500] "GET /afinanciera/cartera_consulta_titu_usuario.php?ced2=8057559&numcon=26495 HTTP/1.1" 200 170630 "http://www.asjudinet.com/afinanciera/cartera_consul_titu_deb.php" "Mozilla/5.0 (Windows NT 10.0; Win64; x64) AppleWebKit/537.36 (KHTML, like Gecko) Chrome/148.0.0.0 Safari/537.36"
190.85.87.250 - - [12/May/2026:10:33:00 -0500] "GET /afinanciera/cartera_consulta_renova.php HTTP/1.1" 200 5184 "http://www.asjudinet.com/afinanciera/menu_cartera_debito.php" "Mozilla/5.0 (Windows NT 10.0; Win64; x64) AppleWebKit/537.36 (KHTML, like Gecko) Chrome/148.0.0.0 Safari/537.36"
216.244.66.232 - - [12/May/2026:10:33:11 -0500] "GET /robots.txt HTTP/1.1" 200 43 "-" "Mozilla/5.0 (compatible; DotBot/1.2; +https://opensiteexplorer.org/dotbot; help@moz.com)"
190.85.87.250 - - [12/May/2026:10:33:11 -0500] "GET /consulta_cartera.php HTTP/1.1" 200 4668 "http://www.asjudinet.com/agendarse/cartera_consulta_titu_usuario.php?ced2=1006205955&numcon=028" "Mozilla/5.0 (Windows NT 10.0; Win64; x64) AppleWebKit/537.36 (KHTML, like Gecko) Chrome/147.0.0.0 Safari/537.36"
190.85.87.250 - - [12/May/2026:10:33:12 -0500] "GET /consulta_ced_info_servi.php HTTP/1.1" 200 4523 "http://www.asjudinet.com/consulta_cartera.php" "Mozilla/5.0 (Windows NT 10.0; Win64; x64) AppleWebKit/537.36 (KHTML, like Gecko) Chrome/147.0.0.0 Safari/537.36"
190.85.191.209 - - [12/May/2026:10:33:11 -0500] "GET /cartera_consulta_titu_usuario.php?ced2=79597060&numcon=3663B HTTP/1.1" 200 75375 "http://www.asjudinet.com/cartera_consulta_titu_usuario.php?ced2=79597060&numcon=3663B" "Mozilla/5.0 (Windows NT 10.0; Win64; x64) AppleWebKit/537.36 (KHTML, like Gecko) Chrome/147.0.0.0 Safari/537.36"
190.85.87.250 - - [12/May/2026:10:33:23 -0500] "POST /consulta_ced_info_servi.php HTTP/1.1" 200 6146 "http://www.asjudinet.com/consulta_ced_info_servi.php" "Mozilla/5.0 (Windows NT 10.0; Win64; x64) AppleWebKit/537.36 (KHTML, like Gecko) Chrome/147.0.0.0 Safari/537.36"
190.85.87.250 - - [12/May/2026:10:33:27 -0500] "POST /afinanciera/cartera_consulta_renova.php HTTP/1.1" 200 5233 "http://www.asjudinet.com/afinanciera/cartera_consulta_renova.php" "Mozilla/5.0 (Windows NT 10.0; Win64; x64) AppleWebKit/537.36 (KHTML, like Gecko) Chrome/148.0.0.0 Safari/537.36"
181.61.205.27 - - [12/May/2026:10:33:29 -0500] "POST /cartera_num_proceso_ben_usu.php?ced2=52289024&numcon=3663B HTTP/1.1" 200 7301 "http://www.asjudinet.com/cartera_num_proceso_ben_usu.php?ced2=52289024&numcon=3663B" "Mozilla/5.0 (Windows NT 10.0; Win64; x64) AppleWebKit/537.36 (KHTML, like Gecko) Chrome/147.0.0.0 Safari/537.36"
181.61.205.27 - - [12/May/2026:10:33:29 -0500] "GET /cartera_consul_bene_usuario.php?ced2=52289024&numcon=3663B HTTP/1.1" 200 19366 "http://www.asjudinet.com/cartera_num_proceso_ben_usu.php?ced2=52289024&numcon=3663B" "Mozilla/5.0 (Windows NT 10.0; Win64; x64) AppleWebKit/537.36 (KHTML, like Gecko) Chrome/147.0.0.0 Safari/537.36"
190.85.87.250 - - [12/May/2026:10:33:27 -0500] "GET /cartera_consulta_titu_usuario.php?ced2=1049412033&numcon=24844 HTTP/1.1" 200 227843 "http://www.asjudinet.com/consulta_ced_info_servi.php" "Mozilla/5.0 (Windows NT 10.0; Win64; x64) AppleWebKit/537.36 (KHTML, like Gecko) Chrome/147.0.0.0 Safari/537.36"
190.85.87.250 - - [12/May/2026:10:33:34 -0500] "GET /afinanciera/cartera_consulta_renova_n.php HTTP/1.1" 200 5088 "http://www.asjudinet.com/afinanciera/menu_cartera_nomina.php" "Mozilla/5.0 (Windows NT 10.0; Win64; x64) AppleWebKit/537.36 (KHTML, like Gecko) Chrome/148.0.0.0 Safari/537.36"
190.85.87.250 - - [12/May/2026:10:33:43 -0500] "POST /afinanciera/cartera_consulta_renova_n.php HTTP/1.1" 200 5137 "http://www.asjudinet.com/afinanciera/cartera_consulta_renova_n.php" "Mozilla/5.0 (Windows NT 10.0; Win64; x64) AppleWebKit/537.36 (KHTML, like Gecko) Chrome/148.0.0.0 Safari/537.36"
190.85.191.209 - - [12/May/2026:10:33:52 -0500] "POST /cartera_consulta_titu_usuario.php?ced2=79597060&numcon=3663B HTTP/1.1" 200 23108 "http://www.asjudinet.com/cartera_consulta_titu_usuario.php?ced2=79597060&numcon=3663B" "Mozilla/5.0 (Windows NT 10.0; Win64; x64) AppleWebKit/537.36 (KHTML, like Gecko) Chrome/147.0.0.0 Safari/537.36"
