190.85.87.250 - - [12/May/2026:09:14:54 -0500] "GET /afinanciera/menu_cartera_debito.php HTTP/1.1" 200 38627 "http://www.asjudinet.com/afinanciera/cartera_consulta_titu_usuario.php?ced2=80773086&numcon=23135" "Mozilla/5.0 (Windows NT 10.0; Win64; x64) AppleWebKit/537.36 (KHTML, like Gecko) Chrome/148.0.0.0 Safari/537.36"
190.85.87.250 - - [12/May/2026:09:14:56 -0500] "GET /afinanciera/cartera_consul_titu_deb.php HTTP/1.1" 200 5181 "http://www.asjudinet.com/afinanciera/menu_cartera_debito.php" "Mozilla/5.0 (Windows NT 10.0; Win64; x64) AppleWebKit/537.36 (KHTML, like Gecko) Chrome/148.0.0.0 Safari/537.36"
190.85.87.250 - - [12/May/2026:09:15:01 -0500] "POST /afinanciera/cartera_consul_titu_deb.php HTTP/1.1" 200 6043 "http://www.asjudinet.com/afinanciera/cartera_consul_titu_deb.php" "Mozilla/5.0 (Windows NT 10.0; Win64; x64) AppleWebKit/537.36 (KHTML, like Gecko) Chrome/148.0.0.0 Safari/537.36"
190.85.87.250 - - [12/May/2026:09:15:02 -0500] "POST /afinanciera/cartera_cargar_manual_deb.php?ced2=7714894&numcon=32914 HTTP/1.1" 200 143438 "http://www.asjudinet.com/afinanciera/cartera_cargar_manual_deb.php?ced2=7714894&numcon=32914" "Mozilla/5.0 (Windows NT 10.0; Win64; x64) AppleWebKit/537.36 (KHTML, like Gecko) Chrome/148.0.0.0 Safari/537.36"
190.85.87.250 - - [12/May/2026:09:15:03 -0500] "GET /afinanciera/cartera_consulta_titu_usuario.php?ced2=5995289&numcon=23261 HTTP/1.1" 200 263190 "http://www.asjudinet.com/afinanciera/cartera_consul_titu_deb.php" "Mozilla/5.0 (Windows NT 10.0; Win64; x64) AppleWebKit/537.36 (KHTML, like Gecko) Chrome/148.0.0.0 Safari/537.36"
201.219.114.2 - - [12/May/2026:09:15:09 -0500] "GET /principal/consultar_contratos_escaneados_correo.php HTTP/1.1" 200 5660 "http://www.asjudinet.com/index.php" "Mozilla/5.0 (Windows NT 10.0; Win64; x64) AppleWebKit/537.36 (KHTML, like Gecko) Chrome/147.0.0.0 Safari/537.36"
190.85.87.250 - - [12/May/2026:09:15:14 -0500] "GET /afinanciera/menu_cartera_debito.php HTTP/1.1" 200 38627 "http://www.asjudinet.com/afinanciera/cartera_consulta_titu_usuario.php?ced2=5995289&numcon=23261" "Mozilla/5.0 (Windows NT 10.0; Win64; x64) AppleWebKit/537.36 (KHTML, like Gecko) Chrome/148.0.0.0 Safari/537.36"
190.85.87.250 - - [12/May/2026:09:15:15 -0500] "GET /afinanciera/cartera_consul_titu_deb.php HTTP/1.1" 200 5181 "http://www.asjudinet.com/afinanciera/menu_cartera_debito.php" "Mozilla/5.0 (Windows NT 10.0; Win64; x64) AppleWebKit/537.36 (KHTML, like Gecko) Chrome/148.0.0.0 Safari/537.36"
190.85.87.250 - - [12/May/2026:09:15:20 -0500] "POST /afinanciera/cartera_consul_titu_deb.php HTTP/1.1" 200 6050 "http://www.asjudinet.com/afinanciera/cartera_consul_titu_deb.php" "Mozilla/5.0 (Windows NT 10.0; Win64; x64) AppleWebKit/537.36 (KHTML, like Gecko) Chrome/148.0.0.0 Safari/537.36"
190.85.87.250 - - [12/May/2026:09:15:22 -0500] "GET /afinanciera/cartera_consulta_titu_usuario.php?ced2=14252557&numcon=27789 HTTP/1.1" 200 223905 "http://www.asjudinet.com/afinanciera/cartera_consul_titu_deb.php" "Mozilla/5.0 (Windows NT 10.0; Win64; x64) AppleWebKit/537.36 (KHTML, like Gecko) Chrome/148.0.0.0 Safari/537.36"
114.119.130.177 - - [12/May/2026:09:15:33 -0500] "GET /index.php/zzztvsa/39aayzpksh_liqzne72382/principal/avigilajudicial/principal/pages/pages/principal/pages/val_usuarios_IURIS.php HTTP/1.1" 200 54693 "http://www.asjudinet.com/index.php/zzztvsa/39aayzpksh_liqzne72382/principal/avigilajudicial/principal/pages/pages/principal/pages/formulario_seminario_dih.php" "Mozilla/5.0 (Linux; Android 7.0;) AppleWebKit/537.36 (HTML, like Gecko) Mobile Safari/537.36 (compatible; PetalBot;+https://webmaster.petalsearch.com/site/petalbot)"
190.85.87.250 - - [12/May/2026:09:15:35 -0500] "GET /afinanciera/menu_cartera_debito.php HTTP/1.1" 200 38627 "http://www.asjudinet.com/afinanciera/cartera_consulta_titu_usuario.php?ced2=14252557&numcon=27789" "Mozilla/5.0 (Windows NT 10.0; Win64; x64) AppleWebKit/537.36 (KHTML, like Gecko) Chrome/148.0.0.0 Safari/537.36"
190.85.87.250 - - [12/May/2026:09:15:37 -0500] "GET /afinanciera/cartera_consul_titu_deb.php HTTP/1.1" 200 5181 "http://www.asjudinet.com/afinanciera/menu_cartera_debito.php" "Mozilla/5.0 (Windows NT 10.0; Win64; x64) AppleWebKit/537.36 (KHTML, like Gecko) Chrome/148.0.0.0 Safari/537.36"
212.227.21.19 - - [12/May/2026:09:15:39 -0500] "GET /robots.txt HTTP/1.1" 200 43 "-" "Mozilla/5.0 (compatible; MJ12bot/v1.4.8; http://mj12bot.com/)"
212.227.21.19 - - [12/May/2026:09:15:40 -0500] "GET /index.php/20/8op9a7i2/925048/avigilajudicial/avigilajudicial/avigilajudicial/avigilajudicial/avigilajudicial/avigilajudicial/avigilajudicial/avigilajudicial/avigilajudicial/avigilajudicial/avigilajudicial/avigilajudicial/avigilajudicial/avigilajudicial/avigilajudicial/avigilajudicial/principal/principal/principal/pages/avigilajudicial/principal/contactenos.php HTTP/1.1" 200 54693 "-" "Mozilla/5.0 (compatible; MJ12bot/v1.4.8; http://mj12bot.com/)"
212.227.21.19 - - [12/May/2026:09:15:42 -0500] "GET /index.php/20/8op9a7i2/925048/avigilajudicial/avigilajudicial/avigilajudicial/avigilajudicial/avigilajudicial/avigilajudicial/avigilajudicial/avigilajudicial/avigilajudicial/avigilajudicial/avigilajudicial/avigilajudicial/avigilajudicial/avigilajudicial/avigilajudicial/avigilajudicial/principal/principal/principal/pages/pages/avigilajudicial/pages/principal/principal/principal/principal/principal/pages/principal/pages/pages/pages/avigilajudicial/pages/pages/index.php HTTP/1.1" 200 54693 "-" "Mozilla/5.0 (compatible; MJ12bot/v1.4.8; http://mj12bot.com/)"
190.85.87.250 - - [12/May/2026:09:15:42 -0500] "POST /afinanciera/cartera_consul_titu_deb.php HTTP/1.1" 200 6044 "http://www.asjudinet.com/afinanciera/cartera_consul_titu_deb.php" "Mozilla/5.0 (Windows NT 10.0; Win64; x64) AppleWebKit/537.36 (KHTML, like Gecko) Chrome/148.0.0.0 Safari/537.36"
212.227.21.19 - - [12/May/2026:09:15:44 -0500] "GET /index.php/20/8op9a7i2/925048/avigilajudicial/avigilajudicial/avigilajudicial/avigilajudicial/avigilajudicial/avigilajudicial/avigilajudicial/avigilajudicial/avigilajudicial/avigilajudicial/avigilajudicial/avigilajudicial/avigilajudicial/avigilajudicial/avigilajudicial/avigilajudicial/principal/principal/principal/pages/pages/avigilajudicial/pages/principal/principal/principal/principal/principal/pages/principal/pages/pages/pages/avigilajudicial/pages/pages/principal/casos_exito.php HTTP/1.1" 200 54693 "-" "Mozilla/5.0 (compatible; MJ12bot/v1.4.8; http://mj12bot.com/)"
212.227.21.19 - - [12/May/2026:09:15:46 -0500] "GET /index.php/20/8op9a7i2/925048/avigilajudicial/avigilajudicial/avigilajudicial/avigilajudicial/avigilajudicial/avigilajudicial/avigilajudicial/avigilajudicial/avigilajudicial/avigilajudicial/avigilajudicial/avigilajudicial/avigilajudicial/avigilajudicial/avigilajudicial/avigilajudicial/principal/principal/principal/pages/pages/avigilajudicial/pages/principal/principal/principal/principal/principal/pages/principal/pages/principal/consultar_contratos_escaneados_correo.php HTTP/1.1" 200 54693 "-" "Mozilla/5.0 (compatible; MJ12bot/v1.4.8; http://mj12bot.com/)"
190.85.87.250 - - [12/May/2026:09:15:44 -0500] "GET /afinanciera/cartera_consulta_titu_usuario.php?ced2=11039956&numcon=28440 HTTP/1.1" 200 221652 "http://www.asjudinet.com/afinanciera/cartera_consul_titu_deb.php" "Mozilla/5.0 (Windows NT 10.0; Win64; x64) AppleWebKit/537.36 (KHTML, like Gecko) Chrome/148.0.0.0 Safari/537.36"
212.227.21.19 - - [12/May/2026:09:15:48 -0500] "GET /index.php/20/8op9a7i2/925048/avigilajudicial/avigilajudicial/avigilajudicial/avigilajudicial/avigilajudicial/avigilajudicial/avigilajudicial/avigilajudicial/avigilajudicial/avigilajudicial/avigilajudicial/avigilajudicial/avigilajudicial/avigilajudicial/avigilajudicial/avigilajudicial/principal/principal/principal/pages/pages/avigilajudicial/pages/principal/principal/principal/principal/principal/pages/principal/pages/principal/contactenos.php HTTP/1.1" 200 54693 "-" "Mozilla/5.0 (compatible; MJ12bot/v1.4.8; http://mj12bot.com/)"
212.227.21.19 - - [12/May/2026:09:15:50 -0500] "GET /index.php/20/8op9a7i2/925048/avigilajudicial/avigilajudicial/avigilajudicial/avigilajudicial/avigilajudicial/avigilajudicial/avigilajudicial/avigilajudicial/avigilajudicial/avigilajudicial/avigilajudicial/avigilajudicial/avigilajudicial/avigilajudicial/avigilajudicial/avigilajudicial/principal/principal/principal/pages/pages/avigilajudicial/pages/principal/principal/principal/principal/principal/pages/principal/pages/principal/pages/menu_creditos_rotativos.php HTTP/1.1" 200 54693 "-" "Mozilla/5.0 (compatible; MJ12bot/v1.4.8; http://mj12bot.com/)"
212.227.21.19 - - [12/May/2026:09:15:52 -0500] "GET /index.php/20/8op9a7i2/925048/avigilajudicial/avigilajudicial/avigilajudicial/avigilajudicial/avigilajudicial/avigilajudicial/avigilajudicial/avigilajudicial/avigilajudicial/avigilajudicial/avigilajudicial/avigilajudicial/avigilajudicial/avigilajudicial/avigilajudicial/avigilajudicial/principal/principal/principal/pages/pages/avigilajudicial/pages/principal/principal/principal/principal/principal/pages/principal/pages/principal/pages/menu_procesos_todos.php HTTP/1.1" 200 54693 "-" "Mozilla/5.0 (compatible; MJ12bot/v1.4.8; http://mj12bot.com/)"
212.227.21.19 - - [12/May/2026:09:15:53 -0500] "GET /index.php/20/8op9a7i2/925048/avigilajudicial/avigilajudicial/avigilajudicial/avigilajudicial/avigilajudicial/avigilajudicial/avigilajudicial/avigilajudicial/avigilajudicial/avigilajudicial/avigilajudicial/avigilajudicial/avigilajudicial/avigilajudicial/avigilajudicial/avigilajudicial/principal/principal/principal/pages/pages/avigilajudicial/pages/principal/principal/principal/principal/principal/pages/principal/pages/principal/prepago.php HTTP/1.1" 200 54693 "-" "Mozilla/5.0 (compatible; MJ12bot/v1.4.8; http://mj12bot.com/)"
212.227.21.19 - - [12/May/2026:09:15:55 -0500] "GET /index.php/20/8op9a7i2/925048/avigilajudicial/avigilajudicial/avigilajudicial/avigilajudicial/avigilajudicial/avigilajudicial/avigilajudicial/avigilajudicial/avigilajudicial/avigilajudicial/avigilajudicial/avigilajudicial/avigilajudicial/avigilajudicial/avigilajudicial/avigilajudicial/principal/principal/principal/pages/pages/avigilajudicial/pages/principal/principal/principal/principal/principal/pages/principal/pages/principal/principal/NoticiasImportantes.php HTTP/1.1" 200 54693 "-" "Mozilla/5.0 (compatible; MJ12bot/v1.4.8; http://mj12bot.com/)"
212.227.21.19 - - [12/May/2026:09:15:57 -0500] "GET /index.php/20/8op9a7i2/925048/avigilajudicial/avigilajudicial/avigilajudicial/avigilajudicial/avigilajudicial/avigilajudicial/avigilajudicial/avigilajudicial/avigilajudicial/avigilajudicial/avigilajudicial/avigilajudicial/avigilajudicial/avigilajudicial/avigilajudicial/avigilajudicial/principal/principal/principal/pages/pages/avigilajudicial/pages/principal/principal/principal/principal/principal/pages/principal/pages/principal/principal/asesoria.php HTTP/1.1" 200 54693 "-" "Mozilla/5.0 (compatible; MJ12bot/v1.4.8; http://mj12bot.com/)"
212.227.21.19 - - [12/May/2026:09:15:59 -0500] "GET /index.php/20/8op9a7i2/925048/avigilajudicial/avigilajudicial/avigilajudicial/avigilajudicial/avigilajudicial/avigilajudicial/avigilajudicial/avigilajudicial/avigilajudicial/avigilajudicial/avigilajudicial/avigilajudicial/avigilajudicial/avigilajudicial/avigilajudicial/avigilajudicial/principal/principal/principal/pages/pages/avigilajudicial/pages/principal/principal/principal/principal/principal/pages/principal/pages/principal/principal/casos_exito.php HTTP/1.1" 200 54693 "-" "Mozilla/5.0 (compatible; MJ12bot/v1.4.8; http://mj12bot.com/)"
190.85.87.250 - - [12/May/2026:09:16:00 -0500] "GET /afinanciera/menu_cartera_debito.php HTTP/1.1" 200 38627 "http://www.asjudinet.com/afinanciera/cartera_consulta_titu_usuario.php?ced2=11039956&numcon=28440" "Mozilla/5.0 (Windows NT 10.0; Win64; x64) AppleWebKit/537.36 (KHTML, like Gecko) Chrome/148.0.0.0 Safari/537.36"
212.227.21.19 - - [12/May/2026:09:16:01 -0500] "GET /index.php/20/8op9a7i2/925048/avigilajudicial/avigilajudicial/avigilajudicial/avigilajudicial/avigilajudicial/avigilajudicial/avigilajudicial/avigilajudicial/avigilajudicial/avigilajudicial/avigilajudicial/avigilajudicial/avigilajudicial/avigilajudicial/avigilajudicial/avigilajudicial/principal/principal/principal/pages/pages/avigilajudicial/pages/principal/principal/principal/principal/principal/pages/principal/pages/principal/principal/consultar_contratos_escaneados_correo.php HTTP/1.1" 200 54693 "-" "Mozilla/5.0 (compatible; MJ12bot/v1.4.8; http://mj12bot.com/)"
190.85.87.250 - - [12/May/2026:09:16:03 -0500] "GET /afinanciera/cartera_consul_titu_deb.php HTTP/1.1" 200 5181 "http://www.asjudinet.com/afinanciera/menu_cartera_debito.php" "Mozilla/5.0 (Windows NT 10.0; Win64; x64) AppleWebKit/537.36 (KHTML, like Gecko) Chrome/148.0.0.0 Safari/537.36"
212.227.21.19 - - [12/May/2026:09:16:03 -0500] "GET /index.php/20/8op9a7i2/925048/avigilajudicial/avigilajudicial/avigilajudicial/avigilajudicial/avigilajudicial/avigilajudicial/avigilajudicial/avigilajudicial/avigilajudicial/avigilajudicial/avigilajudicial/avigilajudicial/avigilajudicial/avigilajudicial/avigilajudicial/avigilajudicial/principal/principal/principal/pages/pages/avigilajudicial/pages/principal/principal/principal/principal/principal/pages/principal/pages/principal/principal/contactenos.php HTTP/1.1" 200 54693 "-" "Mozilla/5.0 (compatible; MJ12bot/v1.4.8; http://mj12bot.com/)"
212.227.21.19 - - [12/May/2026:09:16:05 -0500] "GET /index.php/20/8op9a7i2/925048/avigilajudicial/avigilajudicial/avigilajudicial/avigilajudicial/avigilajudicial/avigilajudicial/avigilajudicial/avigilajudicial/avigilajudicial/avigilajudicial/avigilajudicial/avigilajudicial/avigilajudicial/avigilajudicial/avigilajudicial/avigilajudicial/principal/principal/principal/pages/pages/avigilajudicial/pages/principal/principal/principal/principal/principal/pages/principal/pages/principal/principal/contratopersonas.php HTTP/1.1" 200 54693 "-" "Mozilla/5.0 (compatible; MJ12bot/v1.4.8; http://mj12bot.com/)"
212.227.21.19 - - [12/May/2026:09:16:07 -0500] "GET /index.php/20/8op9a7i2/925048/avigilajudicial/avigilajudicial/avigilajudicial/avigilajudicial/avigilajudicial/avigilajudicial/avigilajudicial/avigilajudicial/avigilajudicial/avigilajudicial/avigilajudicial/avigilajudicial/avigilajudicial/avigilajudicial/avigilajudicial/avigilajudicial/principal/principal/principal/pages/pages/avigilajudicial/pages/principal/principal/principal/principal/principal/pages/principal/pages/principal/principal/enlaces.php HTTP/1.1" 200 54693 "-" "Mozilla/5.0 (compatible; MJ12bot/v1.4.8; http://mj12bot.com/)"
212.227.21.19 - - [12/May/2026:09:16:09 -0500] "GET /index.php/20/8op9a7i2/925048/avigilajudicial/avigilajudicial/avigilajudicial/avigilajudicial/avigilajudicial/avigilajudicial/avigilajudicial/avigilajudicial/avigilajudicial/avigilajudicial/avigilajudicial/avigilajudicial/avigilajudicial/avigilajudicial/avigilajudicial/avigilajudicial/principal/principal/principal/pages/pages/avigilajudicial/pages/principal/principal/principal/principal/principal/pages/principal/pages/principal/principal/lista_email.php HTTP/1.1" 200 54693 "-" "Mozilla/5.0 (compatible; MJ12bot/v1.4.8; http://mj12bot.com/)"
212.227.21.19 - - [12/May/2026:09:16:11 -0500] "GET /index.php/20/8op9a7i2/925048/avigilajudicial/avigilajudicial/avigilajudicial/avigilajudicial/avigilajudicial/avigilajudicial/avigilajudicial/avigilajudicial/avigilajudicial/avigilajudicial/avigilajudicial/avigilajudicial/avigilajudicial/avigilajudicial/avigilajudicial/avigilajudicial/principal/principal/principal/pages/pages/avigilajudicial/pages/principal/principal/principal/principal/principal/pages/principal/pages/principal/principal/menu_comunicados.php HTTP/1.1" 200 54693 "-" "Mozilla/5.0 (compatible; MJ12bot/v1.4.8; http://mj12bot.com/)"
212.227.21.19 - - [12/May/2026:09:16:13 -0500] "GET /index.php/20/8op9a7i2/925048/avigilajudicial/avigilajudicial/avigilajudicial/avigilajudicial/avigilajudicial/avigilajudicial/avigilajudicial/avigilajudicial/avigilajudicial/avigilajudicial/avigilajudicial/avigilajudicial/avigilajudicial/avigilajudicial/avigilajudicial/avigilajudicial/principal/principal/principal/pages/pages/avigilajudicial/pages/principal/principal/principal/principal/principal/pages/principal/pages/principal/principal/misionvision.php HTTP/1.1" 200 54693 "-" "Mozilla/5.0 (compatible; MJ12bot/v1.4.8; http://mj12bot.com/)"
190.85.87.250 - - [12/May/2026:09:16:12 -0500] "POST /afinanciera/cartera_consul_titu_deb.php HTTP/1.1" 200 6052 "http://www.asjudinet.com/afinanciera/cartera_consul_titu_deb.php" "Mozilla/5.0 (Windows NT 10.0; Win64; x64) AppleWebKit/537.36 (KHTML, like Gecko) Chrome/148.0.0.0 Safari/537.36"
212.227.21.19 - - [12/May/2026:09:16:15 -0500] "GET /index.php/20/8op9a7i2/925048/avigilajudicial/avigilajudicial/avigilajudicial/avigilajudicial/avigilajudicial/avigilajudicial/avigilajudicial/avigilajudicial/avigilajudicial/avigilajudicial/avigilajudicial/avigilajudicial/avigilajudicial/avigilajudicial/avigilajudicial/avigilajudicial/principal/principal/principal/pages/pages/avigilajudicial/pages/principal/principal/principal/principal/principal/pages/principal/pages/principal/principal/prepago.php HTTP/1.1" 200 54693 "-" "Mozilla/5.0 (compatible; MJ12bot/v1.4.8; http://mj12bot.com/)"
212.227.21.19 - - [12/May/2026:09:16:16 -0500] "GET /index.php/20/8op9a7i2/925048/avigilajudicial/avigilajudicial/avigilajudicial/avigilajudicial/avigilajudicial/avigilajudicial/avigilajudicial/avigilajudicial/avigilajudicial/avigilajudicial/avigilajudicial/avigilajudicial/avigilajudicial/avigilajudicial/avigilajudicial/avigilajudicial/principal/principal/principal/pages/pages/avigilajudicial/pages/principal/principal/principal/principal/principal/pages/principal/pages/principal/principal/quienes.php HTTP/1.1" 200 54693 "-" "Mozilla/5.0 (compatible; MJ12bot/v1.4.8; http://mj12bot.com/)"
190.85.87.250 - - [12/May/2026:09:16:14 -0500] "GET /afinanciera/cartera_consulta_titu_usuario.php?ced2=71005818&numcon=23291 HTTP/1.1" 200 296002 "http://www.asjudinet.com/afinanciera/cartera_consul_titu_deb.php" "Mozilla/5.0 (Windows NT 10.0; Win64; x64) AppleWebKit/537.36 (KHTML, like Gecko) Chrome/148.0.0.0 Safari/537.36"
212.227.21.19 - - [12/May/2026:09:16:19 -0500] "GET /index.php/20/8op9a7i2/925048/avigilajudicial/avigilajudicial/avigilajudicial/avigilajudicial/avigilajudicial/avigilajudicial/avigilajudicial/avigilajudicial/avigilajudicial/avigilajudicial/avigilajudicial/avigilajudicial/avigilajudicial/avigilajudicial/avigilajudicial/avigilajudicial/principal/principal/principal/pages/pages/avigilajudicial/pages/principal/principal/principal/principal/principal/pages/principal/pages/principal/principal/sucursales_satelites.php HTTP/1.1" 200 54693 "-" "Mozilla/5.0 (compatible; MJ12bot/v1.4.8; http://mj12bot.com/)"
212.227.21.19 - - [12/May/2026:09:16:20 -0500] "GET /index.php/20/8op9a7i2/925048/avigilajudicial/avigilajudicial/avigilajudicial/avigilajudicial/avigilajudicial/avigilajudicial/avigilajudicial/avigilajudicial/avigilajudicial/avigilajudicial/avigilajudicial/avigilajudicial/avigilajudicial/avigilajudicial/avigilajudicial/avigilajudicial/principal/principal/principal/pages/pages/avigilajudicial/pages/principal/principal/principal/principal/principal/pages/principal/pages/principal/principal/testimonios.php HTTP/1.1" 200 54693 "-" "Mozilla/5.0 (compatible; MJ12bot/v1.4.8; http://mj12bot.com/)"
212.227.21.19 - - [12/May/2026:09:16:22 -0500] "GET /index.php/20/8op9a7i2/925048/avigilajudicial/avigilajudicial/avigilajudicial/avigilajudicial/avigilajudicial/avigilajudicial/avigilajudicial/avigilajudicial/avigilajudicial/avigilajudicial/avigilajudicial/avigilajudicial/avigilajudicial/avigilajudicial/avigilajudicial/avigilajudicial/principal/principal/principal/pages/pages/avigilajudicial/pages/principal/principal/principal/principal/principal/pages/principal/pages/principal/principal/trayectoria.php HTTP/1.1" 200 54693 "-" "Mozilla/5.0 (compatible; MJ12bot/v1.4.8; http://mj12bot.com/)"
212.227.21.19 - - [12/May/2026:09:16:24 -0500] "GET /index.php/20/8op9a7i2/925048/avigilajudicial/avigilajudicial/avigilajudicial/avigilajudicial/avigilajudicial/avigilajudicial/avigilajudicial/avigilajudicial/avigilajudicial/avigilajudicial/avigilajudicial/avigilajudicial/avigilajudicial/avigilajudicial/avigilajudicial/avigilajudicial/principal/principal/principal/pages/pages/avigilajudicial/pages/principal/principal/principal/principal/principal/pages/principal/pages/principal/principal/ventajas.php HTTP/1.1" 200 54693 "-" "Mozilla/5.0 (compatible; MJ12bot/v1.4.8; http://mj12bot.com/)"
212.227.21.19 - - [12/May/2026:09:16:26 -0500] "GET /index.php/20/8op9a7i2/925048/avigilajudicial/avigilajudicial/avigilajudicial/avigilajudicial/avigilajudicial/avigilajudicial/avigilajudicial/avigilajudicial/avigilajudicial/avigilajudicial/avigilajudicial/avigilajudicial/avigilajudicial/avigilajudicial/avigilajudicial/avigilajudicial/principal/principal/principal/pages/pages/avigilajudicial/pages/principal/principal/principal/principal/principal/pages/principal/pages/principal/principal/video_empresa.php HTTP/1.1" 200 54693 "-" "Mozilla/5.0 (compatible; MJ12bot/v1.4.8; http://mj12bot.com/)"
212.227.21.19 - - [12/May/2026:09:16:28 -0500] "GET /index.php/20/8op9a7i2/925048/avigilajudicial/avigilajudicial/avigilajudicial/avigilajudicial/avigilajudicial/avigilajudicial/avigilajudicial/avigilajudicial/avigilajudicial/avigilajudicial/avigilajudicial/avigilajudicial/avigilajudicial/avigilajudicial/avigilajudicial/avigilajudicial/principal/principal/principal/pages/pages/avigilajudicial/pages/principal/principal/principal/principal/principal/pages/principal/pages/principal/quienes.php HTTP/1.1" 200 54693 "-" "Mozilla/5.0 (compatible; MJ12bot/v1.4.8; http://mj12bot.com/)"
212.227.21.19 - - [12/May/2026:09:16:30 -0500] "GET /index.php/20/8op9a7i2/925048/avigilajudicial/avigilajudicial/avigilajudicial/avigilajudicial/avigilajudicial/avigilajudicial/avigilajudicial/avigilajudicial/avigilajudicial/avigilajudicial/avigilajudicial/avigilajudicial/avigilajudicial/avigilajudicial/avigilajudicial/avigilajudicial/principal/principal/principal/pages/pages/avigilajudicial/pages/principal/principal/principal/principal/principal/pages/principal/pages/principal/soporteacademico.php HTTP/1.1" 200 54693 "-" "Mozilla/5.0 (compatible; MJ12bot/v1.4.8; http://mj12bot.com/)"
212.227.21.19 - - [12/May/2026:09:16:32 -0500] "GET /index.php/20/8op9a7i2/925048/avigilajudicial/avigilajudicial/avigilajudicial/avigilajudicial/avigilajudicial/avigilajudicial/avigilajudicial/avigilajudicial/avigilajudicial/avigilajudicial/avigilajudicial/avigilajudicial/avigilajudicial/avigilajudicial/avigilajudicial/avigilajudicial/principal/principal/principal/pages/pages/avigilajudicial/pages/principal/principal/principal/principal/principal/pages/principal/pages/principal/sucursales.php HTTP/1.1" 200 54693 "-" "Mozilla/5.0 (compatible; MJ12bot/v1.4.8; http://mj12bot.com/)"
212.227.21.19 - - [12/May/2026:09:16:34 -0500] "GET /index.php/20/8op9a7i2/925048/avigilajudicial/avigilajudicial/avigilajudicial/avigilajudicial/avigilajudicial/avigilajudicial/avigilajudicial/avigilajudicial/avigilajudicial/avigilajudicial/avigilajudicial/avigilajudicial/avigilajudicial/avigilajudicial/avigilajudicial/avigilajudicial/principal/principal/principal/pages/pages/avigilajudicial/pages/principal/principal/principal/principal/principal/pages/principal/pages/principal/sucursales_satelites.php HTTP/1.1" 200 54693 "-" "Mozilla/5.0 (compatible; MJ12bot/v1.4.8; http://mj12bot.com/)"
212.227.21.19 - - [12/May/2026:09:16:36 -0500] "GET /index.php/20/8op9a7i2/925048/avigilajudicial/avigilajudicial/avigilajudicial/avigilajudicial/avigilajudicial/avigilajudicial/avigilajudicial/avigilajudicial/avigilajudicial/avigilajudicial/avigilajudicial/avigilajudicial/avigilajudicial/avigilajudicial/avigilajudicial/avigilajudicial/principal/principal/principal/pages/pages/avigilajudicial/pages/principal/principal/principal/principal/principal/pages/principal/pages/principal/val_usuarios.php HTTP/1.1" 200 54693 "-" "Mozilla/5.0 (compatible; MJ12bot/v1.4.8; http://mj12bot.com/)"
212.227.21.19 - - [12/May/2026:09:16:37 -0500] "GET /index.php/20/8op9a7i2/925048/avigilajudicial/avigilajudicial/avigilajudicial/avigilajudicial/avigilajudicial/avigilajudicial/avigilajudicial/avigilajudicial/avigilajudicial/avigilajudicial/avigilajudicial/avigilajudicial/avigilajudicial/avigilajudicial/avigilajudicial/avigilajudicial/principal/principal/principal/pages/pages/avigilajudicial/pages/principal/principal/principal/principal/principal/pages/principal/pages/principal/val_usuarios_IURIS.php HTTP/1.1" 200 54693 "-" "Mozilla/5.0 (compatible; MJ12bot/v1.4.8; http://mj12bot.com/)"
212.227.21.19 - - [12/May/2026:09:16:39 -0500] "GET /index.php/20/8op9a7i2/925048/avigilajudicial/avigilajudicial/avigilajudicial/avigilajudicial/avigilajudicial/avigilajudicial/avigilajudicial/avigilajudicial/avigilajudicial/avigilajudicial/avigilajudicial/avigilajudicial/avigilajudicial/avigilajudicial/avigilajudicial/avigilajudicial/principal/principal/principal/pages/pages/avigilajudicial/pages/principal/principal/principal/principal/principal/pages/principal/pages/principal/validar_usuarios_pagina.php HTTP/1.1" 200 54693 "-" "Mozilla/5.0 (compatible; MJ12bot/v1.4.8; http://mj12bot.com/)"
212.227.21.19 - - [12/May/2026:09:16:41 -0500] "GET /index.php/20/8op9a7i2/925048/avigilajudicial/avigilajudicial/avigilajudicial/avigilajudicial/avigilajudicial/avigilajudicial/avigilajudicial/avigilajudicial/avigilajudicial/avigilajudicial/avigilajudicial/avigilajudicial/avigilajudicial/avigilajudicial/avigilajudicial/avigilajudicial/principal/principal/principal/pages/pages/avigilajudicial/pages/principal/principal/principal/principal/principal/pages/principal/pages/principal/ventajas.php HTTP/1.1" 200 54693 "-" "Mozilla/5.0 (compatible; MJ12bot/v1.4.8; http://mj12bot.com/)"
212.227.21.19 - - [12/May/2026:09:16:43 -0500] "GET /index.php/20/8op9a7i2/925048/avigilajudicial/avigilajudicial/avigilajudicial/avigilajudicial/avigilajudicial/avigilajudicial/avigilajudicial/avigilajudicial/avigilajudicial/avigilajudicial/avigilajudicial/avigilajudicial/avigilajudicial/avigilajudicial/avigilajudicial/avigilajudicial/principal/principal/principal/pages/pages/avigilajudicial/pages/principal/principal/principal/principal/principal/pages/principal/pages/principal/video_empresa.php HTTP/1.1" 200 54693 "-" "Mozilla/5.0 (compatible; MJ12bot/v1.4.8; http://mj12bot.com/)"
212.227.21.19 - - [12/May/2026:09:16:45 -0500] "GET /index.php/20/8op9a7i2/925048/avigilajudicial/avigilajudicial/avigilajudicial/avigilajudicial/avigilajudicial/avigilajudicial/avigilajudicial/avigilajudicial/avigilajudicial/avigilajudicial/avigilajudicial/avigilajudicial/avigilajudicial/avigilajudicial/avigilajudicial/avigilajudicial/principal/principal/principal/pages/pages/avigilajudicial/pages/principal/principal/principal/principal/principal/pages/principal/principal/avigilajudicial/avigilajudicial/validar_vigi_judicial.php HTTP/1.1" 200 54693 "-" "Mozilla/5.0 (compatible; MJ12bot/v1.4.8; http://mj12bot.com/)"
212.227.21.19 - - [12/May/2026:09:16:47 -0500] "GET /index.php/20/8op9a7i2/925048/avigilajudicial/avigilajudicial/avigilajudicial/avigilajudicial/avigilajudicial/avigilajudicial/avigilajudicial/avigilajudicial/avigilajudicial/avigilajudicial/avigilajudicial/avigilajudicial/avigilajudicial/avigilajudicial/avigilajudicial/avigilajudicial/principal/principal/principal/pages/pages/avigilajudicial/pages/principal/principal/principal/principal/principal/pages/principal/principal/avigilajudicial/formulario_seminario_dih.php HTTP/1.1" 200 54693 "-" "Mozilla/5.0 (compatible; MJ12bot/v1.4.8; http://mj12bot.com/)"
212.227.21.19 - - [12/May/2026:09:16:49 -0500] "GET /index.php/20/8op9a7i2/925048/avigilajudicial/avigilajudicial/avigilajudicial/avigilajudicial/avigilajudicial/avigilajudicial/avigilajudicial/avigilajudicial/avigilajudicial/avigilajudicial/avigilajudicial/avigilajudicial/avigilajudicial/avigilajudicial/avigilajudicial/avigilajudicial/principal/principal/principal/pages/pages/avigilajudicial/pages/principal/principal/principal/principal/principal/pages/principal/principal/avigilajudicial/index.php HTTP/1.1" 200 54693 "-" "Mozilla/5.0 (compatible; MJ12bot/v1.4.8; http://mj12bot.com/)"
212.227.21.19 - - [12/May/2026:09:16:50 -0500] "GET /index.php/20/8op9a7i2/925048/avigilajudicial/avigilajudicial/avigilajudicial/avigilajudicial/avigilajudicial/avigilajudicial/avigilajudicial/avigilajudicial/avigilajudicial/avigilajudicial/avigilajudicial/avigilajudicial/avigilajudicial/avigilajudicial/avigilajudicial/avigilajudicial/principal/principal/principal/pages/pages/avigilajudicial/pages/principal/principal/principal/principal/principal/pages/principal/principal/avigilajudicial/pages/formulario_seminario_dih.php HTTP/1.1" 200 54693 "-" "Mozilla/5.0 (compatible; MJ12bot/v1.4.8; http://mj12bot.com/)"
212.227.21.19 - - [12/May/2026:09:16:52 -0500] "GET /index.php/20/8op9a7i2/925048/avigilajudicial/avigilajudicial/avigilajudicial/avigilajudicial/avigilajudicial/avigilajudicial/avigilajudicial/avigilajudicial/avigilajudicial/avigilajudicial/avigilajudicial/avigilajudicial/avigilajudicial/avigilajudicial/avigilajudicial/avigilajudicial/principal/principal/principal/pages/pages/avigilajudicial/pages/principal/principal/principal/principal/principal/pages/principal/principal/avigilajudicial/pages/index.php HTTP/1.1" 200 54693 "-" "Mozilla/5.0 (compatible; MJ12bot/v1.4.8; http://mj12bot.com/)"
212.227.21.19 - - [12/May/2026:09:16:54 -0500] "GET /index.php/20/8op9a7i2/925048/avigilajudicial/avigilajudicial/avigilajudicial/avigilajudicial/avigilajudicial/avigilajudicial/avigilajudicial/avigilajudicial/avigilajudicial/avigilajudicial/avigilajudicial/avigilajudicial/avigilajudicial/avigilajudicial/avigilajudicial/avigilajudicial/principal/principal/principal/pages/pages/avigilajudicial/pages/principal/principal/principal/principal/principal/pages/principal/principal/avigilajudicial/pages/pages/menu_creditos_rotativos.php HTTP/1.1" 200 54693 "-" "Mozilla/5.0 (compatible; MJ12bot/v1.4.8; http://mj12bot.com/)"
212.227.21.19 - - [12/May/2026:09:16:56 -0500] "GET /index.php/20/8op9a7i2/925048/avigilajudicial/avigilajudicial/avigilajudicial/avigilajudicial/avigilajudicial/avigilajudicial/avigilajudicial/avigilajudicial/avigilajudicial/avigilajudicial/avigilajudicial/avigilajudicial/avigilajudicial/avigilajudicial/avigilajudicial/avigilajudicial/principal/principal/principal/pages/pages/avigilajudicial/pages/principal/principal/principal/principal/principal/pages/principal/principal/avigilajudicial/pages/pages/menu_procesos_todos.php HTTP/1.1" 200 54693 "-" "Mozilla/5.0 (compatible; MJ12bot/v1.4.8; http://mj12bot.com/)"
212.227.21.19 - - [12/May/2026:09:16:58 -0500] "GET /index.php/20/8op9a7i2/925048/avigilajudicial/avigilajudicial/avigilajudicial/avigilajudicial/avigilajudicial/avigilajudicial/avigilajudicial/avigilajudicial/avigilajudicial/avigilajudicial/avigilajudicial/avigilajudicial/avigilajudicial/avigilajudicial/avigilajudicial/avigilajudicial/principal/principal/principal/pages/pages/avigilajudicial/pages/principal/principal/principal/principal/principal/pages/principal/principal/avigilajudicial/pages/principal/NoticiasImportantes.php HTTP/1.1" 200 54693 "-" "Mozilla/5.0 (compatible; MJ12bot/v1.4.8; http://mj12bot.com/)"
212.227.21.19 - - [12/May/2026:09:17:00 -0500] "GET /index.php/20/8op9a7i2/925048/avigilajudicial/avigilajudicial/avigilajudicial/avigilajudicial/avigilajudicial/avigilajudicial/avigilajudicial/avigilajudicial/avigilajudicial/avigilajudicial/avigilajudicial/avigilajudicial/avigilajudicial/avigilajudicial/avigilajudicial/avigilajudicial/principal/principal/principal/pages/pages/avigilajudicial/pages/principal/principal/principal/principal/principal/pages/principal/principal/avigilajudicial/pages/principal/casos_exito.php HTTP/1.1" 200 54693 "-" "Mozilla/5.0 (compatible; MJ12bot/v1.4.8; http://mj12bot.com/)"
190.85.87.250 - - [12/May/2026:09:17:02 -0500] "GET /ingresar_proceso_2.php?ced=52123005&nom=GUTIERREZ%20RODRIGUEZ%20SANDRA%20ROCIO&sucu=BOGOTA HTTP/1.1" 200 76684 "http://www.asjudinet.com/menu_asignacion_proceso.php?ced=52123005&nom=GUTIERREZ%20RODRIGUEZ%20SANDRA%20ROCIO&sucu=BOGOTA" "Mozilla/5.0 (Windows NT 10.0; Win64; x64) AppleWebKit/537.36 (KHTML, like Gecko) Chrome/148.0.0.0 Safari/537.36"
212.227.21.19 - - [12/May/2026:09:17:02 -0500] "GET /index.php/20/8op9a7i2/925048/avigilajudicial/avigilajudicial/avigilajudicial/avigilajudicial/avigilajudicial/avigilajudicial/avigilajudicial/avigilajudicial/avigilajudicial/avigilajudicial/avigilajudicial/avigilajudicial/avigilajudicial/avigilajudicial/avigilajudicial/avigilajudicial/principal/principal/principal/pages/pages/avigilajudicial/pages/principal/principal/principal/principal/principal/pages/principal/principal/avigilajudicial/pages/principal/contactenos.php HTTP/1.1" 200 54693 "-" "Mozilla/5.0 (compatible; MJ12bot/v1.4.8; http://mj12bot.com/)"
212.227.21.19 - - [12/May/2026:09:17:04 -0500] "GET /index.php/20/8op9a7i2/925048/avigilajudicial/avigilajudicial/avigilajudicial/avigilajudicial/avigilajudicial/avigilajudicial/avigilajudicial/avigilajudicial/avigilajudicial/avigilajudicial/avigilajudicial/avigilajudicial/avigilajudicial/avigilajudicial/avigilajudicial/avigilajudicial/principal/principal/principal/pages/pages/avigilajudicial/pages/principal/principal/principal/principal/principal/pages/principal/principal/avigilajudicial/pages/principal/contratopersonas.php HTTP/1.1" 200 54693 "-" "Mozilla/5.0 (compatible; MJ12bot/v1.4.8; http://mj12bot.com/)"
212.227.21.19 - - [12/May/2026:09:17:06 -0500] "GET /index.php/20/8op9a7i2/925048/avigilajudicial/avigilajudicial/avigilajudicial/avigilajudicial/avigilajudicial/avigilajudicial/avigilajudicial/avigilajudicial/avigilajudicial/avigilajudicial/avigilajudicial/avigilajudicial/avigilajudicial/avigilajudicial/avigilajudicial/avigilajudicial/principal/principal/principal/pages/pages/avigilajudicial/pages/principal/principal/principal/principal/principal/pages/principal/principal/avigilajudicial/pages/principal/enlaces.php HTTP/1.1" 200 54693 "-" "Mozilla/5.0 (compatible; MJ12bot/v1.4.8; http://mj12bot.com/)"
212.227.21.19 - - [12/May/2026:09:17:07 -0500] "GET /index.php/20/8op9a7i2/925048/avigilajudicial/avigilajudicial/avigilajudicial/avigilajudicial/avigilajudicial/avigilajudicial/avigilajudicial/avigilajudicial/avigilajudicial/avigilajudicial/avigilajudicial/avigilajudicial/avigilajudicial/avigilajudicial/avigilajudicial/avigilajudicial/principal/principal/principal/pages/pages/avigilajudicial/pages/principal/principal/principal/principal/principal/pages/principal/principal/avigilajudicial/pages/principal/lista_email.php HTTP/1.1" 200 54693 "-" "Mozilla/5.0 (compatible; MJ12bot/v1.4.8; http://mj12bot.com/)"
212.227.21.19 - - [12/May/2026:09:17:09 -0500] "GET /index.php/20/8op9a7i2/925048/avigilajudicial/avigilajudicial/avigilajudicial/avigilajudicial/avigilajudicial/avigilajudicial/avigilajudicial/avigilajudicial/avigilajudicial/avigilajudicial/avigilajudicial/avigilajudicial/avigilajudicial/avigilajudicial/avigilajudicial/avigilajudicial/principal/principal/principal/pages/pages/avigilajudicial/pages/principal/principal/principal/principal/principal/pages/principal/principal/avigilajudicial/pages/principal/menu_comunicados.php HTTP/1.1" 200 54693 "-" "Mozilla/5.0 (compatible; MJ12bot/v1.4.8; http://mj12bot.com/)"
212.227.21.19 - - [12/May/2026:09:17:11 -0500] "GET /index.php/20/8op9a7i2/925048/avigilajudicial/avigilajudicial/avigilajudicial/avigilajudicial/avigilajudicial/avigilajudicial/avigilajudicial/avigilajudicial/avigilajudicial/avigilajudicial/avigilajudicial/avigilajudicial/avigilajudicial/avigilajudicial/avigilajudicial/avigilajudicial/principal/principal/principal/pages/pages/avigilajudicial/pages/principal/principal/principal/principal/principal/pages/principal/principal/avigilajudicial/pages/principal/misionvision.php HTTP/1.1" 200 54693 "-" "Mozilla/5.0 (compatible; MJ12bot/v1.4.8; http://mj12bot.com/)"
212.227.21.19 - - [12/May/2026:09:17:13 -0500] "GET /index.php/20/8op9a7i2/925048/avigilajudicial/avigilajudicial/avigilajudicial/avigilajudicial/avigilajudicial/avigilajudicial/avigilajudicial/avigilajudicial/avigilajudicial/avigilajudicial/avigilajudicial/avigilajudicial/avigilajudicial/avigilajudicial/avigilajudicial/avigilajudicial/principal/principal/principal/pages/pages/avigilajudicial/pages/principal/principal/principal/principal/principal/pages/principal/principal/avigilajudicial/pages/principal/prepago.php HTTP/1.1" 200 54693 "-" "Mozilla/5.0 (compatible; MJ12bot/v1.4.8; http://mj12bot.com/)"
212.227.21.19 - - [12/May/2026:09:17:15 -0500] "GET /index.php/20/8op9a7i2/925048/avigilajudicial/avigilajudicial/avigilajudicial/avigilajudicial/avigilajudicial/avigilajudicial/avigilajudicial/avigilajudicial/avigilajudicial/avigilajudicial/avigilajudicial/avigilajudicial/avigilajudicial/avigilajudicial/avigilajudicial/avigilajudicial/principal/principal/principal/pages/pages/avigilajudicial/pages/principal/principal/principal/principal/principal/pages/principal/principal/avigilajudicial/pages/principal/quienes.php HTTP/1.1" 200 54693 "-" "Mozilla/5.0 (compatible; MJ12bot/v1.4.8; http://mj12bot.com/)"
212.227.21.19 - - [12/May/2026:09:17:16 -0500] "GET /index.php/20/8op9a7i2/925048/avigilajudicial/avigilajudicial/avigilajudicial/avigilajudicial/avigilajudicial/avigilajudicial/avigilajudicial/avigilajudicial/avigilajudicial/avigilajudicial/avigilajudicial/avigilajudicial/avigilajudicial/avigilajudicial/avigilajudicial/avigilajudicial/principal/principal/principal/pages/pages/avigilajudicial/pages/principal/principal/principal/principal/principal/pages/principal/principal/avigilajudicial/pages/principal/soporteacademico.php HTTP/1.1" 200 54693 "-" "Mozilla/5.0 (compatible; MJ12bot/v1.4.8; http://mj12bot.com/)"
212.227.21.19 - - [12/May/2026:09:17:19 -0500] "GET /index.php/20/8op9a7i2/925048/avigilajudicial/avigilajudicial/avigilajudicial/avigilajudicial/avigilajudicial/avigilajudicial/avigilajudicial/avigilajudicial/avigilajudicial/avigilajudicial/avigilajudicial/avigilajudicial/avigilajudicial/avigilajudicial/avigilajudicial/avigilajudicial/principal/principal/principal/pages/pages/avigilajudicial/pages/principal/principal/principal/principal/principal/pages/principal/principal/avigilajudicial/pages/principal/sucursales.php HTTP/1.1" 200 54693 "-" "Mozilla/5.0 (compatible; MJ12bot/v1.4.8; http://mj12bot.com/)"
212.227.21.19 - - [12/May/2026:09:17:20 -0500] "GET /index.php/20/8op9a7i2/925048/avigilajudicial/avigilajudicial/avigilajudicial/avigilajudicial/avigilajudicial/avigilajudicial/avigilajudicial/avigilajudicial/avigilajudicial/avigilajudicial/avigilajudicial/avigilajudicial/avigilajudicial/avigilajudicial/avigilajudicial/avigilajudicial/principal/principal/principal/pages/pages/avigilajudicial/pages/principal/principal/principal/principal/principal/pages/principal/principal/avigilajudicial/pages/principal/sucursales_satelites.php HTTP/1.1" 200 54693 "-" "Mozilla/5.0 (compatible; MJ12bot/v1.4.8; http://mj12bot.com/)"
212.227.21.19 - - [12/May/2026:09:17:22 -0500] "GET /index.php/20/8op9a7i2/925048/avigilajudicial/avigilajudicial/avigilajudicial/avigilajudicial/avigilajudicial/avigilajudicial/avigilajudicial/avigilajudicial/avigilajudicial/avigilajudicial/avigilajudicial/avigilajudicial/avigilajudicial/avigilajudicial/avigilajudicial/avigilajudicial/principal/principal/principal/pages/pages/avigilajudicial/pages/principal/principal/principal/principal/principal/pages/principal/principal/avigilajudicial/pages/principal/testimonios.php HTTP/1.1" 200 54693 "-" "Mozilla/5.0 (compatible; MJ12bot/v1.4.8; http://mj12bot.com/)"
212.227.21.19 - - [12/May/2026:09:17:24 -0500] "GET /index.php/20/8op9a7i2/925048/avigilajudicial/avigilajudicial/avigilajudicial/avigilajudicial/avigilajudicial/avigilajudicial/avigilajudicial/avigilajudicial/avigilajudicial/avigilajudicial/avigilajudicial/avigilajudicial/avigilajudicial/avigilajudicial/avigilajudicial/avigilajudicial/principal/principal/principal/pages/pages/avigilajudicial/pages/principal/principal/principal/principal/principal/pages/principal/principal/avigilajudicial/pages/principal/trayectoria.php HTTP/1.1" 200 54693 "-" "Mozilla/5.0 (compatible; MJ12bot/v1.4.8; http://mj12bot.com/)"
212.227.21.19 - - [12/May/2026:09:17:26 -0500] "GET /index.php/20/8op9a7i2/925048/avigilajudicial/avigilajudicial/avigilajudicial/avigilajudicial/avigilajudicial/avigilajudicial/avigilajudicial/avigilajudicial/avigilajudicial/avigilajudicial/avigilajudicial/avigilajudicial/avigilajudicial/avigilajudicial/avigilajudicial/avigilajudicial/principal/principal/principal/pages/pages/avigilajudicial/pages/principal/principal/principal/principal/principal/pages/principal/principal/avigilajudicial/pages/principal/ventajas.php HTTP/1.1" 200 54693 "-" "Mozilla/5.0 (compatible; MJ12bot/v1.4.8; http://mj12bot.com/)"
212.227.21.19 - - [12/May/2026:09:17:28 -0500] "GET /index.php/20/8op9a7i2/925048/avigilajudicial/avigilajudicial/avigilajudicial/avigilajudicial/avigilajudicial/avigilajudicial/avigilajudicial/avigilajudicial/avigilajudicial/avigilajudicial/avigilajudicial/avigilajudicial/avigilajudicial/avigilajudicial/avigilajudicial/avigilajudicial/principal/principal/principal/pages/pages/avigilajudicial/pages/principal/principal/principal/principal/principal/pages/principal/principal/avigilajudicial/pages/principal/video_empresa.php HTTP/1.1" 200 54693 "-" "Mozilla/5.0 (compatible; MJ12bot/v1.4.8; http://mj12bot.com/)"
212.227.21.19 - - [12/May/2026:09:17:30 -0500] "GET /index.php/20/8op9a7i2/925048/avigilajudicial/avigilajudicial/avigilajudicial/avigilajudicial/avigilajudicial/avigilajudicial/avigilajudicial/avigilajudicial/avigilajudicial/avigilajudicial/avigilajudicial/avigilajudicial/avigilajudicial/avigilajudicial/avigilajudicial/avigilajudicial/principal/principal/principal/pages/pages/avigilajudicial/pages/principal/principal/principal/principal/principal/pages/principal/principal/avigilajudicial/pages/val_usuarios.php HTTP/1.1" 200 54693 "-" "Mozilla/5.0 (compatible; MJ12bot/v1.4.8; http://mj12bot.com/)"
212.227.21.19 - - [12/May/2026:09:17:32 -0500] "GET /index.php/20/8op9a7i2/925048/avigilajudicial/avigilajudicial/avigilajudicial/avigilajudicial/avigilajudicial/avigilajudicial/avigilajudicial/avigilajudicial/avigilajudicial/avigilajudicial/avigilajudicial/avigilajudicial/avigilajudicial/avigilajudicial/avigilajudicial/avigilajudicial/principal/principal/principal/pages/pages/avigilajudicial/pages/principal/principal/principal/principal/principal/pages/principal/principal/avigilajudicial/pages/val_usuarios_IURIS.php HTTP/1.1" 200 54693 "-" "Mozilla/5.0 (compatible; MJ12bot/v1.4.8; http://mj12bot.com/)"
212.227.21.19 - - [12/May/2026:09:17:34 -0500] "GET /index.php/20/8op9a7i2/925048/avigilajudicial/avigilajudicial/avigilajudicial/avigilajudicial/avigilajudicial/avigilajudicial/avigilajudicial/avigilajudicial/avigilajudicial/avigilajudicial/avigilajudicial/avigilajudicial/avigilajudicial/avigilajudicial/avigilajudicial/avigilajudicial/principal/principal/principal/pages/pages/avigilajudicial/pages/principal/principal/principal/principal/principal/pages/principal/principal/avigilajudicial/pages/validar_usuarios_pagina.php HTTP/1.1" 200 54693 "-" "Mozilla/5.0 (compatible; MJ12bot/v1.4.8; http://mj12bot.com/)"
212.227.21.19 - - [12/May/2026:09:17:35 -0500] "GET /index.php/20/8op9a7i2/925048/avigilajudicial/avigilajudicial/avigilajudicial/avigilajudicial/avigilajudicial/avigilajudicial/avigilajudicial/avigilajudicial/avigilajudicial/avigilajudicial/avigilajudicial/avigilajudicial/avigilajudicial/avigilajudicial/avigilajudicial/avigilajudicial/principal/principal/principal/pages/pages/avigilajudicial/pages/principal/principal/principal/principal/principal/pages/principal/principal/avigilajudicial/principal/formulario_seminario_dih.php HTTP/1.1" 200 54693 "-" "Mozilla/5.0 (compatible; MJ12bot/v1.4.8; http://mj12bot.com/)"
212.227.21.19 - - [12/May/2026:09:17:37 -0500] "GET /index.php/20/8op9a7i2/925048/avigilajudicial/avigilajudicial/avigilajudicial/avigilajudicial/avigilajudicial/avigilajudicial/avigilajudicial/avigilajudicial/avigilajudicial/avigilajudicial/avigilajudicial/avigilajudicial/avigilajudicial/avigilajudicial/avigilajudicial/avigilajudicial/principal/principal/principal/pages/pages/avigilajudicial/pages/principal/principal/principal/principal/principal/pages/principal/principal/avigilajudicial/principal/index.php HTTP/1.1" 200 54693 "-" "Mozilla/5.0 (compatible; MJ12bot/v1.4.8; http://mj12bot.com/)"
212.227.21.19 - - [12/May/2026:09:17:39 -0500] "GET /index.php/20/8op9a7i2/925048/avigilajudicial/avigilajudicial/avigilajudicial/avigilajudicial/avigilajudicial/avigilajudicial/avigilajudicial/avigilajudicial/avigilajudicial/avigilajudicial/avigilajudicial/avigilajudicial/avigilajudicial/avigilajudicial/avigilajudicial/avigilajudicial/principal/principal/principal/pages/pages/avigilajudicial/pages/principal/principal/principal/principal/principal/pages/principal/principal/avigilajudicial/principal/pages/menu_creditos_rotativos.php HTTP/1.1" 200 54693 "-" "Mozilla/5.0 (compatible; MJ12bot/v1.4.8; http://mj12bot.com/)"
212.227.21.19 - - [12/May/2026:09:17:41 -0500] "GET /index.php/20/8op9a7i2/925048/avigilajudicial/avigilajudicial/avigilajudicial/avigilajudicial/avigilajudicial/avigilajudicial/avigilajudicial/avigilajudicial/avigilajudicial/avigilajudicial/avigilajudicial/avigilajudicial/avigilajudicial/avigilajudicial/avigilajudicial/avigilajudicial/principal/principal/principal/pages/pages/avigilajudicial/pages/principal/principal/principal/principal/principal/pages/principal/principal/avigilajudicial/principal/pages/menu_procesos_todos.php HTTP/1.1" 200 54693 "-" "Mozilla/5.0 (compatible; MJ12bot/v1.4.8; http://mj12bot.com/)"
212.227.21.19 - - [12/May/2026:09:17:43 -0500] "GET /index.php/20/8op9a7i2/925048/avigilajudicial/avigilajudicial/avigilajudicial/avigilajudicial/avigilajudicial/avigilajudicial/avigilajudicial/avigilajudicial/avigilajudicial/avigilajudicial/avigilajudicial/avigilajudicial/avigilajudicial/avigilajudicial/avigilajudicial/avigilajudicial/principal/principal/principal/pages/pages/avigilajudicial/pages/principal/principal/principal/principal/principal/pages/principal/principal/avigilajudicial/principal/principal/NoticiasImportantes.php HTTP/1.1" 200 54693 "-" "Mozilla/5.0 (compatible; MJ12bot/v1.4.8; http://mj12bot.com/)"
212.227.21.19 - - [12/May/2026:09:17:45 -0500] "GET /index.php/20/8op9a7i2/925048/avigilajudicial/avigilajudicial/avigilajudicial/avigilajudicial/avigilajudicial/avigilajudicial/avigilajudicial/avigilajudicial/avigilajudicial/avigilajudicial/avigilajudicial/avigilajudicial/avigilajudicial/avigilajudicial/avigilajudicial/avigilajudicial/principal/principal/principal/pages/pages/avigilajudicial/pages/principal/principal/principal/principal/principal/pages/principal/principal/avigilajudicial/principal/principal/asesoria.php HTTP/1.1" 200 54693 "-" "Mozilla/5.0 (compatible; MJ12bot/v1.4.8; http://mj12bot.com/)"
212.227.21.19 - - [12/May/2026:09:17:47 -0500] "GET /index.php/20/8op9a7i2/925048/avigilajudicial/avigilajudicial/avigilajudicial/avigilajudicial/avigilajudicial/avigilajudicial/avigilajudicial/avigilajudicial/avigilajudicial/avigilajudicial/avigilajudicial/avigilajudicial/avigilajudicial/avigilajudicial/avigilajudicial/avigilajudicial/principal/principal/principal/pages/pages/avigilajudicial/pages/principal/principal/principal/principal/principal/pages/principal/principal/avigilajudicial/principal/principal/casos_exito.php HTTP/1.1" 200 54693 "-" "Mozilla/5.0 (compatible; MJ12bot/v1.4.8; http://mj12bot.com/)"
212.227.21.19 - - [12/May/2026:09:17:49 -0500] "GET /index.php/20/8op9a7i2/925048/avigilajudicial/avigilajudicial/avigilajudicial/avigilajudicial/avigilajudicial/avigilajudicial/avigilajudicial/avigilajudicial/avigilajudicial/avigilajudicial/avigilajudicial/avigilajudicial/avigilajudicial/avigilajudicial/avigilajudicial/avigilajudicial/principal/principal/principal/pages/pages/avigilajudicial/pages/principal/principal/principal/principal/principal/pages/principal/principal/avigilajudicial/principal/principal/contactenos.php HTTP/1.1" 200 54693 "-" "Mozilla/5.0 (compatible; MJ12bot/v1.4.8; http://mj12bot.com/)"
212.227.21.19 - - [12/May/2026:09:17:51 -0500] "GET /index.php/20/8op9a7i2/925048/avigilajudicial/avigilajudicial/avigilajudicial/avigilajudicial/avigilajudicial/avigilajudicial/avigilajudicial/avigilajudicial/avigilajudicial/avigilajudicial/avigilajudicial/avigilajudicial/avigilajudicial/avigilajudicial/avigilajudicial/avigilajudicial/principal/principal/principal/pages/pages/avigilajudicial/pages/principal/principal/principal/principal/principal/pages/principal/principal/avigilajudicial/principal/principal/contratopersonas.php HTTP/1.1" 200 54693 "-" "Mozilla/5.0 (compatible; MJ12bot/v1.4.8; http://mj12bot.com/)"
212.227.21.19 - - [12/May/2026:09:17:52 -0500] "GET /index.php/20/8op9a7i2/925048/avigilajudicial/avigilajudicial/avigilajudicial/avigilajudicial/avigilajudicial/avigilajudicial/avigilajudicial/avigilajudicial/avigilajudicial/avigilajudicial/avigilajudicial/avigilajudicial/avigilajudicial/avigilajudicial/avigilajudicial/avigilajudicial/principal/principal/principal/pages/pages/avigilajudicial/pages/principal/principal/principal/principal/principal/pages/principal/principal/avigilajudicial/principal/principal/enlaces.php HTTP/1.1" 200 54693 "-" "Mozilla/5.0 (compatible; MJ12bot/v1.4.8; http://mj12bot.com/)"
