212.227.21.19 - - [12/May/2026:09:25:21 -0500] "GET /index.php/fwcepaz/25kiavywss_hozwji93162/pages/avigilajudicial/avigilajudicial/pages/pages/avigilajudicial/avigilajudicial/avigilajudicial/pages/avigilajudicial/avigilajudicial/pages/avigilajudicial/lista_email.php HTTP/1.1" 200 54693 "-" "Mozilla/5.0 (compatible; MJ12bot/v1.4.8; http://mj12bot.com/)"
190.85.87.250 - - [12/May/2026:09:25:19 -0500] "GET /afinanciera/cartera_reactivar_vigente_deb.php?ced2=1047495107&numcon=32085&tipo=COA02 HTTP/1.1" 200 187128 "http://www.asjudinet.com/afinanciera/cartera_consulta_vige_deb.php" "Mozilla/5.0 (Windows NT 10.0; Win64; x64) AppleWebKit/537.36 (KHTML, like Gecko) Chrome/148.0.0.0 Safari/537.36"
114.119.150.5 - - [12/May/2026:09:25:20 -0500] "GET /index.php/zzztvsa/39aayzpksh_liqzne72382/principal/principal/Assets/principal/pages/avigilajudicial/pages/principal/ventajas.php HTTP/1.1" 200 54693 "http://www.asjudinet.com/index.php/zzztvsa/39aayzpksh_liqzne72382/principal/principal/Assets/principal/pages/avigilajudicial/pages/val_usuarios_IURIS.php" "Mozilla/5.0 (Linux; Android 7.0;) AppleWebKit/537.36 (HTML, like Gecko) Mobile Safari/537.36 (compatible; PetalBot;+https://webmaster.petalsearch.com/site/petalbot)"
185.104.164.156 - - [12/May/2026:09:26:26 -0500] "GET / HTTP/1.1" 200 54693 "-" "Mozilla/5.0 (Windows NT 10.0; Win64; x64) AppleWebKit/537.36 (KHTML, like Gecko) Chrome/147.0.0.0 Safari/537.36"
190.85.87.250 - - [12/May/2026:09:26:31 -0500] "GET /consulta_cartera.php HTTP/1.1" 200 4668 "http://www.asjudinet.com/cartera_consulta_titu_usuario.php?ced2=1124823919&numcon=37123" "Mozilla/5.0 (Windows NT 10.0; Win64; x64) AppleWebKit/537.36 (KHTML, like Gecko) Chrome/147.0.0.0 Safari/537.36"
190.85.87.250 - - [12/May/2026:09:26:32 -0500] "GET /consulta_ced_info_servi.php HTTP/1.1" 200 4523 "http://www.asjudinet.com/consulta_cartera.php" "Mozilla/5.0 (Windows NT 10.0; Win64; x64) AppleWebKit/537.36 (KHTML, like Gecko) Chrome/147.0.0.0 Safari/537.36"
114.119.137.103 - - [12/May/2026:09:26:41 -0500] "GET /index.php/zzztvsa/39aayzpksh_liqzne72382/principal/pages/pages/pages/avigilajudicial/avigilajudicial/ELEMENTS/otros/principal/NoticiasImportantes.php HTTP/1.1" 200 54693 "http://www.asjudinet.com/index.php/zzztvsa/39aayzpksh_liqzne72382/principal/pages/pages/pages/avigilajudicial/avigilajudicial/ELEMENTS/otros/validar_usuarios_pagina.php" "Mozilla/5.0 (Linux; Android 7.0;) AppleWebKit/537.36 (HTML, like Gecko) Mobile Safari/537.36 (compatible; PetalBot;+https://webmaster.petalsearch.com/site/petalbot)"
190.85.87.250 - - [12/May/2026:09:26:41 -0500] "POST /consulta_ced_info_servi.php HTTP/1.1" 200 6148 "http://www.asjudinet.com/consulta_ced_info_servi.php" "Mozilla/5.0 (Windows NT 10.0; Win64; x64) AppleWebKit/537.36 (KHTML, like Gecko) Chrome/147.0.0.0 Safari/537.36"
190.85.87.250 - - [12/May/2026:09:27:02 -0500] "GET /consulta_cartera.php HTTP/1.1" 200 4668 "http://www.asjudinet.com/cartera_consul_bene_usuario.php?ced2=38610413&numcon=11152" "Mozilla/5.0 (Windows NT 10.0; Win64; x64) AppleWebKit/537.36 (KHTML, like Gecko) Chrome/147.0.0.0 Safari/537.36"
190.85.87.250 - - [12/May/2026:09:27:03 -0500] "GET /consulta_ced_info_servi.php HTTP/1.1" 200 4523 "http://www.asjudinet.com/consulta_cartera.php" "Mozilla/5.0 (Windows NT 10.0; Win64; x64) AppleWebKit/537.36 (KHTML, like Gecko) Chrome/147.0.0.0 Safari/537.36"
190.85.87.250 - - [12/May/2026:09:27:03 -0500] "GET /callcenter/validar_recepcionistas.php?ced=1124077740&nom=ORTIZ%20SUAREZ%20YUSNEHIDI HTTP/1.1" 200 7960 "http://www.asjudinet.com/callcenter/menu_callcenter.php?ced=1124077740&nom=ORTIZ%20SUAREZ%20YUSNEHIDI" "Mozilla/5.0 (Windows NT 10.0; Win64; x64) AppleWebKit/537.36 (KHTML, like Gecko) Chrome/147.0.0.0 Safari/537.36"
190.85.87.250 - - [12/May/2026:09:27:05 -0500] "POST /callcenter/validar_recepcionistas.php HTTP/1.1" 200 8050 "http://www.asjudinet.com/callcenter/validar_recepcionistas.php?ced=1124077740&nom=ORTIZ%20SUAREZ%20YUSNEHIDI" "Mozilla/5.0 (Windows NT 10.0; Win64; x64) AppleWebKit/537.36 (KHTML, like Gecko) Chrome/147.0.0.0 Safari/537.36"
190.85.87.250 - - [12/May/2026:09:27:06 -0500] "GET /callcenter/solicitud_cita.php?ced=1124077740&nom=ORTIZ%20SUAREZ%20YUSNEHIDI HTTP/1.1" 200 5668 "http://www.asjudinet.com/callcenter/validar_recepcionistas.php" "Mozilla/5.0 (Windows NT 10.0; Win64; x64) AppleWebKit/537.36 (KHTML, like Gecko) Chrome/147.0.0.0 Safari/537.36"
190.85.87.250 - - [12/May/2026:09:27:13 -0500] "GET /callcenter/respuesta_tickets.php?cedulita=74360930&numcon=29514&fecha=2026-04-30&atencion=106066 HTTP/1.1" 200 19213 "http://www.asjudinet.com/callcenter/solicitud_cita.php?ced=1124077740&nom=ORTIZ%20SUAREZ%20YUSNEHIDI" "Mozilla/5.0 (Windows NT 10.0; Win64; x64) AppleWebKit/537.36 (KHTML, like Gecko) Chrome/147.0.0.0 Safari/537.36"
190.85.87.250 - - [12/May/2026:09:27:16 -0500] "POST /consulta_ced_info_servi.php HTTP/1.1" 200 6143 "http://www.asjudinet.com/consulta_ced_info_servi.php" "Mozilla/5.0 (Windows NT 10.0; Win64; x64) AppleWebKit/537.36 (KHTML, like Gecko) Chrome/147.0.0.0 Safari/537.36"
190.67.203.19 - - [12/May/2026:09:27:20 -0500] "GET /val_usuarios.php HTTP/1.1" 200 7808 "http://www.asjudinet.com/" "Mozilla/5.0 (Windows NT 10.0; Win64; x64) AppleWebKit/537.36 (KHTML, like Gecko) Chrome/148.0.0.0 Safari/537.36"
190.85.87.250 - - [12/May/2026:09:27:19 -0500] "GET /cartera_consulta_titu_usuario.php?ced2=74360930&numcon=29514 HTTP/1.1" 200 209619 "http://www.asjudinet.com/consulta_ced_info_servi.php" "Mozilla/5.0 (Windows NT 10.0; Win64; x64) AppleWebKit/537.36 (KHTML, like Gecko) Chrome/147.0.0.0 Safari/537.36"
190.85.87.250 - - [12/May/2026:09:27:22 -0500] "GET /cartera_consulta_titu_usuario.php?ced2=1047495107&numcon=32085 HTTP/1.1" 200 186587 "http://www.asjudinet.com/consulta_ced_info_servi.php" "Mozilla/5.0 (Windows NT 10.0; Win64; x64) AppleWebKit/537.36 (KHTML, like Gecko) Chrome/147.0.0.0 Safari/537.36"
190.85.87.250 - - [12/May/2026:09:27:23 -0500] "POST /cartera_consulta_titu_usuario.php?ced2=74360930&numcon=29514 HTTP/1.1" 200 24951 "http://www.asjudinet.com/cartera_consulta_titu_usuario.php?ced2=74360930&numcon=29514" "Mozilla/5.0 (Windows NT 10.0; Win64; x64) AppleWebKit/537.36 (KHTML, like Gecko) Chrome/147.0.0.0 Safari/537.36"
190.85.87.250 - - [12/May/2026:09:27:24 -0500] "GET /cartera_num_procesos_sus.php?ced2=74360930&numcon=29514 HTTP/1.1" 200 29094 "http://www.asjudinet.com/cartera_consulta_titu_usuario.php?ced2=74360930&numcon=29514" "Mozilla/5.0 (Windows NT 10.0; Win64; x64) AppleWebKit/537.36 (KHTML, like Gecko) Chrome/147.0.0.0 Safari/537.36"
185.104.164.156 - - [12/May/2026:09:27:28 -0500] "GET / HTTP/1.1" 200 54693 "-" "Mozilla/5.0 (Windows NT 10.0; Win64; x64) AppleWebKit/537.36 (KHTML, like Gecko) Chrome/147.0.0.0 Safari/537.36"
190.85.87.250 - - [12/May/2026:09:27:36 -0500] "GET /callcenter/respuesta_tickets.php?cedulita=1047495107&numcon=32085&fecha=2026-05-12&atencion=106223 HTTP/1.1" 200 14566 "http://www.asjudinet.com/callcenter/solicitud_cita.php?ced=1000505297&nom=CORTAZAR%20HERRERA%20SERGIO%20ALEJANDRO" "Mozilla/5.0 (Windows NT 10.0; Win64; x64) AppleWebKit/537.36 (KHTML, like Gecko) Chrome/147.0.0.0 Safari/537.36"
190.85.191.209 - - [12/May/2026:09:27:40 -0500] "GET /consulta_cartera.php HTTP/1.1" 200 4668 "http://www.asjudinet.com/cartera_consulta_titu_usuario.php?ced2=1047495107&numcon=32085" "Mozilla/5.0 (Windows NT 10.0; Win64; x64) AppleWebKit/537.36 (KHTML, like Gecko) Chrome/148.0.0.0 Safari/537.36"
190.85.191.209 - - [12/May/2026:09:27:41 -0500] "GET /consulta_ced_info_servi.php HTTP/1.1" 200 4523 "http://www.asjudinet.com/consulta_cartera.php" "Mozilla/5.0 (Windows NT 10.0; Win64; x64) AppleWebKit/537.36 (KHTML, like Gecko) Chrome/148.0.0.0 Safari/537.36"
190.67.203.19 - - [12/May/2026:09:27:42 -0500] "POST /val_usuarios.php HTTP/1.1" 200 154 "http://www.asjudinet.com/val_usuarios.php" "Mozilla/5.0 (Windows NT 10.0; Win64; x64) AppleWebKit/537.36 (KHTML, like Gecko) Chrome/148.0.0.0 Safari/537.36"
190.67.203.19 - - [12/May/2026:09:27:42 -0500] "GET /menu_admin.php?ced=93476074&nom=MANJARRES%20TAPIERO%20JULIO%20ERNESTO&aaa=488&cargo=488 HTTP/1.1" 200 55572 "http://www.asjudinet.com/val_usuarios.php" "Mozilla/5.0 (Windows NT 10.0; Win64; x64) AppleWebKit/537.36 (KHTML, like Gecko) Chrome/148.0.0.0 Safari/537.36"
190.67.203.19 - - [12/May/2026:09:27:43 -0500] "GET /css/menu_admin.css HTTP/1.1" 200 2437 "http://www.asjudinet.com/menu_admin.php?ced=93476074&nom=MANJARRES%20TAPIERO%20JULIO%20ERNESTO&aaa=488&cargo=488" "Mozilla/5.0 (Windows NT 10.0; Win64; x64) AppleWebKit/537.36 (KHTML, like Gecko) Chrome/148.0.0.0 Safari/537.36"
190.67.203.19 - - [12/May/2026:09:27:43 -0500] "GET /ELEMENTS/fondolaw.jpg HTTP/1.1" 200 56543 "http://www.asjudinet.com/css/menu_admin.css" "Mozilla/5.0 (Windows NT 10.0; Win64; x64) AppleWebKit/537.36 (KHTML, like Gecko) Chrome/148.0.0.0 Safari/537.36"
190.85.87.250 - - [12/May/2026:09:27:45 -0500] "GET /callcenter/respuesta_tickets.php?cedulita=74360930&numcon=29514&fecha=2026-04-30&atencion=106066 HTTP/1.1" 200 19213 "http://www.asjudinet.com/callcenter/solicitud_cita.php?ced=1124077740&nom=ORTIZ%20SUAREZ%20YUSNEHIDI" "Mozilla/5.0 (Windows NT 10.0; Win64; x64) AppleWebKit/537.36 (KHTML, like Gecko) Chrome/147.0.0.0 Safari/537.36"
190.67.203.19 - - [12/May/2026:09:27:52 -0500] "GET /consulta_cartera.php HTTP/1.1" 200 4668 "http://www.asjudinet.com/menu_admin.php?ced=93476074&nom=MANJARRES%20TAPIERO%20JULIO%20ERNESTO&aaa=488&cargo=488" "Mozilla/5.0 (Windows NT 10.0; Win64; x64) AppleWebKit/537.36 (KHTML, like Gecko) Chrome/148.0.0.0 Safari/537.36"
190.67.203.19 - - [12/May/2026:09:27:52 -0500] "GET /ELEMENTOS/fondo_argollado.gif HTTP/1.1" 200 1751 "http://www.asjudinet.com/consulta_cartera.php" "Mozilla/5.0 (Windows NT 10.0; Win64; x64) AppleWebKit/537.36 (KHTML, like Gecko) Chrome/148.0.0.0 Safari/537.36"
190.85.191.209 - - [12/May/2026:09:27:57 -0500] "POST /consulta_ced_info_servi.php HTTP/1.1" 200 6955 "http://www.asjudinet.com/consulta_ced_info_servi.php" "Mozilla/5.0 (Windows NT 10.0; Win64; x64) AppleWebKit/537.36 (KHTML, like Gecko) Chrome/148.0.0.0 Safari/537.36"
190.85.87.250 - - [12/May/2026:09:28:00 -0500] "GET /callcenter/respuesta_tickets.php?cedulita=1047495107&numcon=32085&fecha=2026-05-12&atencion=106223 HTTP/1.1" 200 14566 "http://www.asjudinet.com/callcenter/solicitud_cita.php?ced=1000505297&nom=CORTAZAR%20HERRERA%20SERGIO%20ALEJANDRO" "Mozilla/5.0 (Windows NT 10.0; Win64; x64) AppleWebKit/537.36 (KHTML, like Gecko) Chrome/147.0.0.0 Safari/537.36"
114.119.137.103 - - [12/May/2026:09:28:04 -0500] "GET /index.php/zzztvsa/39aayzpksh_liqzne72382/principal/avigilajudicial/principal/principal/pages/principal/principal/enlaces.php HTTP/1.1" 200 54693 "http://www.asjudinet.com/index.php/zzztvsa/39aayzpksh_liqzne72382/principal/avigilajudicial/principal/principal/pages/principal/contactenos.php" "Mozilla/5.0 (Linux; Android 7.0;) AppleWebKit/537.36 (HTML, like Gecko) Mobile Safari/537.36 (compatible; PetalBot;+https://webmaster.petalsearch.com/site/petalbot)"
18.233.221.210 - - [12/May/2026:09:28:06 -0500] "GET / HTTP/1.1" 200 54693 "-" "Who.is Bot"
190.85.191.209 - - [12/May/2026:09:28:02 -0500] "GET /cartera_consulta_titu_usuario.php?ced2=79961582&numcon=20091 HTTP/1.1" 200 294614 "http://www.asjudinet.com/consulta_ced_info_servi.php" "Mozilla/5.0 (Windows NT 10.0; Win64; x64) AppleWebKit/537.36 (KHTML, like Gecko) Chrome/148.0.0.0 Safari/537.36"
190.85.191.209 - - [12/May/2026:09:28:06 -0500] "POST /cartera_consulta_titu_usuario.php?ced2=79961582&numcon=20091 HTTP/1.1" 200 23256 "http://www.asjudinet.com/cartera_consulta_titu_usuario.php?ced2=79961582&numcon=20091" "Mozilla/5.0 (Windows NT 10.0; Win64; x64) AppleWebKit/537.36 (KHTML, like Gecko) Chrome/148.0.0.0 Safari/537.36"
190.85.87.250 - - [12/May/2026:09:27:08 -0500] "POST /callcenter/solicitud_cita.php?ced=1124077740&nom=ORTIZ%20SUAREZ%20YUSNEHIDI HTTP/1.1" 200 102951 "http://www.asjudinet.com/callcenter/solicitud_cita.php?ced=1124077740&nom=ORTIZ%20SUAREZ%20YUSNEHIDI" "Mozilla/5.0 (Windows NT 10.0; Win64; x64) AppleWebKit/537.36 (KHTML, like Gecko) Chrome/147.0.0.0 Safari/537.36"
190.85.191.209 - - [12/May/2026:09:28:07 -0500] "GET /cartera_num_procesos_sus.php?ced2=79961582&numcon=20091 HTTP/1.1" 200 10258 "http://www.asjudinet.com/cartera_consulta_titu_usuario.php?ced2=79961582&numcon=20091" "Mozilla/5.0 (Windows NT 10.0; Win64; x64) AppleWebKit/537.36 (KHTML, like Gecko) Chrome/148.0.0.0 Safari/537.36"
190.85.191.209 - - [12/May/2026:09:28:12 -0500] "GET /callcenter/validar_recepcionistas.php?ced=1013262853&nom=CASTRO%20ZAPATA%20MARIA%20JOSE HTTP/1.1" 200 7962 "http://www.asjudinet.com/callcenter/menu_callcenter.php?ced=1013262853&nom=CASTRO%20ZAPATA%20MARIA%20JOSE" "Mozilla/5.0 (Windows NT 10.0; Win64; x64) AppleWebKit/537.36 (KHTML, like Gecko) Chrome/148.0.0.0 Safari/537.36"
190.85.191.209 - - [12/May/2026:09:28:14 -0500] "GET /callcenter/menu_callcenter.php?ced=1013262853&nom=CASTRO%20ZAPATA%20MARIA%20JOSE HTTP/1.1" 200 11579 "http://www.asjudinet.com/callcenter/validar_recepcionistas.php?ced=1013262853&nom=CASTRO%20ZAPATA%20MARIA%20JOSE" "Mozilla/5.0 (Windows NT 10.0; Win64; x64) AppleWebKit/537.36 (KHTML, like Gecko) Chrome/148.0.0.0 Safari/537.36"
190.67.203.19 - - [12/May/2026:09:28:14 -0500] "GET /consulta_ced_info_servi.php HTTP/1.1" 200 4523 "http://www.asjudinet.com/consulta_cartera.php" "Mozilla/5.0 (Windows NT 10.0; Win64; x64) AppleWebKit/537.36 (KHTML, like Gecko) Chrome/148.0.0.0 Safari/537.36"
190.85.191.209 - - [12/May/2026:09:28:15 -0500] "GET /callcenter/validar_recepcionistas.php?ced=1013262853&nom=CASTRO%20ZAPATA%20MARIA%20JOSE HTTP/1.1" 200 7962 "http://www.asjudinet.com/callcenter/menu_callcenter.php?ced=1013262853&nom=CASTRO%20ZAPATA%20MARIA%20JOSE" "Mozilla/5.0 (Windows NT 10.0; Win64; x64) AppleWebKit/537.36 (KHTML, like Gecko) Chrome/148.0.0.0 Safari/537.36"
190.85.191.209 - - [12/May/2026:09:28:17 -0500] "POST /callcenter/validar_recepcionistas.php HTTP/1.1" 200 8052 "http://www.asjudinet.com/callcenter/validar_recepcionistas.php?ced=1013262853&nom=CASTRO%20ZAPATA%20MARIA%20JOSE" "Mozilla/5.0 (Windows NT 10.0; Win64; x64) AppleWebKit/537.36 (KHTML, like Gecko) Chrome/148.0.0.0 Safari/537.36"
190.85.191.209 - - [12/May/2026:09:28:17 -0500] "GET /callcenter/solicitud_cita.php?ced=1013262853&nom=CASTRO%20ZAPATA%20MARIA%20JOSE HTTP/1.1" 200 5672 "http://www.asjudinet.com/callcenter/validar_recepcionistas.php" "Mozilla/5.0 (Windows NT 10.0; Win64; x64) AppleWebKit/537.36 (KHTML, like Gecko) Chrome/148.0.0.0 Safari/537.36"
190.85.191.209 - - [12/May/2026:09:28:22 -0500] "GET /callcenter/respuesta_tickets.php?cedulita=79961582&numcon=20091&fecha=2026-04-23&atencion=105946 HTTP/1.1" 200 17404 "http://www.asjudinet.com/callcenter/solicitud_cita.php?ced=1013262853&nom=CASTRO%20ZAPATA%20MARIA%20JOSE" "Mozilla/5.0 (Windows NT 10.0; Win64; x64) AppleWebKit/537.36 (KHTML, like Gecko) Chrome/148.0.0.0 Safari/537.36"
190.85.191.209 - - [12/May/2026:09:28:28 -0500] "GET /callcenter/respuesta_tickets.php?cedulita=79961582&numcon=20091&fecha=2026-04-15&atencion=105810 HTTP/1.1" 200 19452 "http://www.asjudinet.com/callcenter/solicitud_cita.php?ced=1013262853&nom=CASTRO%20ZAPATA%20MARIA%20JOSE" "Mozilla/5.0 (Windows NT 10.0; Win64; x64) AppleWebKit/537.36 (KHTML, like Gecko) Chrome/148.0.0.0 Safari/537.36"
190.85.87.250 - - [12/May/2026:09:28:28 -0500] "POST /afinanciera/cartera_reactivar_vigente_deb.php?ced2=1047495107&numcon=32085&tipo=COA02 HTTP/1.1" 200 187260 "http://www.asjudinet.com/afinanciera/cartera_reactivar_vigente_deb.php?ced2=1047495107&numcon=32085&tipo=COA02" "Mozilla/5.0 (Windows NT 10.0; Win64; x64) AppleWebKit/537.36 (KHTML, like Gecko) Chrome/148.0.0.0 Safari/537.36"
190.85.87.250 - - [12/May/2026:09:28:31 -0500] "GET /afinanciera/cartera_consulta_vige_deb.php HTTP/1.1" 200 5457 "http://www.asjudinet.com/afinanciera/cartera_reactivar_vigente_deb.php?ced2=1047495107&numcon=32085&tipo=COA02" "Mozilla/5.0 (Windows NT 10.0; Win64; x64) AppleWebKit/537.36 (KHTML, like Gecko) Chrome/148.0.0.0 Safari/537.36"
190.85.87.250 - - [12/May/2026:09:27:31 -0500] "POST /callcenter/solicitud_cita.php?ced=1000505297&nom=CORTAZAR%20HERRERA%20SERGIO%20ALEJANDRO HTTP/1.1" 200 10712 "http://www.asjudinet.com/callcenter/solicitud_cita.php?ced=1000505297&nom=CORTAZAR%20HERRERA%20SERGIO%20ALEJANDRO" "Mozilla/5.0 (Windows NT 10.0; Win64; x64) AppleWebKit/537.36 (KHTML, like Gecko) Chrome/147.0.0.0 Safari/537.36"
190.85.87.250 - - [12/May/2026:09:28:33 -0500] "GET /callcenter/respuesta_tickets.php?cedulita=74360930&numcon=29514&fecha=2026-04-30&atencion=106066 HTTP/1.1" 200 19213 "http://www.asjudinet.com/callcenter/solicitud_cita.php?ced=1124077740&nom=ORTIZ%20SUAREZ%20YUSNEHIDI" "Mozilla/5.0 (Windows NT 10.0; Win64; x64) AppleWebKit/537.36 (KHTML, like Gecko) Chrome/147.0.0.0 Safari/537.36"
190.67.203.19 - - [12/May/2026:09:28:35 -0500] "POST /consulta_ced_info_servi.php HTTP/1.1" 200 6139 "http://www.asjudinet.com/consulta_ced_info_servi.php" "Mozilla/5.0 (Windows NT 10.0; Win64; x64) AppleWebKit/537.36 (KHTML, like Gecko) Chrome/148.0.0.0 Safari/537.36"
190.85.87.250 - - [12/May/2026:09:28:39 -0500] "POST /afinanciera/cartera_consultar_cargar_deb.php HTTP/1.1" 200 6037 "http://www.asjudinet.com/afinanciera/cartera_consultar_cargar_deb.php" "Mozilla/5.0 (Windows NT 10.0; Win64; x64) AppleWebKit/537.36 (KHTML, like Gecko) Chrome/148.0.0.0 Safari/537.36"
190.85.191.209 - - [12/May/2026:09:28:40 -0500] "GET /fondo_argollado.gif HTTP/1.1" 404 - "http://www.asjudinet.com/mostrar_actuaciones_historicas.php?proceso=11001311003120210017600&id=79961582" "Mozilla/5.0 (Windows NT 10.0; Win64; x64) AppleWebKit/537.36 (KHTML, like Gecko) Chrome/148.0.0.0 Safari/537.36"
190.85.191.209 - - [12/May/2026:09:28:40 -0500] "GET /mostrar_actuaciones_historicas.php?proceso=11001311003120210017600&id=79961582 HTTP/1.1" 200 19808 "http://www.asjudinet.com/cartera_num_procesos_sus.php?ced2=79961582&numcon=20091" "Mozilla/5.0 (Windows NT 10.0; Win64; x64) AppleWebKit/537.36 (KHTML, like Gecko) Chrome/148.0.0.0 Safari/537.36"
190.67.203.19 - - [12/May/2026:09:28:38 -0500] "GET /cartera_consulta_titu_usuario.php?ced2=1108931535&numcon=30857 HTTP/1.1" 200 202080 "http://www.asjudinet.com/consulta_ced_info_servi.php" "Mozilla/5.0 (Windows NT 10.0; Win64; x64) AppleWebKit/537.36 (KHTML, like Gecko) Chrome/148.0.0.0 Safari/537.36"
190.85.87.250 - - [12/May/2026:09:28:40 -0500] "GET /afinanciera/cartera_cargar_manual_deb.php?ced2=12502652&numcon=5182 HTTP/1.1" 200 366911 "http://www.asjudinet.com/afinanciera/cartera_consultar_cargar_deb.php" "Mozilla/5.0 (Windows NT 10.0; Win64; x64) AppleWebKit/537.36 (KHTML, like Gecko) Chrome/148.0.0.0 Safari/537.36"
190.85.87.250 - - [12/May/2026:09:28:44 -0500] "GET /callcenter/solicitud_cita_ingreso.php?numcon=29514&cedulita=74360930&funcionario=1124077740 HTTP/1.1" 200 49040 "http://www.asjudinet.com/callcenter/solicitud_cita.php?ced=1124077740&nom=ORTIZ%20SUAREZ%20YUSNEHIDI" "Mozilla/5.0 (Windows NT 10.0; Win64; x64) AppleWebKit/537.36 (KHTML, like Gecko) Chrome/147.0.0.0 Safari/537.36"
190.85.87.250 - - [12/May/2026:09:28:45 -0500] "GET /cartera_consulta_titu_usuario.php?ced2=1047495107&numcon=32085 HTTP/1.1" 200 186555 "http://www.asjudinet.com/consulta_ced_info_servi.php" "Mozilla/5.0 (Windows NT 10.0; Win64; x64) AppleWebKit/537.36 (KHTML, like Gecko) Chrome/147.0.0.0 Safari/537.36"
190.85.87.250 - - [12/May/2026:09:28:56 -0500] "GET /callcenter/solicitud_cita_ingreso.php?numcon=32085&cedulita=1047495107&funcionario=1000505297 HTTP/1.1" 200 49030 "http://www.asjudinet.com/callcenter/solicitud_cita.php?ced=1000505297&nom=CORTAZAR%20HERRERA%20SERGIO%20ALEJANDRO" "Mozilla/5.0 (Windows NT 10.0; Win64; x64) AppleWebKit/537.36 (KHTML, like Gecko) Chrome/147.0.0.0 Safari/537.36"
190.85.191.209 - - [12/May/2026:09:29:10 -0500] "GET /fondo_argollado.gif HTTP/1.1" 404 - "http://www.asjudinet.com/mostrar_actuaciones_historicas.php?proceso=11001311003120210017600&id=79961582" "Mozilla/5.0 (Windows NT 10.0; Win64; x64) AppleWebKit/537.36 (KHTML, like Gecko) Chrome/148.0.0.0 Safari/537.36"
190.85.191.209 - - [12/May/2026:09:29:10 -0500] "GET /mostrar_actuaciones_historicas.php?proceso=11001311003120210017600&id=79961582 HTTP/1.1" 200 19808 "http://www.asjudinet.com/cartera_num_procesos_sus.php?ced2=79961582&numcon=20091" "Mozilla/5.0 (Windows NT 10.0; Win64; x64) AppleWebKit/537.36 (KHTML, like Gecko) Chrome/148.0.0.0 Safari/537.36"
190.85.87.250 - - [12/May/2026:09:29:14 -0500] "POST /afinanciera/cartera_consultar_cargar_deb.php HTTP/1.1" 200 6491 "http://www.asjudinet.com/afinanciera/cartera_consultar_cargar_deb.php" "Mozilla/5.0 (Windows NT 10.0; Win64; x64) AppleWebKit/537.36 (KHTML, like Gecko) Chrome/148.0.0.0 Safari/537.36"
190.85.191.209 - - [12/May/2026:09:29:15 -0500] "GET /fondo_argollado.gif HTTP/1.1" 404 - "http://www.asjudinet.com/mostrar_actuaciones_historicas.php?proceso=11001311003120210017600&id=79961582" "Mozilla/5.0 (Windows NT 10.0; Win64; x64) AppleWebKit/537.36 (KHTML, like Gecko) Chrome/148.0.0.0 Safari/537.36"
190.85.191.209 - - [12/May/2026:09:29:15 -0500] "GET /mostrar_actuaciones_historicas.php?proceso=11001311003120210017600&id=79961582 HTTP/1.1" 200 19808 "http://www.asjudinet.com/cartera_num_procesos_sus.php?ced2=79961582&numcon=20091" "Mozilla/5.0 (Windows NT 10.0; Win64; x64) AppleWebKit/537.36 (KHTML, like Gecko) Chrome/148.0.0.0 Safari/537.36"
190.85.191.209 - - [12/May/2026:09:28:19 -0500] "POST /callcenter/solicitud_cita.php?ced=1013262853&nom=CASTRO%20ZAPATA%20MARIA%20JOSE HTTP/1.1" 200 30356 "http://www.asjudinet.com/callcenter/solicitud_cita.php?ced=1013262853&nom=CASTRO%20ZAPATA%20MARIA%20JOSE" "Mozilla/5.0 (Windows NT 10.0; Win64; x64) AppleWebKit/537.36 (KHTML, like Gecko) Chrome/148.0.0.0 Safari/537.36"
190.85.87.250 - - [12/May/2026:09:29:16 -0500] "GET /afinanciera/cartera_cargar_manual_deb.php?ced2=91111475&numcon=5417 HTTP/1.1" 200 189804 "http://www.asjudinet.com/afinanciera/cartera_consultar_cargar_deb.php" "Mozilla/5.0 (Windows NT 10.0; Win64; x64) AppleWebKit/537.36 (KHTML, like Gecko) Chrome/148.0.0.0 Safari/537.36"
190.85.87.250 - - [12/May/2026:09:29:25 -0500] "GET /afinanciera/cartera_cargar_manual_deb.php?ced2=91111475&numcon=5417A HTTP/1.1" 200 177418 "http://www.asjudinet.com/afinanciera/cartera_consultar_cargar_deb.php" "Mozilla/5.0 (Windows NT 10.0; Win64; x64) AppleWebKit/537.36 (KHTML, like Gecko) Chrome/148.0.0.0 Safari/537.36"
190.85.191.209 - - [12/May/2026:09:29:30 -0500] "GET /fondo_argollado.gif HTTP/1.1" 404 - "http://www.asjudinet.com/mostrar_actuaciones_historicas.php?proceso=11001311003120210017600&id=79961582" "Mozilla/5.0 (Windows NT 10.0; Win64; x64) AppleWebKit/537.36 (KHTML, like Gecko) Chrome/148.0.0.0 Safari/537.36"
190.85.191.209 - - [12/May/2026:09:29:30 -0500] "GET /mostrar_actuaciones_historicas.php?proceso=11001311003120210017600&id=79961582 HTTP/1.1" 200 19808 "http://www.asjudinet.com/cartera_num_procesos_sus.php?ced2=79961582&numcon=20091" "Mozilla/5.0 (Windows NT 10.0; Win64; x64) AppleWebKit/537.36 (KHTML, like Gecko) Chrome/148.0.0.0 Safari/537.36"
190.85.87.250 - - [12/May/2026:09:28:52 -0500] "POST /callcenter/solicitud_cita.php?ced=1000505297&nom=CORTAZAR%20HERRERA%20SERGIO%20ALEJANDRO HTTP/1.1" 200 10710 "http://www.asjudinet.com/callcenter/solicitud_cita.php?ced=1000505297&nom=CORTAZAR%20HERRERA%20SERGIO%20ALEJANDRO" "Mozilla/5.0 (Windows NT 10.0; Win64; x64) AppleWebKit/537.36 (KHTML, like Gecko) Chrome/147.0.0.0 Safari/537.36"
190.85.191.209 - - [12/May/2026:09:30:26 -0500] "GET /fondo_argollado.gif HTTP/1.1" 404 - "http://www.asjudinet.com/mostrar_actuaciones_historicas.php?proceso=11001311003120210017600&id=79961582" "Mozilla/5.0 (Windows NT 10.0; Win64; x64) AppleWebKit/537.36 (KHTML, like Gecko) Chrome/148.0.0.0 Safari/537.36"
190.85.191.209 - - [12/May/2026:09:30:26 -0500] "GET /mostrar_actuaciones_historicas.php?proceso=11001311003120210017600&id=79961582 HTTP/1.1" 200 19808 "http://www.asjudinet.com/cartera_num_procesos_sus.php?ced2=79961582&numcon=20091" "Mozilla/5.0 (Windows NT 10.0; Win64; x64) AppleWebKit/537.36 (KHTML, like Gecko) Chrome/148.0.0.0 Safari/537.36"
190.85.191.209 - - [12/May/2026:09:30:30 -0500] "GET /fondo_argollado.gif HTTP/1.1" 404 - "http://www.asjudinet.com/mostrar_actuaciones_historicas.php?proceso=11001311003120210017600&id=79961582" "Mozilla/5.0 (Windows NT 10.0; Win64; x64) AppleWebKit/537.36 (KHTML, like Gecko) Chrome/148.0.0.0 Safari/537.36"
190.85.191.209 - - [12/May/2026:09:30:30 -0500] "GET /mostrar_actuaciones_historicas.php?proceso=11001311003120210017600&id=79961582 HTTP/1.1" 200 19808 "http://www.asjudinet.com/cartera_num_procesos_sus.php?ced2=79961582&numcon=20091" "Mozilla/5.0 (Windows NT 10.0; Win64; x64) AppleWebKit/537.36 (KHTML, like Gecko) Chrome/148.0.0.0 Safari/537.36"
190.85.87.250 - - [12/May/2026:09:30:42 -0500] "POST /callcenter/solicitud_cita_ingreso.php?numcon=29514&cedulita=74360930&funcionario=1124077740 HTTP/1.1" 200 49259 "http://www.asjudinet.com/callcenter/solicitud_cita_ingreso.php?numcon=29514&cedulita=74360930&funcionario=1124077740" "Mozilla/5.0 (Windows NT 10.0; Win64; x64) AppleWebKit/537.36 (KHTML, like Gecko) Chrome/147.0.0.0 Safari/537.36"
190.85.87.250 - - [12/May/2026:09:30:43 -0500] "GET /callcenter/menu_callcenter.php?ced=1124077740&nom=ORTIZ%20SUAREZ%20YUSNEHIDI HTTP/1.1" 200 11513 "http://www.asjudinet.com/callcenter/solicitud_cita_ingreso.php?numcon=29514&cedulita=74360930&funcionario=1124077740" "Mozilla/5.0 (Windows NT 10.0; Win64; x64) AppleWebKit/537.36 (KHTML, like Gecko) Chrome/147.0.0.0 Safari/537.36"
190.85.87.250 - - [12/May/2026:09:30:44 -0500] "POST /afinanciera/cartera_cargar_manual_deb.php?ced2=91111475&numcon=5417A HTTP/1.1" 200 179175 "http://www.asjudinet.com/afinanciera/cartera_cargar_manual_deb.php?ced2=91111475&numcon=5417A" "Mozilla/5.0 (Windows NT 10.0; Win64; x64) AppleWebKit/537.36 (KHTML, like Gecko) Chrome/148.0.0.0 Safari/537.36"
190.85.87.250 - - [12/May/2026:09:31:02 -0500] "GET /consulta_cartera.php HTTP/1.1" 200 4668 "-" "Mozilla/5.0 (Windows NT 10.0; Win64; x64) AppleWebKit/537.36 (KHTML, like Gecko) Chrome/147.0.0.0 Safari/537.36"
190.85.87.250 - - [12/May/2026:09:31:06 -0500] "GET /callcenter/solicitud_cita.php?ced=1143339970&nom=FALCON%20TEJADA%20KAREN%20ELIANA HTTP/1.1" 200 5676 "-" "Mozilla/5.0 (Windows NT 10.0; Win64; x64) AppleWebKit/537.36 (KHTML, like Gecko) Chrome/147.0.0.0 Safari/537.36"
190.85.87.250 - - [12/May/2026:09:31:18 -0500] "GET /callcenter/listado_cobranzas.php?ced=53002239&nom=PE%D1A%20ORTIZ%20ALBA%20ROCIO HTTP/1.1" 200 11531 "-" "Mozilla/5.0 (Windows NT 10.0; Win64; x64) AppleWebKit/537.36 (KHTML, like Gecko) Chrome/148.0.0.0 Safari/537.36"
190.85.87.250 - - [12/May/2026:09:31:24 -0500] "GET /callcenter/respuesta_cobranzas.php?cedulita=1047495107&numcon=32085&fecha=2026-05-12&atencion=106223&funcionario=53002239 HTTP/1.1" 200 14376 "http://www.asjudinet.com/callcenter/listado_cobranzas.php?ced=53002239&nom=PE%D1A%20ORTIZ%20ALBA%20ROCIO" "Mozilla/5.0 (Windows NT 10.0; Win64; x64) AppleWebKit/537.36 (KHTML, like Gecko) Chrome/148.0.0.0 Safari/537.36"
190.85.87.250 - - [12/May/2026:09:31:39 -0500] "GET /consulta_ced_info_servi.php HTTP/1.1" 200 4605 "http://www.asjudinet.com/consulta_cartera.php" "Mozilla/5.0 (Windows NT 10.0; Win64; x64) AppleWebKit/537.36 (KHTML, like Gecko) Chrome/147.0.0.0 Safari/537.36"
190.85.87.250 - - [12/May/2026:09:31:40 -0500] "GET / HTTP/1.1" 200 54693 "http://www.asjudinet.com/consulta_ced_info_servi.php" "Mozilla/5.0 (Windows NT 10.0; Win64; x64) AppleWebKit/537.36 (KHTML, like Gecko) Chrome/147.0.0.0 Safari/537.36"
190.85.87.250 - - [12/May/2026:09:31:40 -0500] "GET /css/leaflet.css HTTP/1.1" 200 13471 "http://www.asjudinet.com/" "Mozilla/5.0 (Windows NT 10.0; Win64; x64) AppleWebKit/537.36 (KHTML, like Gecko) Chrome/147.0.0.0 Safari/537.36"
190.85.87.250 - - [12/May/2026:09:31:40 -0500] "GET /css/all.min.css HTTP/1.1" 200 53592 "http://www.asjudinet.com/" "Mozilla/5.0 (Windows NT 10.0; Win64; x64) AppleWebKit/537.36 (KHTML, like Gecko) Chrome/147.0.0.0 Safari/537.36"
190.85.87.250 - - [12/May/2026:09:31:40 -0500] "GET /css/menu_prueba.css HTTP/1.1" 200 7408 "http://www.asjudinet.com/" "Mozilla/5.0 (Windows NT 10.0; Win64; x64) AppleWebKit/537.36 (KHTML, like Gecko) Chrome/147.0.0.0 Safari/537.36"
190.85.87.250 - - [12/May/2026:09:31:40 -0500] "GET /ELEMENTS/otros/sesion.png HTTP/1.1" 200 4344 "http://www.asjudinet.com/" "Mozilla/5.0 (Windows NT 10.0; Win64; x64) AppleWebKit/537.36 (KHTML, like Gecko) Chrome/147.0.0.0 Safari/537.36"
190.85.87.250 - - [12/May/2026:09:31:40 -0500] "GET /css/asjudinet.css HTTP/1.1" 200 21269 "http://www.asjudinet.com/" "Mozilla/5.0 (Windows NT 10.0; Win64; x64) AppleWebKit/537.36 (KHTML, like Gecko) Chrome/147.0.0.0 Safari/537.36"
190.85.87.250 - - [12/May/2026:09:31:40 -0500] "GET /images/pse-logo.png HTTP/1.1" 200 57808 "http://www.asjudinet.com/" "Mozilla/5.0 (Windows NT 10.0; Win64; x64) AppleWebKit/537.36 (KHTML, like Gecko) Chrome/147.0.0.0 Safari/537.36"
190.85.87.250 - - [12/May/2026:09:31:40 -0500] "GET /js/jquery_3.3.1.js HTTP/1.1" 200 86926 "http://www.asjudinet.com/" "Mozilla/5.0 (Windows NT 10.0; Win64; x64) AppleWebKit/537.36 (KHTML, like Gecko) Chrome/147.0.0.0 Safari/537.36"
190.85.87.250 - - [12/May/2026:09:31:40 -0500] "GET /ELEMENTS/principal/atenea.jpg HTTP/1.1" 200 168483 "http://www.asjudinet.com/" "Mozilla/5.0 (Windows NT 10.0; Win64; x64) AppleWebKit/537.36 (KHTML, like Gecko) Chrome/147.0.0.0 Safari/537.36"
190.85.87.250 - - [12/May/2026:09:31:41 -0500] "GET /ELEMENTS/principal/suscri_contrato.jpg HTTP/1.1" 200 61301 "http://www.asjudinet.com/" "Mozilla/5.0 (Windows NT 10.0; Win64; x64) AppleWebKit/537.36 (KHTML, like Gecko) Chrome/147.0.0.0 Safari/537.36"
190.85.87.250 - - [12/May/2026:09:31:41 -0500] "GET /js/menu_prueba.js HTTP/1.1" 200 1678 "http://www.asjudinet.com/" "Mozilla/5.0 (Windows NT 10.0; Win64; x64) AppleWebKit/537.36 (KHTML, like Gecko) Chrome/147.0.0.0 Safari/537.36"
190.85.87.250 - - [12/May/2026:09:31:41 -0500] "GET /ELEMENTS/principal/login.png HTTP/1.1" 200 8013 "http://www.asjudinet.com/" "Mozilla/5.0 (Windows NT 10.0; Win64; x64) AppleWebKit/537.36 (KHTML, like Gecko) Chrome/147.0.0.0 Safari/537.36"
190.85.87.250 - - [12/May/2026:09:31:41 -0500] "GET /js/bootstrap.min.js HTTP/1.1" 200 50731 "http://www.asjudinet.com/" "Mozilla/5.0 (Windows NT 10.0; Win64; x64) AppleWebKit/537.36 (KHTML, like Gecko) Chrome/147.0.0.0 Safari/537.36"
190.85.87.250 - - [12/May/2026:09:31:41 -0500] "GET /ELEMENTS/principal/dinero1.jpg HTTP/1.1" 200 57035 "http://www.asjudinet.com/" "Mozilla/5.0 (Windows NT 10.0; Win64; x64) AppleWebKit/537.36 (KHTML, like Gecko) Chrome/147.0.0.0 Safari/537.36"
190.85.87.250 - - [12/May/2026:09:31:41 -0500] "GET /ELEMENTS/fondos/blanco.jpg HTTP/1.1" 200 28580 "http://www.asjudinet.com/css/asjudinet.css" "Mozilla/5.0 (Windows NT 10.0; Win64; x64) AppleWebKit/537.36 (KHTML, like Gecko) Chrome/147.0.0.0 Safari/537.36"
190.85.87.250 - - [12/May/2026:09:31:41 -0500] "GET /js/leaflet.js HTTP/1.1" 200 141125 "http://www.asjudinet.com/" "Mozilla/5.0 (Windows NT 10.0; Win64; x64) AppleWebKit/537.36 (KHTML, like Gecko) Chrome/147.0.0.0 Safari/537.36"
190.85.87.250 - - [12/May/2026:09:31:41 -0500] "GET /webfonts/fa-brands-400.woff2 HTTP/1.1" 200 74288 "http://www.asjudinet.com/css/all.min.css" "Mozilla/5.0 (Windows NT 10.0; Win64; x64) AppleWebKit/537.36 (KHTML, like Gecko) Chrome/147.0.0.0 Safari/537.36"
190.85.87.250 - - [12/May/2026:09:31:41 -0500] "GET /ELEMENTS/principal/agendarse.png HTTP/1.1" 200 72950 "http://www.asjudinet.com/" "Mozilla/5.0 (Windows NT 10.0; Win64; x64) AppleWebKit/537.36 (KHTML, like Gecko) Chrome/147.0.0.0 Safari/537.36"
190.85.87.250 - - [12/May/2026:09:31:41 -0500] "GET /ELEMENTS/principal/icallcenter4.jpg HTTP/1.1" 200 226303 "http://www.asjudinet.com/css/asjudinet.css" "Mozilla/5.0 (Windows NT 10.0; Win64; x64) AppleWebKit/537.36 (KHTML, like Gecko) Chrome/147.0.0.0 Safari/537.36"
190.85.87.250 - - [12/May/2026:09:31:41 -0500] "GET /ELEMENTS/principal/callcenter1.png HTTP/1.1" 200 127656 "http://www.asjudinet.com/" "Mozilla/5.0 (Windows NT 10.0; Win64; x64) AppleWebKit/537.36 (KHTML, like Gecko) Chrome/147.0.0.0 Safari/537.36"
190.85.87.250 - - [12/May/2026:09:31:41 -0500] "GET /ELEMENTS/principal/iuris.png HTTP/1.1" 200 165644 "http://www.asjudinet.com/" "Mozilla/5.0 (Windows NT 10.0; Win64; x64) AppleWebKit/537.36 (KHTML, like Gecko) Chrome/147.0.0.0 Safari/537.36"
190.85.87.250 - - [12/May/2026:09:31:41 -0500] "GET /ELEMENTS/bannerInterasjudinet.jpg HTTP/1.1" 200 286717 "http://www.asjudinet.com/css/asjudinet.css" "Mozilla/5.0 (Windows NT 10.0; Win64; x64) AppleWebKit/537.36 (KHTML, like Gecko) Chrome/147.0.0.0 Safari/537.36"
190.85.87.250 - - [12/May/2026:09:31:41 -0500] "GET /ELEMENTS/principal/proceso22.jpg HTTP/1.1" 200 53746 "http://www.asjudinet.com/" "Mozilla/5.0 (Windows NT 10.0; Win64; x64) AppleWebKit/537.36 (KHTML, like Gecko) Chrome/147.0.0.0 Safari/537.36"
190.85.87.250 - - [12/May/2026:09:31:41 -0500] "GET /ELEMENTS/principal/ServicioCliente.jpg HTTP/1.1" 200 29935 "http://www.asjudinet.com/" "Mozilla/5.0 (Windows NT 10.0; Win64; x64) AppleWebKit/537.36 (KHTML, like Gecko) Chrome/147.0.0.0 Safari/537.36"
190.85.87.250 - - [12/May/2026:09:31:41 -0500] "GET /webfonts/fa-solid-900.woff2 HTTP/1.1" 200 79100 "http://www.asjudinet.com/css/all.min.css" "Mozilla/5.0 (Windows NT 10.0; Win64; x64) AppleWebKit/537.36 (KHTML, like Gecko) Chrome/147.0.0.0 Safari/537.36"
190.85.87.250 - - [12/May/2026:09:31:41 -0500] "GET /ELEMENTS/principal/1.png HTTP/1.1" 200 97076 "http://www.asjudinet.com/" "Mozilla/5.0 (Windows NT 10.0; Win64; x64) AppleWebKit/537.36 (KHTML, like Gecko) Chrome/147.0.0.0 Safari/537.36"
190.85.87.250 - - [12/May/2026:09:31:41 -0500] "GET /ELEMENTS/principal/seminario1.png HTTP/1.1" 200 247245 "http://www.asjudinet.com/" "Mozilla/5.0 (Windows NT 10.0; Win64; x64) AppleWebKit/537.36 (KHTML, like Gecko) Chrome/147.0.0.0 Safari/537.36"
190.85.87.250 - - [12/May/2026:09:31:41 -0500] "GET /ELEMENTS/principal/2.png HTTP/1.1" 200 92941 "http://www.asjudinet.com/" "Mozilla/5.0 (Windows NT 10.0; Win64; x64) AppleWebKit/537.36 (KHTML, like Gecko) Chrome/147.0.0.0 Safari/537.36"
190.85.87.250 - - [12/May/2026:09:31:41 -0500] "GET /ELEMENTS/principal/3.png HTTP/1.1" 200 77498 "http://www.asjudinet.com/" "Mozilla/5.0 (Windows NT 10.0; Win64; x64) AppleWebKit/537.36 (KHTML, like Gecko) Chrome/147.0.0.0 Safari/537.36"
190.85.87.250 - - [12/May/2026:09:31:41 -0500] "GET /ELEMENTS/principal/acciones_reclamar.png HTTP/1.1" 200 208890 "http://www.asjudinet.com/" "Mozilla/5.0 (Windows NT 10.0; Win64; x64) AppleWebKit/537.36 (KHTML, like Gecko) Chrome/147.0.0.0 Safari/537.36"
190.85.87.250 - - [12/May/2026:09:31:41 -0500] "GET /ELEMENTS/principal/proceso3.png HTTP/1.1" 200 437462 "http://www.asjudinet.com/" "Mozilla/5.0 (Windows NT 10.0; Win64; x64) AppleWebKit/537.36 (KHTML, like Gecko) Chrome/147.0.0.0 Safari/537.36"
190.85.87.250 - - [12/May/2026:09:31:41 -0500] "GET /ELEMENTS/principal/multas1.png HTTP/1.1" 200 39231 "http://www.asjudinet.com/" "Mozilla/5.0 (Windows NT 10.0; Win64; x64) AppleWebKit/537.36 (KHTML, like Gecko) Chrome/147.0.0.0 Safari/537.36"
190.85.87.250 - - [12/May/2026:09:31:41 -0500] "GET /ELEMENTS/principal/multas2.png HTTP/1.1" 200 70544 "http://www.asjudinet.com/" "Mozilla/5.0 (Windows NT 10.0; Win64; x64) AppleWebKit/537.36 (KHTML, like Gecko) Chrome/147.0.0.0 Safari/537.36"
190.85.87.250 - - [12/May/2026:09:31:41 -0500] "GET /ELEMENTS/principal/LoginIuris.jpg HTTP/1.1" 200 39706 "http://www.asjudinet.com/" "Mozilla/5.0 (Windows NT 10.0; Win64; x64) AppleWebKit/537.36 (KHTML, like Gecko) Chrome/147.0.0.0 Safari/537.36"
190.85.87.250 - - [12/May/2026:09:31:41 -0500] "GET /ELEMENTS/blanco.jpg HTTP/1.1" 200 28580 "http://www.asjudinet.com/css/asjudinet.css" "Mozilla/5.0 (Windows NT 10.0; Win64; x64) AppleWebKit/537.36 (KHTML, like Gecko) Chrome/147.0.0.0 Safari/537.36"
190.85.87.250 - - [12/May/2026:09:31:41 -0500] "GET /css/images/marker-icon.png HTTP/1.1" 200 1466 "http://www.asjudinet.com/css/leaflet.css" "Mozilla/5.0 (Windows NT 10.0; Win64; x64) AppleWebKit/537.36 (KHTML, like Gecko) Chrome/147.0.0.0 Safari/537.36"
190.85.87.250 - - [12/May/2026:09:31:41 -0500] "GET /css/images/marker-shadow.png HTTP/1.1" 200 618 "http://www.asjudinet.com/" "Mozilla/5.0 (Windows NT 10.0; Win64; x64) AppleWebKit/537.36 (KHTML, like Gecko) Chrome/147.0.0.0 Safari/537.36"
190.85.87.250 - - [12/May/2026:09:31:41 -0500] "GET /css/images/marker-icon-2x.png HTTP/1.1" 200 2464 "http://www.asjudinet.com/" "Mozilla/5.0 (Windows NT 10.0; Win64; x64) AppleWebKit/537.36 (KHTML, like Gecko) Chrome/147.0.0.0 Safari/537.36"
190.85.87.250 - - [12/May/2026:09:31:44 -0500] "GET /val_usuarios.php HTTP/1.1" 200 7808 "http://www.asjudinet.com/" "Mozilla/5.0 (Windows NT 10.0; Win64; x64) AppleWebKit/537.36 (KHTML, like Gecko) Chrome/147.0.0.0 Safari/537.36"
190.85.87.250 - - [12/May/2026:09:31:46 -0500] "POST /val_usuarios.php HTTP/1.1" 200 153 "http://www.asjudinet.com/val_usuarios.php" "Mozilla/5.0 (Windows NT 10.0; Win64; x64) AppleWebKit/537.36 (KHTML, like Gecko) Chrome/147.0.0.0 Safari/537.36"
190.85.87.250 - - [12/May/2026:09:31:46 -0500] "GET /menu_admin.php?ced=1110177572&nom=FERLA%20MORENO%20FRANCY%20LORENA&aaa=2152&cargo=2152 HTTP/1.1" 200 55572 "http://www.asjudinet.com/val_usuarios.php" "Mozilla/5.0 (Windows NT 10.0; Win64; x64) AppleWebKit/537.36 (KHTML, like Gecko) Chrome/147.0.0.0 Safari/537.36"
190.85.87.250 - - [12/May/2026:09:31:46 -0500] "GET /css/menu_admin.css HTTP/1.1" 200 2437 "http://www.asjudinet.com/menu_admin.php?ced=1110177572&nom=FERLA%20MORENO%20FRANCY%20LORENA&aaa=2152&cargo=2152" "Mozilla/5.0 (Windows NT 10.0; Win64; x64) AppleWebKit/537.36 (KHTML, like Gecko) Chrome/147.0.0.0 Safari/537.36"
190.85.87.250 - - [12/May/2026:09:31:46 -0500] "GET /ELEMENTS/fondolaw.jpg HTTP/1.1" 200 56543 "http://www.asjudinet.com/css/menu_admin.css" "Mozilla/5.0 (Windows NT 10.0; Win64; x64) AppleWebKit/537.36 (KHTML, like Gecko) Chrome/147.0.0.0 Safari/537.36"
190.85.87.250 - - [12/May/2026:09:31:51 -0500] "GET /consulta_cartera.php HTTP/1.1" 200 4668 "http://www.asjudinet.com/menu_admin.php?ced=1110177572&nom=FERLA%20MORENO%20FRANCY%20LORENA&aaa=2152&cargo=2152" "Mozilla/5.0 (Windows NT 10.0; Win64; x64) AppleWebKit/537.36 (KHTML, like Gecko) Chrome/147.0.0.0 Safari/537.36"
190.85.87.250 - - [12/May/2026:09:31:53 -0500] "GET /consulta_ced_info_servi.php HTTP/1.1" 200 4523 "http://www.asjudinet.com/consulta_cartera.php" "Mozilla/5.0 (Windows NT 10.0; Win64; x64) AppleWebKit/537.36 (KHTML, like Gecko) Chrome/147.0.0.0 Safari/537.36"
190.85.191.209 - - [12/May/2026:09:31:56 -0500] "GET /callcenter/respuesta_tickets.php?cedulita=79961582&numcon=20091&fecha=2026-04-23&atencion=105946 HTTP/1.1" 200 17404 "http://www.asjudinet.com/callcenter/solicitud_cita.php?ced=1013262853&nom=CASTRO%20ZAPATA%20MARIA%20JOSE" "Mozilla/5.0 (Windows NT 10.0; Win64; x64) AppleWebKit/537.36 (KHTML, like Gecko) Chrome/148.0.0.0 Safari/537.36"
191.95.53.73 - - [12/May/2026:09:31:58 -0500] "GET /index.php HTTP/1.1" 200 54693 "-" "Mozilla/5.0 (iPhone; CPU iPhone OS 18_7 like Mac OS X) AppleWebKit/605.1.15 (KHTML, like Gecko) Version/26.3 Mobile/15E148 Safari/604.1"
191.95.53.73 - - [12/May/2026:09:31:58 -0500] "GET /css/menu_prueba.css HTTP/1.1" 200 7408 "http://www.asjudinet.com/index.php" "Mozilla/5.0 (iPhone; CPU iPhone OS 18_7 like Mac OS X) AppleWebKit/605.1.15 (KHTML, like Gecko) Version/26.3 Mobile/15E148 Safari/604.1"
191.95.53.73 - - [12/May/2026:09:31:58 -0500] "GET /css/leaflet.css HTTP/1.1" 200 13471 "http://www.asjudinet.com/index.php" "Mozilla/5.0 (iPhone; CPU iPhone OS 18_7 like Mac OS X) AppleWebKit/605.1.15 (KHTML, like Gecko) Version/26.3 Mobile/15E148 Safari/604.1"
191.95.53.73 - - [12/May/2026:09:31:58 -0500] "GET /css/all.min.css HTTP/1.1" 200 53592 "http://www.asjudinet.com/index.php" "Mozilla/5.0 (iPhone; CPU iPhone OS 18_7 like Mac OS X) AppleWebKit/605.1.15 (KHTML, like Gecko) Version/26.3 Mobile/15E148 Safari/604.1"
191.95.53.73 - - [12/May/2026:09:31:58 -0500] "GET /css/asjudinet.css HTTP/1.1" 200 21269 "http://www.asjudinet.com/index.php" "Mozilla/5.0 (iPhone; CPU iPhone OS 18_7 like Mac OS X) AppleWebKit/605.1.15 (KHTML, like Gecko) Version/26.3 Mobile/15E148 Safari/604.1"
191.95.53.73 - - [12/May/2026:09:31:59 -0500] "GET /js/menu_prueba.js HTTP/1.1" 200 1678 "http://www.asjudinet.com/index.php" "Mozilla/5.0 (iPhone; CPU iPhone OS 18_7 like Mac OS X) AppleWebKit/605.1.15 (KHTML, like Gecko) Version/26.3 Mobile/15E148 Safari/604.1"
191.95.53.73 - - [12/May/2026:09:31:59 -0500] "GET /js/bootstrap.min.js HTTP/1.1" 200 50731 "http://www.asjudinet.com/index.php" "Mozilla/5.0 (iPhone; CPU iPhone OS 18_7 like Mac OS X) AppleWebKit/605.1.15 (KHTML, like Gecko) Version/26.3 Mobile/15E148 Safari/604.1"
191.95.53.73 - - [12/May/2026:09:31:59 -0500] "GET /js/jquery_3.3.1.js HTTP/1.1" 200 86926 "http://www.asjudinet.com/index.php" "Mozilla/5.0 (iPhone; CPU iPhone OS 18_7 like Mac OS X) AppleWebKit/605.1.15 (KHTML, like Gecko) Version/26.3 Mobile/15E148 Safari/604.1"
191.95.53.73 - - [12/May/2026:09:31:59 -0500] "GET /js/leaflet.js HTTP/1.1" 200 141125 "http://www.asjudinet.com/index.php" "Mozilla/5.0 (iPhone; CPU iPhone OS 18_7 like Mac OS X) AppleWebKit/605.1.15 (KHTML, like Gecko) Version/26.3 Mobile/15E148 Safari/604.1"
191.95.53.73 - - [12/May/2026:09:31:58 -0500] "GET /css/bootstrap.min.css HTTP/1.1" 200 140930 "http://www.asjudinet.com/index.php" "Mozilla/5.0 (iPhone; CPU iPhone OS 18_7 like Mac OS X) AppleWebKit/605.1.15 (KHTML, like Gecko) Version/26.3 Mobile/15E148 Safari/604.1"
191.95.53.73 - - [12/May/2026:09:31:59 -0500] "GET /ELEMENTS/otros/sesion.png HTTP/1.1" 200 4344 "http://www.asjudinet.com/index.php" "Mozilla/5.0 (iPhone; CPU iPhone OS 18_7 like Mac OS X) AppleWebKit/605.1.15 (KHTML, like Gecko) Version/26.3 Mobile/15E148 Safari/604.1"
191.95.53.73 - - [12/May/2026:09:32:00 -0500] "GET /ELEMENTS/fondos/blanco.jpg HTTP/1.1" 200 28580 "http://www.asjudinet.com/index.php" "Mozilla/5.0 (iPhone; CPU iPhone OS 18_7 like Mac OS X) AppleWebKit/605.1.15 (KHTML, like Gecko) Version/26.3 Mobile/15E148 Safari/604.1"
191.95.53.73 - - [12/May/2026:09:31:59 -0500] "GET /images/pse-logo.png HTTP/1.1" 200 57808 "http://www.asjudinet.com/index.php" "Mozilla/5.0 (iPhone; CPU iPhone OS 18_7 like Mac OS X) AppleWebKit/605.1.15 (KHTML, like Gecko) Version/26.3 Mobile/15E148 Safari/604.1"
191.95.53.73 - - [12/May/2026:09:32:00 -0500] "GET /webfonts/fa-solid-900.woff2 HTTP/1.1" 200 79100 "http://www.asjudinet.com/index.php" "Mozilla/5.0 (iPhone; CPU iPhone OS 18_7 like Mac OS X) AppleWebKit/605.1.15 (KHTML, like Gecko) Version/26.3 Mobile/15E148 Safari/604.1"
191.95.53.73 - - [12/May/2026:09:32:00 -0500] "GET /webfonts/fa-brands-400.woff2 HTTP/1.1" 200 74288 "http://www.asjudinet.com/index.php" "Mozilla/5.0 (iPhone; CPU iPhone OS 18_7 like Mac OS X) AppleWebKit/605.1.15 (KHTML, like Gecko) Version/26.3 Mobile/15E148 Safari/604.1"
191.95.53.73 - - [12/May/2026:09:32:00 -0500] "GET /webfonts/fa-regular-400.woff2 HTTP/1.1" 200 14872 "http://www.asjudinet.com/index.php" "Mozilla/5.0 (iPhone; CPU iPhone OS 18_7 like Mac OS X) AppleWebKit/605.1.15 (KHTML, like Gecko) Version/26.3 Mobile/15E148 Safari/604.1"
191.95.53.73 - - [12/May/2026:09:32:00 -0500] "GET /ELEMENTS/intermovil.png HTTP/1.1" 200 239663 "http://www.asjudinet.com/index.php" "Mozilla/5.0 (iPhone; CPU iPhone OS 18_7 like Mac OS X) AppleWebKit/605.1.15 (KHTML, like Gecko) Version/26.3 Mobile/15E148 Safari/604.1"
191.95.53.73 - - [12/May/2026:09:32:01 -0500] "GET /ELEMENTS/principal/login.png HTTP/1.1" 200 8013 "http://www.asjudinet.com/index.php" "Mozilla/5.0 (iPhone; CPU iPhone OS 18_7 like Mac OS X) AppleWebKit/605.1.15 (KHTML, like Gecko) Version/26.3 Mobile/15E148 Safari/604.1"
191.95.53.73 - - [12/May/2026:09:32:00 -0500] "GET /ELEMENTS/principal/icallcenter4.jpg HTTP/1.1" 200 226303 "http://www.asjudinet.com/index.php" "Mozilla/5.0 (iPhone; CPU iPhone OS 18_7 like Mac OS X) AppleWebKit/605.1.15 (KHTML, like Gecko) Version/26.3 Mobile/15E148 Safari/604.1"
191.95.53.73 - - [12/May/2026:09:32:01 -0500] "GET /ELEMENTS/principal/dinero1.jpg HTTP/1.1" 200 57035 "http://www.asjudinet.com/index.php" "Mozilla/5.0 (iPhone; CPU iPhone OS 18_7 like Mac OS X) AppleWebKit/605.1.15 (KHTML, like Gecko) Version/26.3 Mobile/15E148 Safari/604.1"
191.95.53.73 - - [12/May/2026:09:32:01 -0500] "GET /ELEMENTS/principal/suscri_contrato.jpg HTTP/1.1" 200 61301 "http://www.asjudinet.com/index.php" "Mozilla/5.0 (iPhone; CPU iPhone OS 18_7 like Mac OS X) AppleWebKit/605.1.15 (KHTML, like Gecko) Version/26.3 Mobile/15E148 Safari/604.1"
191.95.53.73 - - [12/May/2026:09:32:01 -0500] "GET /ELEMENTS/principal/agendarse.png HTTP/1.1" 200 72950 "http://www.asjudinet.com/index.php" "Mozilla/5.0 (iPhone; CPU iPhone OS 18_7 like Mac OS X) AppleWebKit/605.1.15 (KHTML, like Gecko) Version/26.3 Mobile/15E148 Safari/604.1"
191.95.53.73 - - [12/May/2026:09:32:01 -0500] "GET /ELEMENTS/principal/iuris.png HTTP/1.1" 200 165644 "http://www.asjudinet.com/index.php" "Mozilla/5.0 (iPhone; CPU iPhone OS 18_7 like Mac OS X) AppleWebKit/605.1.15 (KHTML, like Gecko) Version/26.3 Mobile/15E148 Safari/604.1"
191.95.53.73 - - [12/May/2026:09:32:02 -0500] "GET /ELEMENTS/blanco.jpg HTTP/1.1" 200 28580 "http://www.asjudinet.com/index.php" "Mozilla/5.0 (iPhone; CPU iPhone OS 18_7 like Mac OS X) AppleWebKit/605.1.15 (KHTML, like Gecko) Version/26.3 Mobile/15E148 Safari/604.1"
191.95.53.73 - - [12/May/2026:09:32:01 -0500] "GET /ELEMENTS/principal/atenea.jpg HTTP/1.1" 200 168483 "http://www.asjudinet.com/index.php" "Mozilla/5.0 (iPhone; CPU iPhone OS 18_7 like Mac OS X) AppleWebKit/605.1.15 (KHTML, like Gecko) Version/26.3 Mobile/15E148 Safari/604.1"
190.85.191.209 - - [12/May/2026:09:32:00 -0500] "GET /callcenter/respuesta_tickets.php?cedulita=79961582&numcon=20091&fecha=2026-04-15&atencion=105810 HTTP/1.1" 200 19452 "http://www.asjudinet.com/callcenter/solicitud_cita.php?ced=1013262853&nom=CASTRO%20ZAPATA%20MARIA%20JOSE" "Mozilla/5.0 (Windows NT 10.0; Win64; x64) AppleWebKit/537.36 (KHTML, like Gecko) Chrome/148.0.0.0 Safari/537.36"
191.95.53.73 - - [12/May/2026:09:32:02 -0500] "GET /ELEMENTS/principal/callcenter1.png HTTP/1.1" 200 127656 "http://www.asjudinet.com/index.php" "Mozilla/5.0 (iPhone; CPU iPhone OS 18_7 like Mac OS X) AppleWebKit/605.1.15 (KHTML, like Gecko) Version/26.3 Mobile/15E148 Safari/604.1"
191.95.53.73 - - [12/May/2026:09:32:03 -0500] "GET /ELEMENTS/principal/ServicioCliente.jpg HTTP/1.1" 200 29935 "http://www.asjudinet.com/index.php" "Mozilla/5.0 (iPhone; CPU iPhone OS 18_7 like Mac OS X) AppleWebKit/605.1.15 (KHTML, like Gecko) Version/26.3 Mobile/15E148 Safari/604.1"
191.95.53.73 - - [12/May/2026:09:32:03 -0500] "GET /ELEMENTS/principal/proceso22.jpg HTTP/1.1" 200 53746 "http://www.asjudinet.com/index.php" "Mozilla/5.0 (iPhone; CPU iPhone OS 18_7 like Mac OS X) AppleWebKit/605.1.15 (KHTML, like Gecko) Version/26.3 Mobile/15E148 Safari/604.1"
190.85.87.250 - - [12/May/2026:09:32:03 -0500] "POST /afinanciera/cartera_consultar_cargar_deb.php HTTP/1.1" 200 6043 "http://www.asjudinet.com/afinanciera/cartera_consultar_cargar_deb.php" "Mozilla/5.0 (Windows NT 10.0; Win64; x64) AppleWebKit/537.36 (KHTML, like Gecko) Chrome/148.0.0.0 Safari/537.36"
191.95.53.73 - - [12/May/2026:09:32:03 -0500] "GET /ELEMENTS/principal/1.png HTTP/1.1" 200 97076 "http://www.asjudinet.com/index.php" "Mozilla/5.0 (iPhone; CPU iPhone OS 18_7 like Mac OS X) AppleWebKit/605.1.15 (KHTML, like Gecko) Version/26.3 Mobile/15E148 Safari/604.1"
191.95.53.73 - - [12/May/2026:09:32:04 -0500] "GET /ELEMENTS/principal/3.png HTTP/1.1" 200 77498 "http://www.asjudinet.com/index.php" "Mozilla/5.0 (iPhone; CPU iPhone OS 18_7 like Mac OS X) AppleWebKit/605.1.15 (KHTML, like Gecko) Version/26.3 Mobile/15E148 Safari/604.1"
191.95.53.73 - - [12/May/2026:09:32:03 -0500] "GET /ELEMENTS/principal/2.png HTTP/1.1" 200 92941 "http://www.asjudinet.com/index.php" "Mozilla/5.0 (iPhone; CPU iPhone OS 18_7 like Mac OS X) AppleWebKit/605.1.15 (KHTML, like Gecko) Version/26.3 Mobile/15E148 Safari/604.1"
191.95.53.73 - - [12/May/2026:09:32:04 -0500] "GET /ELEMENTS/principal/multas1.png HTTP/1.1" 200 39231 "http://www.asjudinet.com/index.php" "Mozilla/5.0 (iPhone; CPU iPhone OS 18_7 like Mac OS X) AppleWebKit/605.1.15 (KHTML, like Gecko) Version/26.3 Mobile/15E148 Safari/604.1"
191.95.53.73 - - [12/May/2026:09:32:03 -0500] "GET /ELEMENTS/principal/acciones_reclamar.png HTTP/1.1" 200 208890 "http://www.asjudinet.com/index.php" "Mozilla/5.0 (iPhone; CPU iPhone OS 18_7 like Mac OS X) AppleWebKit/605.1.15 (KHTML, like Gecko) Version/26.3 Mobile/15E148 Safari/604.1"
191.95.53.73 - - [12/May/2026:09:32:04 -0500] "GET /ELEMENTS/principal/LoginIuris.jpg HTTP/1.1" 200 39706 "http://www.asjudinet.com/index.php" "Mozilla/5.0 (iPhone; CPU iPhone OS 18_7 like Mac OS X) AppleWebKit/605.1.15 (KHTML, like Gecko) Version/26.3 Mobile/15E148 Safari/604.1"
191.95.53.73 - - [12/May/2026:09:32:04 -0500] "GET /ELEMENTS/principal/multas2.png HTTP/1.1" 200 70544 "http://www.asjudinet.com/index.php" "Mozilla/5.0 (iPhone; CPU iPhone OS 18_7 like Mac OS X) AppleWebKit/605.1.15 (KHTML, like Gecko) Version/26.3 Mobile/15E148 Safari/604.1"
191.95.53.73 - - [12/May/2026:09:32:03 -0500] "GET /ELEMENTS/principal/seminario1.png HTTP/1.1" 200 247245 "http://www.asjudinet.com/index.php" "Mozilla/5.0 (iPhone; CPU iPhone OS 18_7 like Mac OS X) AppleWebKit/605.1.15 (KHTML, like Gecko) Version/26.3 Mobile/15E148 Safari/604.1"
191.95.53.73 - - [12/May/2026:09:32:04 -0500] "GET /css/images/marker-icon.png HTTP/1.1" 200 1466 "http://www.asjudinet.com/index.php" "Mozilla/5.0 (iPhone; CPU iPhone OS 18_7 like Mac OS X) AppleWebKit/605.1.15 (KHTML, like Gecko) Version/26.3 Mobile/15E148 Safari/604.1"
