191.95.165.153 - - [12/May/2026:09:51:01 -0500] "GET /menu_admin.php HTTP/1.1" 200 55572 "http://www.asjudinet.com/listado_procesos_abogados.php" "Mozilla/5.0 (Windows NT 10.0; Win64; x64) AppleWebKit/537.36 (KHTML, like Gecko) Chrome/147.0.0.0 Safari/537.36"
191.95.165.153 - - [12/May/2026:09:51:03 -0500] "GET /consulta_viaticos.php HTTP/1.1" 200 3198 "http://www.asjudinet.com/menu_admin.php" "Mozilla/5.0 (Windows NT 10.0; Win64; x64) AppleWebKit/537.36 (KHTML, like Gecko) Chrome/147.0.0.0 Safari/537.36"
185.104.166.15 - - [12/May/2026:09:51:04 -0500] "GET /fondo_argollado.gif HTTP/1.1" 404 - "http://www.asjudinet.com/mostrar_actuaciones_historicas.php?proceso=50001333300220210011000&id=1064718147" "Mozilla/5.0 (Windows NT 10.0; Win64; x64) AppleWebKit/537.36 (KHTML, like Gecko) Chrome/147.0.0.0 Safari/537.36"
185.104.166.15 - - [12/May/2026:09:51:03 -0500] "GET /mostrar_actuaciones_historicas.php?proceso=50001333300220210011000&id=1064718147 HTTP/1.1" 200 33608 "http://www.asjudinet.com/cartera_num_procesos_sus.php?ced2=1064718147&numcon=37736" "Mozilla/5.0 (Windows NT 10.0; Win64; x64) AppleWebKit/537.36 (KHTML, like Gecko) Chrome/147.0.0.0 Safari/537.36"
190.85.87.250 - - [12/May/2026:09:51:05 -0500] "GET /afinanciera/renovaciones_por_cedula.php HTTP/1.1" 200 5290 "http://www.asjudinet.com/afinanciera/menu_cartera_nomina.php" "Mozilla/5.0 (Windows NT 10.0; Win64; x64) AppleWebKit/537.36 (KHTML, like Gecko) Chrome/148.0.0.0 Safari/537.36"
191.95.165.153 - - [12/May/2026:09:51:05 -0500] "GET /listado_viaticosapro1.php HTTP/1.1" 200 993093 "http://www.asjudinet.com/consulta_viaticos.php" "Mozilla/5.0 (Windows NT 10.0; Win64; x64) AppleWebKit/537.36 (KHTML, like Gecko) Chrome/147.0.0.0 Safari/537.36"
45.156.129.92 - - [12/May/2026:09:51:08 -0500] "GET / HTTP/1.1" 200 54693 "-" "Mozilla/5.0 AppleWebKit/537.36 (KHTML, like Gecko) Chrome/123.0.6312.86 Safari/537.36"
186.169.58.230 - - [12/May/2026:09:51:11 -0500] "GET /callcenter/validar_callcenter.php HTTP/1.1" 200 7839 "http://www.asjudinet.com/menu_admin.php?ced=49759766&nom=FONTALVO%20FIGUEROA%20CARMEN%20MARIA&aaa=503&cargo=503" "Mozilla/5.0 (Windows NT 10.0; Win64; x64) AppleWebKit/537.36 (KHTML, like Gecko) Chrome/148.0.0.0 Safari/537.36 Edg/148.0.0.0"
45.156.129.91 - - [12/May/2026:09:51:13 -0500] "GET /favicon.ico HTTP/1.1" 200 9036 "-" "Mozilla/5.0 AppleWebKit/537.36 (KHTML, like Gecko) Chrome/123.0.6312.86 Safari/537.36"
190.85.87.250 - - [12/May/2026:09:51:16 -0500] "POST /afinanciera/renovaciones_por_cedula.php HTTP/1.1" 200 6657 "http://www.asjudinet.com/afinanciera/renovaciones_por_cedula.php" "Mozilla/5.0 (Windows NT 10.0; Win64; x64) AppleWebKit/537.36 (KHTML, like Gecko) Chrome/148.0.0.0 Safari/537.36"
190.85.87.250 - - [12/May/2026:09:51:18 -0500] "GET /afinanciera/cartera_aplicar_renovacion.php?ced2=15907200&numcon=5182 HTTP/1.1" 200 465069 "http://www.asjudinet.com/afinanciera/renovaciones_por_cedula.php" "Mozilla/5.0 (Windows NT 10.0; Win64; x64) AppleWebKit/537.36 (KHTML, like Gecko) Chrome/148.0.0.0 Safari/537.36"
186.169.58.230 - - [12/May/2026:09:51:27 -0500] "POST /callcenter/validar_callcenter.php HTTP/1.1" 200 8037 "http://www.asjudinet.com/callcenter/validar_callcenter.php" "Mozilla/5.0 (Windows NT 10.0; Win64; x64) AppleWebKit/537.36 (KHTML, like Gecko) Chrome/148.0.0.0 Safari/537.36 Edg/148.0.0.0"
186.169.58.230 - - [12/May/2026:09:51:34 -0500] "GET /callcenter/validar_callcenter.php?ced=49759766&nom=FONTALVO%20FIGUEROA%20CARMEN%20MARIA HTTP/1.1" 200 7839 "http://www.asjudinet.com/callcenter/validar_callcenter.php" "Mozilla/5.0 (Windows NT 10.0; Win64; x64) AppleWebKit/537.36 (KHTML, like Gecko) Chrome/148.0.0.0 Safari/537.36 Edg/148.0.0.0"
190.85.191.209 - - [12/May/2026:09:51:34 -0500] "POST /callcenter/solicitud_cita_ingreso.php?numcon=37736&cedulita=1064718147&funcionario=1013262853 HTTP/1.1" 200 49257 "http://www.asjudinet.com/callcenter/solicitud_cita_ingreso.php?numcon=37736&cedulita=1064718147&funcionario=1013262853" "Mozilla/5.0 (Windows NT 10.0; Win64; x64) AppleWebKit/537.36 (KHTML, like Gecko) Chrome/148.0.0.0 Safari/537.36"
190.85.191.209 - - [12/May/2026:09:51:35 -0500] "GET /callcenter/menu_callcenter.php?ced=1013262853&nom=CASTRO%20ZAPATA%20MARIA%20JOSE HTTP/1.1" 200 11579 "http://www.asjudinet.com/callcenter/solicitud_cita_ingreso.php?numcon=37736&cedulita=1064718147&funcionario=1013262853" "Mozilla/5.0 (Windows NT 10.0; Win64; x64) AppleWebKit/537.36 (KHTML, like Gecko) Chrome/148.0.0.0 Safari/537.36"
114.119.128.77 - - [12/May/2026:09:51:50 -0500] "GET /index.php/zzztvsa/39aayzpksh_liqzne72382/principal/avigilajudicial/pages/pages/principal/pages/menu_creditos_rotativos.php HTTP/1.1" 200 54693 "http://www.asjudinet.com/index.php/zzztvsa/39aayzpksh_liqzne72382/principal/avigilajudicial/pages/pages/principal/val_usuarios.php" "Mozilla/5.0 (Linux; Android 7.0;) AppleWebKit/537.36 (HTML, like Gecko) Mobile Safari/537.36 (compatible; PetalBot;+https://webmaster.petalsearch.com/site/petalbot)"
186.169.58.230 - - [12/May/2026:09:51:52 -0500] "POST /callcenter/validar_callcenter.php HTTP/1.1" 200 7968 "http://www.asjudinet.com/callcenter/validar_callcenter.php?ced=49759766&nom=FONTALVO%20FIGUEROA%20CARMEN%20MARIA" "Mozilla/5.0 (Windows NT 10.0; Win64; x64) AppleWebKit/537.36 (KHTML, like Gecko) Chrome/148.0.0.0 Safari/537.36 Edg/148.0.0.0"
186.169.58.230 - - [12/May/2026:09:51:52 -0500] "GET /callcenter/menu_callcenter.php?ced=49759766&nom=FONTALVO%20FIGUEROA%20CARMEN%20MARIA HTTP/1.1" 200 11711 "http://www.asjudinet.com/callcenter/validar_callcenter.php" "Mozilla/5.0 (Windows NT 10.0; Win64; x64) AppleWebKit/537.36 (KHTML, like Gecko) Chrome/148.0.0.0 Safari/537.36 Edg/148.0.0.0"
186.169.58.230 - - [12/May/2026:09:51:55 -0500] "GET /callcenter/validar_abogado.php?ced=49759766&nom=FONTALVO%20FIGUEROA%20CARMEN%20MARIA HTTP/1.1" 200 7949 "http://www.asjudinet.com/callcenter/menu_callcenter.php?ced=49759766&nom=FONTALVO%20FIGUEROA%20CARMEN%20MARIA" "Mozilla/5.0 (Windows NT 10.0; Win64; x64) AppleWebKit/537.36 (KHTML, like Gecko) Chrome/148.0.0.0 Safari/537.36 Edg/148.0.0.0"
185.104.166.15 - - [12/May/2026:09:52:11 -0500] "POST /cartera_num_procesos_sus.php?ced2=1064718147&numcon=37736 HTTP/1.1" 200 22173 "http://www.asjudinet.com/cartera_num_procesos_sus.php?ced2=1064718147&numcon=37736" "Mozilla/5.0 (Windows NT 10.0; Win64; x64) AppleWebKit/537.36 (KHTML, like Gecko) Chrome/147.0.0.0 Safari/537.36"
186.169.58.230 - - [12/May/2026:09:52:11 -0500] "POST /callcenter/validar_abogado.php HTTP/1.1" 200 8038 "http://www.asjudinet.com/callcenter/validar_abogado.php?ced=49759766&nom=FONTALVO%20FIGUEROA%20CARMEN%20MARIA" "Mozilla/5.0 (Windows NT 10.0; Win64; x64) AppleWebKit/537.36 (KHTML, like Gecko) Chrome/148.0.0.0 Safari/537.36 Edg/148.0.0.0"
186.169.58.230 - - [12/May/2026:09:52:11 -0500] "GET /callcenter/menu_abogados.php?ced=49759766&nom=FONTALVO%20FIGUEROA%20CARMEN%20MARIA HTTP/1.1" 200 3538 "http://www.asjudinet.com/callcenter/validar_abogado.php" "Mozilla/5.0 (Windows NT 10.0; Win64; x64) AppleWebKit/537.36 (KHTML, like Gecko) Chrome/148.0.0.0 Safari/537.36 Edg/148.0.0.0"
190.85.87.250 - - [12/May/2026:09:52:11 -0500] "POST /afinanciera/cartera_consultar_cargar_deb.php HTTP/1.1" 200 6052 "http://www.asjudinet.com/afinanciera/cartera_consultar_cargar_deb.php" "Mozilla/5.0 (Windows NT 10.0; Win64; x64) AppleWebKit/537.36 (KHTML, like Gecko) Chrome/148.0.0.0 Safari/537.36"
185.104.166.15 - - [12/May/2026:09:52:11 -0500] "GET /cartera_consulta_titu_usuario.php?ced2=1064718147&numcon=37736 HTTP/1.1" 200 159809 "http://www.asjudinet.com/cartera_num_procesos_sus.php?ced2=1064718147&numcon=37736" "Mozilla/5.0 (Windows NT 10.0; Win64; x64) AppleWebKit/537.36 (KHTML, like Gecko) Chrome/147.0.0.0 Safari/537.36"
186.169.58.230 - - [12/May/2026:09:52:14 -0500] "GET /callcenter/listado_por_abogado.php?ced=49759766&nom=FONTALVO%20FIGUEROA%20CARMEN%20MARIA HTTP/1.1" 200 22207 "http://www.asjudinet.com/callcenter/menu_abogados.php?ced=49759766&nom=FONTALVO%20FIGUEROA%20CARMEN%20MARIA" "Mozilla/5.0 (Windows NT 10.0; Win64; x64) AppleWebKit/537.36 (KHTML, like Gecko) Chrome/148.0.0.0 Safari/537.36 Edg/148.0.0.0"
190.85.87.250 - - [12/May/2026:09:52:12 -0500] "GET /afinanciera/cartera_cargar_manual_deb.php?ced2=10187630&numcon=5487 HTTP/1.1" 200 364600 "http://www.asjudinet.com/afinanciera/cartera_consultar_cargar_deb.php" "Mozilla/5.0 (Windows NT 10.0; Win64; x64) AppleWebKit/537.36 (KHTML, like Gecko) Chrome/148.0.0.0 Safari/537.36"
186.169.58.230 - - [12/May/2026:09:52:24 -0500] "GET /callcenter/respuesta_abogado.php?cedulita=1013599003&numcon=22913&atencion=106221&funcionario=49759766 HTTP/1.1" 200 15929 "http://www.asjudinet.com/callcenter/listado_por_abogado.php?ced=49759766&nom=FONTALVO%20FIGUEROA%20CARMEN%20MARIA" "Mozilla/5.0 (Windows NT 10.0; Win64; x64) AppleWebKit/537.36 (KHTML, like Gecko) Chrome/148.0.0.0 Safari/537.36 Edg/148.0.0.0"
185.104.166.15 - - [12/May/2026:09:52:25 -0500] "GET /callcenter_consulta_programas_control.php?ced2=1064718147&numcon=37736&tipo=INT01 HTTP/1.1" 200 2834 "http://www.asjudinet.com/cartera_consulta_titu_usuario.php?ced2=1064718147&numcon=37736" "Mozilla/5.0 (Windows NT 10.0; Win64; x64) AppleWebKit/537.36 (KHTML, like Gecko) Chrome/147.0.0.0 Safari/537.36"
190.85.87.250 - - [12/May/2026:09:52:34 -0500] "POST /acobranzas/seguimiento_cobranza_captura_vigentes.php?id=1098803683&tipo=INT03&carpeta=16666 HTTP/1.1" 200 14172 "http://www.asjudinet.com/acobranzas/seguimiento_cobranza_captura_vigentes.php?id=1098803683&tipo=INT03&carpeta=16666" "Mozilla/5.0 (Windows NT 10.0; Win64; x64) AppleWebKit/537.36 (KHTML, like Gecko) Chrome/148.0.0.0 Safari/537.36"
185.104.166.15 - - [12/May/2026:09:52:34 -0500] "GET /formulario_consultorio_control_consulta_soldados.php?id=857,celular=3229421272&cedula=1064718147&sus=1107 HTTP/1.1" 200 15736 "http://www.asjudinet.com/callcenter_consulta_programas_control.php?ced2=1064718147&numcon=37736&tipo=INT01" "Mozilla/5.0 (Windows NT 10.0; Win64; x64) AppleWebKit/537.36 (KHTML, like Gecko) Chrome/147.0.0.0 Safari/537.36"
190.85.87.250 - - [12/May/2026:09:52:34 -0500] "GET /acobranzas/consultar_cobranzas_vigentes.php?ced2=1098803683&numcon=7232 HTTP/1.1" 200 27335 "http://www.asjudinet.com/acobranzas/seguimiento_cobranza_captura_vigentes.php?id=1098803683&tipo=INT03&carpeta=16666" "Mozilla/5.0 (Windows NT 10.0; Win64; x64) AppleWebKit/537.36 (KHTML, like Gecko) Chrome/148.0.0.0 Safari/537.36"
190.85.87.250 - - [12/May/2026:09:52:51 -0500] "POST /acobranzas/cobranzas_consulta_cartera1.php HTTP/1.1" 200 5941 "http://www.asjudinet.com/acobranzas/cobranzas_consulta_cartera1.php" "Mozilla/5.0 (Windows NT 10.0; Win64; x64) AppleWebKit/537.36 (KHTML, like Gecko) Chrome/148.0.0.0 Safari/537.36"
190.85.87.250 - - [12/May/2026:09:52:50 -0500] "POST /afinanciera/cartera_aplicar_renovacion.php?ced2=15907200&numcon=5182 HTTP/1.1" 200 465148 "http://www.asjudinet.com/afinanciera/cartera_aplicar_renovacion.php?ced2=15907200&numcon=5182" "Mozilla/5.0 (Windows NT 10.0; Win64; x64) AppleWebKit/537.36 (KHTML, like Gecko) Chrome/148.0.0.0 Safari/537.36"
190.85.87.250 - - [12/May/2026:09:52:53 -0500] "GET /acobranzas/cobranzas_serviasju1.php?ced2=91280100&numcon=7231 HTTP/1.1" 200 16826 "http://www.asjudinet.com/acobranzas/cobranzas_consulta_cartera1.php" "Mozilla/5.0 (Windows NT 10.0; Win64; x64) AppleWebKit/537.36 (KHTML, like Gecko) Chrome/148.0.0.0 Safari/537.36"
190.85.87.250 - - [12/May/2026:09:52:54 -0500] "GET /acobranzas/cobranzas_serviasju1.php?ced2=91280100&numcon=7231 HTTP/1.1" 200 33861 "http://www.asjudinet.com/acobranzas/cobranzas_consulta_cartera1.php" "Mozilla/5.0 (Windows NT 10.0; Win64; x64) AppleWebKit/537.36 (KHTML, like Gecko) Chrome/148.0.0.0 Safari/537.36"
190.85.87.250 - - [12/May/2026:09:52:56 -0500] "GET /afinanciera/menu_cartera_debito.php HTTP/1.1" 200 38627 "http://www.asjudinet.com/afinanciera/cartera_consulta_titu_usuario.php?ced2=91282213&numcon=5306" "Mozilla/5.0 (Windows NT 10.0; Win64; x64) AppleWebKit/537.36 (KHTML, like Gecko) Chrome/148.0.0.0 Safari/537.36"
190.85.87.250 - - [12/May/2026:09:52:58 -0500] "GET /afinanciera/cartera_consul_titu_deb.php HTTP/1.1" 200 5181 "http://www.asjudinet.com/afinanciera/menu_cartera_debito.php" "Mozilla/5.0 (Windows NT 10.0; Win64; x64) AppleWebKit/537.36 (KHTML, like Gecko) Chrome/148.0.0.0 Safari/537.36"
190.85.87.250 - - [12/May/2026:09:52:59 -0500] "GET /menu_admin.php HTTP/1.1" 200 55572 "http://www.asjudinet.com/afinanciera/renovaciones_por_cedula.php" "Mozilla/5.0 (Windows NT 10.0; Win64; x64) AppleWebKit/537.36 (KHTML, like Gecko) Chrome/148.0.0.0 Safari/537.36"
190.85.87.250 - - [12/May/2026:09:52:59 -0500] "GET /consulta_cartera.php HTTP/1.1" 200 4668 "http://www.asjudinet.com/cartera_consulta_titu_usuario.php?ced2=1121858393&numcon=20544" "Mozilla/5.0 (Windows NT 10.0; Win64; x64) AppleWebKit/537.36 (KHTML, like Gecko) Chrome/147.0.0.0 Safari/537.36"
190.85.87.250 - - [12/May/2026:09:53:00 -0500] "GET /consulta_ced_info_servi.php HTTP/1.1" 200 4523 "http://www.asjudinet.com/consulta_cartera.php" "Mozilla/5.0 (Windows NT 10.0; Win64; x64) AppleWebKit/537.36 (KHTML, like Gecko) Chrome/147.0.0.0 Safari/537.36"
190.85.87.250 - - [12/May/2026:09:53:02 -0500] "POST /afinanciera/cartera_consul_titu_deb.php HTTP/1.1" 200 6055 "http://www.asjudinet.com/afinanciera/cartera_consul_titu_deb.php" "Mozilla/5.0 (Windows NT 10.0; Win64; x64) AppleWebKit/537.36 (KHTML, like Gecko) Chrome/148.0.0.0 Safari/537.36"
190.85.87.250 - - [12/May/2026:09:53:05 -0500] "POST /acobranzas/consulta_ced_cob_estado_1da.php HTTP/1.1" 200 6776 "http://www.asjudinet.com/acobranzas/consulta_ced_cob_estado_1da.php" "Mozilla/5.0 (Windows NT 10.0; Win64; x64) AppleWebKit/537.36 (KHTML, like Gecko) Chrome/148.0.0.0 Safari/537.36"
190.85.87.250 - - [12/May/2026:09:53:06 -0500] "GET /acobranzas/consultar_cobranzas_vigentes.php?id=91280100&carpeta=16505&tipo=INT03 HTTP/1.1" 200 37885 "http://www.asjudinet.com/acobranzas/consulta_ced_cob_estado_1da.php" "Mozilla/5.0 (Windows NT 10.0; Win64; x64) AppleWebKit/537.36 (KHTML, like Gecko) Chrome/148.0.0.0 Safari/537.36"
190.85.87.250 - - [12/May/2026:09:53:04 -0500] "GET /afinanciera/cartera_consulta_titu_usuario.php?ced2=1057588489&numcon=28337 HTTP/1.1" 200 208272 "http://www.asjudinet.com/afinanciera/cartera_consul_titu_deb.php" "Mozilla/5.0 (Windows NT 10.0; Win64; x64) AppleWebKit/537.36 (KHTML, like Gecko) Chrome/148.0.0.0 Safari/537.36"
190.85.87.250 - - [12/May/2026:09:53:08 -0500] "POST /consulta_ced_info_servi.php HTTP/1.1" 200 6156 "http://www.asjudinet.com/consulta_ced_info_servi.php" "Mozilla/5.0 (Windows NT 10.0; Win64; x64) AppleWebKit/537.36 (KHTML, like Gecko) Chrome/147.0.0.0 Safari/537.36"
190.85.87.250 - - [12/May/2026:09:53:12 -0500] "GET /acobranzas/seguimiento_cobranza_captura_vigentes.php?id=91280100&tipo=INT03&carpeta=16505 HTTP/1.1" 200 14014 "http://www.asjudinet.com/acobranzas/consultar_cobranzas_vigentes.php?id=91280100&carpeta=16505&tipo=INT03" "Mozilla/5.0 (Windows NT 10.0; Win64; x64) AppleWebKit/537.36 (KHTML, like Gecko) Chrome/148.0.0.0 Safari/537.36"
190.85.87.250 - - [12/May/2026:09:53:10 -0500] "GET /cartera_consulta_titu_usuario.php?ced2=1064718147&numcon=37736 HTTP/1.1" 200 159809 "http://www.asjudinet.com/consulta_ced_info_servi.php" "Mozilla/5.0 (Windows NT 10.0; Win64; x64) AppleWebKit/537.36 (KHTML, like Gecko) Chrome/147.0.0.0 Safari/537.36"
114.119.128.77 - - [12/May/2026:09:53:15 -0500] "GET /index.php/zzztvsa/39aayzpksh_liqzne72382/principal/avigilajudicial/pages/pages/principal/avigilajudicial/principal/sucursales.php HTTP/1.1" 200 54693 "http://www.asjudinet.com/index.php/zzztvsa/39aayzpksh_liqzne72382/principal/avigilajudicial/pages/pages/principal/avigilajudicial/val_usuarios_IURIS.php" "Mozilla/5.0 (Linux; Android 7.0;) AppleWebKit/537.36 (HTML, like Gecko) Mobile Safari/537.36 (compatible; PetalBot;+https://webmaster.petalsearch.com/site/petalbot)"
190.85.87.250 - - [12/May/2026:09:53:47 -0500] "POST /acobranzas/seguimiento_cobranza_captura_vigentes.php?id=91280100&tipo=INT03&carpeta=16505 HTTP/1.1" 200 14134 "http://www.asjudinet.com/acobranzas/seguimiento_cobranza_captura_vigentes.php?id=91280100&tipo=INT03&carpeta=16505" "Mozilla/5.0 (Windows NT 10.0; Win64; x64) AppleWebKit/537.36 (KHTML, like Gecko) Chrome/148.0.0.0 Safari/537.36"
190.85.87.250 - - [12/May/2026:09:53:47 -0500] "GET /acobranzas/consultar_cobranzas_vigentes.php?ced2=91280100&numcon=7231 HTTP/1.1" 200 27335 "http://www.asjudinet.com/acobranzas/seguimiento_cobranza_captura_vigentes.php?id=91280100&tipo=INT03&carpeta=16505" "Mozilla/5.0 (Windows NT 10.0; Win64; x64) AppleWebKit/537.36 (KHTML, like Gecko) Chrome/148.0.0.0 Safari/537.36"
190.85.87.250 - - [12/May/2026:09:54:00 -0500] "POST /acobranzas/cobranzas_consulta_cartera1.php HTTP/1.1" 200 5949 "http://www.asjudinet.com/acobranzas/cobranzas_consulta_cartera1.php" "Mozilla/5.0 (Windows NT 10.0; Win64; x64) AppleWebKit/537.36 (KHTML, like Gecko) Chrome/148.0.0.0 Safari/537.36"
190.85.87.250 - - [12/May/2026:09:54:02 -0500] "GET /acobranzas/cobranzas_serviasju1.php?ced2=1081421660&numcon=47040 HTTP/1.1" 200 15145 "http://www.asjudinet.com/acobranzas/cobranzas_consulta_cartera1.php" "Mozilla/5.0 (Windows NT 10.0; Win64; x64) AppleWebKit/537.36 (KHTML, like Gecko) Chrome/148.0.0.0 Safari/537.36"
190.85.87.250 - - [12/May/2026:09:54:02 -0500] "GET /acobranzas/cobranzas_serviasju1.php?ced2=1081421660&numcon=47040 HTTP/1.1" 200 15145 "http://www.asjudinet.com/acobranzas/cobranzas_consulta_cartera1.php" "Mozilla/5.0 (Windows NT 10.0; Win64; x64) AppleWebKit/537.36 (KHTML, like Gecko) Chrome/148.0.0.0 Safari/537.36"
190.85.87.250 - - [12/May/2026:09:54:06 -0500] "GET /afinanciera/menu_cartera_debito.php HTTP/1.1" 200 38627 "http://www.asjudinet.com/afinanciera/cartera_consulta_titu_usuario.php?ced2=1057588489&numcon=28337" "Mozilla/5.0 (Windows NT 10.0; Win64; x64) AppleWebKit/537.36 (KHTML, like Gecko) Chrome/148.0.0.0 Safari/537.36"
190.85.87.250 - - [12/May/2026:09:54:08 -0500] "GET /afinanciera/cartera_consul_titu_deb.php HTTP/1.1" 200 5181 "http://www.asjudinet.com/afinanciera/menu_cartera_debito.php" "Mozilla/5.0 (Windows NT 10.0; Win64; x64) AppleWebKit/537.36 (KHTML, like Gecko) Chrome/148.0.0.0 Safari/537.36"
190.85.87.250 - - [12/May/2026:09:54:10 -0500] "POST /acobranzas/consulta_ced_cob_estado_1da.php HTTP/1.1" 200 6783 "http://www.asjudinet.com/acobranzas/consulta_ced_cob_estado_1da.php" "Mozilla/5.0 (Windows NT 10.0; Win64; x64) AppleWebKit/537.36 (KHTML, like Gecko) Chrome/148.0.0.0 Safari/537.36"
190.85.87.250 - - [12/May/2026:09:54:11 -0500] "GET /acobranzas/consultar_cobranzas_vigentes.php?id=1081421660&carpeta=16507&tipo=INT01 HTTP/1.1" 200 18581 "http://www.asjudinet.com/acobranzas/consulta_ced_cob_estado_1da.php" "Mozilla/5.0 (Windows NT 10.0; Win64; x64) AppleWebKit/537.36 (KHTML, like Gecko) Chrome/148.0.0.0 Safari/537.36"
190.85.87.250 - - [12/May/2026:09:54:13 -0500] "GET /acobranzas/seguimiento_cobranza_captura_vigentes.php?id=1081421660&tipo=INT01&carpeta=16507 HTTP/1.1" 200 14020 "http://www.asjudinet.com/acobranzas/consultar_cobranzas_vigentes.php?id=1081421660&carpeta=16507&tipo=INT01" "Mozilla/5.0 (Windows NT 10.0; Win64; x64) AppleWebKit/537.36 (KHTML, like Gecko) Chrome/148.0.0.0 Safari/537.36"
190.85.87.250 - - [12/May/2026:09:54:21 -0500] "POST /afinanciera/cartera_consul_titu_deb.php HTTP/1.1" 200 6055 "http://www.asjudinet.com/afinanciera/cartera_consul_titu_deb.php" "Mozilla/5.0 (Windows NT 10.0; Win64; x64) AppleWebKit/537.36 (KHTML, like Gecko) Chrome/148.0.0.0 Safari/537.36"
190.85.87.250 - - [12/May/2026:09:54:23 -0500] "GET /afinanciera/cartera_consulta_titu_usuario.php?ced2=15614361&numcon=26381 HTTP/1.1" 200 232385 "http://www.asjudinet.com/afinanciera/cartera_consul_titu_deb.php" "Mozilla/5.0 (Windows NT 10.0; Win64; x64) AppleWebKit/537.36 (KHTML, like Gecko) Chrome/148.0.0.0 Safari/537.36"
190.85.87.250 - - [12/May/2026:09:54:33 -0500] "GET /index.php HTTP/1.1" 200 54693 "http://www.asjudinet.com/menu_admin.php" "Mozilla/5.0 (Windows NT 10.0; Win64; x64) AppleWebKit/537.36 (KHTML, like Gecko) Chrome/148.0.0.0 Safari/537.36"
190.85.87.250 - - [12/May/2026:09:54:35 -0500] "GET /val_usuarios.php HTTP/1.1" 200 7808 "http://www.asjudinet.com/index.php" "Mozilla/5.0 (Windows NT 10.0; Win64; x64) AppleWebKit/537.36 (KHTML, like Gecko) Chrome/148.0.0.0 Safari/537.36"
114.119.150.5 - - [12/May/2026:09:54:34 -0500] "GET /index.php/zzztvsa/39aayzpksh_liqzne72382/principal/avigilajudicial/pages/pages/pages/principal/validar_usuarios_pagina.php HTTP/1.1" 200 54693 "http://www.asjudinet.com/index.php/zzztvsa/39aayzpksh_liqzne72382/principal/avigilajudicial/pages/pages/pages/principal/enlaces.php" "Mozilla/5.0 (Linux; Android 7.0;) AppleWebKit/537.36 (HTML, like Gecko) Mobile Safari/537.36 (compatible; PetalBot;+https://webmaster.petalsearch.com/site/petalbot)"
190.85.87.250 - - [12/May/2026:09:54:37 -0500] "POST /val_usuarios.php HTTP/1.1" 200 155 "http://www.asjudinet.com/val_usuarios.php" "Mozilla/5.0 (Windows NT 10.0; Win64; x64) AppleWebKit/537.36 (KHTML, like Gecko) Chrome/148.0.0.0 Safari/537.36"
190.85.87.250 - - [12/May/2026:09:54:37 -0500] "GET /menu_admin.php?ced=52123005&nom=GUTIERREZ%20RODRIGUEZ%20SANDRA%20ROCIO&aaa=684&cargo=684 HTTP/1.1" 200 55572 "http://www.asjudinet.com/val_usuarios.php" "Mozilla/5.0 (Windows NT 10.0; Win64; x64) AppleWebKit/537.36 (KHTML, like Gecko) Chrome/148.0.0.0 Safari/537.36"
190.85.87.250 - - [12/May/2026:09:54:44 -0500] "GET /consulta_cartera.php HTTP/1.1" 200 4668 "http://www.asjudinet.com/menu_admin.php?ced=52123005&nom=GUTIERREZ%20RODRIGUEZ%20SANDRA%20ROCIO&aaa=684&cargo=684" "Mozilla/5.0 (Windows NT 10.0; Win64; x64) AppleWebKit/537.36 (KHTML, like Gecko) Chrome/148.0.0.0 Safari/537.36"
190.85.87.250 - - [12/May/2026:09:54:46 -0500] "GET /consulta_ced_info_servi.php HTTP/1.1" 200 4523 "http://www.asjudinet.com/consulta_cartera.php" "Mozilla/5.0 (Windows NT 10.0; Win64; x64) AppleWebKit/537.36 (KHTML, like Gecko) Chrome/148.0.0.0 Safari/537.36"
190.85.87.250 - - [12/May/2026:09:54:53 -0500] "POST /consulta_ced_info_servi.php HTTP/1.1" 200 5999 "http://www.asjudinet.com/consulta_ced_info_servi.php" "Mozilla/5.0 (Windows NT 10.0; Win64; x64) AppleWebKit/537.36 (KHTML, like Gecko) Chrome/148.0.0.0 Safari/537.36"
185.104.166.15 - - [12/May/2026:09:55:06 -0500] "GET /callcenter/listado_solicitud_servicios.php?ced=51723111&nom=MORENO%20ANGARITA%20ELIZABETH&car=DIRECTOR%20ADMINISTRATIVO HTTP/1.1" 200 6200 "http://www.asjudinet.com/" "Mozilla/5.0 (Windows NT 10.0; Win64; x64) AppleWebKit/537.36 (KHTML, like Gecko) Chrome/147.0.0.0 Safari/537.36"
190.85.87.250 - - [12/May/2026:09:55:08 -0500] "GET /consulta_cartera.php HTTP/1.1" 200 4668 "http://www.asjudinet.com/consulta_ced_info_servi.php" "Mozilla/5.0 (Windows NT 10.0; Win64; x64) AppleWebKit/537.36 (KHTML, like Gecko) Chrome/148.0.0.0 Safari/537.36"
190.85.87.250 - - [12/May/2026:09:55:10 -0500] "GET /menu_admin.php HTTP/1.1" 200 55572 "http://www.asjudinet.com/consulta_cartera.php" "Mozilla/5.0 (Windows NT 10.0; Win64; x64) AppleWebKit/537.36 (KHTML, like Gecko) Chrome/148.0.0.0 Safari/537.36"
190.85.87.250 - - [12/May/2026:09:55:13 -0500] "GET /val_asignacion_procesos.php HTTP/1.1" 200 21645 "http://www.asjudinet.com/menu_admin.php" "Mozilla/5.0 (Windows NT 10.0; Win64; x64) AppleWebKit/537.36 (KHTML, like Gecko) Chrome/148.0.0.0 Safari/537.36"
190.85.87.250 - - [12/May/2026:09:55:13 -0500] "GET /themes//style/style.css HTTP/1.1" 404 - "http://www.asjudinet.com/val_asignacion_procesos.php" "Mozilla/5.0 (Windows NT 10.0; Win64; x64) AppleWebKit/537.36 (KHTML, like Gecko) Chrome/148.0.0.0 Safari/537.36"
190.85.87.250 - - [12/May/2026:09:55:15 -0500] "GET /themes//style/style.css HTTP/1.1" 404 - "http://www.asjudinet.com/val_asignacion_procesos.php" "Mozilla/5.0 (Windows NT 10.0; Win64; x64) AppleWebKit/537.36 (KHTML, like Gecko) Chrome/148.0.0.0 Safari/537.36"
190.85.87.250 - - [12/May/2026:09:55:15 -0500] "POST /val_asignacion_procesos.php HTTP/1.1" 200 19279 "http://www.asjudinet.com/val_asignacion_procesos.php" "Mozilla/5.0 (Windows NT 10.0; Win64; x64) AppleWebKit/537.36 (KHTML, like Gecko) Chrome/148.0.0.0 Safari/537.36"
190.85.87.250 - - [12/May/2026:09:55:16 -0500] "GET /visualizar_asignacion_procesos.php?ced=52123005&nom=GUTIERREZ%20RODRIGUEZ%20SANDRA%20ROCIO&sucu=BOGOTA HTTP/1.1" 200 4124 "http://www.asjudinet.com/val_asignacion_procesos.php" "Mozilla/5.0 (Windows NT 10.0; Win64; x64) AppleWebKit/537.36 (KHTML, like Gecko) Chrome/148.0.0.0 Safari/537.36"
185.104.166.15 - - [12/May/2026:09:55:19 -0500] "GET /callcenter/solicitud_cita_ingreso_director_juridico.php?cedulita=1047495107&numcon=32085&fecha=2026-05-12&atencion=106225&funcionario=51723111 HTTP/1.1" 200 72557 "http://www.asjudinet.com/callcenter/listado_solicitud_servicios.php?ced=51723111&nom=MORENO%20ANGARITA%20ELIZABETH&car=DIRECTOR%20ADMINISTRATIVO" "Mozilla/5.0 (Windows NT 10.0; Win64; x64) AppleWebKit/537.36 (KHTML, like Gecko) Chrome/147.0.0.0 Safari/537.36"
190.85.87.250 - - [12/May/2026:09:55:21 -0500] "POST /acobranzas/seguimiento_cobranza_captura_vigentes.php?id=1081421660&tipo=INT01&carpeta=16507 HTTP/1.1" 200 14143 "http://www.asjudinet.com/acobranzas/seguimiento_cobranza_captura_vigentes.php?id=1081421660&tipo=INT01&carpeta=16507" "Mozilla/5.0 (Windows NT 10.0; Win64; x64) AppleWebKit/537.36 (KHTML, like Gecko) Chrome/148.0.0.0 Safari/537.36"
190.85.87.250 - - [12/May/2026:09:55:21 -0500] "GET /acobranzas/consultar_cobranzas_vigentes.php?ced2=1081421660&numcon=47040 HTTP/1.1" 200 27335 "http://www.asjudinet.com/acobranzas/seguimiento_cobranza_captura_vigentes.php?id=1081421660&tipo=INT01&carpeta=16507" "Mozilla/5.0 (Windows NT 10.0; Win64; x64) AppleWebKit/537.36 (KHTML, like Gecko) Chrome/148.0.0.0 Safari/537.36"
190.85.87.250 - - [12/May/2026:09:55:26 -0500] "POST /visualizar_asignacion_procesos.php?ced=52123005&nom=GUTIERREZ%20RODRIGUEZ%20SANDRA%20ROCIO&sucu=BOGOTA HTTP/1.1" 200 5318 "http://www.asjudinet.com/visualizar_asignacion_procesos.php?ced=52123005&nom=GUTIERREZ%20RODRIGUEZ%20SANDRA%20ROCIO&sucu=BOGOTA" "Mozilla/5.0 (Windows NT 10.0; Win64; x64) AppleWebKit/537.36 (KHTML, like Gecko) Chrome/148.0.0.0 Safari/537.36"
190.85.87.250 - - [12/May/2026:09:55:34 -0500] "POST /acobranzas/cobranzas_consulta_cartera1.php HTTP/1.1" 200 5957 "http://www.asjudinet.com/acobranzas/cobranzas_consulta_cartera1.php" "Mozilla/5.0 (Windows NT 10.0; Win64; x64) AppleWebKit/537.36 (KHTML, like Gecko) Chrome/148.0.0.0 Safari/537.36"
190.85.87.250 - - [12/May/2026:09:55:38 -0500] "GET /consultar_asignacion_procesos.php?id=40046252&numcon=27679&tipo=COA02&cedulita=52123005&sucu=BOGOTA HTTP/1.1" 200 23626 "http://www.asjudinet.com/visualizar_asignacion_procesos.php?ced=52123005&nom=GUTIERREZ%20RODRIGUEZ%20SANDRA%20ROCIO&sucu=BOGOTA" "Mozilla/5.0 (Windows NT 10.0; Win64; x64) AppleWebKit/537.36 (KHTML, like Gecko) Chrome/148.0.0.0 Safari/537.36"
190.85.87.250 - - [12/May/2026:09:55:39 -0500] "GET /acobranzas/cobranzas_serviasju1.php?ced2=70902004&numcon=9672 HTTP/1.1" 200 15118 "http://www.asjudinet.com/acobranzas/cobranzas_consulta_cartera1.php" "Mozilla/5.0 (Windows NT 10.0; Win64; x64) AppleWebKit/537.36 (KHTML, like Gecko) Chrome/148.0.0.0 Safari/537.36"
190.85.87.250 - - [12/May/2026:09:55:39 -0500] "GET /acobranzas/cobranzas_serviasju1.php?ced2=70902004&numcon=9672 HTTP/1.1" 200 15118 "http://www.asjudinet.com/acobranzas/cobranzas_consulta_cartera1.php" "Mozilla/5.0 (Windows NT 10.0; Win64; x64) AppleWebKit/537.36 (KHTML, like Gecko) Chrome/148.0.0.0 Safari/537.36"
190.85.87.250 - - [12/May/2026:09:55:39 -0500] "GET /acobranzas/cobranzas_serviasju1.php?ced2=70902004&numcon=9672 HTTP/1.1" 200 15118 "http://www.asjudinet.com/acobranzas/cobranzas_consulta_cartera1.php" "Mozilla/5.0 (Windows NT 10.0; Win64; x64) AppleWebKit/537.36 (KHTML, like Gecko) Chrome/148.0.0.0 Safari/537.36"
190.85.87.250 - - [12/May/2026:09:55:43 -0500] "GET /copia2.php?id=40046252&numcon=27679&tipo=COA02&cedulita=52123005&sucu=BOGOTA&tipopro=1 HTTP/1.1" 200 32165 "http://www.asjudinet.com/consultar_asignacion_procesos.php?id=40046252&numcon=27679&tipo=COA02&cedulita=52123005&sucu=BOGOTA" "Mozilla/5.0 (Windows NT 10.0; Win64; x64) AppleWebKit/537.36 (KHTML, like Gecko) Chrome/148.0.0.0 Safari/537.36"
190.85.87.250 - - [12/May/2026:09:55:48 -0500] "POST /acobranzas/consulta_ced_cob_estado_1da.php HTTP/1.1" 200 6792 "http://www.asjudinet.com/acobranzas/consulta_ced_cob_estado_1da.php" "Mozilla/5.0 (Windows NT 10.0; Win64; x64) AppleWebKit/537.36 (KHTML, like Gecko) Chrome/148.0.0.0 Safari/537.36"
190.85.87.250 - - [12/May/2026:09:55:49 -0500] "GET /acobranzas/consultar_cobranzas_vigentes.php?id=70902004&carpeta=16668&tipo=INT03 HTTP/1.1" 200 17421 "http://www.asjudinet.com/acobranzas/consulta_ced_cob_estado_1da.php" "Mozilla/5.0 (Windows NT 10.0; Win64; x64) AppleWebKit/537.36 (KHTML, like Gecko) Chrome/148.0.0.0 Safari/537.36"
114.119.156.102 - - [12/May/2026:09:55:50 -0500] "GET /index.php/zzztvsa/39aayzpksh_liqzne72382/principal/avigilajudicial/pages/pages/pages/principal/pages/menu_creditos_rotativos.php HTTP/1.1" 200 54693 "http://www.asjudinet.com/index.php/zzztvsa/39aayzpksh_liqzne72382/principal/avigilajudicial/pages/pages/pages/principal/enlaces.php" "Mozilla/5.0 (Linux; Android 7.0;) AppleWebKit/537.36 (KHTML, like Gecko) Mobile Safari/537.36 (compatible; PetalBot;+https://webmaster.petalsearch.com/site/petalbot)"
190.85.87.250 - - [12/May/2026:09:55:59 -0500] "GET /copia2.php?id=40046252&numcon=27679&tipo=COA02&cedulita=52123005&sucu=BOGOTA&tipopro=2 HTTP/1.1" 200 32168 "http://www.asjudinet.com/consultar_asignacion_procesos.php?id=40046252&numcon=27679&tipo=COA02&cedulita=52123005&sucu=BOGOTA" "Mozilla/5.0 (Windows NT 10.0; Win64; x64) AppleWebKit/537.36 (KHTML, like Gecko) Chrome/148.0.0.0 Safari/537.36"
190.85.87.250 - - [12/May/2026:09:56:04 -0500] "GET /copia2.php?busque=12&id=40046252&tipopro=2&numcon=27679&sucu=BOGOTA&tipo=COA02&nombre=&atencion= HTTP/1.1" 200 34007 "http://www.asjudinet.com/copia2.php?id=40046252&numcon=27679&tipo=COA02&cedulita=52123005&sucu=BOGOTA&tipopro=2" "Mozilla/5.0 (Windows NT 10.0; Win64; x64) AppleWebKit/537.36 (KHTML, like Gecko) Chrome/148.0.0.0 Safari/537.36"
190.85.87.250 - - [12/May/2026:09:57:01 -0500] "GET /listado_tickets_callcenter.php HTTP/1.1" 200 5664 "-" "Mozilla/5.0 (Windows NT 10.0; Win64; x64) AppleWebKit/537.36 (KHTML, like Gecko) Chrome/148.0.0.0 Safari/537.36"
190.85.87.250 - - [12/May/2026:09:57:03 -0500] "POST /listado_tickets_callcenter.php HTTP/1.1" 200 5706 "http://www.asjudinet.com/listado_tickets_callcenter.php" "Mozilla/5.0 (Windows NT 10.0; Win64; x64) AppleWebKit/537.36 (KHTML, like Gecko) Chrome/148.0.0.0 Safari/537.36"
157.55.39.223 - - [12/May/2026:09:57:06 -0500] "GET /robots.txt HTTP/1.1" 200 43 "-" "Mozilla/5.0 AppleWebKit/537.36 (KHTML, like Gecko; compatible; bingbot/2.0; +http://www.bing.com/bingbot.htm) Chrome/116.0.1938.76 Safari/537.36"
186.169.58.230 - - [12/May/2026:09:57:06 -0500] "POST /callcenter/respuesta_abogado.php?cedulita=1013599003&numcon=22913&atencion=106221&funcionario=49759766 HTTP/1.1" 200 16587 "http://www.asjudinet.com/callcenter/respuesta_abogado.php?cedulita=1013599003&numcon=22913&atencion=106221&funcionario=49759766" "Mozilla/5.0 (Windows NT 10.0; Win64; x64) AppleWebKit/537.36 (KHTML, like Gecko) Chrome/148.0.0.0 Safari/537.36 Edg/148.0.0.0"
114.119.150.5 - - [12/May/2026:09:57:23 -0500] "GET /index.php/zzztvsa/39aayzpksh_liqzne72382/principal/avigilajudicial/pages/pages/pages/principal/avigilajudicial/val_usuarios_IURIS.php HTTP/1.1" 200 54693 "http://www.asjudinet.com/index.php/zzztvsa/39aayzpksh_liqzne72382/principal/avigilajudicial/pages/pages/pages/principal/avigilajudicial/validar_vigi_judicial.php" "Mozilla/5.0 (Linux; Android 7.0;) AppleWebKit/537.36 (HTML, like Gecko) Mobile Safari/537.36 (compatible; PetalBot;+https://webmaster.petalsearch.com/site/petalbot)"
190.85.87.250 - - [12/May/2026:09:57:25 -0500] "GET /afinanciera/menu_cartera_debito.php HTTP/1.1" 200 38627 "http://www.asjudinet.com/afinanciera/cartera_consulta_titu_usuario.php?ced2=15614361&numcon=26381" "Mozilla/5.0 (Windows NT 10.0; Win64; x64) AppleWebKit/537.36 (KHTML, like Gecko) Chrome/148.0.0.0 Safari/537.36"
190.85.87.250 - - [12/May/2026:09:57:27 -0500] "GET /afinanciera/cartera_consul_titu_deb.php HTTP/1.1" 200 5181 "http://www.asjudinet.com/afinanciera/menu_cartera_debito.php" "Mozilla/5.0 (Windows NT 10.0; Win64; x64) AppleWebKit/537.36 (KHTML, like Gecko) Chrome/148.0.0.0 Safari/537.36"
190.85.87.250 - - [12/May/2026:09:57:38 -0500] "GET /afinanciera/menu_cartera_debito.php HTTP/1.1" 200 38627 "http://www.asjudinet.com/afinanciera/cartera_consul_titu_deb.php" "Mozilla/5.0 (Windows NT 10.0; Win64; x64) AppleWebKit/537.36 (KHTML, like Gecko) Chrome/148.0.0.0 Safari/537.36"
190.85.87.250 - - [12/May/2026:09:57:57 -0500] "GET /afinanciera/cartera_consul_titu_deb.php HTTP/1.1" 200 5181 "http://www.asjudinet.com/afinanciera/menu_cartera_debito.php" "Mozilla/5.0 (Windows NT 10.0; Win64; x64) AppleWebKit/537.36 (KHTML, like Gecko) Chrome/148.0.0.0 Safari/537.36"
190.85.87.250 - - [12/May/2026:09:57:58 -0500] "POST /afinanciera/cartera_consultar_cargar_deb.php HTTP/1.1" 200 7342 "http://www.asjudinet.com/afinanciera/cartera_consultar_cargar_deb.php" "Mozilla/5.0 (Windows NT 10.0; Win64; x64) AppleWebKit/537.36 (KHTML, like Gecko) Chrome/148.0.0.0 Safari/537.36"
190.85.87.250 - - [12/May/2026:09:58:02 -0500] "POST /afinanciera/cartera_consul_titu_deb.php HTTP/1.1" 200 6055 "http://www.asjudinet.com/afinanciera/cartera_consul_titu_deb.php" "Mozilla/5.0 (Windows NT 10.0; Win64; x64) AppleWebKit/537.36 (KHTML, like Gecko) Chrome/148.0.0.0 Safari/537.36"
190.85.87.250 - - [12/May/2026:09:58:01 -0500] "GET /afinanciera/cartera_cargar_manual_deb.php?ced2=14395360&numcon=7280 HTTP/1.1" 200 24399 "http://www.asjudinet.com/afinanciera/cartera_consultar_cargar_deb.php" "Mozilla/5.0 (Windows NT 10.0; Win64; x64) AppleWebKit/537.36 (KHTML, like Gecko) Chrome/148.0.0.0 Safari/537.36"
190.85.87.250 - - [12/May/2026:09:58:07 -0500] "GET /afinanciera/cartera_cargar_manual_deb.php?ced2=14395360&numcon=7280A HTTP/1.1" 200 102202 "http://www.asjudinet.com/afinanciera/cartera_consultar_cargar_deb.php" "Mozilla/5.0 (Windows NT 10.0; Win64; x64) AppleWebKit/537.36 (KHTML, like Gecko) Chrome/148.0.0.0 Safari/537.36"
190.85.87.250 - - [12/May/2026:09:58:14 -0500] "GET /afinanciera/cartera_cargar_manual_deb.php?ced2=14395360&numcon=8539 HTTP/1.1" 200 27854 "http://www.asjudinet.com/afinanciera/cartera_consultar_cargar_deb.php" "Mozilla/5.0 (Windows NT 10.0; Win64; x64) AppleWebKit/537.36 (KHTML, like Gecko) Chrome/148.0.0.0 Safari/537.36"
190.85.87.250 - - [12/May/2026:09:58:20 -0500] "GET /afinanciera/cartera_cargar_manual_deb.php?ced2=14395360&numcon=8539A HTTP/1.1" 200 277356 "http://www.asjudinet.com/afinanciera/cartera_consultar_cargar_deb.php" "Mozilla/5.0 (Windows NT 10.0; Win64; x64) AppleWebKit/537.36 (KHTML, like Gecko) Chrome/148.0.0.0 Safari/537.36"
190.85.87.250 - - [12/May/2026:09:58:22 -0500] "GET /afinanciera/cartera_consulta_titu_usuario.php?ced2=1057014316&numcon=30910 HTTP/1.1" 200 18656 "http://www.asjudinet.com/afinanciera/cartera_consul_titu_deb.php" "Mozilla/5.0 (Windows NT 10.0; Win64; x64) AppleWebKit/537.36 (KHTML, like Gecko) Chrome/148.0.0.0 Safari/537.36"
190.85.87.250 - - [12/May/2026:09:58:22 -0500] "GET /afinanciera/cartera_consulta_titu_usuario.php?ced2=1057014316&numcon=30910 HTTP/1.1" 200 18656 "http://www.asjudinet.com/afinanciera/cartera_consul_titu_deb.php" "Mozilla/5.0 (Windows NT 10.0; Win64; x64) AppleWebKit/537.36 (KHTML, like Gecko) Chrome/148.0.0.0 Safari/537.36"
190.85.87.250 - - [12/May/2026:09:58:22 -0500] "GET /afinanciera/cartera_consulta_titu_usuario.php?ced2=1057014316&numcon=30910 HTTP/1.1" 200 180517 "http://www.asjudinet.com/afinanciera/cartera_consul_titu_deb.php" "Mozilla/5.0 (Windows NT 10.0; Win64; x64) AppleWebKit/537.36 (KHTML, like Gecko) Chrome/148.0.0.0 Safari/537.36"
190.85.87.250 - - [12/May/2026:09:58:37 -0500] "POST /afinanciera/cartera_consul_titu_deb.php HTTP/1.1" 200 7444 "http://www.asjudinet.com/afinanciera/cartera_consul_titu_deb.php" "Mozilla/5.0 (Windows NT 10.0; Win64; x64) AppleWebKit/537.36 (KHTML, like Gecko) Chrome/148.0.0.0 Safari/537.36"
190.85.87.250 - - [12/May/2026:09:58:40 -0500] "GET /afinanciera/cartera_consulta_titu_usuario.php?ced2=14395360&numcon=8539A HTTP/1.1" 200 280084 "http://www.asjudinet.com/afinanciera/cartera_consul_titu_deb.php" "Mozilla/5.0 (Windows NT 10.0; Win64; x64) AppleWebKit/537.36 (KHTML, like Gecko) Chrome/148.0.0.0 Safari/537.36"
190.85.87.250 - - [12/May/2026:09:58:44 -0500] "POST /callcenter/solicitud_cita_ingreso.php?numcon=20544&cedulita=1121858393&funcionario=1124077740 HTTP/1.1" 200 49273 "http://www.asjudinet.com/callcenter/solicitud_cita_ingreso.php?numcon=20544&cedulita=1121858393&funcionario=1124077740" "Mozilla/5.0 (Windows NT 10.0; Win64; x64) AppleWebKit/537.36 (KHTML, like Gecko) Chrome/147.0.0.0 Safari/537.36"
114.119.137.103 - - [12/May/2026:09:58:50 -0500] "GET /index.php/zzztvsa/39aayzpksh_liqzne72382/principal/avigilajudicial/pages/pages/pages/pages/principal/soporteacademico.php HTTP/1.1" 200 54693 "http://www.asjudinet.com/index.php/zzztvsa/39aayzpksh_liqzne72382/principal/avigilajudicial/pages/pages/pages/pages/val_usuarios.php" "Mozilla/5.0 (Linux; Android 7.0;) AppleWebKit/537.36 (HTML, like Gecko) Mobile Safari/537.36 (compatible; PetalBot;+https://webmaster.petalsearch.com/site/petalbot)"
190.85.87.250 - - [12/May/2026:09:58:55 -0500] "GET /afinanciera/cartera_consulta_titu_usuario.php?ced2=14395360&numcon=7280 HTTP/1.1" 200 27091 "http://www.asjudinet.com/afinanciera/cartera_consul_titu_deb.php" "Mozilla/5.0 (Windows NT 10.0; Win64; x64) AppleWebKit/537.36 (KHTML, like Gecko) Chrome/148.0.0.0 Safari/537.36"
190.85.87.250 - - [12/May/2026:09:59:19 -0500] "POST /afinanciera/cartera_consultar_cargar_deb.php HTTP/1.1" 200 7342 "http://www.asjudinet.com/afinanciera/cartera_consultar_cargar_deb.php" "Mozilla/5.0 (Windows NT 10.0; Win64; x64) AppleWebKit/537.36 (KHTML, like Gecko) Chrome/148.0.0.0 Safari/537.36"
190.85.87.250 - - [12/May/2026:09:59:28 -0500] "GET /afinanciera/cartera_cargar_manual_deb.php?ced2=14395360&numcon=8539A HTTP/1.1" 200 277356 "http://www.asjudinet.com/afinanciera/cartera_consultar_cargar_deb.php" "Mozilla/5.0 (Windows NT 10.0; Win64; x64) AppleWebKit/537.36 (KHTML, like Gecko) Chrome/148.0.0.0 Safari/537.36"
190.85.87.250 - - [12/May/2026:10:00:06 -0500] "GET /afinanciera/menu_cartera_debito.php HTTP/1.1" 200 38627 "http://www.asjudinet.com/afinanciera/cartera_consulta_titu_usuario.php?ced2=1057014316&numcon=30910" "Mozilla/5.0 (Windows NT 10.0; Win64; x64) AppleWebKit/537.36 (KHTML, like Gecko) Chrome/148.0.0.0 Safari/537.36"
190.85.87.250 - - [12/May/2026:10:00:07 -0500] "GET /afinanciera/cartera_consul_titu_deb.php HTTP/1.1" 200 5181 "http://www.asjudinet.com/afinanciera/menu_cartera_debito.php" "Mozilla/5.0 (Windows NT 10.0; Win64; x64) AppleWebKit/537.36 (KHTML, like Gecko) Chrome/148.0.0.0 Safari/537.36"
114.119.150.5 - - [12/May/2026:10:00:13 -0500] "GET /index.php/zzztvsa/39aayzpksh_liqzne72382/principal/avigilajudicial/pages/pages/pages/avigilajudicial/avigilajudicial/validar_usuarios_pagina.php HTTP/1.1" 200 54693 "http://www.asjudinet.com/index.php/zzztvsa/39aayzpksh_liqzne72382/principal/avigilajudicial/pages/pages/pages/avigilajudicial/avigilajudicial/val_usuarios.php" "Mozilla/5.0 (Linux; Android 7.0;) AppleWebKit/537.36 (HTML, like Gecko) Mobile Safari/537.36 (compatible; PetalBot;+https://webmaster.petalsearch.com/site/petalbot)"
190.85.87.250 - - [12/May/2026:10:00:12 -0500] "POST /afinanciera/cartera_consul_titu_deb.php HTTP/1.1" 200 6055 "http://www.asjudinet.com/afinanciera/cartera_consul_titu_deb.php" "Mozilla/5.0 (Windows NT 10.0; Win64; x64) AppleWebKit/537.36 (KHTML, like Gecko) Chrome/148.0.0.0 Safari/537.36"
190.85.87.250 - - [12/May/2026:10:00:15 -0500] "GET /callcenter/menu_callcenter.php?ced=1124077740&nom=ORTIZ%20SUAREZ%20YUSNEHIDI HTTP/1.1" 200 11513 "http://www.asjudinet.com/callcenter/solicitud_cita_ingreso.php?numcon=20544&cedulita=1121858393&funcionario=1124077740" "Mozilla/5.0 (Windows NT 10.0; Win64; x64) AppleWebKit/537.36 (KHTML, like Gecko) Chrome/147.0.0.0 Safari/537.36"
190.85.87.250 - - [12/May/2026:10:00:15 -0500] "GET /afinanciera/cartera_consulta_titu_usuario.php?ced2=1057588489&numcon=28337 HTTP/1.1" 200 208272 "http://www.asjudinet.com/afinanciera/cartera_consul_titu_deb.php" "Mozilla/5.0 (Windows NT 10.0; Win64; x64) AppleWebKit/537.36 (KHTML, like Gecko) Chrome/148.0.0.0 Safari/537.36"
190.85.87.250 - - [12/May/2026:10:00:16 -0500] "POST /afinanciera/cartera_cargar_manual_deb.php?ced2=14395360&numcon=8539A HTTP/1.1" 200 279106 "http://www.asjudinet.com/afinanciera/cartera_cargar_manual_deb.php?ced2=14395360&numcon=8539A" "Mozilla/5.0 (Windows NT 10.0; Win64; x64) AppleWebKit/537.36 (KHTML, like Gecko) Chrome/148.0.0.0 Safari/537.36"
185.104.166.15 - - [12/May/2026:10:00:31 -0500] "POST /callcenter/solicitud_cita_ingreso_director_juridico.php?cedulita=1047495107&numcon=32085&fecha=2026-05-12&atencion=106225&funcionario=51723111 HTTP/1.1" 200 73489 "http://www.asjudinet.com/callcenter/solicitud_cita_ingreso_director_juridico.php?cedulita=1047495107&numcon=32085&fecha=2026-05-12&atencion=106225&funcionario=51723111" "Mozilla/5.0 (Windows NT 10.0; Win64; x64) AppleWebKit/537.36 (KHTML, like Gecko) Chrome/147.0.0.0 Safari/537.36"
185.104.166.15 - - [12/May/2026:10:00:35 -0500] "GET /callcenter/listado_solicitud_servicios.php?ced=51723111&nom=MORENO%20ANGARITA%20ELIZABETH&car=DIRECTOR%20ADMINISTRATIVO HTTP/1.1" 200 5567 "http://www.asjudinet.com/" "Mozilla/5.0 (Windows NT 10.0; Win64; x64) AppleWebKit/537.36 (KHTML, like Gecko) Chrome/147.0.0.0 Safari/537.36"
185.104.166.15 - - [12/May/2026:10:00:38 -0500] "GET /callcenter/solicitud_cita_ingreso_director_juridico.php?cedulita=1094908477&numcon=I1660&fecha=2026-05-11&atencion=106209&funcionario=51723111 HTTP/1.1" 200 72566 "http://www.asjudinet.com/callcenter/listado_solicitud_servicios.php?ced=51723111&nom=MORENO%20ANGARITA%20ELIZABETH&car=DIRECTOR%20ADMINISTRATIVO" "Mozilla/5.0 (Windows NT 10.0; Win64; x64) AppleWebKit/537.36 (KHTML, like Gecko) Chrome/147.0.0.0 Safari/537.36"
190.85.87.250 - - [12/May/2026:10:01:35 -0500] "POST /acobranzas/cobranzas_consulta_cartera1.php HTTP/1.1" 200 7345 "http://www.asjudinet.com/acobranzas/cobranzas_consulta_cartera1.php" "Mozilla/5.0 (Windows NT 10.0; Win64; x64) AppleWebKit/537.36 (KHTML, like Gecko) Chrome/148.0.0.0 Safari/537.36"
190.85.87.250 - - [12/May/2026:10:01:42 -0500] "GET /acobranzas/cobranzas_serviasju1.php?ced2=14395360&numcon=8539A HTTP/1.1" 200 16873 "http://www.asjudinet.com/acobranzas/cobranzas_consulta_cartera1.php" "Mozilla/5.0 (Windows NT 10.0; Win64; x64) AppleWebKit/537.36 (KHTML, like Gecko) Chrome/148.0.0.0 Safari/537.36"
181.61.205.27 - - [12/May/2026:10:01:44 -0500] "POST /consulta_ced_accion_tomada.php HTTP/1.1" 200 6672 "http://www.asjudinet.com/consulta_ced_accion_tomada.php" "Mozilla/5.0 (Windows NT 10.0; Win64; x64) AppleWebKit/537.36 (KHTML, like Gecko) Chrome/147.0.0.0 Safari/537.36"
190.85.87.250 - - [12/May/2026:10:01:42 -0500] "GET /acobranzas/cobranzas_serviasju1.php?ced2=14395360&numcon=8539A HTTP/1.1" 200 279979 "http://www.asjudinet.com/acobranzas/cobranzas_consulta_cartera1.php" "Mozilla/5.0 (Windows NT 10.0; Win64; x64) AppleWebKit/537.36 (KHTML, like Gecko) Chrome/148.0.0.0 Safari/537.36"
181.61.205.27 - - [12/May/2026:10:01:52 -0500] "GET /ingresar_accion_tomada.php?cedul=74360930&atencion=138709&fechase=2026-04-30&esta=7 HTTP/1.1" 200 17113 "http://www.asjudinet.com/consulta_ced_accion_tomada.php" "Mozilla/5.0 (Windows NT 10.0; Win64; x64) AppleWebKit/537.36 (KHTML, like Gecko) Chrome/147.0.0.0 Safari/537.36"
190.85.87.250 - - [12/May/2026:10:01:55 -0500] "GET /acobranzas/cobranzas_serviasju1.php?ced2=14395360&numcon=7280A HTTP/1.1" 200 16854 "http://www.asjudinet.com/acobranzas/cobranzas_consulta_cartera1.php" "Mozilla/5.0 (Windows NT 10.0; Win64; x64) AppleWebKit/537.36 (KHTML, like Gecko) Chrome/148.0.0.0 Safari/537.36"
190.85.87.250 - - [12/May/2026:10:01:55 -0500] "GET /acobranzas/cobranzas_serviasju1.php?ced2=14395360&numcon=7280A HTTP/1.1" 200 103112 "http://www.asjudinet.com/acobranzas/cobranzas_consulta_cartera1.php" "Mozilla/5.0 (Windows NT 10.0; Win64; x64) AppleWebKit/537.36 (KHTML, like Gecko) Chrome/148.0.0.0 Safari/537.36"
114.119.156.102 - - [12/May/2026:10:02:20 -0500] "GET /index.php/zzztvsa/39aayzpksh_liqzne72382/principal/avigilajudicial/pages/pages/avigilajudicial/principal/sucursales_satelites.php HTTP/1.1" 200 54693 "http://www.asjudinet.com/index.php/zzztvsa/39aayzpksh_liqzne72382/principal/avigilajudicial/pages/pages/avigilajudicial/formulario_seminario_dih.php" "Mozilla/5.0 (Linux; Android 7.0;) AppleWebKit/537.36 (KHTML, like Gecko) Mobile Safari/537.36 (compatible; PetalBot;+https://webmaster.petalsearch.com/site/petalbot)"
190.85.87.250 - - [12/May/2026:10:02:38 -0500] "GET /afinanciera/cartera_cargar_manual_deb.php?ced2=14395360&numcon=7280A HTTP/1.1" 200 102202 "http://www.asjudinet.com/afinanciera/cartera_consultar_cargar_deb.php" "Mozilla/5.0 (Windows NT 10.0; Win64; x64) AppleWebKit/537.36 (KHTML, like Gecko) Chrome/148.0.0.0 Safari/537.36"
190.85.87.250 - - [12/May/2026:10:02:51 -0500] "POST /copia2.php?busque=12&id=40046252&tipopro=2&numcon=27679&sucu=BOGOTA&tipo=COA02&nombre=&atencion= HTTP/1.1" 200 34150 "http://www.asjudinet.com/copia2.php?busque=12&id=40046252&tipopro=2&numcon=27679&sucu=BOGOTA&tipo=COA02&nombre=&atencion=" "Mozilla/5.0 (Windows NT 10.0; Win64; x64) AppleWebKit/537.36 (KHTML, like Gecko) Chrome/148.0.0.0 Safari/537.36"
190.85.87.250 - - [12/May/2026:10:02:58 -0500] "GET /menu_admin.php HTTP/1.1" 200 55572 "http://www.asjudinet.com/visualizar_asignacion_procesos.php?ced=52123005&nom=GUTIERREZ%20RODRIGUEZ%20SANDRA%20ROCIO&sucu=BOGOTA" "Mozilla/5.0 (Windows NT 10.0; Win64; x64) AppleWebKit/537.36 (KHTML, like Gecko) Chrome/148.0.0.0 Safari/537.36"
114.119.137.103 - - [12/May/2026:10:02:59 -0500] "GET /index.php/zzztvsa/39aayzpksh_liqzne72382/principal/avigilajudicial/pages/avigilajudicial/principal/principal/NoticiasImportantes.php HTTP/1.1" 200 54693 "http://www.asjudinet.com/index.php/zzztvsa/39aayzpksh_liqzne72382/principal/avigilajudicial/pages/avigilajudicial/principal/testimonios.php" "Mozilla/5.0 (Linux; Android 7.0;) AppleWebKit/537.36 (HTML, like Gecko) Mobile Safari/537.36 (compatible; PetalBot;+https://webmaster.petalsearch.com/site/petalbot)"
190.85.87.250 - - [12/May/2026:10:03:02 -0500] "GET /val_asignacion_procesos2.php HTTP/1.1" 200 21646 "http://www.asjudinet.com/menu_admin.php" "Mozilla/5.0 (Windows NT 10.0; Win64; x64) AppleWebKit/537.36 (KHTML, like Gecko) Chrome/148.0.0.0 Safari/537.36"
190.85.87.250 - - [12/May/2026:10:03:02 -0500] "GET /themes//style/style.css HTTP/1.1" 404 - "http://www.asjudinet.com/val_asignacion_procesos2.php" "Mozilla/5.0 (Windows NT 10.0; Win64; x64) AppleWebKit/537.36 (KHTML, like Gecko) Chrome/148.0.0.0 Safari/537.36"
190.85.87.250 - - [12/May/2026:10:03:05 -0500] "GET /themes//style/style.css HTTP/1.1" 404 - "http://www.asjudinet.com/val_asignacion_procesos2.php" "Mozilla/5.0 (Windows NT 10.0; Win64; x64) AppleWebKit/537.36 (KHTML, like Gecko) Chrome/148.0.0.0 Safari/537.36"
190.85.87.250 - - [12/May/2026:10:03:05 -0500] "POST /val_asignacion_procesos2.php HTTP/1.1" 200 19272 "http://www.asjudinet.com/val_asignacion_procesos2.php" "Mozilla/5.0 (Windows NT 10.0; Win64; x64) AppleWebKit/537.36 (KHTML, like Gecko) Chrome/148.0.0.0 Safari/537.36"
190.85.87.250 - - [12/May/2026:10:03:05 -0500] "GET /menu_asignacion_proceso.php?ced=52123005&nom=GUTIERREZ%20RODRIGUEZ%20SANDRA%20ROCIO&sucu=BOGOTA HTTP/1.1" 200 2848 "http://www.asjudinet.com/val_asignacion_procesos2.php" "Mozilla/5.0 (Windows NT 10.0; Win64; x64) AppleWebKit/537.36 (KHTML, like Gecko) Chrome/148.0.0.0 Safari/537.36"
190.85.87.250 - - [12/May/2026:10:03:07 -0500] "GET /ingresar_proceso_2.php?ced=52123005&nom=GUTIERREZ%20RODRIGUEZ%20SANDRA%20ROCIO&sucu=BOGOTA HTTP/1.1" 200 77686 "http://www.asjudinet.com/menu_asignacion_proceso.php?ced=52123005&nom=GUTIERREZ%20RODRIGUEZ%20SANDRA%20ROCIO&sucu=BOGOTA" "Mozilla/5.0 (Windows NT 10.0; Win64; x64) AppleWebKit/537.36 (KHTML, like Gecko) Chrome/148.0.0.0 Safari/537.36"
190.85.87.250 - - [12/May/2026:10:03:12 -0500] "GET /ingresar_proceso_3.php?cedula=40046252&id=42147&proceso=105199 HTTP/1.1" 200 23307 "http://www.asjudinet.com/ingresar_proceso_2.php?ced=52123005&nom=GUTIERREZ%20RODRIGUEZ%20SANDRA%20ROCIO&sucu=BOGOTA" "Mozilla/5.0 (Windows NT 10.0; Win64; x64) AppleWebKit/537.36 (KHTML, like Gecko) Chrome/148.0.0.0 Safari/537.36"
190.85.87.250 - - [12/May/2026:10:03:40 -0500] "POST /afinanciera/cartera_cargar_manual_deb.php?ced2=14395360&numcon=7280A HTTP/1.1" 200 103954 "http://www.asjudinet.com/afinanciera/cartera_cargar_manual_deb.php?ced2=14395360&numcon=7280A" "Mozilla/5.0 (Windows NT 10.0; Win64; x64) AppleWebKit/537.36 (KHTML, like Gecko) Chrome/148.0.0.0 Safari/537.36"
216.244.66.232 - - [12/May/2026:10:03:49 -0500] "GET /index.php/11/ifa7o38z/264002/ELEMENTOS/formulario_seminario_dih.php HTTP/1.1" 200 54693 "-" "Mozilla/5.0 (compatible; DotBot/1.2; +https://opensiteexplorer.org/dotbot; help@moz.com)"
216.244.66.232 - - [12/May/2026:10:03:53 -0500] "GET /index.php/12k1853798-k9cwv/hjo91p/932_e6t7sovov28432/validar_usuarios_pagina.php HTTP/1.1" 200 54693 "-" "Mozilla/5.0 (compatible; DotBot/1.2; +https://opensiteexplorer.org/dotbot; help@moz.com)"
216.244.66.232 - - [12/May/2026:10:03:57 -0500] "GET /index.php/avoqnhp/10tonhecsl_lkznfp98507/principal/enlaces.php HTTP/1.1" 200 54693 "-" "Mozilla/5.0 (compatible; DotBot/1.2; +https://opensiteexplorer.org/dotbot; help@moz.com)"
