212.227.21.19 - - [12/May/2026:09:22:44 -0500] "GET /index.php/20/8op9a7i2/925048/avigilajudicial/avigilajudicial/avigilajudicial/avigilajudicial/avigilajudicial/avigilajudicial/avigilajudicial/avigilajudicial/avigilajudicial/avigilajudicial/avigilajudicial/avigilajudicial/avigilajudicial/avigilajudicial/avigilajudicial/avigilajudicial/principal/principal/principal/pages/pages/avigilajudicial/principal/avigilajudicial/avigilajudicial/avigilajudicial/pages/avigilajudicial/principal/pages/pages/pages/principal/misionvision.php HTTP/1.1" 200 54693 "-" "Mozilla/5.0 (compatible; MJ12bot/v1.4.8; http://mj12bot.com/)"
212.227.21.19 - - [12/May/2026:09:22:46 -0500] "GET /index.php/20/8op9a7i2/925048/avigilajudicial/avigilajudicial/avigilajudicial/avigilajudicial/avigilajudicial/avigilajudicial/avigilajudicial/avigilajudicial/avigilajudicial/avigilajudicial/avigilajudicial/avigilajudicial/avigilajudicial/avigilajudicial/avigilajudicial/avigilajudicial/principal/principal/principal/pages/pages/avigilajudicial/principal/avigilajudicial/avigilajudicial/avigilajudicial/pages/avigilajudicial/principal/pages/pages/pages/principal/prepago.php HTTP/1.1" 200 54693 "-" "Mozilla/5.0 (compatible; MJ12bot/v1.4.8; http://mj12bot.com/)"
212.227.21.19 - - [12/May/2026:09:22:48 -0500] "GET /index.php/20/8op9a7i2/925048/avigilajudicial/avigilajudicial/avigilajudicial/avigilajudicial/avigilajudicial/avigilajudicial/avigilajudicial/avigilajudicial/avigilajudicial/avigilajudicial/avigilajudicial/avigilajudicial/avigilajudicial/avigilajudicial/avigilajudicial/avigilajudicial/principal/principal/principal/pages/pages/avigilajudicial/principal/avigilajudicial/avigilajudicial/avigilajudicial/pages/avigilajudicial/principal/pages/pages/pages/principal/quienes.php HTTP/1.1" 200 54693 "-" "Mozilla/5.0 (compatible; MJ12bot/v1.4.8; http://mj12bot.com/)"
212.227.21.19 - - [12/May/2026:09:22:49 -0500] "GET /index.php/20/8op9a7i2/925048/avigilajudicial/avigilajudicial/avigilajudicial/avigilajudicial/avigilajudicial/avigilajudicial/avigilajudicial/avigilajudicial/avigilajudicial/avigilajudicial/avigilajudicial/avigilajudicial/avigilajudicial/avigilajudicial/avigilajudicial/avigilajudicial/principal/principal/principal/pages/pages/avigilajudicial/principal/avigilajudicial/avigilajudicial/avigilajudicial/pages/avigilajudicial/principal/pages/pages/pages/principal/soporteacademico.php HTTP/1.1" 200 54693 "-" "Mozilla/5.0 (compatible; MJ12bot/v1.4.8; http://mj12bot.com/)"
212.227.21.19 - - [12/May/2026:09:22:51 -0500] "GET /index.php/20/8op9a7i2/925048/avigilajudicial/avigilajudicial/avigilajudicial/avigilajudicial/avigilajudicial/avigilajudicial/avigilajudicial/avigilajudicial/avigilajudicial/avigilajudicial/avigilajudicial/avigilajudicial/avigilajudicial/avigilajudicial/avigilajudicial/avigilajudicial/principal/principal/principal/pages/pages/avigilajudicial/principal/avigilajudicial/avigilajudicial/avigilajudicial/pages/avigilajudicial/principal/pages/pages/pages/principal/sucursales.php HTTP/1.1" 200 54693 "-" "Mozilla/5.0 (compatible; MJ12bot/v1.4.8; http://mj12bot.com/)"
212.227.21.19 - - [12/May/2026:09:22:53 -0500] "GET /index.php/20/8op9a7i2/925048/avigilajudicial/avigilajudicial/avigilajudicial/avigilajudicial/avigilajudicial/avigilajudicial/avigilajudicial/avigilajudicial/avigilajudicial/avigilajudicial/avigilajudicial/avigilajudicial/avigilajudicial/avigilajudicial/avigilajudicial/avigilajudicial/principal/principal/principal/pages/pages/avigilajudicial/principal/avigilajudicial/avigilajudicial/avigilajudicial/pages/avigilajudicial/principal/pages/pages/pages/principal/sucursales_satelites.php HTTP/1.1" 200 54693 "-" "Mozilla/5.0 (compatible; MJ12bot/v1.4.8; http://mj12bot.com/)"
212.227.21.19 - - [12/May/2026:09:22:55 -0500] "GET /index.php/20/8op9a7i2/925048/avigilajudicial/avigilajudicial/avigilajudicial/avigilajudicial/avigilajudicial/avigilajudicial/avigilajudicial/avigilajudicial/avigilajudicial/avigilajudicial/avigilajudicial/avigilajudicial/avigilajudicial/avigilajudicial/avigilajudicial/avigilajudicial/principal/principal/principal/pages/pages/avigilajudicial/principal/avigilajudicial/avigilajudicial/avigilajudicial/pages/avigilajudicial/principal/pages/pages/pages/principal/testimonios.php HTTP/1.1" 200 54693 "-" "Mozilla/5.0 (compatible; MJ12bot/v1.4.8; http://mj12bot.com/)"
212.227.21.19 - - [12/May/2026:09:22:57 -0500] "GET /index.php/20/8op9a7i2/925048/avigilajudicial/avigilajudicial/avigilajudicial/avigilajudicial/avigilajudicial/avigilajudicial/avigilajudicial/avigilajudicial/avigilajudicial/avigilajudicial/avigilajudicial/avigilajudicial/avigilajudicial/avigilajudicial/avigilajudicial/avigilajudicial/principal/principal/principal/pages/pages/avigilajudicial/principal/avigilajudicial/avigilajudicial/avigilajudicial/pages/avigilajudicial/principal/pages/pages/pages/principal/trayectoria.php HTTP/1.1" 200 54693 "-" "Mozilla/5.0 (compatible; MJ12bot/v1.4.8; http://mj12bot.com/)"
212.227.21.19 - - [12/May/2026:09:22:59 -0500] "GET /index.php/20/8op9a7i2/925048/avigilajudicial/avigilajudicial/avigilajudicial/avigilajudicial/avigilajudicial/avigilajudicial/avigilajudicial/avigilajudicial/avigilajudicial/avigilajudicial/avigilajudicial/avigilajudicial/avigilajudicial/avigilajudicial/avigilajudicial/avigilajudicial/principal/principal/principal/pages/pages/avigilajudicial/principal/avigilajudicial/avigilajudicial/avigilajudicial/pages/avigilajudicial/principal/pages/pages/pages/principal/ventajas.php HTTP/1.1" 200 54693 "-" "Mozilla/5.0 (compatible; MJ12bot/v1.4.8; http://mj12bot.com/)"
212.227.21.19 - - [12/May/2026:09:23:00 -0500] "GET /index.php/20/8op9a7i2/925048/avigilajudicial/avigilajudicial/avigilajudicial/avigilajudicial/avigilajudicial/avigilajudicial/avigilajudicial/avigilajudicial/avigilajudicial/avigilajudicial/avigilajudicial/avigilajudicial/avigilajudicial/avigilajudicial/avigilajudicial/avigilajudicial/principal/principal/principal/pages/pages/avigilajudicial/principal/avigilajudicial/avigilajudicial/avigilajudicial/pages/avigilajudicial/principal/pages/pages/pages/principal/video_empresa.php HTTP/1.1" 200 54693 "-" "Mozilla/5.0 (compatible; MJ12bot/v1.4.8; http://mj12bot.com/)"
212.227.21.19 - - [12/May/2026:09:23:02 -0500] "GET /index.php/20/8op9a7i2/925048/avigilajudicial/avigilajudicial/avigilajudicial/avigilajudicial/avigilajudicial/avigilajudicial/avigilajudicial/avigilajudicial/avigilajudicial/avigilajudicial/avigilajudicial/avigilajudicial/avigilajudicial/avigilajudicial/avigilajudicial/avigilajudicial/principal/principal/principal/pages/pages/avigilajudicial/principal/avigilajudicial/avigilajudicial/avigilajudicial/pages/avigilajudicial/principal/pages/pages/pages/val_usuarios.php HTTP/1.1" 200 54693 "-" "Mozilla/5.0 (compatible; MJ12bot/v1.4.8; http://mj12bot.com/)"
212.227.21.19 - - [12/May/2026:09:23:04 -0500] "GET /index.php/20/8op9a7i2/925048/avigilajudicial/avigilajudicial/avigilajudicial/avigilajudicial/avigilajudicial/avigilajudicial/avigilajudicial/avigilajudicial/avigilajudicial/avigilajudicial/avigilajudicial/avigilajudicial/avigilajudicial/avigilajudicial/avigilajudicial/avigilajudicial/principal/principal/principal/pages/pages/avigilajudicial/principal/avigilajudicial/avigilajudicial/avigilajudicial/pages/avigilajudicial/principal/pages/pages/pages/val_usuarios_IURIS.php HTTP/1.1" 200 54693 "-" "Mozilla/5.0 (compatible; MJ12bot/v1.4.8; http://mj12bot.com/)"
212.227.21.19 - - [12/May/2026:09:23:06 -0500] "GET /index.php/20/8op9a7i2/925048/avigilajudicial/avigilajudicial/avigilajudicial/avigilajudicial/avigilajudicial/avigilajudicial/avigilajudicial/avigilajudicial/avigilajudicial/avigilajudicial/avigilajudicial/avigilajudicial/avigilajudicial/avigilajudicial/avigilajudicial/avigilajudicial/principal/principal/principal/pages/pages/avigilajudicial/principal/avigilajudicial/avigilajudicial/avigilajudicial/pages/avigilajudicial/principal/pages/pages/pages/validar_usuarios_pagina.php HTTP/1.1" 200 54693 "-" "Mozilla/5.0 (compatible; MJ12bot/v1.4.8; http://mj12bot.com/)"
212.227.21.19 - - [12/May/2026:09:23:08 -0500] "GET /index.php/20/8op9a7i2/925048/avigilajudicial/avigilajudicial/avigilajudicial/avigilajudicial/avigilajudicial/avigilajudicial/avigilajudicial/avigilajudicial/avigilajudicial/avigilajudicial/avigilajudicial/avigilajudicial/avigilajudicial/avigilajudicial/avigilajudicial/avigilajudicial/principal/principal/principal/pages/pages/avigilajudicial/principal/avigilajudicial/avigilajudicial/avigilajudicial/pages/avigilajudicial/principal/pages/pages/principal/casos_exito.php HTTP/1.1" 200 54693 "-" "Mozilla/5.0 (compatible; MJ12bot/v1.4.8; http://mj12bot.com/)"
212.227.21.19 - - [12/May/2026:09:23:09 -0500] "GET /index.php/20/8op9a7i2/925048/avigilajudicial/avigilajudicial/avigilajudicial/avigilajudicial/avigilajudicial/avigilajudicial/avigilajudicial/avigilajudicial/avigilajudicial/avigilajudicial/avigilajudicial/avigilajudicial/avigilajudicial/avigilajudicial/avigilajudicial/avigilajudicial/principal/principal/principal/pages/pages/avigilajudicial/principal/avigilajudicial/avigilajudicial/avigilajudicial/pages/avigilajudicial/principal/pages/pages/principal/contactenos.php HTTP/1.1" 200 54693 "-" "Mozilla/5.0 (compatible; MJ12bot/v1.4.8; http://mj12bot.com/)"
212.227.21.19 - - [12/May/2026:09:23:11 -0500] "GET /index.php/20/8op9a7i2/925048/avigilajudicial/avigilajudicial/avigilajudicial/avigilajudicial/avigilajudicial/avigilajudicial/avigilajudicial/avigilajudicial/avigilajudicial/avigilajudicial/avigilajudicial/avigilajudicial/avigilajudicial/avigilajudicial/avigilajudicial/avigilajudicial/principal/principal/principal/pages/pages/avigilajudicial/principal/avigilajudicial/avigilajudicial/avigilajudicial/pages/avigilajudicial/principal/pages/pages/principal/contratopersonas.php HTTP/1.1" 200 54693 "-" "Mozilla/5.0 (compatible; MJ12bot/v1.4.8; http://mj12bot.com/)"
212.227.21.19 - - [12/May/2026:09:23:13 -0500] "GET /index.php/20/8op9a7i2/925048/avigilajudicial/avigilajudicial/avigilajudicial/avigilajudicial/avigilajudicial/avigilajudicial/avigilajudicial/avigilajudicial/avigilajudicial/avigilajudicial/avigilajudicial/avigilajudicial/avigilajudicial/avigilajudicial/avigilajudicial/avigilajudicial/principal/principal/principal/pages/pages/avigilajudicial/principal/avigilajudicial/avigilajudicial/avigilajudicial/pages/avigilajudicial/principal/pages/pages/principal/enlaces.php HTTP/1.1" 200 54693 "-" "Mozilla/5.0 (compatible; MJ12bot/v1.4.8; http://mj12bot.com/)"
212.227.21.19 - - [12/May/2026:09:23:15 -0500] "GET /index.php/20/8op9a7i2/925048/avigilajudicial/avigilajudicial/avigilajudicial/avigilajudicial/avigilajudicial/avigilajudicial/avigilajudicial/avigilajudicial/avigilajudicial/avigilajudicial/avigilajudicial/avigilajudicial/avigilajudicial/avigilajudicial/avigilajudicial/avigilajudicial/principal/principal/principal/pages/pages/avigilajudicial/principal/avigilajudicial/avigilajudicial/avigilajudicial/pages/avigilajudicial/principal/pages/pages/principal/formulario_seminario_dih.php HTTP/1.1" 200 54693 "-" "Mozilla/5.0 (compatible; MJ12bot/v1.4.8; http://mj12bot.com/)"
212.227.21.19 - - [12/May/2026:09:23:17 -0500] "GET /index.php/20/8op9a7i2/925048/avigilajudicial/avigilajudicial/avigilajudicial/avigilajudicial/avigilajudicial/avigilajudicial/avigilajudicial/avigilajudicial/avigilajudicial/avigilajudicial/avigilajudicial/avigilajudicial/avigilajudicial/avigilajudicial/avigilajudicial/avigilajudicial/principal/principal/principal/pages/pages/avigilajudicial/principal/avigilajudicial/avigilajudicial/avigilajudicial/pages/avigilajudicial/principal/pages/pages/principal/index.php HTTP/1.1" 200 54693 "-" "Mozilla/5.0 (compatible; MJ12bot/v1.4.8; http://mj12bot.com/)"
212.227.21.19 - - [12/May/2026:09:23:22 -0500] "GET /index.php/20/8op9a7i2/925048/avigilajudicial/avigilajudicial/avigilajudicial/avigilajudicial/avigilajudicial/avigilajudicial/avigilajudicial/avigilajudicial/avigilajudicial/avigilajudicial/avigilajudicial/avigilajudicial/avigilajudicial/avigilajudicial/avigilajudicial/avigilajudicial/principal/principal/principal/pages/pages/avigilajudicial/principal/avigilajudicial/avigilajudicial/avigilajudicial/pages/pages/avigilajudicial/pages/avigilajudicial/principal/lista_email.php HTTP/1.1" 200 54693 "-" "Mozilla/5.0 (compatible; MJ12bot/v1.4.8; http://mj12bot.com/)"
212.227.21.19 - - [12/May/2026:09:23:24 -0500] "GET /index.php/20/8op9a7i2/925048/avigilajudicial/avigilajudicial/avigilajudicial/avigilajudicial/avigilajudicial/avigilajudicial/avigilajudicial/avigilajudicial/avigilajudicial/avigilajudicial/avigilajudicial/avigilajudicial/avigilajudicial/avigilajudicial/avigilajudicial/avigilajudicial/principal/principal/principal/pages/pages/avigilajudicial/principal/avigilajudicial/avigilajudicial/avigilajudicial/pages/pages/avigilajudicial/pages/principal/pages/principal/sucursales_satelites.php HTTP/1.1" 200 54693 "-" "Mozilla/5.0 (compatible; MJ12bot/v1.4.8; http://mj12bot.com/)"
212.227.21.19 - - [12/May/2026:09:23:26 -0500] "GET /index.php/20/8op9a7i2/925048/avigilajudicial/avigilajudicial/avigilajudicial/avigilajudicial/avigilajudicial/avigilajudicial/avigilajudicial/avigilajudicial/avigilajudicial/avigilajudicial/avigilajudicial/avigilajudicial/avigilajudicial/avigilajudicial/avigilajudicial/avigilajudicial/principal/principal/principal/pages/pages/avigilajudicial/principal/avigilajudicial/avigilajudicial/avigilajudicial/pages/pages/avigilajudicial/pages/principal/principal/principal/misionvision.php HTTP/1.1" 200 54693 "-" "Mozilla/5.0 (compatible; MJ12bot/v1.4.8; http://mj12bot.com/)"
212.227.21.19 - - [12/May/2026:09:23:28 -0500] "GET /robots.txt HTTP/1.1" 200 43 "-" "Mozilla/5.0 (compatible; MJ12bot/v1.4.8; http://mj12bot.com/)"
212.227.21.19 - - [12/May/2026:09:23:29 -0500] "GET /index.php/fwcepaz/25kiavywss_hozwji93162/pages/avigilajudicial/avigilajudicial/pages/pages/avigilajudicial/avigilajudicial/avigilajudicial/avigilajudicial/pages/pages/pages/avigilajudicial/pages/pages/pages/pages/asesoria.php HTTP/1.1" 200 54693 "-" "Mozilla/5.0 (compatible; MJ12bot/v1.4.8; http://mj12bot.com/)"
212.227.21.19 - - [12/May/2026:09:23:31 -0500] "GET /index.php/fwcepaz/25kiavywss_hozwji93162/pages/avigilajudicial/avigilajudicial/pages/pages/avigilajudicial/avigilajudicial/avigilajudicial/avigilajudicial/pages/pages/pages/avigilajudicial/pages/pages/pages/pages/contactenos.php HTTP/1.1" 200 54693 "-" "Mozilla/5.0 (compatible; MJ12bot/v1.4.8; http://mj12bot.com/)"
212.227.21.19 - - [12/May/2026:09:23:33 -0500] "GET /index.php/fwcepaz/25kiavywss_hozwji93162/pages/avigilajudicial/avigilajudicial/pages/pages/avigilajudicial/avigilajudicial/avigilajudicial/avigilajudicial/pages/pages/pages/avigilajudicial/pages/pages/pages/pages/contactenos.php HTTP/1.1" 200 54693 "-" "Mozilla/5.0 (compatible; MJ12bot/v1.4.8; http://mj12bot.com/)"
212.227.21.19 - - [12/May/2026:09:23:35 -0500] "GET /index.php/fwcepaz/25kiavywss_hozwji93162/pages/avigilajudicial/avigilajudicial/pages/pages/avigilajudicial/avigilajudicial/avigilajudicial/avigilajudicial/pages/pages/pages/avigilajudicial/pages/pages/pages/pages/correo.php HTTP/1.1" 200 54693 "-" "Mozilla/5.0 (compatible; MJ12bot/v1.4.8; http://mj12bot.com/)"
212.227.21.19 - - [12/May/2026:09:23:37 -0500] "GET /index.php/fwcepaz/25kiavywss_hozwji93162/pages/avigilajudicial/avigilajudicial/pages/pages/avigilajudicial/avigilajudicial/avigilajudicial/avigilajudicial/pages/pages/pages/avigilajudicial/pages/pages/pages/pages/enlaces.php HTTP/1.1" 200 54693 "-" "Mozilla/5.0 (compatible; MJ12bot/v1.4.8; http://mj12bot.com/)"
212.227.21.19 - - [12/May/2026:09:23:39 -0500] "GET /index.php/fwcepaz/25kiavywss_hozwji93162/pages/avigilajudicial/avigilajudicial/pages/pages/avigilajudicial/avigilajudicial/avigilajudicial/avigilajudicial/pages/pages/pages/avigilajudicial/pages/pages/pages/pages/enlaces.php HTTP/1.1" 200 54693 "-" "Mozilla/5.0 (compatible; MJ12bot/v1.4.8; http://mj12bot.com/)"
212.227.21.19 - - [12/May/2026:09:23:42 -0500] "GET /index.php/fwcepaz/25kiavywss_hozwji93162/pages/avigilajudicial/avigilajudicial/pages/pages/avigilajudicial/avigilajudicial/avigilajudicial/avigilajudicial/pages/pages/pages/avigilajudicial/pages/pages/pages/pages/ventajas.php HTTP/1.1" 200 54693 "-" "Mozilla/5.0 (compatible; MJ12bot/v1.4.8; http://mj12bot.com/)"
212.227.21.19 - - [12/May/2026:09:23:43 -0500] "GET /index.php/fwcepaz/25kiavywss_hozwji93162/pages/avigilajudicial/avigilajudicial/pages/pages/avigilajudicial/avigilajudicial/avigilajudicial/avigilajudicial/pages/pages/pages/avigilajudicial/pages/pages/pages/pages/video_empresa.php HTTP/1.1" 200 54693 "-" "Mozilla/5.0 (compatible; MJ12bot/v1.4.8; http://mj12bot.com/)"
212.227.21.19 - - [12/May/2026:09:23:46 -0500] "GET /index.php/fwcepaz/25kiavywss_hozwji93162/pages/avigilajudicial/avigilajudicial/pages/pages/avigilajudicial/avigilajudicial/avigilajudicial/avigilajudicial/pages/pages/pages/avigilajudicial/pages/pages/pages/quienes.php HTTP/1.1" 200 54693 "-" "Mozilla/5.0 (compatible; MJ12bot/v1.4.8; http://mj12bot.com/)"
212.227.21.19 - - [12/May/2026:09:23:48 -0500] "GET /index.php/fwcepaz/25kiavywss_hozwji93162/pages/avigilajudicial/avigilajudicial/pages/pages/avigilajudicial/avigilajudicial/avigilajudicial/avigilajudicial/pages/pages/pages/avigilajudicial/pages/pages/pages/soporteacademico.php HTTP/1.1" 200 54693 "-" "Mozilla/5.0 (compatible; MJ12bot/v1.4.8; http://mj12bot.com/)"
212.227.21.19 - - [12/May/2026:09:23:50 -0500] "GET /index.php/fwcepaz/25kiavywss_hozwji93162/pages/avigilajudicial/avigilajudicial/pages/pages/avigilajudicial/avigilajudicial/avigilajudicial/avigilajudicial/pages/pages/pages/avigilajudicial/quienes.php HTTP/1.1" 200 54693 "-" "Mozilla/5.0 (compatible; MJ12bot/v1.4.8; http://mj12bot.com/)"
212.227.21.19 - - [12/May/2026:09:23:52 -0500] "GET /index.php/fwcepaz/25kiavywss_hozwji93162/pages/avigilajudicial/avigilajudicial/pages/pages/avigilajudicial/avigilajudicial/avigilajudicial/avigilajudicial/pages/pages/pages/avigilajudicial/quienes.php HTTP/1.1" 200 54693 "-" "Mozilla/5.0 (compatible; MJ12bot/v1.4.8; http://mj12bot.com/)"
212.227.21.19 - - [12/May/2026:09:23:54 -0500] "GET /index.php/fwcepaz/25kiavywss_hozwji93162/pages/avigilajudicial/avigilajudicial/pages/pages/avigilajudicial/avigilajudicial/avigilajudicial/avigilajudicial/pages/pages/pages/consultar_contratos_escaneados_correo.php HTTP/1.1" 200 54693 "-" "Mozilla/5.0 (compatible; MJ12bot/v1.4.8; http://mj12bot.com/)"
212.227.21.19 - - [12/May/2026:09:23:56 -0500] "GET /index.php/fwcepaz/25kiavywss_hozwji93162/pages/avigilajudicial/avigilajudicial/pages/pages/avigilajudicial/avigilajudicial/avigilajudicial/avigilajudicial/pages/pages/pages/menu_creditos_rotativos.php HTTP/1.1" 200 54693 "-" "Mozilla/5.0 (compatible; MJ12bot/v1.4.8; http://mj12bot.com/)"
212.227.21.19 - - [12/May/2026:09:23:58 -0500] "GET /index.php/fwcepaz/25kiavywss_hozwji93162/pages/avigilajudicial/avigilajudicial/pages/pages/avigilajudicial/avigilajudicial/avigilajudicial/avigilajudicial/pages/pages/pages/menu_creditos_rotativos.php HTTP/1.1" 200 54693 "-" "Mozilla/5.0 (compatible; MJ12bot/v1.4.8; http://mj12bot.com/)"
212.227.21.19 - - [12/May/2026:09:24:00 -0500] "GET /index.php/fwcepaz/25kiavywss_hozwji93162/pages/avigilajudicial/avigilajudicial/pages/pages/avigilajudicial/avigilajudicial/avigilajudicial/avigilajudicial/pages/pages/pages/pages/avigilajudicial/enlaces.php HTTP/1.1" 200 54693 "-" "Mozilla/5.0 (compatible; MJ12bot/v1.4.8; http://mj12bot.com/)"
212.227.21.19 - - [12/May/2026:09:24:02 -0500] "GET /index.php/fwcepaz/25kiavywss_hozwji93162/pages/avigilajudicial/avigilajudicial/pages/pages/avigilajudicial/avigilajudicial/avigilajudicial/avigilajudicial/pages/pages/pages/pages/avigilajudicial/enlaces.php HTTP/1.1" 200 54693 "-" "Mozilla/5.0 (compatible; MJ12bot/v1.4.8; http://mj12bot.com/)"
212.227.21.19 - - [12/May/2026:09:24:04 -0500] "GET /index.php/fwcepaz/25kiavywss_hozwji93162/pages/avigilajudicial/avigilajudicial/pages/pages/avigilajudicial/avigilajudicial/avigilajudicial/avigilajudicial/pages/pages/pages/pages/avigilajudicial/lista_email.php HTTP/1.1" 200 54693 "-" "Mozilla/5.0 (compatible; MJ12bot/v1.4.8; http://mj12bot.com/)"
212.227.21.19 - - [12/May/2026:09:24:06 -0500] "GET /index.php/fwcepaz/25kiavywss_hozwji93162/pages/avigilajudicial/avigilajudicial/pages/pages/avigilajudicial/avigilajudicial/avigilajudicial/avigilajudicial/pages/pages/pages/pages/avigilajudicial/lista_email.php HTTP/1.1" 200 54693 "-" "Mozilla/5.0 (compatible; MJ12bot/v1.4.8; http://mj12bot.com/)"
191.95.128.55 - - [12/May/2026:09:24:06 -0500] "GET /index.php HTTP/1.1" 200 54693 "-" "Mozilla/5.0 (Windows NT 10.0; Win64; x64) AppleWebKit/537.36 (KHTML, like Gecko) Chrome/122.0.0.0 Safari/537.36"
191.95.128.55 - - [12/May/2026:09:24:07 -0500] "GET /index.php HTTP/1.1" 200 54693 "-" "Mozilla/5.0 (Windows NT 10.0; Win64; x64) AppleWebKit/537.36 (KHTML, like Gecko) Chrome/122.0.0.0 Safari/537.36"
212.227.21.19 - - [12/May/2026:09:24:08 -0500] "GET /index.php/fwcepaz/25kiavywss_hozwji93162/pages/avigilajudicial/avigilajudicial/pages/pages/avigilajudicial/avigilajudicial/avigilajudicial/avigilajudicial/pages/pages/pages/pages/avigilajudicial/menu_comunicados.php HTTP/1.1" 200 54693 "-" "Mozilla/5.0 (compatible; MJ12bot/v1.4.8; http://mj12bot.com/)"
191.95.128.55 - - [12/May/2026:09:24:10 -0500] "GET /val_usuarios.php HTTP/1.1" 200 7808 "http://www.asjudinet.com/index.php" "Mozilla/5.0 (Windows NT 10.0; Win64; x64) AppleWebKit/537.36 (KHTML, like Gecko) Chrome/122.0.0.0 Safari/537.36"
212.227.21.19 - - [12/May/2026:09:24:10 -0500] "GET /index.php/fwcepaz/25kiavywss_hozwji93162/pages/avigilajudicial/avigilajudicial/pages/pages/avigilajudicial/avigilajudicial/avigilajudicial/avigilajudicial/pages/pages/pages/pages/avigilajudicial/menu_comunicados.php HTTP/1.1" 200 54693 "-" "Mozilla/5.0 (compatible; MJ12bot/v1.4.8; http://mj12bot.com/)"
212.227.21.19 - - [12/May/2026:09:24:12 -0500] "GET /index.php/fwcepaz/25kiavywss_hozwji93162/pages/avigilajudicial/avigilajudicial/pages/pages/avigilajudicial/avigilajudicial/avigilajudicial/avigilajudicial/pages/pages/pages/pages/avigilajudicial/mision.php HTTP/1.1" 200 54693 "-" "Mozilla/5.0 (compatible; MJ12bot/v1.4.8; http://mj12bot.com/)"
212.227.21.19 - - [12/May/2026:09:24:14 -0500] "GET /index.php/fwcepaz/25kiavywss_hozwji93162/pages/avigilajudicial/avigilajudicial/pages/pages/avigilajudicial/avigilajudicial/avigilajudicial/avigilajudicial/pages/pages/pages/pages/avigilajudicial/mision.php HTTP/1.1" 200 54693 "-" "Mozilla/5.0 (compatible; MJ12bot/v1.4.8; http://mj12bot.com/)"
191.95.128.55 - - [12/May/2026:09:24:15 -0500] "POST /val_usuarios.php HTTP/1.1" 200 153 "http://www.asjudinet.com/val_usuarios.php" "Mozilla/5.0 (Windows NT 10.0; Win64; x64) AppleWebKit/537.36 (KHTML, like Gecko) Chrome/122.0.0.0 Safari/537.36"
191.95.128.55 - - [12/May/2026:09:24:15 -0500] "GET /menu_admin.php?ced=2789272&nom=JIMENEZ%20ESPITIA%20GABRIEL%20ANTONIO&aaa=658&cargo=658 HTTP/1.1" 200 55572 "http://www.asjudinet.com/val_usuarios.php" "Mozilla/5.0 (Windows NT 10.0; Win64; x64) AppleWebKit/537.36 (KHTML, like Gecko) Chrome/122.0.0.0 Safari/537.36"
212.227.21.19 - - [12/May/2026:09:24:16 -0500] "GET /index.php/fwcepaz/25kiavywss_hozwji93162/pages/avigilajudicial/avigilajudicial/pages/pages/avigilajudicial/avigilajudicial/avigilajudicial/avigilajudicial/pages/pages/pages/pages/avigilajudicial/pages/asesoria.php HTTP/1.1" 200 54693 "-" "Mozilla/5.0 (compatible; MJ12bot/v1.4.8; http://mj12bot.com/)"
212.227.21.19 - - [12/May/2026:09:24:18 -0500] "GET /index.php/fwcepaz/25kiavywss_hozwji93162/pages/avigilajudicial/avigilajudicial/pages/pages/avigilajudicial/avigilajudicial/avigilajudicial/avigilajudicial/pages/pages/pages/pages/avigilajudicial/pages/asesoria.php HTTP/1.1" 200 54693 "-" "Mozilla/5.0 (compatible; MJ12bot/v1.4.8; http://mj12bot.com/)"
190.67.203.19 - - [12/May/2026:09:24:20 -0500] "GET / HTTP/1.1" 200 54693 "-" "Mozilla/5.0 (Windows NT 10.0; Win64; x64) AppleWebKit/537.36 (KHTML, like Gecko) Chrome/148.0.0.0 Safari/537.36"
212.227.21.19 - - [12/May/2026:09:24:20 -0500] "GET /index.php/fwcepaz/25kiavywss_hozwji93162/pages/avigilajudicial/avigilajudicial/pages/pages/avigilajudicial/avigilajudicial/avigilajudicial/avigilajudicial/pages/pages/pages/pages/avigilajudicial/pages/pages/asesoria.php HTTP/1.1" 200 54693 "-" "Mozilla/5.0 (compatible; MJ12bot/v1.4.8; http://mj12bot.com/)"
212.227.21.19 - - [12/May/2026:09:24:22 -0500] "GET /index.php/fwcepaz/25kiavywss_hozwji93162/pages/avigilajudicial/avigilajudicial/pages/pages/avigilajudicial/avigilajudicial/avigilajudicial/avigilajudicial/pages/pages/pages/pages/avigilajudicial/pages/pages/casos_exito.php HTTP/1.1" 200 54693 "-" "Mozilla/5.0 (compatible; MJ12bot/v1.4.8; http://mj12bot.com/)"
190.67.203.19 - - [12/May/2026:09:24:24 -0500] "GET /css/leaflet.css HTTP/1.1" 200 13471 "http://www.asjudinet.com/" "Mozilla/5.0 (Windows NT 10.0; Win64; x64) AppleWebKit/537.36 (KHTML, like Gecko) Chrome/148.0.0.0 Safari/537.36"
190.67.203.19 - - [12/May/2026:09:24:24 -0500] "GET /css/menu_prueba.css HTTP/1.1" 200 7408 "http://www.asjudinet.com/" "Mozilla/5.0 (Windows NT 10.0; Win64; x64) AppleWebKit/537.36 (KHTML, like Gecko) Chrome/148.0.0.0 Safari/537.36"
190.67.203.19 - - [12/May/2026:09:24:24 -0500] "GET /css/all.min.css HTTP/1.1" 200 53592 "http://www.asjudinet.com/" "Mozilla/5.0 (Windows NT 10.0; Win64; x64) AppleWebKit/537.36 (KHTML, like Gecko) Chrome/148.0.0.0 Safari/537.36"
190.67.203.19 - - [12/May/2026:09:24:24 -0500] "GET /css/asjudinet.css HTTP/1.1" 200 21269 "http://www.asjudinet.com/" "Mozilla/5.0 (Windows NT 10.0; Win64; x64) AppleWebKit/537.36 (KHTML, like Gecko) Chrome/148.0.0.0 Safari/537.36"
190.67.203.19 - - [12/May/2026:09:24:24 -0500] "GET /ELEMENTS/otros/sesion.png HTTP/1.1" 200 4344 "http://www.asjudinet.com/" "Mozilla/5.0 (Windows NT 10.0; Win64; x64) AppleWebKit/537.36 (KHTML, like Gecko) Chrome/148.0.0.0 Safari/537.36"
190.67.203.19 - - [12/May/2026:09:24:24 -0500] "GET /js/jquery_3.3.1.js HTTP/1.1" 200 86926 "http://www.asjudinet.com/" "Mozilla/5.0 (Windows NT 10.0; Win64; x64) AppleWebKit/537.36 (KHTML, like Gecko) Chrome/148.0.0.0 Safari/537.36"
190.67.203.19 - - [12/May/2026:09:24:24 -0500] "GET /images/pse-logo.png HTTP/1.1" 200 57808 "http://www.asjudinet.com/" "Mozilla/5.0 (Windows NT 10.0; Win64; x64) AppleWebKit/537.36 (KHTML, like Gecko) Chrome/148.0.0.0 Safari/537.36"
212.227.21.19 - - [12/May/2026:09:24:24 -0500] "GET /index.php/fwcepaz/25kiavywss_hozwji93162/pages/avigilajudicial/avigilajudicial/pages/pages/avigilajudicial/avigilajudicial/avigilajudicial/avigilajudicial/pages/pages/pages/pages/avigilajudicial/pages/pages/contactenos.php HTTP/1.1" 200 54693 "-" "Mozilla/5.0 (compatible; MJ12bot/v1.4.8; http://mj12bot.com/)"
190.67.203.19 - - [12/May/2026:09:24:25 -0500] "GET /ELEMENTS/principal/suscri_contrato.jpg HTTP/1.1" 200 61301 "http://www.asjudinet.com/" "Mozilla/5.0 (Windows NT 10.0; Win64; x64) AppleWebKit/537.36 (KHTML, like Gecko) Chrome/148.0.0.0 Safari/537.36"
190.67.203.19 - - [12/May/2026:09:24:24 -0500] "GET /css/bootstrap.min.css HTTP/1.1" 200 140930 "http://www.asjudinet.com/" "Mozilla/5.0 (Windows NT 10.0; Win64; x64) AppleWebKit/537.36 (KHTML, like Gecko) Chrome/148.0.0.0 Safari/537.36"
190.67.203.19 - - [12/May/2026:09:24:24 -0500] "GET /ELEMENTS/principal/atenea.jpg HTTP/1.1" 200 168483 "http://www.asjudinet.com/" "Mozilla/5.0 (Windows NT 10.0; Win64; x64) AppleWebKit/537.36 (KHTML, like Gecko) Chrome/148.0.0.0 Safari/537.36"
190.67.203.19 - - [12/May/2026:09:24:25 -0500] "GET /ELEMENTS/principal/login.png HTTP/1.1" 200 8013 "http://www.asjudinet.com/" "Mozilla/5.0 (Windows NT 10.0; Win64; x64) AppleWebKit/537.36 (KHTML, like Gecko) Chrome/148.0.0.0 Safari/537.36"
190.67.203.19 - - [12/May/2026:09:24:26 -0500] "GET /js/bootstrap.min.js HTTP/1.1" 200 50731 "http://www.asjudinet.com/" "Mozilla/5.0 (Windows NT 10.0; Win64; x64) AppleWebKit/537.36 (KHTML, like Gecko) Chrome/148.0.0.0 Safari/537.36"
190.67.203.19 - - [12/May/2026:09:24:26 -0500] "GET /js/menu_prueba.js HTTP/1.1" 200 1678 "http://www.asjudinet.com/" "Mozilla/5.0 (Windows NT 10.0; Win64; x64) AppleWebKit/537.36 (KHTML, like Gecko) Chrome/148.0.0.0 Safari/537.36"
190.67.203.19 - - [12/May/2026:09:24:26 -0500] "GET /ELEMENTS/principal/agendarse.png HTTP/1.1" 200 72950 "http://www.asjudinet.com/" "Mozilla/5.0 (Windows NT 10.0; Win64; x64) AppleWebKit/537.36 (KHTML, like Gecko) Chrome/148.0.0.0 Safari/537.36"
190.67.203.19 - - [12/May/2026:09:24:26 -0500] "GET /ELEMENTS/principal/dinero1.jpg HTTP/1.1" 200 57035 "http://www.asjudinet.com/" "Mozilla/5.0 (Windows NT 10.0; Win64; x64) AppleWebKit/537.36 (KHTML, like Gecko) Chrome/148.0.0.0 Safari/537.36"
190.67.203.19 - - [12/May/2026:09:24:26 -0500] "GET /js/leaflet.js HTTP/1.1" 200 141125 "http://www.asjudinet.com/" "Mozilla/5.0 (Windows NT 10.0; Win64; x64) AppleWebKit/537.36 (KHTML, like Gecko) Chrome/148.0.0.0 Safari/537.36"
190.67.203.19 - - [12/May/2026:09:24:26 -0500] "GET /ELEMENTS/fondos/blanco.jpg HTTP/1.1" 200 28580 "http://www.asjudinet.com/css/asjudinet.css" "Mozilla/5.0 (Windows NT 10.0; Win64; x64) AppleWebKit/537.36 (KHTML, like Gecko) Chrome/148.0.0.0 Safari/537.36"
190.67.203.19 - - [12/May/2026:09:24:26 -0500] "GET /ELEMENTS/principal/proceso22.jpg HTTP/1.1" 200 53746 "http://www.asjudinet.com/" "Mozilla/5.0 (Windows NT 10.0; Win64; x64) AppleWebKit/537.36 (KHTML, like Gecko) Chrome/148.0.0.0 Safari/537.36"
190.67.203.19 - - [12/May/2026:09:24:26 -0500] "GET /ELEMENTS/principal/iuris.png HTTP/1.1" 200 165644 "http://www.asjudinet.com/" "Mozilla/5.0 (Windows NT 10.0; Win64; x64) AppleWebKit/537.36 (KHTML, like Gecko) Chrome/148.0.0.0 Safari/537.36"
190.67.203.19 - - [12/May/2026:09:24:26 -0500] "GET /ELEMENTS/principal/callcenter1.png HTTP/1.1" 200 127656 "http://www.asjudinet.com/" "Mozilla/5.0 (Windows NT 10.0; Win64; x64) AppleWebKit/537.36 (KHTML, like Gecko) Chrome/148.0.0.0 Safari/537.36"
212.227.21.19 - - [12/May/2026:09:24:26 -0500] "GET /index.php/fwcepaz/25kiavywss_hozwji93162/pages/avigilajudicial/avigilajudicial/pages/pages/avigilajudicial/avigilajudicial/avigilajudicial/avigilajudicial/pages/pages/pages/pages/avigilajudicial/pages/pages/lista_email.php HTTP/1.1" 200 54693 "-" "Mozilla/5.0 (compatible; MJ12bot/v1.4.8; http://mj12bot.com/)"
190.67.203.19 - - [12/May/2026:09:24:27 -0500] "GET /ELEMENTS/principal/ServicioCliente.jpg HTTP/1.1" 200 29935 "http://www.asjudinet.com/" "Mozilla/5.0 (Windows NT 10.0; Win64; x64) AppleWebKit/537.36 (KHTML, like Gecko) Chrome/148.0.0.0 Safari/537.36"
190.67.203.19 - - [12/May/2026:09:24:27 -0500] "GET /ELEMENTS/principal/acciones_reclamar.png HTTP/1.1" 200 208890 "http://www.asjudinet.com/" "Mozilla/5.0 (Windows NT 10.0; Win64; x64) AppleWebKit/537.36 (KHTML, like Gecko) Chrome/148.0.0.0 Safari/537.36"
190.67.203.19 - - [12/May/2026:09:24:28 -0500] "GET /ELEMENTS/principal/3.png HTTP/1.1" 200 77498 "http://www.asjudinet.com/" "Mozilla/5.0 (Windows NT 10.0; Win64; x64) AppleWebKit/537.36 (KHTML, like Gecko) Chrome/148.0.0.0 Safari/537.36"
190.67.203.19 - - [12/May/2026:09:24:26 -0500] "GET /ELEMENTS/principal/proceso3.png HTTP/1.1" 200 437462 "http://www.asjudinet.com/" "Mozilla/5.0 (Windows NT 10.0; Win64; x64) AppleWebKit/537.36 (KHTML, like Gecko) Chrome/148.0.0.0 Safari/537.36"
190.67.203.19 - - [12/May/2026:09:24:27 -0500] "GET /ELEMENTS/principal/2.png HTTP/1.1" 200 92941 "http://www.asjudinet.com/" "Mozilla/5.0 (Windows NT 10.0; Win64; x64) AppleWebKit/537.36 (KHTML, like Gecko) Chrome/148.0.0.0 Safari/537.36"
190.67.203.19 - - [12/May/2026:09:24:27 -0500] "GET /ELEMENTS/principal/1.png HTTP/1.1" 200 97076 "http://www.asjudinet.com/" "Mozilla/5.0 (Windows NT 10.0; Win64; x64) AppleWebKit/537.36 (KHTML, like Gecko) Chrome/148.0.0.0 Safari/537.36"
190.67.203.19 - - [12/May/2026:09:24:28 -0500] "GET /ELEMENTS/principal/multas1.png HTTP/1.1" 200 39231 "http://www.asjudinet.com/" "Mozilla/5.0 (Windows NT 10.0; Win64; x64) AppleWebKit/537.36 (KHTML, like Gecko) Chrome/148.0.0.0 Safari/537.36"
190.67.203.19 - - [12/May/2026:09:24:28 -0500] "GET /ELEMENTS/principal/LoginIuris.jpg HTTP/1.1" 200 39706 "http://www.asjudinet.com/" "Mozilla/5.0 (Windows NT 10.0; Win64; x64) AppleWebKit/537.36 (KHTML, like Gecko) Chrome/148.0.0.0 Safari/537.36"
191.95.128.55 - - [12/May/2026:09:24:28 -0500] "GET /val_director_resul_abogado.php HTTP/1.1" 200 7828 "http://www.asjudinet.com/menu_admin.php?ced=2789272&nom=JIMENEZ%20ESPITIA%20GABRIEL%20ANTONIO&aaa=658&cargo=658" "Mozilla/5.0 (Windows NT 10.0; Win64; x64) AppleWebKit/537.36 (KHTML, like Gecko) Chrome/122.0.0.0 Safari/537.36"
190.67.203.19 - - [12/May/2026:09:24:28 -0500] "GET /ELEMENTS/bannerInterasjudinet.jpg HTTP/1.1" 200 286717 "http://www.asjudinet.com/css/asjudinet.css" "Mozilla/5.0 (Windows NT 10.0; Win64; x64) AppleWebKit/537.36 (KHTML, like Gecko) Chrome/148.0.0.0 Safari/537.36"
190.67.203.19 - - [12/May/2026:09:24:28 -0500] "GET /ELEMENTS/principal/multas2.png HTTP/1.1" 200 70544 "http://www.asjudinet.com/" "Mozilla/5.0 (Windows NT 10.0; Win64; x64) AppleWebKit/537.36 (KHTML, like Gecko) Chrome/148.0.0.0 Safari/537.36"
190.67.203.19 - - [12/May/2026:09:24:28 -0500] "GET /webfonts/fa-brands-400.woff2 HTTP/1.1" 200 74288 "http://www.asjudinet.com/css/all.min.css" "Mozilla/5.0 (Windows NT 10.0; Win64; x64) AppleWebKit/537.36 (KHTML, like Gecko) Chrome/148.0.0.0 Safari/537.36"
190.67.203.19 - - [12/May/2026:09:24:28 -0500] "GET /ELEMENTS/blanco.jpg HTTP/1.1" 200 28580 "http://www.asjudinet.com/css/asjudinet.css" "Mozilla/5.0 (Windows NT 10.0; Win64; x64) AppleWebKit/537.36 (KHTML, like Gecko) Chrome/148.0.0.0 Safari/537.36"
190.67.203.19 - - [12/May/2026:09:24:27 -0500] "GET /ELEMENTS/principal/seminario1.png HTTP/1.1" 200 247245 "http://www.asjudinet.com/" "Mozilla/5.0 (Windows NT 10.0; Win64; x64) AppleWebKit/537.36 (KHTML, like Gecko) Chrome/148.0.0.0 Safari/537.36"
190.67.203.19 - - [12/May/2026:09:24:29 -0500] "GET /css/images/marker-icon.png HTTP/1.1" 200 1466 "http://www.asjudinet.com/css/leaflet.css" "Mozilla/5.0 (Windows NT 10.0; Win64; x64) AppleWebKit/537.36 (KHTML, like Gecko) Chrome/148.0.0.0 Safari/537.36"
190.67.203.19 - - [12/May/2026:09:24:28 -0500] "GET /ELEMENTS/principal/icallcenter4.jpg HTTP/1.1" 200 226303 "http://www.asjudinet.com/css/asjudinet.css" "Mozilla/5.0 (Windows NT 10.0; Win64; x64) AppleWebKit/537.36 (KHTML, like Gecko) Chrome/148.0.0.0 Safari/537.36"
212.227.21.19 - - [12/May/2026:09:24:29 -0500] "GET /index.php/fwcepaz/25kiavywss_hozwji93162/pages/avigilajudicial/avigilajudicial/pages/pages/avigilajudicial/avigilajudicial/avigilajudicial/avigilajudicial/pages/pages/pages/pages/avigilajudicial/pages/pages/menu_comunicados.php HTTP/1.1" 200 54693 "-" "Mozilla/5.0 (compatible; MJ12bot/v1.4.8; http://mj12bot.com/)"
212.227.21.19 - - [12/May/2026:09:24:30 -0500] "GET /index.php/fwcepaz/25kiavywss_hozwji93162/pages/avigilajudicial/avigilajudicial/pages/pages/avigilajudicial/avigilajudicial/avigilajudicial/avigilajudicial/pages/pages/pages/pages/avigilajudicial/pages/pages/mision.php HTTP/1.1" 200 54693 "-" "Mozilla/5.0 (compatible; MJ12bot/v1.4.8; http://mj12bot.com/)"
190.67.203.19 - - [12/May/2026:09:24:31 -0500] "GET /css/images/marker-shadow.png HTTP/1.1" 200 618 "http://www.asjudinet.com/" "Mozilla/5.0 (Windows NT 10.0; Win64; x64) AppleWebKit/537.36 (KHTML, like Gecko) Chrome/148.0.0.0 Safari/537.36"
191.95.128.55 - - [12/May/2026:09:24:32 -0500] "POST /val_director_resul_abogado.php HTTP/1.1" 200 7972 "http://www.asjudinet.com/val_director_resul_abogado.php" "Mozilla/5.0 (Windows NT 10.0; Win64; x64) AppleWebKit/537.36 (KHTML, like Gecko) Chrome/122.0.0.0 Safari/537.36"
190.67.203.19 - - [12/May/2026:09:24:32 -0500] "GET /webfonts/fa-solid-900.woff2 HTTP/1.1" 200 79100 "http://www.asjudinet.com/css/all.min.css" "Mozilla/5.0 (Windows NT 10.0; Win64; x64) AppleWebKit/537.36 (KHTML, like Gecko) Chrome/148.0.0.0 Safari/537.36"
191.95.128.55 - - [12/May/2026:09:24:32 -0500] "GET /menu_respu_viati.php?ced=2789272&nom=JIMENEZ%20ESPITIA%20GABRIEL%20ANTONIO&sucu=MONTERIA HTTP/1.1" 200 8343 "http://www.asjudinet.com/val_director_resul_abogado.php" "Mozilla/5.0 (Windows NT 10.0; Win64; x64) AppleWebKit/537.36 (KHTML, like Gecko) Chrome/122.0.0.0 Safari/537.36"
212.227.21.19 - - [12/May/2026:09:24:33 -0500] "GET /index.php/fwcepaz/25kiavywss_hozwji93162/pages/avigilajudicial/avigilajudicial/pages/pages/avigilajudicial/avigilajudicial/avigilajudicial/avigilajudicial/pages/pages/pages/pages/avigilajudicial/pages/pages/mision.php HTTP/1.1" 200 54693 "-" "Mozilla/5.0 (compatible; MJ12bot/v1.4.8; http://mj12bot.com/)"
212.227.21.19 - - [12/May/2026:09:24:35 -0500] "GET /index.php/fwcepaz/25kiavywss_hozwji93162/pages/avigilajudicial/avigilajudicial/pages/pages/avigilajudicial/avigilajudicial/avigilajudicial/avigilajudicial/pages/pages/pages/pages/avigilajudicial/pages/pages/pages/asesoria.php HTTP/1.1" 200 54693 "-" "Mozilla/5.0 (compatible; MJ12bot/v1.4.8; http://mj12bot.com/)"
190.67.203.19 - - [12/May/2026:09:24:36 -0500] "GET /ELEMENTS/principal/i1.jpg HTTP/1.1" 200 60192 "http://www.asjudinet.com/css/asjudinet.css" "Mozilla/5.0 (Windows NT 10.0; Win64; x64) AppleWebKit/537.36 (KHTML, like Gecko) Chrome/148.0.0.0 Safari/537.36"
114.119.136.100 - - [12/May/2026:09:24:36 -0500] "GET /index.php/zzztvsa/39aayzpksh_liqzne72382/principal/avigilajudicial/pages/principal/principal/pages/formulario_seminario_dih.php HTTP/1.1" 200 54693 "http://www.asjudinet.com/index.php/zzztvsa/39aayzpksh_liqzne72382/principal/avigilajudicial/pages/principal/principal/pages/menu_procesos_todos.php" "Mozilla/5.0 (Linux; Android 7.0;) AppleWebKit/537.36 (KHTML, like Gecko) Mobile Safari/537.36 (compatible; PetalBot;+https://webmaster.petalsearch.com/site/petalbot)"
212.227.21.19 - - [12/May/2026:09:24:37 -0500] "GET /index.php/fwcepaz/25kiavywss_hozwji93162/pages/avigilajudicial/avigilajudicial/pages/pages/avigilajudicial/avigilajudicial/avigilajudicial/avigilajudicial/pages/pages/pages/pages/avigilajudicial/pages/pages/pages/asesoria.php HTTP/1.1" 200 54693 "-" "Mozilla/5.0 (compatible; MJ12bot/v1.4.8; http://mj12bot.com/)"
190.67.203.19 - - [12/May/2026:09:24:38 -0500] "GET /ELEMENTS/principal/i4.jpg HTTP/1.1" 200 42781 "http://www.asjudinet.com/css/asjudinet.css" "Mozilla/5.0 (Windows NT 10.0; Win64; x64) AppleWebKit/537.36 (KHTML, like Gecko) Chrome/148.0.0.0 Safari/537.36"
190.85.87.250 - - [12/May/2026:09:24:38 -0500] "GET /afinanciera/cartera_consulta_vige_deb.php HTTP/1.1" 200 5457 "http://www.asjudinet.com/afinanciera/menu_cartera_debito.php?ced=1031124581&nom=PALOMA%20LINARES%20ANYI%20CATERIN" "Mozilla/5.0 (Windows NT 10.0; Win64; x64) AppleWebKit/537.36 (KHTML, like Gecko) Chrome/148.0.0.0 Safari/537.36"
212.227.21.19 - - [12/May/2026:09:24:39 -0500] "GET /index.php/fwcepaz/25kiavywss_hozwji93162/pages/avigilajudicial/avigilajudicial/pages/pages/avigilajudicial/avigilajudicial/avigilajudicial/avigilajudicial/pages/pages/pages/pages/avigilajudicial/pages/pages/pages/casos_exito.php HTTP/1.1" 200 54693 "-" "Mozilla/5.0 (compatible; MJ12bot/v1.4.8; http://mj12bot.com/)"
190.67.203.19 - - [12/May/2026:09:24:39 -0500] "GET /ELEMENTS/principal/i2.jpg HTTP/1.1" 200 44952 "http://www.asjudinet.com/css/asjudinet.css" "Mozilla/5.0 (Windows NT 10.0; Win64; x64) AppleWebKit/537.36 (KHTML, like Gecko) Chrome/148.0.0.0 Safari/537.36"
212.227.21.19 - - [12/May/2026:09:24:41 -0500] "GET /index.php/fwcepaz/25kiavywss_hozwji93162/pages/avigilajudicial/avigilajudicial/pages/pages/avigilajudicial/avigilajudicial/avigilajudicial/avigilajudicial/pages/pages/pages/pages/avigilajudicial/pages/pages/pages/casos_exito.php HTTP/1.1" 200 54693 "-" "Mozilla/5.0 (compatible; MJ12bot/v1.4.8; http://mj12bot.com/)"
212.227.21.19 - - [12/May/2026:09:24:43 -0500] "GET /index.php/fwcepaz/25kiavywss_hozwji93162/pages/avigilajudicial/avigilajudicial/pages/pages/avigilajudicial/avigilajudicial/avigilajudicial/avigilajudicial/pages/pages/pages/pages/avigilajudicial/pages/pages/pages/contactenos.php HTTP/1.1" 200 54693 "-" "Mozilla/5.0 (compatible; MJ12bot/v1.4.8; http://mj12bot.com/)"
212.227.21.19 - - [12/May/2026:09:24:45 -0500] "GET /index.php/fwcepaz/25kiavywss_hozwji93162/pages/avigilajudicial/avigilajudicial/pages/pages/avigilajudicial/avigilajudicial/avigilajudicial/avigilajudicial/pages/pages/pages/pages/avigilajudicial/pages/pages/pages/contactenos.php HTTP/1.1" 200 54693 "-" "Mozilla/5.0 (compatible; MJ12bot/v1.4.8; http://mj12bot.com/)"
212.227.21.19 - - [12/May/2026:09:24:47 -0500] "GET /index.php/fwcepaz/25kiavywss_hozwji93162/pages/avigilajudicial/avigilajudicial/pages/pages/avigilajudicial/avigilajudicial/avigilajudicial/avigilajudicial/pages/pages/pages/pages/avigilajudicial/pages/pages/pages/correo.php HTTP/1.1" 200 54693 "-" "Mozilla/5.0 (compatible; MJ12bot/v1.4.8; http://mj12bot.com/)"
212.227.21.19 - - [12/May/2026:09:24:49 -0500] "GET /index.php/fwcepaz/25kiavywss_hozwji93162/pages/avigilajudicial/avigilajudicial/pages/pages/avigilajudicial/avigilajudicial/avigilajudicial/avigilajudicial/pages/pages/pages/pages/avigilajudicial/prepago.php HTTP/1.1" 200 54693 "-" "Mozilla/5.0 (compatible; MJ12bot/v1.4.8; http://mj12bot.com/)"
212.227.21.19 - - [12/May/2026:09:24:51 -0500] "GET /index.php/fwcepaz/25kiavywss_hozwji93162/pages/avigilajudicial/avigilajudicial/pages/pages/avigilajudicial/avigilajudicial/avigilajudicial/avigilajudicial/pages/pages/pages/pages/avigilajudicial/soporteacademico.php HTTP/1.1" 200 54693 "-" "Mozilla/5.0 (compatible; MJ12bot/v1.4.8; http://mj12bot.com/)"
190.85.87.250 - - [12/May/2026:09:24:51 -0500] "POST /afinanciera/cartera_consulta_vige_deb.php HTTP/1.1" 200 6272 "http://www.asjudinet.com/afinanciera/cartera_consulta_vige_deb.php" "Mozilla/5.0 (Windows NT 10.0; Win64; x64) AppleWebKit/537.36 (KHTML, like Gecko) Chrome/148.0.0.0 Safari/537.36"
212.227.21.19 - - [12/May/2026:09:24:53 -0500] "GET /index.php/fwcepaz/25kiavywss_hozwji93162/pages/avigilajudicial/avigilajudicial/pages/pages/avigilajudicial/avigilajudicial/avigilajudicial/avigilajudicial/pages/pages/pages/pages/avigilajudicial/soporteacademico.php HTTP/1.1" 200 54693 "-" "Mozilla/5.0 (compatible; MJ12bot/v1.4.8; http://mj12bot.com/)"
190.85.87.250 - - [12/May/2026:09:24:54 -0500] "GET / HTTP/1.1" 200 54693 "http://www.asjudinet.com/afinanciera/cartera_reactivar_vigente_deb.php?ced2=1047495107&numcon=32085&tipo=COA02" "Mozilla/5.0 (Windows NT 10.0; Win64; x64) AppleWebKit/537.36 (KHTML, like Gecko) Chrome/148.0.0.0 Safari/537.36"
212.227.21.19 - - [12/May/2026:09:24:55 -0500] "GET /index.php/fwcepaz/25kiavywss_hozwji93162/pages/avigilajudicial/avigilajudicial/pages/pages/avigilajudicial/avigilajudicial/avigilajudicial/avigilajudicial/pages/pages/pages/pages/avigilajudicial/sucursales.php HTTP/1.1" 200 54693 "-" "Mozilla/5.0 (compatible; MJ12bot/v1.4.8; http://mj12bot.com/)"
190.85.87.250 - - [12/May/2026:09:24:53 -0500] "GET /afinanciera/cartera_reactivar_vigente_deb.php?ced2=1047495107&numcon=32085&tipo=COA02 HTTP/1.1" 200 93630 "http://www.asjudinet.com/afinanciera/cartera_consulta_vige_deb.php" "Mozilla/5.0 (Windows NT 10.0; Win64; x64) AppleWebKit/537.36 (KHTML, like Gecko) Chrome/148.0.0.0 Safari/537.36"
190.85.87.250 - - [12/May/2026:09:24:56 -0500] "GET /val_usuarios.php HTTP/1.1" 200 7808 "http://www.asjudinet.com/" "Mozilla/5.0 (Windows NT 10.0; Win64; x64) AppleWebKit/537.36 (KHTML, like Gecko) Chrome/148.0.0.0 Safari/537.36"
212.227.21.19 - - [12/May/2026:09:24:57 -0500] "GET /index.php/fwcepaz/25kiavywss_hozwji93162/pages/avigilajudicial/avigilajudicial/pages/pages/avigilajudicial/avigilajudicial/avigilajudicial/avigilajudicial/pages/pages/pages/pages/avigilajudicial/sucursales.php HTTP/1.1" 200 54693 "-" "Mozilla/5.0 (compatible; MJ12bot/v1.4.8; http://mj12bot.com/)"
190.85.87.250 - - [12/May/2026:09:24:59 -0500] "POST /val_usuarios.php HTTP/1.1" 200 154 "http://www.asjudinet.com/val_usuarios.php" "Mozilla/5.0 (Windows NT 10.0; Win64; x64) AppleWebKit/537.36 (KHTML, like Gecko) Chrome/148.0.0.0 Safari/537.36"
190.85.87.250 - - [12/May/2026:09:24:59 -0500] "GET /menu_admin.php?ced=1031124581&nom=PALOMA%20LINARES%20ANYI%20CATERIN&aaa=2159&cargo=2159 HTTP/1.1" 200 55572 "http://www.asjudinet.com/val_usuarios.php" "Mozilla/5.0 (Windows NT 10.0; Win64; x64) AppleWebKit/537.36 (KHTML, like Gecko) Chrome/148.0.0.0 Safari/537.36"
212.227.21.19 - - [12/May/2026:09:24:59 -0500] "GET /index.php/fwcepaz/25kiavywss_hozwji93162/pages/avigilajudicial/avigilajudicial/pages/pages/avigilajudicial/avigilajudicial/avigilajudicial/avigilajudicial/pages/pages/pages/pages/avigilajudicial/sucursales_satelites.php HTTP/1.1" 200 54693 "-" "Mozilla/5.0 (compatible; MJ12bot/v1.4.8; http://mj12bot.com/)"
212.227.21.19 - - [12/May/2026:09:25:01 -0500] "GET /index.php/fwcepaz/25kiavywss_hozwji93162/pages/avigilajudicial/avigilajudicial/pages/pages/avigilajudicial/avigilajudicial/avigilajudicial/avigilajudicial/pages/pages/pages/pages/avigilajudicial/testimonios.php HTTP/1.1" 200 54693 "-" "Mozilla/5.0 (compatible; MJ12bot/v1.4.8; http://mj12bot.com/)"
212.227.21.19 - - [12/May/2026:09:25:03 -0500] "GET /index.php/fwcepaz/25kiavywss_hozwji93162/pages/avigilajudicial/avigilajudicial/pages/pages/avigilajudicial/avigilajudicial/avigilajudicial/avigilajudicial/pages/pages/pages/pages/avigilajudicial/trayectoria.php HTTP/1.1" 200 54693 "-" "Mozilla/5.0 (compatible; MJ12bot/v1.4.8; http://mj12bot.com/)"
190.85.87.250 - - [12/May/2026:09:25:04 -0500] "GET /afinanciera/validar_debito_cartera.php HTTP/1.1" 200 7805 "http://www.asjudinet.com/menu_admin.php?ced=1031124581&nom=PALOMA%20LINARES%20ANYI%20CATERIN&aaa=2159&cargo=2159" "Mozilla/5.0 (Windows NT 10.0; Win64; x64) AppleWebKit/537.36 (KHTML, like Gecko) Chrome/148.0.0.0 Safari/537.36"
212.227.21.19 - - [12/May/2026:09:25:06 -0500] "GET /index.php/fwcepaz/25kiavywss_hozwji93162/pages/avigilajudicial/avigilajudicial/pages/pages/avigilajudicial/avigilajudicial/avigilajudicial/avigilajudicial/pages/pages/pages/pages/avigilajudicial/trayectoria.php HTTP/1.1" 200 54693 "-" "Mozilla/5.0 (compatible; MJ12bot/v1.4.8; http://mj12bot.com/)"
190.85.87.250 - - [12/May/2026:09:25:06 -0500] "POST /afinanciera/validar_debito_cartera.php HTTP/1.1" 200 141 "http://www.asjudinet.com/afinanciera/validar_debito_cartera.php" "Mozilla/5.0 (Windows NT 10.0; Win64; x64) AppleWebKit/537.36 (KHTML, like Gecko) Chrome/148.0.0.0 Safari/537.36"
190.85.87.250 - - [12/May/2026:09:25:06 -0500] "GET /afinanciera/menu_cartera_debito.php?ced=1031124581&nom=PALOMA%20LINARES%20ANYI%20CATERIN HTTP/1.1" 200 38627 "http://www.asjudinet.com/afinanciera/validar_debito_cartera.php" "Mozilla/5.0 (Windows NT 10.0; Win64; x64) AppleWebKit/537.36 (KHTML, like Gecko) Chrome/148.0.0.0 Safari/537.36"
190.85.87.250 - - [12/May/2026:09:25:07 -0500] "GET /afinanciera/cartera_consulta_vige_deb.php HTTP/1.1" 200 5457 "http://www.asjudinet.com/afinanciera/menu_cartera_debito.php?ced=1031124581&nom=PALOMA%20LINARES%20ANYI%20CATERIN" "Mozilla/5.0 (Windows NT 10.0; Win64; x64) AppleWebKit/537.36 (KHTML, like Gecko) Chrome/148.0.0.0 Safari/537.36"
212.227.21.19 - - [12/May/2026:09:25:08 -0500] "GET /index.php/fwcepaz/25kiavywss_hozwji93162/pages/avigilajudicial/avigilajudicial/pages/pages/avigilajudicial/avigilajudicial/avigilajudicial/pages/avigilajudicial/avigilajudicial/avigilajudicial/pages/pages/val_usuarios.php HTTP/1.1" 200 54693 "-" "Mozilla/5.0 (compatible; MJ12bot/v1.4.8; http://mj12bot.com/)"
212.227.21.19 - - [12/May/2026:09:25:10 -0500] "GET /index.php/fwcepaz/25kiavywss_hozwji93162/pages/avigilajudicial/avigilajudicial/pages/pages/avigilajudicial/avigilajudicial/avigilajudicial/pages/avigilajudicial/avigilajudicial/avigilajudicial/pages/trayectoria.php HTTP/1.1" 200 54693 "-" "Mozilla/5.0 (compatible; MJ12bot/v1.4.8; http://mj12bot.com/)"
212.227.21.19 - - [12/May/2026:09:25:12 -0500] "GET /index.php/fwcepaz/25kiavywss_hozwji93162/pages/avigilajudicial/avigilajudicial/pages/pages/avigilajudicial/avigilajudicial/avigilajudicial/pages/avigilajudicial/avigilajudicial/avigilajudicial/pages/ventajas.php HTTP/1.1" 200 54693 "-" "Mozilla/5.0 (compatible; MJ12bot/v1.4.8; http://mj12bot.com/)"
212.227.21.19 - - [12/May/2026:09:25:14 -0500] "GET /index.php/fwcepaz/25kiavywss_hozwji93162/pages/avigilajudicial/avigilajudicial/pages/pages/avigilajudicial/avigilajudicial/avigilajudicial/pages/avigilajudicial/avigilajudicial/avigilajudicial/pages/video_empresa.php HTTP/1.1" 200 54693 "-" "Mozilla/5.0 (compatible; MJ12bot/v1.4.8; http://mj12bot.com/)"
212.227.21.19 - - [12/May/2026:09:25:16 -0500] "GET /index.php/fwcepaz/25kiavywss_hozwji93162/pages/avigilajudicial/avigilajudicial/pages/pages/avigilajudicial/avigilajudicial/avigilajudicial/pages/avigilajudicial/avigilajudicial/avigilajudicial/sucursales.php HTTP/1.1" 200 54693 "-" "Mozilla/5.0 (compatible; MJ12bot/v1.4.8; http://mj12bot.com/)"
190.85.87.250 - - [12/May/2026:09:25:17 -0500] "POST /afinanciera/cartera_consulta_vige_deb.php HTTP/1.1" 200 6272 "http://www.asjudinet.com/afinanciera/cartera_consulta_vige_deb.php" "Mozilla/5.0 (Windows NT 10.0; Win64; x64) AppleWebKit/537.36 (KHTML, like Gecko) Chrome/148.0.0.0 Safari/537.36"
212.227.21.19 - - [12/May/2026:09:25:18 -0500] "GET /index.php/fwcepaz/25kiavywss_hozwji93162/pages/avigilajudicial/avigilajudicial/pages/pages/avigilajudicial/avigilajudicial/avigilajudicial/pages/avigilajudicial/avigilajudicial/avigilajudicial/sucursales.php HTTP/1.1" 200 54693 "-" "Mozilla/5.0 (compatible; MJ12bot/v1.4.8; http://mj12bot.com/)"
212.227.21.19 - - [12/May/2026:09:25:20 -0500] "GET /index.php/fwcepaz/25kiavywss_hozwji93162/pages/avigilajudicial/avigilajudicial/pages/pages/avigilajudicial/avigilajudicial/avigilajudicial/pages/avigilajudicial/avigilajudicial/pages/avigilajudicial/contratopersonas.php HTTP/1.1" 200 54693 "-" "Mozilla/5.0 (compatible; MJ12bot/v1.4.8; http://mj12bot.com/)"
