191.95.53.73 - - [12/May/2026:09:32:02 -0500] "GET /ELEMENTS/principal/proceso3.png HTTP/1.1" 200 437462 "http://www.asjudinet.com/index.php" "Mozilla/5.0 (iPhone; CPU iPhone OS 18_7 like Mac OS X) AppleWebKit/605.1.15 (KHTML, like Gecko) Version/26.3 Mobile/15E148 Safari/604.1"
191.95.53.73 - - [12/May/2026:09:32:04 -0500] "GET /css/images/marker-icon-2x.png HTTP/1.1" 200 2464 "http://www.asjudinet.com/index.php" "Mozilla/5.0 (iPhone; CPU iPhone OS 18_7 like Mac OS X) AppleWebKit/605.1.15 (KHTML, like Gecko) Version/26.3 Mobile/15E148 Safari/604.1"
191.95.53.73 - - [12/May/2026:09:32:05 -0500] "GET /css/images/marker-shadow.png HTTP/1.1" 200 618 "http://www.asjudinet.com/index.php" "Mozilla/5.0 (iPhone; CPU iPhone OS 18_7 like Mac OS X) AppleWebKit/605.1.15 (KHTML, like Gecko) Version/26.3 Mobile/15E148 Safari/604.1"
191.95.53.73 - - [12/May/2026:09:32:05 -0500] "GET /favicon.ico HTTP/1.1" 200 9036 "http://www.asjudinet.com/index.php" "Mozilla/5.0 (iPhone; CPU iPhone OS 18_7 like Mac OS X) AppleWebKit/605.1.15 (KHTML, like Gecko) Version/26.3 Mobile/15E148 Safari/604.1"
191.95.53.73 - - [12/May/2026:09:32:05 -0500] "GET /val_usuarios.php HTTP/1.1" 200 7808 "http://www.asjudinet.com/index.php" "Mozilla/5.0 (iPhone; CPU iPhone OS 18_7 like Mac OS X) AppleWebKit/605.1.15 (KHTML, like Gecko) Version/26.3 Mobile/15E148 Safari/604.1"
191.95.53.73 - - [12/May/2026:09:32:05 -0500] "GET /ELEMENTS/bannerInterasjudinet.png HTTP/1.1" 200 286717 "http://www.asjudinet.com/val_usuarios.php" "Mozilla/5.0 (iPhone; CPU iPhone OS 18_7 like Mac OS X) AppleWebKit/605.1.15 (KHTML, like Gecko) Version/26.3 Mobile/15E148 Safari/604.1"
191.95.53.73 - - [12/May/2026:09:32:07 -0500] "GET /apple-touch-icon-precomposed.png HTTP/1.1" 404 - "-" "NetworkingExtension/8623.2.7.110.1 Network/5569.82.5 iOS/26.3.1"
191.95.53.73 - - [12/May/2026:09:32:07 -0500] "GET /apple-touch-icon.png HTTP/1.1" 404 - "-" "NetworkingExtension/8623.2.7.110.1 Network/5569.82.5 iOS/26.3.1"
191.95.53.73 - - [12/May/2026:09:32:07 -0500] "GET /favicon.ico HTTP/1.1" 200 9036 "-" "NetworkingExtension/8623.2.7.110.1 Network/5569.82.5 iOS/26.3.1"
190.85.87.250 - - [12/May/2026:09:32:04 -0500] "GET /afinanciera/cartera_cargar_manual_deb.php?ced2=13511696&numcon=1081 HTTP/1.1" 200 401336 "http://www.asjudinet.com/afinanciera/cartera_consultar_cargar_deb.php" "Mozilla/5.0 (Windows NT 10.0; Win64; x64) AppleWebKit/537.36 (KHTML, like Gecko) Chrome/148.0.0.0 Safari/537.36"
191.95.53.73 - - [12/May/2026:09:32:07 -0500] "GET /ELEMENTS/bannerInterasjudinet.png HTTP/1.1" 200 286717 "-" "NetworkingExtension/8623.2.7.110.1 Network/5569.82.5 iOS/26.3.1"
190.85.191.209 - - [12/May/2026:09:32:12 -0500] "GET /callcenter/solicitud_cita_ingreso.php?numcon=20091&cedulita=79961582&funcionario=1013262853 HTTP/1.1" 200 49051 "http://www.asjudinet.com/callcenter/solicitud_cita.php?ced=1013262853&nom=CASTRO%20ZAPATA%20MARIA%20JOSE" "Mozilla/5.0 (Windows NT 10.0; Win64; x64) AppleWebKit/537.36 (KHTML, like Gecko) Chrome/148.0.0.0 Safari/537.36"
190.85.87.250 - - [12/May/2026:09:32:24 -0500] "POST /afinanciera/cartera_consultar_cargar_deb.php HTTP/1.1" 200 6042 "http://www.asjudinet.com/afinanciera/cartera_consultar_cargar_deb.php" "Mozilla/5.0 (Windows NT 10.0; Win64; x64) AppleWebKit/537.36 (KHTML, like Gecko) Chrome/148.0.0.0 Safari/537.36"
190.85.87.250 - - [12/May/2026:09:32:26 -0500] "POST /callcenter/solicitud_cita_ingreso.php?numcon=32085&cedulita=1047495107&funcionario=1000505297 HTTP/1.1" 200 49260 "http://www.asjudinet.com/callcenter/solicitud_cita_ingreso.php?numcon=32085&cedulita=1047495107&funcionario=1000505297" "Mozilla/5.0 (Windows NT 10.0; Win64; x64) AppleWebKit/537.36 (KHTML, like Gecko) Chrome/147.0.0.0 Safari/537.36"
190.85.87.250 - - [12/May/2026:09:32:28 -0500] "GET /callcenter/menu_callcenter.php?ced=1000505297&nom=CORTAZAR%20HERRERA%20SERGIO%20ALEJANDRO HTTP/1.1" 200 11876 "http://www.asjudinet.com/callcenter/solicitud_cita_ingreso.php?numcon=32085&cedulita=1047495107&funcionario=1000505297" "Mozilla/5.0 (Windows NT 10.0; Win64; x64) AppleWebKit/537.36 (KHTML, like Gecko) Chrome/147.0.0.0 Safari/537.36"
190.85.87.250 - - [12/May/2026:09:32:25 -0500] "GET /afinanciera/cartera_cargar_manual_deb.php?ced2=85202798&numcon=8091 HTTP/1.1" 200 474817 "http://www.asjudinet.com/afinanciera/cartera_consultar_cargar_deb.php" "Mozilla/5.0 (Windows NT 10.0; Win64; x64) AppleWebKit/537.36 (KHTML, like Gecko) Chrome/148.0.0.0 Safari/537.36"
190.85.87.250 - - [12/May/2026:09:32:29 -0500] "GET /callcenter/validar_recepcionistas.php?ced=1000505297&nom=CORTAZAR%20HERRERA%20SERGIO%20ALEJANDRO HTTP/1.1" 200 7971 "http://www.asjudinet.com/callcenter/menu_callcenter.php?ced=1000505297&nom=CORTAZAR%20HERRERA%20SERGIO%20ALEJANDRO" "Mozilla/5.0 (Windows NT 10.0; Win64; x64) AppleWebKit/537.36 (KHTML, like Gecko) Chrome/147.0.0.0 Safari/537.36"
190.66.52.181 - - [12/May/2026:09:32:37 -0500] "GET /callcenter/listado_por_abogado.php?ced=28423690&nom=BARRERA%20PAEZ%20MARTHA%20SOCORRO HTTP/1.1" 200 16167 "http://www.asjudinet.com/callcenter/menu_abogados.php?ced=28423690&nom=BARRERA%20PAEZ%20MARTHA%20SOCORRO" "Mozilla/5.0 (Windows NT 10.0; Win64; x64) AppleWebKit/537.36 (KHTML, like Gecko) Chrome/148.0.0.0 Safari/537.36"
190.66.52.181 - - [12/May/2026:09:32:39 -0500] "GET /callcenter/menu_abogados.php?ced=28423690&nom=BARRERA%20PAEZ%20MARTHA%20SOCORRO HTTP/1.1" 200 3526 "http://www.asjudinet.com/callcenter/listado_por_abogado.php?ced=28423690&nom=BARRERA%20PAEZ%20MARTHA%20SOCORRO" "Mozilla/5.0 (Windows NT 10.0; Win64; x64) AppleWebKit/537.36 (KHTML, like Gecko) Chrome/148.0.0.0 Safari/537.36"
190.66.52.181 - - [12/May/2026:09:32:42 -0500] "GET /callcenter/listado_por_abogado.php?ced=28423690&nom=BARRERA%20PAEZ%20MARTHA%20SOCORRO HTTP/1.1" 200 16167 "http://www.asjudinet.com/callcenter/menu_abogados.php?ced=28423690&nom=BARRERA%20PAEZ%20MARTHA%20SOCORRO" "Mozilla/5.0 (Windows NT 10.0; Win64; x64) AppleWebKit/537.36 (KHTML, like Gecko) Chrome/148.0.0.0 Safari/537.36"
191.95.53.73 - - [12/May/2026:09:32:45 -0500] "POST /val_usuarios.php HTTP/1.1" 200 151 "http://www.asjudinet.com/val_usuarios.php" "Mozilla/5.0 (iPhone; CPU iPhone OS 18_7 like Mac OS X) AppleWebKit/605.1.15 (KHTML, like Gecko) Version/26.3 Mobile/15E148 Safari/604.1"
191.95.53.73 - - [12/May/2026:09:32:45 -0500] "GET /menu_admin.php?ced=1005039149&nom=LIZARAZO%20DIEGO%20ALEJANDRO&aaa=2151&cargo=2151 HTTP/1.1" 200 55572 "http://www.asjudinet.com/val_usuarios.php" "Mozilla/5.0 (iPhone; CPU iPhone OS 18_7 like Mac OS X) AppleWebKit/605.1.15 (KHTML, like Gecko) Version/26.3 Mobile/15E148 Safari/604.1"
191.95.53.73 - - [12/May/2026:09:32:46 -0500] "GET /css/menu_admin.css HTTP/1.1" 200 2437 "http://www.asjudinet.com/menu_admin.php?ced=1005039149&nom=LIZARAZO%20DIEGO%20ALEJANDRO&aaa=2151&cargo=2151" "Mozilla/5.0 (iPhone; CPU iPhone OS 18_7 like Mac OS X) AppleWebKit/605.1.15 (KHTML, like Gecko) Version/26.3 Mobile/15E148 Safari/604.1"
191.95.53.73 - - [12/May/2026:09:32:46 -0500] "GET /ELEMENTS/fondolaw.jpg HTTP/1.1" 200 56543 "http://www.asjudinet.com/menu_admin.php?ced=1005039149&nom=LIZARAZO%20DIEGO%20ALEJANDRO&aaa=2151&cargo=2151" "Mozilla/5.0 (iPhone; CPU iPhone OS 18_7 like Mac OS X) AppleWebKit/605.1.15 (KHTML, like Gecko) Version/26.3 Mobile/15E148 Safari/604.1"
190.66.52.181 - - [12/May/2026:09:32:53 -0500] "GET /callcenter/validar_abogado.php?ced=28423690&nom=BARRERA%20PAEZ%20MARTHA%20SOCORRO HTTP/1.1" 200 7946 "http://www.asjudinet.com/callcenter/menu_callcenter.php?ced=28423690&nom=BARRERA%20PAEZ%20MARTHA%20SOCORRO" "Mozilla/5.0 (Windows NT 10.0; Win64; x64) AppleWebKit/537.36 (KHTML, like Gecko) Chrome/148.0.0.0 Safari/537.36"
190.85.191.209 - - [12/May/2026:09:32:54 -0500] "GET /fondo_argollado.gif HTTP/1.1" 404 - "http://www.asjudinet.com/mostrar_actuaciones_historicas.php?proceso=11001311003120210017600&id=79961582" "Mozilla/5.0 (Windows NT 10.0; Win64; x64) AppleWebKit/537.36 (KHTML, like Gecko) Chrome/148.0.0.0 Safari/537.36"
190.85.191.209 - - [12/May/2026:09:32:53 -0500] "GET /mostrar_actuaciones_historicas.php?proceso=11001311003120210017600&id=79961582 HTTP/1.1" 200 19808 "http://www.asjudinet.com/cartera_num_procesos_sus.php?ced2=79961582&numcon=20091" "Mozilla/5.0 (Windows NT 10.0; Win64; x64) AppleWebKit/537.36 (KHTML, like Gecko) Chrome/148.0.0.0 Safari/537.36"
190.85.87.250 - - [12/May/2026:09:33:07 -0500] "POST /afinanciera/cartera_consultar_cargar_deb.php HTTP/1.1" 200 6072 "http://www.asjudinet.com/afinanciera/cartera_consultar_cargar_deb.php" "Mozilla/5.0 (Windows NT 10.0; Win64; x64) AppleWebKit/537.36 (KHTML, like Gecko) Chrome/148.0.0.0 Safari/537.36"
190.66.52.181 - - [12/May/2026:09:33:10 -0500] "POST /callcenter/validar_abogado.php HTTP/1.1" 200 8103 "http://www.asjudinet.com/callcenter/validar_abogado.php?ced=28423690&nom=BARRERA%20PAEZ%20MARTHA%20SOCORRO" "Mozilla/5.0 (Windows NT 10.0; Win64; x64) AppleWebKit/537.36 (KHTML, like Gecko) Chrome/148.0.0.0 Safari/537.36"
190.85.87.250 - - [12/May/2026:09:33:08 -0500] "GET /afinanciera/cartera_cargar_manual_deb.php?ced2=80282289&numcon=5149 HTTP/1.1" 200 476931 "http://www.asjudinet.com/afinanciera/cartera_consultar_cargar_deb.php" "Mozilla/5.0 (Windows NT 10.0; Win64; x64) AppleWebKit/537.36 (KHTML, like Gecko) Chrome/148.0.0.0 Safari/537.36"
190.66.52.181 - - [12/May/2026:09:33:12 -0500] "GET /callcenter/validar_abogado.php?ced=28423690&nom=BARRERA%20PAEZ%20MARTHA%20SOCORRO HTTP/1.1" 200 7946 "http://www.asjudinet.com/callcenter/validar_abogado.php" "Mozilla/5.0 (Windows NT 10.0; Win64; x64) AppleWebKit/537.36 (KHTML, like Gecko) Chrome/148.0.0.0 Safari/537.36"
190.85.87.250 - - [12/May/2026:09:33:13 -0500] "POST /consulta_ced_info_servi.php HTTP/1.1" 200 6143 "http://www.asjudinet.com/consulta_ced_info_servi.php" "Mozilla/5.0 (Windows NT 10.0; Win64; x64) AppleWebKit/537.36 (KHTML, like Gecko) Chrome/147.0.0.0 Safari/537.36"
190.85.87.250 - - [12/May/2026:09:33:19 -0500] "POST /callcenter/respuesta_cobranzas.php?cedulita=1047495107&numcon=32085&fecha=2026-05-12&atencion=106223&funcionario=53002239 HTTP/1.1" 200 16266 "http://www.asjudinet.com/callcenter/respuesta_cobranzas.php?cedulita=1047495107&numcon=32085&fecha=2026-05-12&atencion=106223&funcionario=53002239" "Mozilla/5.0 (Windows NT 10.0; Win64; x64) AppleWebKit/537.36 (KHTML, like Gecko) Chrome/148.0.0.0 Safari/537.36"
190.85.87.250 - - [12/May/2026:09:33:17 -0500] "GET /cartera_consulta_titu_usuario.php?ced2=1047495107&numcon=32085 HTTP/1.1" 200 186554 "http://www.asjudinet.com/consulta_ced_info_servi.php" "Mozilla/5.0 (Windows NT 10.0; Win64; x64) AppleWebKit/537.36 (KHTML, like Gecko) Chrome/147.0.0.0 Safari/537.36"
190.66.52.181 - - [12/May/2026:09:33:23 -0500] "POST /callcenter/validar_abogado.php HTTP/1.1" 200 8035 "http://www.asjudinet.com/callcenter/validar_abogado.php?ced=28423690&nom=BARRERA%20PAEZ%20MARTHA%20SOCORRO" "Mozilla/5.0 (Windows NT 10.0; Win64; x64) AppleWebKit/537.36 (KHTML, like Gecko) Chrome/148.0.0.0 Safari/537.36"
190.66.52.181 - - [12/May/2026:09:33:23 -0500] "GET /callcenter/menu_abogados.php?ced=28423690&nom=BARRERA%20PAEZ%20MARTHA%20SOCORRO HTTP/1.1" 200 3526 "http://www.asjudinet.com/callcenter/validar_abogado.php" "Mozilla/5.0 (Windows NT 10.0; Win64; x64) AppleWebKit/537.36 (KHTML, like Gecko) Chrome/148.0.0.0 Safari/537.36"
190.85.87.250 - - [12/May/2026:09:33:25 -0500] "POST /afinanciera/cartera_consultar_cargar_deb.php HTTP/1.1" 200 6062 "http://www.asjudinet.com/afinanciera/cartera_consultar_cargar_deb.php" "Mozilla/5.0 (Windows NT 10.0; Win64; x64) AppleWebKit/537.36 (KHTML, like Gecko) Chrome/148.0.0.0 Safari/537.36"
190.66.52.181 - - [12/May/2026:09:33:24 -0500] "GET /callcenter/listado_por_abogado.php?ced=28423690&nom=BARRERA%20PAEZ%20MARTHA%20SOCORRO HTTP/1.1" 200 16167 "http://www.asjudinet.com/callcenter/menu_abogados.php?ced=28423690&nom=BARRERA%20PAEZ%20MARTHA%20SOCORRO" "Mozilla/5.0 (Windows NT 10.0; Win64; x64) AppleWebKit/537.36 (KHTML, like Gecko) Chrome/148.0.0.0 Safari/537.36"
190.85.87.250 - - [12/May/2026:09:33:26 -0500] "GET /afinanciera/cartera_cargar_manual_deb.php?ced2=1082870429&numcon=27954 HTTP/1.1" 200 136329 "http://www.asjudinet.com/afinanciera/cartera_consultar_cargar_deb.php" "Mozilla/5.0 (Windows NT 10.0; Win64; x64) AppleWebKit/537.36 (KHTML, like Gecko) Chrome/148.0.0.0 Safari/537.36"
190.85.87.250 - - [12/May/2026:09:33:31 -0500] "GET /callcenter/respuesta_tickets.php?cedulita=1047495107&numcon=32085&fecha=2026-05-12&atencion=106225 HTTP/1.1" 200 14703 "http://www.asjudinet.com/callcenter/solicitud_cita.php?ced=1143339970&nom=FALCON%20TEJADA%20KAREN%20ELIANA" "Mozilla/5.0 (Windows NT 10.0; Win64; x64) AppleWebKit/537.36 (KHTML, like Gecko) Chrome/147.0.0.0 Safari/537.36"
114.119.150.5 - - [12/May/2026:09:33:41 -0500] "GET /index.php/zzztvsa/39aayzpksh_liqzne72382/principal/avigilajudicial/pages/principal/principal/avigilajudicial/principal/casos_exito.php HTTP/1.1" 200 54693 "http://www.asjudinet.com/index.php/zzztvsa/39aayzpksh_liqzne72382/principal/avigilajudicial/pages/principal/principal/avigilajudicial/index.php" "Mozilla/5.0 (Linux; Android 7.0;) AppleWebKit/537.36 (HTML, like Gecko) Mobile Safari/537.36 (compatible; PetalBot;+https://webmaster.petalsearch.com/site/petalbot)"
190.85.87.250 - - [12/May/2026:09:33:55 -0500] "GET /callcenter/listado_cobranzas.php?ced=53002239&nom=PE%D1A%20ORTIZ%20ALBA%20ROCIO HTTP/1.1" 200 11018 "-" "Mozilla/5.0 (Windows NT 10.0; Win64; x64) AppleWebKit/537.36 (KHTML, like Gecko) Chrome/148.0.0.0 Safari/537.36"
190.85.87.250 - - [12/May/2026:09:33:59 -0500] "POST /afinanciera/cartera_cargar_manual_deb.php?ced2=1082870429&numcon=27954 HTTP/1.1" 200 138081 "http://www.asjudinet.com/afinanciera/cartera_cargar_manual_deb.php?ced2=1082870429&numcon=27954" "Mozilla/5.0 (Windows NT 10.0; Win64; x64) AppleWebKit/537.36 (KHTML, like Gecko) Chrome/148.0.0.0 Safari/537.36"
190.67.203.19 - - [12/May/2026:09:34:08 -0500] "GET /consulta_cartera.php HTTP/1.1" 200 4668 "http://www.asjudinet.com/cartera_consulta_titu_usuario.php?ced2=1108931535&numcon=30857" "Mozilla/5.0 (Windows NT 10.0; Win64; x64) AppleWebKit/537.36 (KHTML, like Gecko) Chrome/148.0.0.0 Safari/537.36"
190.67.203.19 - - [12/May/2026:09:34:15 -0500] "GET / HTTP/1.1" 200 54693 "-" "Mozilla/5.0 (Windows NT 10.0; Win64; x64) AppleWebKit/537.36 (KHTML, like Gecko) Chrome/148.0.0.0 Safari/537.36"
190.85.87.250 - - [12/May/2026:09:33:27 -0500] "POST /callcenter/solicitud_cita.php?ced=1143339970&nom=FALCON%20TEJADA%20KAREN%20ELIANA HTTP/1.1" 200 11240 "http://www.asjudinet.com/callcenter/solicitud_cita.php?ced=1143339970&nom=FALCON%20TEJADA%20KAREN%20ELIANA" "Mozilla/5.0 (Windows NT 10.0; Win64; x64) AppleWebKit/537.36 (KHTML, like Gecko) Chrome/147.0.0.0 Safari/537.36"
186.28.206.3 - - [12/May/2026:09:34:32 -0500] "GET /val_usuarios.php HTTP/1.1" 200 7808 "-" "Mozilla/5.0 (Macintosh; Intel Mac OS X 10_15_7) AppleWebKit/537.36 (KHTML, like Gecko) Chrome/148.0.0.0 Safari/537.36"
190.85.87.250 - - [12/May/2026:09:34:37 -0500] "POST /afinanciera/cartera_consultar_cargar_deb.php HTTP/1.1" 200 6044 "http://www.asjudinet.com/afinanciera/cartera_consultar_cargar_deb.php" "Mozilla/5.0 (Windows NT 10.0; Win64; x64) AppleWebKit/537.36 (KHTML, like Gecko) Chrome/148.0.0.0 Safari/537.36"
186.28.206.3 - - [12/May/2026:09:34:39 -0500] "POST /val_usuarios.php HTTP/1.1" 200 156 "http://www.asjudinet.com/val_usuarios.php" "Mozilla/5.0 (Macintosh; Intel Mac OS X 10_15_7) AppleWebKit/537.36 (KHTML, like Gecko) Chrome/148.0.0.0 Safari/537.36"
186.28.206.3 - - [12/May/2026:09:34:39 -0500] "GET /menu_admin.php?ced=1013657865&nom=SUAREZ%20SANCHEZ%20JESSICA%20MILENA&aaa=2156&cargo=2156 HTTP/1.1" 200 55572 "http://www.asjudinet.com/val_usuarios.php" "Mozilla/5.0 (Macintosh; Intel Mac OS X 10_15_7) AppleWebKit/537.36 (KHTML, like Gecko) Chrome/148.0.0.0 Safari/537.36"
186.28.206.3 - - [12/May/2026:09:34:45 -0500] "GET /callcenter/validar_callcenter.php HTTP/1.1" 200 7839 "http://www.asjudinet.com/menu_admin.php?ced=1013657865&nom=SUAREZ%20SANCHEZ%20JESSICA%20MILENA&aaa=2156&cargo=2156" "Mozilla/5.0 (Macintosh; Intel Mac OS X 10_15_7) AppleWebKit/537.36 (KHTML, like Gecko) Chrome/148.0.0.0 Safari/537.36"
186.28.206.3 - - [12/May/2026:09:34:47 -0500] "POST /callcenter/validar_callcenter.php HTTP/1.1" 200 7969 "http://www.asjudinet.com/callcenter/validar_callcenter.php" "Mozilla/5.0 (Macintosh; Intel Mac OS X 10_15_7) AppleWebKit/537.36 (KHTML, like Gecko) Chrome/148.0.0.0 Safari/537.36"
186.28.206.3 - - [12/May/2026:09:34:47 -0500] "GET /callcenter/menu_callcenter.php?ced=1013657865&nom=SUAREZ%20SANCHEZ%20JESSICA%20MILENA HTTP/1.1" 200 11744 "http://www.asjudinet.com/callcenter/validar_callcenter.php" "Mozilla/5.0 (Macintosh; Intel Mac OS X 10_15_7) AppleWebKit/537.36 (KHTML, like Gecko) Chrome/148.0.0.0 Safari/537.36"
186.28.206.3 - - [12/May/2026:09:34:49 -0500] "GET /callcenter/validar_abogado.php?ced=1013657865&nom=SUAREZ%20SANCHEZ%20JESSICA%20MILENA HTTP/1.1" 200 7950 "http://www.asjudinet.com/callcenter/menu_callcenter.php?ced=1013657865&nom=SUAREZ%20SANCHEZ%20JESSICA%20MILENA" "Mozilla/5.0 (Macintosh; Intel Mac OS X 10_15_7) AppleWebKit/537.36 (KHTML, like Gecko) Chrome/148.0.0.0 Safari/537.36"
186.28.206.3 - - [12/May/2026:09:34:50 -0500] "POST /callcenter/validar_abogado.php HTTP/1.1" 200 8039 "http://www.asjudinet.com/callcenter/validar_abogado.php?ced=1013657865&nom=SUAREZ%20SANCHEZ%20JESSICA%20MILENA" "Mozilla/5.0 (Macintosh; Intel Mac OS X 10_15_7) AppleWebKit/537.36 (KHTML, like Gecko) Chrome/148.0.0.0 Safari/537.36"
186.28.206.3 - - [12/May/2026:09:34:51 -0500] "GET /callcenter/menu_abogados.php?ced=1013657865&nom=SUAREZ%20SANCHEZ%20JESSICA%20MILENA HTTP/1.1" 200 3542 "http://www.asjudinet.com/callcenter/validar_abogado.php" "Mozilla/5.0 (Macintosh; Intel Mac OS X 10_15_7) AppleWebKit/537.36 (KHTML, like Gecko) Chrome/148.0.0.0 Safari/537.36"
186.28.206.3 - - [12/May/2026:09:34:52 -0500] "GET /callcenter/listado_por_abogado.php?ced=1013657865&nom=SUAREZ%20SANCHEZ%20JESSICA%20MILENA HTTP/1.1" 200 19408 "http://www.asjudinet.com/callcenter/menu_abogados.php?ced=1013657865&nom=SUAREZ%20SANCHEZ%20JESSICA%20MILENA" "Mozilla/5.0 (Macintosh; Intel Mac OS X 10_15_7) AppleWebKit/537.36 (KHTML, like Gecko) Chrome/148.0.0.0 Safari/537.36"
190.85.87.250 - - [12/May/2026:09:34:54 -0500] "POST /afinanciera/cartera_consultar_cargar_deb.php HTTP/1.1" 200 6044 "http://www.asjudinet.com/afinanciera/cartera_consultar_cargar_deb.php" "Mozilla/5.0 (Windows NT 10.0; Win64; x64) AppleWebKit/537.36 (KHTML, like Gecko) Chrome/148.0.0.0 Safari/537.36"
190.85.87.250 - - [12/May/2026:09:34:56 -0500] "GET /afinanciera/cartera_cargar_manual_deb.php?ced2=19710975&numcon=5721 HTTP/1.1" 200 361489 "http://www.asjudinet.com/afinanciera/cartera_consultar_cargar_deb.php" "Mozilla/5.0 (Windows NT 10.0; Win64; x64) AppleWebKit/537.36 (KHTML, like Gecko) Chrome/148.0.0.0 Safari/537.36"
186.28.206.3 - - [12/May/2026:09:35:03 -0500] "GET /callcenter/respuesta_abogado.php?cedulita=1013599003&numcon=22913&atencion=106222&funcionario=1013657865 HTTP/1.1" 200 16433 "http://www.asjudinet.com/callcenter/listado_por_abogado.php?ced=1013657865&nom=SUAREZ%20SANCHEZ%20JESSICA%20MILENA" "Mozilla/5.0 (Macintosh; Intel Mac OS X 10_15_7) AppleWebKit/537.36 (KHTML, like Gecko) Chrome/148.0.0.0 Safari/537.36"
114.119.142.135 - - [12/May/2026:09:35:03 -0500] "GET /index.php/zzztvsa/39aayzpksh_liqzne72382/principal/avigilajudicial/pages/principal/principal/avigilajudicial/pages/menu_procesos_todos.php HTTP/1.1" 200 54693 "http://www.asjudinet.com/index.php/zzztvsa/39aayzpksh_liqzne72382/principal/avigilajudicial/pages/principal/principal/avigilajudicial/index.php" "Mozilla/5.0 (Linux; Android 7.0;) AppleWebKit/537.36 (HTML, like Gecko) Mobile Safari/537.36 (compatible; PetalBot;+https://webmaster.petalsearch.com/site/petalbot)"
190.85.87.250 - - [12/May/2026:09:35:12 -0500] "POST /afinanciera/cartera_consultar_cargar_deb.php HTTP/1.1" 200 6049 "http://www.asjudinet.com/afinanciera/cartera_consultar_cargar_deb.php" "Mozilla/5.0 (Windows NT 10.0; Win64; x64) AppleWebKit/537.36 (KHTML, like Gecko) Chrome/148.0.0.0 Safari/537.36"
190.85.87.250 - - [12/May/2026:09:35:13 -0500] "GET /afinanciera/cartera_cargar_manual_deb.php?ced2=18958199&numcon=28114 HTTP/1.1" 200 191963 "http://www.asjudinet.com/afinanciera/cartera_consultar_cargar_deb.php" "Mozilla/5.0 (Windows NT 10.0; Win64; x64) AppleWebKit/537.36 (KHTML, like Gecko) Chrome/148.0.0.0 Safari/537.36"
191.95.53.73 - - [12/May/2026:09:36:04 -0500] "GET /abogados/validacion_revistas_judicial.php HTTP/1.1" 200 7841 "http://www.asjudinet.com/menu_admin.php?ced=1005039149&nom=LIZARAZO%20DIEGO%20ALEJANDRO&aaa=2151&cargo=2151" "Mozilla/5.0 (iPhone; CPU iPhone OS 18_7 like Mac OS X) AppleWebKit/605.1.15 (KHTML, like Gecko) Version/26.3 Mobile/15E148 Safari/604.1"
190.85.191.209 - - [12/May/2026:09:36:10 -0500] "POST /callcenter/solicitud_cita_ingreso.php?numcon=20091&cedulita=79961582&funcionario=1013262853 HTTP/1.1" 200 49272 "http://www.asjudinet.com/callcenter/solicitud_cita_ingreso.php?numcon=20091&cedulita=79961582&funcionario=1013262853" "Mozilla/5.0 (Windows NT 10.0; Win64; x64) AppleWebKit/537.36 (KHTML, like Gecko) Chrome/148.0.0.0 Safari/537.36"
190.85.191.209 - - [12/May/2026:09:36:11 -0500] "GET /callcenter/menu_callcenter.php?ced=1013262853&nom=CASTRO%20ZAPATA%20MARIA%20JOSE HTTP/1.1" 200 11579 "http://www.asjudinet.com/callcenter/solicitud_cita_ingreso.php?numcon=20091&cedulita=79961582&funcionario=1013262853" "Mozilla/5.0 (Windows NT 10.0; Win64; x64) AppleWebKit/537.36 (KHTML, like Gecko) Chrome/148.0.0.0 Safari/537.36"
114.119.137.103 - - [12/May/2026:09:36:25 -0500] "GET /index.php/zzztvsa/39aayzpksh_liqzne72382/principal/avigilajudicial/pages/principal/pages/principal/enlaces.php HTTP/1.1" 200 54693 "http://www.asjudinet.com/index.php/zzztvsa/39aayzpksh_liqzne72382/principal/avigilajudicial/pages/principal/pages/val_usuarios.php" "Mozilla/5.0 (Linux; Android 7.0;) AppleWebKit/537.36 (HTML, like Gecko) Mobile Safari/537.36 (compatible; PetalBot;+https://webmaster.petalsearch.com/site/petalbot)"
190.85.87.250 - - [12/May/2026:09:36:26 -0500] "POST /acobranzas/cobranzas_consulta_cartera1.php HTTP/1.1" 200 5939 "http://www.asjudinet.com/acobranzas/cobranzas_consulta_cartera1.php" "Mozilla/5.0 (Windows NT 10.0; Win64; x64) AppleWebKit/537.36 (KHTML, like Gecko) Chrome/148.0.0.0 Safari/537.36"
191.95.53.73 - - [12/May/2026:09:36:27 -0500] "POST /abogados/validacion_revistas_judicial.php HTTP/1.1" 200 8001 "http://www.asjudinet.com/abogados/validacion_revistas_judicial.php" "Mozilla/5.0 (iPhone; CPU iPhone OS 18_7 like Mac OS X) AppleWebKit/605.1.15 (KHTML, like Gecko) Version/26.3 Mobile/15E148 Safari/604.1"
190.85.87.250 - - [12/May/2026:09:36:27 -0500] "GET /acobranzas/cobranzas_serviasju1.php?ced2=91045705&numcon=7869 HTTP/1.1" 200 16865 "http://www.asjudinet.com/acobranzas/cobranzas_consulta_cartera1.php" "Mozilla/5.0 (Windows NT 10.0; Win64; x64) AppleWebKit/537.36 (KHTML, like Gecko) Chrome/148.0.0.0 Safari/537.36"
190.85.87.250 - - [12/May/2026:09:36:28 -0500] "GET /acobranzas/cobranzas_serviasju1.php?ced2=91045705&numcon=7869 HTTP/1.1" 200 303417 "http://www.asjudinet.com/acobranzas/cobranzas_consulta_cartera1.php" "Mozilla/5.0 (Windows NT 10.0; Win64; x64) AppleWebKit/537.36 (KHTML, like Gecko) Chrome/148.0.0.0 Safari/537.36"
190.85.87.250 - - [12/May/2026:09:36:33 -0500] "POST /afinanciera/cartera_consultar_cargar_deb.php HTTP/1.1" 200 6049 "http://www.asjudinet.com/afinanciera/cartera_consultar_cargar_deb.php" "Mozilla/5.0 (Windows NT 10.0; Win64; x64) AppleWebKit/537.36 (KHTML, like Gecko) Chrome/148.0.0.0 Safari/537.36"
190.85.87.250 - - [12/May/2026:09:36:35 -0500] "GET /afinanciera/cartera_cargar_manual_deb.php?ced2=18958199&numcon=28114 HTTP/1.1" 200 191963 "http://www.asjudinet.com/afinanciera/cartera_consultar_cargar_deb.php" "Mozilla/5.0 (Windows NT 10.0; Win64; x64) AppleWebKit/537.36 (KHTML, like Gecko) Chrome/148.0.0.0 Safari/537.36"
190.85.87.250 - - [12/May/2026:09:37:04 -0500] "GET /consulta_cartera.php HTTP/1.1" 200 4668 "http://www.asjudinet.com/cartera_consulta_titu_usuario.php?ced2=1047495107&numcon=32085" "Mozilla/5.0 (Windows NT 10.0; Win64; x64) AppleWebKit/537.36 (KHTML, like Gecko) Chrome/147.0.0.0 Safari/537.36"
190.85.87.250 - - [12/May/2026:09:37:06 -0500] "GET /consulta_ced_info_servi.php HTTP/1.1" 200 4523 "http://www.asjudinet.com/consulta_cartera.php" "Mozilla/5.0 (Windows NT 10.0; Win64; x64) AppleWebKit/537.36 (KHTML, like Gecko) Chrome/147.0.0.0 Safari/537.36"
190.85.87.250 - - [12/May/2026:09:37:09 -0500] "POST /acobranzas/cobranzas_consulta_cartera1.php HTTP/1.1" 200 5949 "http://www.asjudinet.com/acobranzas/cobranzas_consulta_cartera1.php" "Mozilla/5.0 (Windows NT 10.0; Win64; x64) AppleWebKit/537.36 (KHTML, like Gecko) Chrome/148.0.0.0 Safari/537.36"
190.85.87.250 - - [12/May/2026:09:37:11 -0500] "GET /acobranzas/cobranzas_serviasju1.php?ced2=1007763343&numcon=47876 HTTP/1.1" 200 15147 "http://www.asjudinet.com/acobranzas/cobranzas_consulta_cartera1.php" "Mozilla/5.0 (Windows NT 10.0; Win64; x64) AppleWebKit/537.36 (KHTML, like Gecko) Chrome/148.0.0.0 Safari/537.36"
190.85.87.250 - - [12/May/2026:09:37:11 -0500] "GET /acobranzas/cobranzas_serviasju1.php?ced2=1007763343&numcon=47876 HTTP/1.1" 200 15147 "http://www.asjudinet.com/acobranzas/cobranzas_consulta_cartera1.php" "Mozilla/5.0 (Windows NT 10.0; Win64; x64) AppleWebKit/537.36 (KHTML, like Gecko) Chrome/148.0.0.0 Safari/537.36"
190.85.87.250 - - [12/May/2026:09:37:14 -0500] "POST /afinanciera/cartera_cargar_manual_deb.php?ced2=18958199&numcon=28114 HTTP/1.1" 200 193712 "http://www.asjudinet.com/afinanciera/cartera_cargar_manual_deb.php?ced2=18958199&numcon=28114" "Mozilla/5.0 (Windows NT 10.0; Win64; x64) AppleWebKit/537.36 (KHTML, like Gecko) Chrome/148.0.0.0 Safari/537.36"
190.85.87.250 - - [12/May/2026:09:37:24 -0500] "POST /cartera_num_procesos_sus.php?ced2=74360930&numcon=29514 HTTP/1.1" 200 29216 "http://www.asjudinet.com/cartera_num_procesos_sus.php?ced2=74360930&numcon=29514" "Mozilla/5.0 (Windows NT 10.0; Win64; x64) AppleWebKit/537.36 (KHTML, like Gecko) Chrome/147.0.0.0 Safari/537.36"
190.85.87.250 - - [12/May/2026:09:37:27 -0500] "GET /consulta_cartera.php HTTP/1.1" 200 4668 "http://www.asjudinet.com/cartera_consulta_titu_usuario.php?ced2=74360930&numcon=29514" "Mozilla/5.0 (Windows NT 10.0; Win64; x64) AppleWebKit/537.36 (KHTML, like Gecko) Chrome/147.0.0.0 Safari/537.36"
190.85.87.250 - - [12/May/2026:09:37:24 -0500] "GET /cartera_consulta_titu_usuario.php?ced2=74360930&numcon=29514 HTTP/1.1" 200 92769 "http://www.asjudinet.com/cartera_num_procesos_sus.php?ced2=74360930&numcon=29514" "Mozilla/5.0 (Windows NT 10.0; Win64; x64) AppleWebKit/537.36 (KHTML, like Gecko) Chrome/147.0.0.0 Safari/537.36"
190.85.87.250 - - [12/May/2026:09:37:28 -0500] "GET /consulta_ced_info_servi.php HTTP/1.1" 200 4523 "http://www.asjudinet.com/consulta_cartera.php" "Mozilla/5.0 (Windows NT 10.0; Win64; x64) AppleWebKit/537.36 (KHTML, like Gecko) Chrome/147.0.0.0 Safari/537.36"
190.85.87.250 - - [12/May/2026:09:37:47 -0500] "POST /afinanciera/cartera_consultar_cargar_deb.php HTTP/1.1" 200 6047 "http://www.asjudinet.com/afinanciera/cartera_consultar_cargar_deb.php" "Mozilla/5.0 (Windows NT 10.0; Win64; x64) AppleWebKit/537.36 (KHTML, like Gecko) Chrome/148.0.0.0 Safari/537.36"
190.85.87.250 - - [12/May/2026:09:37:48 -0500] "GET /afinanciera/cartera_cargar_manual_deb.php?ced2=75071368&numcon=3583 HTTP/1.1" 200 431434 "http://www.asjudinet.com/afinanciera/cartera_consultar_cargar_deb.php" "Mozilla/5.0 (Windows NT 10.0; Win64; x64) AppleWebKit/537.36 (KHTML, like Gecko) Chrome/148.0.0.0 Safari/537.36"
114.119.156.102 - - [12/May/2026:09:37:53 -0500] "GET /index.php/zzztvsa/39aayzpksh_liqzne72382/principal/avigilajudicial/pages/principal/enlaces.php HTTP/1.1" 200 54693 "http://www.asjudinet.com/index.php/zzztvsa/39aayzpksh_liqzne72382/principal/avigilajudicial/pages/index.php" "Mozilla/5.0 (Linux; Android 7.0;) AppleWebKit/537.36 (HTML, like Gecko) Mobile Safari/537.36 (compatible; PetalBot;+https://webmaster.petalsearch.com/site/petalbot)"
190.85.87.250 - - [12/May/2026:09:38:02 -0500] "POST /consulta_ced_info_servi.php HTTP/1.1" 200 4564 "http://www.asjudinet.com/consulta_ced_info_servi.php" "Mozilla/5.0 (Windows NT 10.0; Win64; x64) AppleWebKit/537.36 (KHTML, like Gecko) Chrome/147.0.0.0 Safari/537.36"
190.85.87.250 - - [12/May/2026:09:38:12 -0500] "POST /afinanciera/cartera_consultar_cargar_deb.php HTTP/1.1" 200 6052 "http://www.asjudinet.com/afinanciera/cartera_consultar_cargar_deb.php" "Mozilla/5.0 (Windows NT 10.0; Win64; x64) AppleWebKit/537.36 (KHTML, like Gecko) Chrome/148.0.0.0 Safari/537.36"
190.85.87.250 - - [12/May/2026:09:38:15 -0500] "POST /consulta_ced_info_servi.php HTTP/1.1" 200 6152 "http://www.asjudinet.com/consulta_ced_info_servi.php" "Mozilla/5.0 (Windows NT 10.0; Win64; x64) AppleWebKit/537.36 (KHTML, like Gecko) Chrome/147.0.0.0 Safari/537.36"
190.85.87.250 - - [12/May/2026:09:38:14 -0500] "GET /afinanciera/cartera_cargar_manual_deb.php?ced2=86047803&numcon=4735 HTTP/1.1" 200 367520 "http://www.asjudinet.com/afinanciera/cartera_consultar_cargar_deb.php" "Mozilla/5.0 (Windows NT 10.0; Win64; x64) AppleWebKit/537.36 (KHTML, like Gecko) Chrome/148.0.0.0 Safari/537.36"
190.85.87.250 - - [12/May/2026:09:38:33 -0500] "GET /cartera_consulta_titu_usuario.php?ced2=1121858393&numcon=20544 HTTP/1.1" 200 287479 "http://www.asjudinet.com/consulta_ced_info_servi.php" "Mozilla/5.0 (Windows NT 10.0; Win64; x64) AppleWebKit/537.36 (KHTML, like Gecko) Chrome/147.0.0.0 Safari/537.36"
190.85.87.250 - - [12/May/2026:09:38:38 -0500] "GET /callcenter/validar_recepcionistas.php?ced=1124077740&nom=ORTIZ%20SUAREZ%20YUSNEHIDI HTTP/1.1" 200 7960 "http://www.asjudinet.com/callcenter/menu_callcenter.php?ced=1124077740&nom=ORTIZ%20SUAREZ%20YUSNEHIDI" "Mozilla/5.0 (Windows NT 10.0; Win64; x64) AppleWebKit/537.36 (KHTML, like Gecko) Chrome/147.0.0.0 Safari/537.36"
190.85.87.250 - - [12/May/2026:09:38:40 -0500] "GET /callcenter/solicitud_cita.php?ced=1124077740&nom=ORTIZ%20YUSNEHIDI HTTP/1.1" 200 5654 "-" "Mozilla/5.0 (Windows NT 10.0; Win64; x64) AppleWebKit/537.36 (KHTML, like Gecko) Chrome/147.0.0.0 Safari/537.36"
190.85.87.250 - - [12/May/2026:09:38:51 -0500] "GET /callcenter/respuesta_tickets.php?cedulita=1121858393&numcon=20544&fecha=2026-05-06&atencion=106134 HTTP/1.1" 200 17963 "http://www.asjudinet.com/callcenter/solicitud_cita.php?ced=1124077740&nom=ORTIZ%20YUSNEHIDI" "Mozilla/5.0 (Windows NT 10.0; Win64; x64) AppleWebKit/537.36 (KHTML, like Gecko) Chrome/147.0.0.0 Safari/537.36"
190.85.87.250 - - [12/May/2026:09:38:57 -0500] "POST /acobranzas/seguimiento_cobranza_captura_vigentes.php?id=1007763343&tipo=INT01&carpeta=16520 HTTP/1.1" 200 14147 "http://www.asjudinet.com/acobranzas/seguimiento_cobranza_captura_vigentes.php?id=1007763343&tipo=INT01&carpeta=16520" "Mozilla/5.0 (Windows NT 10.0; Win64; x64) AppleWebKit/537.36 (KHTML, like Gecko) Chrome/148.0.0.0 Safari/537.36"
190.85.87.250 - - [12/May/2026:09:38:57 -0500] "GET /acobranzas/consultar_cobranzas_vigentes.php?ced2=1007763343&numcon=47876 HTTP/1.1" 200 27335 "http://www.asjudinet.com/acobranzas/seguimiento_cobranza_captura_vigentes.php?id=1007763343&tipo=INT01&carpeta=16520" "Mozilla/5.0 (Windows NT 10.0; Win64; x64) AppleWebKit/537.36 (KHTML, like Gecko) Chrome/148.0.0.0 Safari/537.36"
114.119.156.102 - - [12/May/2026:09:39:05 -0500] "GET /index.php/zzztvsa/39aayzpksh_liqzne72382/principal/avigilajudicial/pages/principal/avigilajudicial/principal/pages/index.php HTTP/1.1" 200 54693 "http://www.asjudinet.com/index.php/zzztvsa/39aayzpksh_liqzne72382/principal/avigilajudicial/pages/principal/avigilajudicial/principal/pages/menu_procesos_todos.php" "Mozilla/5.0 (Linux; Android 7.0;) AppleWebKit/537.36 (KHTML, like Gecko) Mobile Safari/537.36 (compatible; PetalBot;+https://webmaster.petalsearch.com/site/petalbot)"
190.85.87.250 - - [12/May/2026:09:39:10 -0500] "POST /acobranzas/cobranzas_consulta_cartera1.php HTTP/1.1" 200 5941 "http://www.asjudinet.com/acobranzas/cobranzas_consulta_cartera1.php" "Mozilla/5.0 (Windows NT 10.0; Win64; x64) AppleWebKit/537.36 (KHTML, like Gecko) Chrome/148.0.0.0 Safari/537.36"
190.85.87.250 - - [12/May/2026:09:39:11 -0500] "GET /acobranzas/cobranzas_serviasju1.php?ced2=7705986&numcon=9537 HTTP/1.1" 200 15169 "http://www.asjudinet.com/acobranzas/cobranzas_consulta_cartera1.php" "Mozilla/5.0 (Windows NT 10.0; Win64; x64) AppleWebKit/537.36 (KHTML, like Gecko) Chrome/148.0.0.0 Safari/537.36"
190.85.87.250 - - [12/May/2026:09:39:11 -0500] "GET /acobranzas/cobranzas_serviasju1.php?ced2=7705986&numcon=9537 HTTP/1.1" 200 15169 "http://www.asjudinet.com/acobranzas/cobranzas_consulta_cartera1.php" "Mozilla/5.0 (Windows NT 10.0; Win64; x64) AppleWebKit/537.36 (KHTML, like Gecko) Chrome/148.0.0.0 Safari/537.36"
190.85.87.250 - - [12/May/2026:09:39:21 -0500] "POST /acobranzas/consulta_ced_cob_estado_1da.php HTTP/1.1" 200 6776 "http://www.asjudinet.com/acobranzas/consulta_ced_cob_estado_1da.php" "Mozilla/5.0 (Windows NT 10.0; Win64; x64) AppleWebKit/537.36 (KHTML, like Gecko) Chrome/148.0.0.0 Safari/537.36"
190.85.87.250 - - [12/May/2026:09:39:22 -0500] "GET /acobranzas/consultar_cobranzas_vigentes.php?id=7705986&carpeta=16522&tipo=INT03 HTTP/1.1" 200 19027 "http://www.asjudinet.com/acobranzas/consulta_ced_cob_estado_1da.php" "Mozilla/5.0 (Windows NT 10.0; Win64; x64) AppleWebKit/537.36 (KHTML, like Gecko) Chrome/148.0.0.0 Safari/537.36"
190.85.87.250 - - [12/May/2026:09:39:25 -0500] "GET /callcenter/solicitud_cita_ingreso.php?numcon=20544&cedulita=1121858393&funcionario=1124077740 HTTP/1.1" 200 49054 "http://www.asjudinet.com/callcenter/solicitud_cita.php?ced=1124077740&nom=ORTIZ%20YUSNEHIDI" "Mozilla/5.0 (Windows NT 10.0; Win64; x64) AppleWebKit/537.36 (KHTML, like Gecko) Chrome/147.0.0.0 Safari/537.36"
190.85.87.250 - - [12/May/2026:09:39:26 -0500] "GET /acobranzas/seguimiento_cobranza_captura_vigentes.php?id=7705986&tipo=INT03&carpeta=16522 HTTP/1.1" 200 14024 "http://www.asjudinet.com/acobranzas/consultar_cobranzas_vigentes.php?id=7705986&carpeta=16522&tipo=INT03" "Mozilla/5.0 (Windows NT 10.0; Win64; x64) AppleWebKit/537.36 (KHTML, like Gecko) Chrome/148.0.0.0 Safari/537.36"
190.85.87.250 - - [12/May/2026:09:38:42 -0500] "POST /callcenter/solicitud_cita.php?ced=1124077740&nom=ORTIZ%20YUSNEHIDI HTTP/1.1" 200 82711 "http://www.asjudinet.com/callcenter/solicitud_cita.php?ced=1124077740&nom=ORTIZ%20YUSNEHIDI" "Mozilla/5.0 (Windows NT 10.0; Win64; x64) AppleWebKit/537.36 (KHTML, like Gecko) Chrome/147.0.0.0 Safari/537.36"
190.85.87.250 - - [12/May/2026:09:39:59 -0500] "POST /afinanciera/cartera_consultar_cargar_deb.php HTTP/1.1" 200 6048 "http://www.asjudinet.com/afinanciera/cartera_consultar_cargar_deb.php" "Mozilla/5.0 (Windows NT 10.0; Win64; x64) AppleWebKit/537.36 (KHTML, like Gecko) Chrome/148.0.0.0 Safari/537.36"
190.85.87.250 - - [12/May/2026:09:40:01 -0500] "GET /afinanciera/cartera_cargar_manual_deb.php?ced2=91390899&numcon=4540 HTTP/1.1" 200 369698 "http://www.asjudinet.com/afinanciera/cartera_consultar_cargar_deb.php" "Mozilla/5.0 (Windows NT 10.0; Win64; x64) AppleWebKit/537.36 (KHTML, like Gecko) Chrome/148.0.0.0 Safari/537.36"
190.85.87.250 - - [12/May/2026:09:40:07 -0500] "POST /acobranzas/seguimiento_cobranza_captura_vigentes.php?id=7705986&tipo=INT03&carpeta=16522 HTTP/1.1" 200 14143 "http://www.asjudinet.com/acobranzas/seguimiento_cobranza_captura_vigentes.php?id=7705986&tipo=INT03&carpeta=16522" "Mozilla/5.0 (Windows NT 10.0; Win64; x64) AppleWebKit/537.36 (KHTML, like Gecko) Chrome/148.0.0.0 Safari/537.36"
190.85.87.250 - - [12/May/2026:09:40:08 -0500] "GET /acobranzas/consultar_cobranzas_vigentes.php?ced2=7705986&numcon=9537 HTTP/1.1" 200 27335 "http://www.asjudinet.com/acobranzas/seguimiento_cobranza_captura_vigentes.php?id=7705986&tipo=INT03&carpeta=16522" "Mozilla/5.0 (Windows NT 10.0; Win64; x64) AppleWebKit/537.36 (KHTML, like Gecko) Chrome/148.0.0.0 Safari/537.36"
190.85.87.250 - - [12/May/2026:09:40:18 -0500] "POST /afinanciera/cartera_consultar_cargar_deb.php HTTP/1.1" 200 6053 "http://www.asjudinet.com/afinanciera/cartera_consultar_cargar_deb.php" "Mozilla/5.0 (Windows NT 10.0; Win64; x64) AppleWebKit/537.36 (KHTML, like Gecko) Chrome/148.0.0.0 Safari/537.36"
190.85.87.250 - - [12/May/2026:09:40:21 -0500] "GET /afinanciera/cartera_cargar_manual_deb.php?ced2=17957280&numcon=28776 HTTP/1.1" 200 142786 "http://www.asjudinet.com/afinanciera/cartera_consultar_cargar_deb.php" "Mozilla/5.0 (Windows NT 10.0; Win64; x64) AppleWebKit/537.36 (KHTML, like Gecko) Chrome/148.0.0.0 Safari/537.36"
190.85.87.250 - - [12/May/2026:09:40:29 -0500] "POST /acobranzas/cobranzas_consulta_cartera1.php HTTP/1.1" 200 5957 "http://www.asjudinet.com/acobranzas/cobranzas_consulta_cartera1.php" "Mozilla/5.0 (Windows NT 10.0; Win64; x64) AppleWebKit/537.36 (KHTML, like Gecko) Chrome/148.0.0.0 Safari/537.36"
190.85.87.250 - - [12/May/2026:09:40:30 -0500] "GET /acobranzas/cobranzas_serviasju1.php?ced2=1121949091&numcon=46914 HTTP/1.1" 200 15161 "http://www.asjudinet.com/acobranzas/cobranzas_consulta_cartera1.php" "Mozilla/5.0 (Windows NT 10.0; Win64; x64) AppleWebKit/537.36 (KHTML, like Gecko) Chrome/148.0.0.0 Safari/537.36"
190.85.87.250 - - [12/May/2026:09:40:30 -0500] "GET /acobranzas/cobranzas_serviasju1.php?ced2=1121949091&numcon=46914 HTTP/1.1" 200 15161 "http://www.asjudinet.com/acobranzas/cobranzas_consulta_cartera1.php" "Mozilla/5.0 (Windows NT 10.0; Win64; x64) AppleWebKit/537.36 (KHTML, like Gecko) Chrome/148.0.0.0 Safari/537.36"
114.119.156.102 - - [12/May/2026:09:40:37 -0500] "GET /index.php/zzztvsa/39aayzpksh_liqzne72382/principal/avigilajudicial/pages/principal/avigilajudicial/avigilajudicial/principal/contactenos.php HTTP/1.1" 200 54693 "http://www.asjudinet.com/index.php/zzztvsa/39aayzpksh_liqzne72382/principal/avigilajudicial/pages/principal/avigilajudicial/avigilajudicial/val_usuarios.php" "Mozilla/5.0 (Linux; Android 7.0;) AppleWebKit/537.36 (HTML, like Gecko) Mobile Safari/537.36 (compatible; PetalBot;+https://webmaster.petalsearch.com/site/petalbot)"
190.85.87.250 - - [12/May/2026:09:40:38 -0500] "POST /acobranzas/consulta_ced_cob_estado_1da.php HTTP/1.1" 200 6791 "http://www.asjudinet.com/acobranzas/consulta_ced_cob_estado_1da.php" "Mozilla/5.0 (Windows NT 10.0; Win64; x64) AppleWebKit/537.36 (KHTML, like Gecko) Chrome/148.0.0.0 Safari/537.36"
190.85.87.250 - - [12/May/2026:09:40:39 -0500] "GET /acobranzas/consultar_cobranzas_vigentes.php?id=1121949091&carpeta=16525&tipo=INT01 HTTP/1.1" 200 17699 "http://www.asjudinet.com/acobranzas/consulta_ced_cob_estado_1da.php" "Mozilla/5.0 (Windows NT 10.0; Win64; x64) AppleWebKit/537.36 (KHTML, like Gecko) Chrome/148.0.0.0 Safari/537.36"
190.85.87.250 - - [12/May/2026:09:40:43 -0500] "GET /acobranzas/seguimiento_cobranza_captura_vigentes.php?id=1121949091&tipo=INT01&carpeta=16525 HTTP/1.1" 200 14039 "http://www.asjudinet.com/acobranzas/consultar_cobranzas_vigentes.php?id=1121949091&carpeta=16525&tipo=INT01" "Mozilla/5.0 (Windows NT 10.0; Win64; x64) AppleWebKit/537.36 (KHTML, like Gecko) Chrome/148.0.0.0 Safari/537.36"
190.85.87.250 - - [12/May/2026:09:40:54 -0500] "POST /afinanciera/cartera_cargar_manual_deb.php?ced2=17957280&numcon=28776 HTTP/1.1" 200 144535 "http://www.asjudinet.com/afinanciera/cartera_cargar_manual_deb.php?ced2=17957280&numcon=28776" "Mozilla/5.0 (Windows NT 10.0; Win64; x64) AppleWebKit/537.36 (KHTML, like Gecko) Chrome/148.0.0.0 Safari/537.36"
190.85.87.250 - - [12/May/2026:09:41:10 -0500] "POST /afinanciera/cartera_consultar_cargar_deb.php HTTP/1.1" 200 6044 "http://www.asjudinet.com/afinanciera/cartera_consultar_cargar_deb.php" "Mozilla/5.0 (Windows NT 10.0; Win64; x64) AppleWebKit/537.36 (KHTML, like Gecko) Chrome/148.0.0.0 Safari/537.36"
190.85.87.250 - - [12/May/2026:09:41:11 -0500] "GET /afinanciera/cartera_cargar_manual_deb.php?ced2=7715626&numcon=11226 HTTP/1.1" 200 460172 "http://www.asjudinet.com/afinanciera/cartera_consultar_cargar_deb.php" "Mozilla/5.0 (Windows NT 10.0; Win64; x64) AppleWebKit/537.36 (KHTML, like Gecko) Chrome/148.0.0.0 Safari/537.36"
190.85.87.250 - - [12/May/2026:09:41:21 -0500] "POST /acobranzas/seguimiento_cobranza_captura_vigentes.php?id=1121949091&tipo=INT01&carpeta=16525 HTTP/1.1" 200 14162 "http://www.asjudinet.com/acobranzas/seguimiento_cobranza_captura_vigentes.php?id=1121949091&tipo=INT01&carpeta=16525" "Mozilla/5.0 (Windows NT 10.0; Win64; x64) AppleWebKit/537.36 (KHTML, like Gecko) Chrome/148.0.0.0 Safari/537.36"
190.85.87.250 - - [12/May/2026:09:41:21 -0500] "GET /acobranzas/consultar_cobranzas_vigentes.php?ced2=1121949091&numcon=46914 HTTP/1.1" 200 27335 "http://www.asjudinet.com/acobranzas/seguimiento_cobranza_captura_vigentes.php?id=1121949091&tipo=INT01&carpeta=16525" "Mozilla/5.0 (Windows NT 10.0; Win64; x64) AppleWebKit/537.36 (KHTML, like Gecko) Chrome/148.0.0.0 Safari/537.36"
190.85.87.250 - - [12/May/2026:09:41:30 -0500] "POST /acobranzas/cobranzas_consulta_cartera1.php HTTP/1.1" 200 5953 "http://www.asjudinet.com/acobranzas/cobranzas_consulta_cartera1.php" "Mozilla/5.0 (Windows NT 10.0; Win64; x64) AppleWebKit/537.36 (KHTML, like Gecko) Chrome/148.0.0.0 Safari/537.36"
190.85.87.250 - - [12/May/2026:09:41:33 -0500] "POST /afinanciera/cartera_consultar_cargar_deb.php HTTP/1.1" 200 6045 "http://www.asjudinet.com/afinanciera/cartera_consultar_cargar_deb.php" "Mozilla/5.0 (Windows NT 10.0; Win64; x64) AppleWebKit/537.36 (KHTML, like Gecko) Chrome/148.0.0.0 Safari/537.36"
190.85.87.250 - - [12/May/2026:09:41:31 -0500] "GET /acobranzas/cobranzas_serviasju1.php?ced2=1100251645&numcon=47852 HTTP/1.1" 200 16822 "http://www.asjudinet.com/acobranzas/cobranzas_consulta_cartera1.php" "Mozilla/5.0 (Windows NT 10.0; Win64; x64) AppleWebKit/537.36 (KHTML, like Gecko) Chrome/148.0.0.0 Safari/537.36"
190.85.87.250 - - [12/May/2026:09:41:31 -0500] "GET /acobranzas/cobranzas_serviasju1.php?ced2=1100251645&numcon=47852 HTTP/1.1" 200 20212 "http://www.asjudinet.com/acobranzas/cobranzas_consulta_cartera1.php" "Mozilla/5.0 (Windows NT 10.0; Win64; x64) AppleWebKit/537.36 (KHTML, like Gecko) Chrome/148.0.0.0 Safari/537.36"
190.85.87.250 - - [12/May/2026:09:41:34 -0500] "GET /afinanciera/cartera_cargar_manual_deb.php?ced2=5633900&numcon=5945 HTTP/1.1" 200 359750 "http://www.asjudinet.com/afinanciera/cartera_consultar_cargar_deb.php" "Mozilla/5.0 (Windows NT 10.0; Win64; x64) AppleWebKit/537.36 (KHTML, like Gecko) Chrome/148.0.0.0 Safari/537.36"
190.85.87.250 - - [12/May/2026:09:41:38 -0500] "POST /acobranzas/consulta_ced_cob_estado_1da.php HTTP/1.1" 200 6787 "http://www.asjudinet.com/acobranzas/consulta_ced_cob_estado_1da.php" "Mozilla/5.0 (Windows NT 10.0; Win64; x64) AppleWebKit/537.36 (KHTML, like Gecko) Chrome/148.0.0.0 Safari/537.36"
190.85.87.250 - - [12/May/2026:09:41:39 -0500] "GET /acobranzas/consultar_cobranzas_vigentes.php?id=1100251645&carpeta=16528&tipo=INT01 HTTP/1.1" 200 16826 "http://www.asjudinet.com/acobranzas/consulta_ced_cob_estado_1da.php" "Mozilla/5.0 (Windows NT 10.0; Win64; x64) AppleWebKit/537.36 (KHTML, like Gecko) Chrome/148.0.0.0 Safari/537.36"
190.85.87.250 - - [12/May/2026:09:41:41 -0500] "GET /acobranzas/seguimiento_cobranza_captura_vigentes.php?id=1100251645&tipo=INT01&carpeta=16528 HTTP/1.1" 200 14016 "http://www.asjudinet.com/acobranzas/consultar_cobranzas_vigentes.php?id=1100251645&carpeta=16528&tipo=INT01" "Mozilla/5.0 (Windows NT 10.0; Win64; x64) AppleWebKit/537.36 (KHTML, like Gecko) Chrome/148.0.0.0 Safari/537.36"
190.85.87.250 - - [12/May/2026:09:41:59 -0500] "POST /afinanciera/cartera_consultar_cargar_deb.php HTTP/1.1" 200 6069 "http://www.asjudinet.com/afinanciera/cartera_consultar_cargar_deb.php" "Mozilla/5.0 (Windows NT 10.0; Win64; x64) AppleWebKit/537.36 (KHTML, like Gecko) Chrome/148.0.0.0 Safari/537.36"
190.85.87.250 - - [12/May/2026:09:42:00 -0500] "GET /afinanciera/cartera_cargar_manual_deb.php?ced2=4712911&numcon=4448 HTTP/1.1" 200 366553 "http://www.asjudinet.com/afinanciera/cartera_consultar_cargar_deb.php" "Mozilla/5.0 (Windows NT 10.0; Win64; x64) AppleWebKit/537.36 (KHTML, like Gecko) Chrome/148.0.0.0 Safari/537.36"
114.119.156.102 - - [12/May/2026:09:42:44 -0500] "GET /index.php/zzztvsa/39aayzpksh_liqzne72382/principal/avigilajudicial/pages/pages/principal/sucursales.php HTTP/1.1" 200 54693 "http://www.asjudinet.com/index.php/zzztvsa/39aayzpksh_liqzne72382/principal/avigilajudicial/pages/pages/menu_procesos_todos.php" "Mozilla/5.0 (Linux; Android 7.0;) AppleWebKit/537.36 (KHTML, like Gecko) Mobile Safari/537.36 (compatible; PetalBot;+https://webmaster.petalsearch.com/site/petalbot)"
85.239.147.8 - - [12/May/2026:09:42:57 -0500] "GET / HTTP/1.0" 404 - "-" "-"
85.239.147.8 - - [12/May/2026:09:42:57 -0500] "GET / HTTP/1.0" 404 - "-" "-"
85.239.147.8 - - [12/May/2026:09:42:58 -0500] "GET / HTTP/1.0" 404 - "-" "-"
114.119.142.135 - - [12/May/2026:09:43:23 -0500] "GET /index.php/zzztvsa/39aayzpksh_liqzne72382/principal/avigilajudicial/pages/pages/principal/pages/principal/quienes.php HTTP/1.1" 200 54693 "http://www.asjudinet.com/index.php/zzztvsa/39aayzpksh_liqzne72382/principal/avigilajudicial/pages/pages/principal/pages/menu_procesos_todos.php" "Mozilla/5.0 (Linux; Android 7.0;) AppleWebKit/537.36 (HTML, like Gecko) Mobile Safari/537.36 (compatible; PetalBot;+https://webmaster.petalsearch.com/site/petalbot)"
190.85.87.250 - - [12/May/2026:09:43:27 -0500] "POST /afinanciera/cartera_consultar_cargar_deb.php HTTP/1.1" 200 6059 "http://www.asjudinet.com/afinanciera/cartera_consultar_cargar_deb.php" "Mozilla/5.0 (Windows NT 10.0; Win64; x64) AppleWebKit/537.36 (KHTML, like Gecko) Chrome/148.0.0.0 Safari/537.36"
190.85.87.250 - - [12/May/2026:09:43:28 -0500] "GET /afinanciera/cartera_cargar_manual_deb.php?ced2=79346749&numcon=22787 HTTP/1.1" 200 259777 "http://www.asjudinet.com/afinanciera/cartera_consultar_cargar_deb.php" "Mozilla/5.0 (Windows NT 10.0; Win64; x64) AppleWebKit/537.36 (KHTML, like Gecko) Chrome/148.0.0.0 Safari/537.36"
190.85.87.250 - - [12/May/2026:09:43:43 -0500] "POST /afinanciera/cartera_consultar_cargar_deb.php HTTP/1.1" 200 6047 "http://www.asjudinet.com/afinanciera/cartera_consultar_cargar_deb.php" "Mozilla/5.0 (Windows NT 10.0; Win64; x64) AppleWebKit/537.36 (KHTML, like Gecko) Chrome/148.0.0.0 Safari/537.36"
190.85.87.250 - - [12/May/2026:09:43:44 -0500] "GET /afinanciera/cartera_cargar_manual_deb.php?ced2=11001389&numcon=53 HTTP/1.1" 200 489671 "http://www.asjudinet.com/afinanciera/cartera_consultar_cargar_deb.php" "Mozilla/5.0 (Windows NT 10.0; Win64; x64) AppleWebKit/537.36 (KHTML, like Gecko) Chrome/148.0.0.0 Safari/537.36"
190.85.87.250 - - [12/May/2026:09:43:54 -0500] "GET /afinanciera/menu_cartera_debito.php HTTP/1.1" 200 38627 "http://www.asjudinet.com/afinanciera/cartera_consulta_titu_usuario.php?ced2=71005818&numcon=23291" "Mozilla/5.0 (Windows NT 10.0; Win64; x64) AppleWebKit/537.36 (KHTML, like Gecko) Chrome/148.0.0.0 Safari/537.36"
190.85.87.250 - - [12/May/2026:09:43:56 -0500] "GET /afinanciera/cartera_consul_titu_deb.php HTTP/1.1" 200 5181 "http://www.asjudinet.com/afinanciera/menu_cartera_debito.php" "Mozilla/5.0 (Windows NT 10.0; Win64; x64) AppleWebKit/537.36 (KHTML, like Gecko) Chrome/148.0.0.0 Safari/537.36"
190.85.87.250 - - [12/May/2026:09:44:00 -0500] "POST /afinanciera/cartera_consul_titu_deb.php HTTP/1.1" 200 6056 "http://www.asjudinet.com/afinanciera/cartera_consul_titu_deb.php" "Mozilla/5.0 (Windows NT 10.0; Win64; x64) AppleWebKit/537.36 (KHTML, like Gecko) Chrome/148.0.0.0 Safari/537.36"
190.85.87.250 - - [12/May/2026:09:44:02 -0500] "GET /afinanciera/cartera_consulta_titu_usuario.php?ced2=1100971029&numcon=2011 HTTP/1.1" 200 198867 "http://www.asjudinet.com/afinanciera/cartera_consul_titu_deb.php" "Mozilla/5.0 (Windows NT 10.0; Win64; x64) AppleWebKit/537.36 (KHTML, like Gecko) Chrome/148.0.0.0 Safari/537.36"
190.85.87.250 - - [12/May/2026:09:44:13 -0500] "GET /afinanciera/menu_cartera_debito.php HTTP/1.1" 200 38627 "http://www.asjudinet.com/afinanciera/cartera_consulta_titu_usuario.php?ced2=1100971029&numcon=2011" "Mozilla/5.0 (Windows NT 10.0; Win64; x64) AppleWebKit/537.36 (KHTML, like Gecko) Chrome/148.0.0.0 Safari/537.36"
190.85.87.250 - - [12/May/2026:09:44:15 -0500] "GET /afinanciera/cartera_consul_titu_deb.php HTTP/1.1" 200 5181 "http://www.asjudinet.com/afinanciera/menu_cartera_debito.php" "Mozilla/5.0 (Windows NT 10.0; Win64; x64) AppleWebKit/537.36 (KHTML, like Gecko) Chrome/148.0.0.0 Safari/537.36"
190.67.203.19 - - [12/May/2026:09:44:22 -0500] "GET /val_usuarios.php HTTP/1.1" 200 7808 "http://www.asjudinet.com/" "Mozilla/5.0 (Windows NT 10.0; Win64; x64) AppleWebKit/537.36 (KHTML, like Gecko) Chrome/148.0.0.0 Safari/537.36"
190.85.87.250 - - [12/May/2026:09:44:21 -0500] "POST /afinanciera/cartera_consul_titu_deb.php HTTP/1.1" 200 6056 "http://www.asjudinet.com/afinanciera/cartera_consul_titu_deb.php" "Mozilla/5.0 (Windows NT 10.0; Win64; x64) AppleWebKit/537.36 (KHTML, like Gecko) Chrome/148.0.0.0 Safari/537.36"
190.85.87.250 - - [12/May/2026:09:44:24 -0500] "POST /afinanciera/cartera_consultar_cargar_deb.php HTTP/1.1" 200 6047 "http://www.asjudinet.com/afinanciera/cartera_consultar_cargar_deb.php" "Mozilla/5.0 (Windows NT 10.0; Win64; x64) AppleWebKit/537.36 (KHTML, like Gecko) Chrome/148.0.0.0 Safari/537.36"
190.85.87.250 - - [12/May/2026:09:44:26 -0500] "GET /afinanciera/cartera_cargar_manual_deb.php?ced2=7315655&numcon=19391 HTTP/1.1" 200 293385 "http://www.asjudinet.com/afinanciera/cartera_consultar_cargar_deb.php" "Mozilla/5.0 (Windows NT 10.0; Win64; x64) AppleWebKit/537.36 (KHTML, like Gecko) Chrome/148.0.0.0 Safari/537.36"
190.85.87.250 - - [12/May/2026:09:44:29 -0500] "GET /afinanciera/cartera_consulta_titu_usuario.php?ced2=1100971029&numcon=2011 HTTP/1.1" 200 198867 "http://www.asjudinet.com/afinanciera/cartera_consul_titu_deb.php" "Mozilla/5.0 (Windows NT 10.0; Win64; x64) AppleWebKit/537.36 (KHTML, like Gecko) Chrome/148.0.0.0 Safari/537.36"
