91.65.123.43 - - [12/May/2026:11:07:09 -0500] "GET /index.php/20/8op9a7i2/925048/avigilajudicial/avigilajudicial/avigilajudicial/avigilajudicial/avigilajudicial/avigilajudicial/avigilajudicial/avigilajudicial/avigilajudicial/avigilajudicial/avigilajudicial/avigilajudicial/avigilajudicial/avigilajudicial/avigilajudicial/avigilajudicial/principal/principal/principal/pages/pages/avigilajudicial/principal/avigilajudicial/avigilajudicial/avigilajudicial/pages/pages/avigilajudicial/avigilajudicial/avigilajudicial/principal/ventajas.php HTTP/1.1" 200 54693 "-" "Mozilla/5.0 (compatible; MJ12bot/v1.4.8; http://mj12bot.com/)"
91.65.123.43 - - [12/May/2026:11:07:12 -0500] "GET /index.php/20/8op9a7i2/925048/avigilajudicial/avigilajudicial/avigilajudicial/avigilajudicial/avigilajudicial/avigilajudicial/avigilajudicial/avigilajudicial/avigilajudicial/avigilajudicial/avigilajudicial/avigilajudicial/avigilajudicial/avigilajudicial/avigilajudicial/avigilajudicial/principal/principal/principal/pages/pages/avigilajudicial/principal/avigilajudicial/avigilajudicial/avigilajudicial/pages/pages/avigilajudicial/avigilajudicial/avigilajudicial/val_usuarios.php HTTP/1.1" 200 54693 "-" "Mozilla/5.0 (compatible; MJ12bot/v1.4.8; http://mj12bot.com/)"
114.119.150.5 - - [12/May/2026:11:07:13 -0500] "GET /index.php/zzztvsa/39aayzpksh_liqzne72382/principal/ELEMENTS/principal/principal/pages/avigilajudicial/avigilajudicial/val_usuarios_IURIS.php HTTP/1.1" 200 54693 "http://www.asjudinet.com/index.php/zzztvsa/39aayzpksh_liqzne72382/principal/ELEMENTS/principal/principal/pages/avigilajudicial/avigilajudicial/validar_vigi_judicial.php" "Mozilla/5.0 (Linux; Android 7.0;) AppleWebKit/537.36 (HTML, like Gecko) Mobile Safari/537.36 (compatible; PetalBot;+https://webmaster.petalsearch.com/site/petalbot)"
181.61.205.27 - - [12/May/2026:11:07:13 -0500] "POST /ingresar_accion_tomada.php?cedul=94521156&atencion=138716&fechase=2026-05-05&esta=7 HTTP/1.1" 200 17240 "http://www.asjudinet.com/ingresar_accion_tomada.php?cedul=94521156&atencion=138716&fechase=2026-05-05&esta=7" "Mozilla/5.0 (Windows NT 10.0; Win64; x64) AppleWebKit/537.36 (KHTML, like Gecko) Chrome/147.0.0.0 Safari/537.36"
91.65.123.43 - - [12/May/2026:11:07:15 -0500] "GET /index.php/20/8op9a7i2/925048/avigilajudicial/avigilajudicial/avigilajudicial/avigilajudicial/avigilajudicial/avigilajudicial/avigilajudicial/avigilajudicial/avigilajudicial/avigilajudicial/avigilajudicial/avigilajudicial/avigilajudicial/avigilajudicial/avigilajudicial/avigilajudicial/principal/principal/principal/pages/pages/avigilajudicial/principal/avigilajudicial/avigilajudicial/avigilajudicial/pages/pages/avigilajudicial/avigilajudicial/avigilajudicial/val_usuarios_IURIS.php HTTP/1.1" 200 54693 "-" "Mozilla/5.0 (compatible; MJ12bot/v1.4.8; http://mj12bot.com/)"
91.65.123.43 - - [12/May/2026:11:07:17 -0500] "GET /index.php/20/8op9a7i2/925048/avigilajudicial/avigilajudicial/avigilajudicial/avigilajudicial/avigilajudicial/avigilajudicial/avigilajudicial/avigilajudicial/avigilajudicial/avigilajudicial/avigilajudicial/avigilajudicial/avigilajudicial/avigilajudicial/avigilajudicial/avigilajudicial/principal/principal/principal/pages/pages/avigilajudicial/principal/avigilajudicial/avigilajudicial/avigilajudicial/pages/pages/avigilajudicial/avigilajudicial/pages/formulario_seminario_dih.php HTTP/1.1" 200 54693 "-" "Mozilla/5.0 (compatible; MJ12bot/v1.4.8; http://mj12bot.com/)"
91.65.123.43 - - [12/May/2026:11:07:19 -0500] "GET /index.php/20/8op9a7i2/925048/avigilajudicial/avigilajudicial/avigilajudicial/avigilajudicial/avigilajudicial/avigilajudicial/avigilajudicial/avigilajudicial/avigilajudicial/avigilajudicial/avigilajudicial/avigilajudicial/avigilajudicial/avigilajudicial/avigilajudicial/avigilajudicial/principal/principal/principal/pages/pages/avigilajudicial/principal/avigilajudicial/avigilajudicial/avigilajudicial/pages/pages/avigilajudicial/avigilajudicial/pages/index.php HTTP/1.1" 200 54693 "-" "Mozilla/5.0 (compatible; MJ12bot/v1.4.8; http://mj12bot.com/)"
190.85.87.250 - - [12/May/2026:11:07:18 -0500] "POST /afinanciera/cartera_renovacion_contrato_nom.php?ced2=3663853&numcon=I1295 HTTP/1.1" 200 64780 "http://www.asjudinet.com/afinanciera/cartera_renovacion_contrato_nom.php?ced2=3663853&numcon=I1295" "Mozilla/5.0 (Windows NT 10.0; Win64; x64) AppleWebKit/537.36 (KHTML, like Gecko) Chrome/148.0.0.0 Safari/537.36"
91.65.123.43 - - [12/May/2026:11:07:21 -0500] "GET /index.php/20/8op9a7i2/925048/avigilajudicial/avigilajudicial/avigilajudicial/avigilajudicial/avigilajudicial/avigilajudicial/avigilajudicial/avigilajudicial/avigilajudicial/avigilajudicial/avigilajudicial/avigilajudicial/avigilajudicial/avigilajudicial/avigilajudicial/avigilajudicial/principal/principal/principal/pages/pages/avigilajudicial/principal/avigilajudicial/avigilajudicial/avigilajudicial/pages/pages/avigilajudicial/avigilajudicial/pages/pages/menu_creditos_rotativos.php HTTP/1.1" 200 54693 "-" "Mozilla/5.0 (compatible; MJ12bot/v1.4.8; http://mj12bot.com/)"
91.65.123.43 - - [12/May/2026:11:07:23 -0500] "GET /index.php/20/8op9a7i2/925048/avigilajudicial/avigilajudicial/avigilajudicial/avigilajudicial/avigilajudicial/avigilajudicial/avigilajudicial/avigilajudicial/avigilajudicial/avigilajudicial/avigilajudicial/avigilajudicial/avigilajudicial/avigilajudicial/avigilajudicial/avigilajudicial/principal/principal/principal/pages/pages/avigilajudicial/principal/avigilajudicial/avigilajudicial/avigilajudicial/pages/pages/avigilajudicial/avigilajudicial/pages/pages/menu_procesos_todos.php HTTP/1.1" 200 54693 "-" "Mozilla/5.0 (compatible; MJ12bot/v1.4.8; http://mj12bot.com/)"
91.65.123.43 - - [12/May/2026:11:07:25 -0500] "GET /index.php/20/8op9a7i2/925048/avigilajudicial/avigilajudicial/avigilajudicial/avigilajudicial/avigilajudicial/avigilajudicial/avigilajudicial/avigilajudicial/avigilajudicial/avigilajudicial/avigilajudicial/avigilajudicial/avigilajudicial/avigilajudicial/avigilajudicial/avigilajudicial/principal/principal/principal/pages/pages/avigilajudicial/principal/avigilajudicial/avigilajudicial/avigilajudicial/pages/pages/avigilajudicial/avigilajudicial/pages/principal/NoticiasImportantes.php HTTP/1.1" 200 54693 "-" "Mozilla/5.0 (compatible; MJ12bot/v1.4.8; http://mj12bot.com/)"
91.65.123.43 - - [12/May/2026:11:07:27 -0500] "GET /index.php/20/8op9a7i2/925048/avigilajudicial/avigilajudicial/avigilajudicial/avigilajudicial/avigilajudicial/avigilajudicial/avigilajudicial/avigilajudicial/avigilajudicial/avigilajudicial/avigilajudicial/avigilajudicial/avigilajudicial/avigilajudicial/avigilajudicial/avigilajudicial/principal/principal/principal/pages/pages/avigilajudicial/principal/avigilajudicial/avigilajudicial/avigilajudicial/pages/pages/avigilajudicial/avigilajudicial/pages/principal/asesoria.php HTTP/1.1" 200 54693 "-" "Mozilla/5.0 (compatible; MJ12bot/v1.4.8; http://mj12bot.com/)"
91.65.123.43 - - [12/May/2026:11:07:28 -0500] "GET /index.php/20/8op9a7i2/925048/avigilajudicial/avigilajudicial/avigilajudicial/avigilajudicial/avigilajudicial/avigilajudicial/avigilajudicial/avigilajudicial/avigilajudicial/avigilajudicial/avigilajudicial/avigilajudicial/avigilajudicial/avigilajudicial/avigilajudicial/avigilajudicial/principal/principal/principal/pages/pages/avigilajudicial/principal/avigilajudicial/avigilajudicial/avigilajudicial/pages/pages/avigilajudicial/avigilajudicial/pages/principal/casos_exito.php HTTP/1.1" 200 54693 "-" "Mozilla/5.0 (compatible; MJ12bot/v1.4.8; http://mj12bot.com/)"
190.85.87.250 - - [12/May/2026:11:07:30 -0500] "GET /afinanciera/menu_cartera_nomina.php HTTP/1.1" 200 23831 "http://www.asjudinet.com/afinanciera/cartera_renovacion_contrato_nom.php?ced2=3663853&numcon=I1295" "Mozilla/5.0 (Windows NT 10.0; Win64; x64) AppleWebKit/537.36 (KHTML, like Gecko) Chrome/148.0.0.0 Safari/537.36"
91.65.123.43 - - [12/May/2026:11:07:30 -0500] "GET /index.php/20/8op9a7i2/925048/avigilajudicial/avigilajudicial/avigilajudicial/avigilajudicial/avigilajudicial/avigilajudicial/avigilajudicial/avigilajudicial/avigilajudicial/avigilajudicial/avigilajudicial/avigilajudicial/avigilajudicial/avigilajudicial/avigilajudicial/avigilajudicial/principal/principal/principal/pages/pages/avigilajudicial/principal/avigilajudicial/avigilajudicial/avigilajudicial/pages/pages/avigilajudicial/avigilajudicial/pages/principal/contactenos.php HTTP/1.1" 200 54693 "-" "Mozilla/5.0 (compatible; MJ12bot/v1.4.8; http://mj12bot.com/)"
91.65.123.43 - - [12/May/2026:11:07:32 -0500] "GET /index.php/20/8op9a7i2/925048/avigilajudicial/avigilajudicial/avigilajudicial/avigilajudicial/avigilajudicial/avigilajudicial/avigilajudicial/avigilajudicial/avigilajudicial/avigilajudicial/avigilajudicial/avigilajudicial/avigilajudicial/avigilajudicial/avigilajudicial/avigilajudicial/principal/principal/principal/pages/pages/avigilajudicial/principal/avigilajudicial/avigilajudicial/avigilajudicial/pages/pages/avigilajudicial/avigilajudicial/pages/principal/contratopersonas.php HTTP/1.1" 200 54693 "-" "Mozilla/5.0 (compatible; MJ12bot/v1.4.8; http://mj12bot.com/)"
91.65.123.43 - - [12/May/2026:11:07:34 -0500] "GET /index.php/20/8op9a7i2/925048/avigilajudicial/avigilajudicial/avigilajudicial/avigilajudicial/avigilajudicial/avigilajudicial/avigilajudicial/avigilajudicial/avigilajudicial/avigilajudicial/avigilajudicial/avigilajudicial/avigilajudicial/avigilajudicial/avigilajudicial/avigilajudicial/principal/principal/principal/pages/pages/avigilajudicial/principal/avigilajudicial/avigilajudicial/avigilajudicial/pages/pages/avigilajudicial/avigilajudicial/pages/principal/enlaces.php HTTP/1.1" 200 54693 "-" "Mozilla/5.0 (compatible; MJ12bot/v1.4.8; http://mj12bot.com/)"
91.65.123.43 - - [12/May/2026:11:07:36 -0500] "GET /index.php/20/8op9a7i2/925048/avigilajudicial/avigilajudicial/avigilajudicial/avigilajudicial/avigilajudicial/avigilajudicial/avigilajudicial/avigilajudicial/avigilajudicial/avigilajudicial/avigilajudicial/avigilajudicial/avigilajudicial/avigilajudicial/avigilajudicial/avigilajudicial/principal/principal/principal/pages/pages/avigilajudicial/principal/avigilajudicial/avigilajudicial/avigilajudicial/pages/pages/avigilajudicial/avigilajudicial/pages/principal/index.php HTTP/1.1" 200 54693 "-" "Mozilla/5.0 (compatible; MJ12bot/v1.4.8; http://mj12bot.com/)"
181.61.205.27 - - [12/May/2026:11:07:37 -0500] "POST /consulta_ced_accion_tomada.php HTTP/1.1" 200 6674 "http://www.asjudinet.com/consulta_ced_accion_tomada.php" "Mozilla/5.0 (Windows NT 10.0; Win64; x64) AppleWebKit/537.36 (KHTML, like Gecko) Chrome/147.0.0.0 Safari/537.36"
91.65.123.43 - - [12/May/2026:11:07:38 -0500] "GET /index.php/20/8op9a7i2/925048/avigilajudicial/avigilajudicial/avigilajudicial/avigilajudicial/avigilajudicial/avigilajudicial/avigilajudicial/avigilajudicial/avigilajudicial/avigilajudicial/avigilajudicial/avigilajudicial/avigilajudicial/avigilajudicial/avigilajudicial/avigilajudicial/principal/principal/principal/pages/pages/avigilajudicial/principal/avigilajudicial/avigilajudicial/avigilajudicial/pages/pages/avigilajudicial/avigilajudicial/pages/principal/lista_email.php HTTP/1.1" 200 54693 "-" "Mozilla/5.0 (compatible; MJ12bot/v1.4.8; http://mj12bot.com/)"
190.85.87.250 - - [12/May/2026:11:07:39 -0500] "GET /afinanciera/cartera_consulta_vige_deb.php HTTP/1.1" 200 5457 "http://www.asjudinet.com/afinanciera/menu_cartera_nomina.php" "Mozilla/5.0 (Windows NT 10.0; Win64; x64) AppleWebKit/537.36 (KHTML, like Gecko) Chrome/148.0.0.0 Safari/537.36"
91.65.123.43 - - [12/May/2026:11:07:40 -0500] "GET /index.php/20/8op9a7i2/925048/avigilajudicial/avigilajudicial/avigilajudicial/avigilajudicial/avigilajudicial/avigilajudicial/avigilajudicial/avigilajudicial/avigilajudicial/avigilajudicial/avigilajudicial/avigilajudicial/avigilajudicial/avigilajudicial/avigilajudicial/avigilajudicial/principal/principal/principal/pages/pages/avigilajudicial/principal/avigilajudicial/avigilajudicial/avigilajudicial/pages/pages/avigilajudicial/avigilajudicial/pages/principal/menu_comunicados.php HTTP/1.1" 200 54693 "-" "Mozilla/5.0 (compatible; MJ12bot/v1.4.8; http://mj12bot.com/)"
91.65.123.43 - - [12/May/2026:11:07:41 -0500] "GET /index.php/20/8op9a7i2/925048/avigilajudicial/avigilajudicial/avigilajudicial/avigilajudicial/avigilajudicial/avigilajudicial/avigilajudicial/avigilajudicial/avigilajudicial/avigilajudicial/avigilajudicial/avigilajudicial/avigilajudicial/avigilajudicial/avigilajudicial/avigilajudicial/principal/principal/principal/pages/pages/avigilajudicial/principal/avigilajudicial/avigilajudicial/avigilajudicial/pages/pages/avigilajudicial/avigilajudicial/pages/principal/prepago.php HTTP/1.1" 200 54693 "-" "Mozilla/5.0 (compatible; MJ12bot/v1.4.8; http://mj12bot.com/)"
190.85.87.250 - - [12/May/2026:11:07:42 -0500] "POST /afinanciera/cartera_consulta_vige_deb.php HTTP/1.1" 200 6265 "http://www.asjudinet.com/afinanciera/cartera_consulta_vige_deb.php" "Mozilla/5.0 (Windows NT 10.0; Win64; x64) AppleWebKit/537.36 (KHTML, like Gecko) Chrome/148.0.0.0 Safari/537.36"
91.65.123.43 - - [12/May/2026:11:07:43 -0500] "GET /index.php/20/8op9a7i2/925048/avigilajudicial/avigilajudicial/avigilajudicial/avigilajudicial/avigilajudicial/avigilajudicial/avigilajudicial/avigilajudicial/avigilajudicial/avigilajudicial/avigilajudicial/avigilajudicial/avigilajudicial/avigilajudicial/avigilajudicial/avigilajudicial/principal/principal/principal/pages/pages/avigilajudicial/principal/avigilajudicial/avigilajudicial/avigilajudicial/pages/pages/avigilajudicial/avigilajudicial/pages/principal/principal/asesoria.php HTTP/1.1" 200 54693 "-" "Mozilla/5.0 (compatible; MJ12bot/v1.4.8; http://mj12bot.com/)"
91.65.123.43 - - [12/May/2026:11:07:45 -0500] "GET /index.php/20/8op9a7i2/925048/avigilajudicial/avigilajudicial/avigilajudicial/avigilajudicial/avigilajudicial/avigilajudicial/avigilajudicial/avigilajudicial/avigilajudicial/avigilajudicial/avigilajudicial/avigilajudicial/avigilajudicial/avigilajudicial/avigilajudicial/avigilajudicial/principal/principal/principal/pages/pages/avigilajudicial/principal/avigilajudicial/avigilajudicial/avigilajudicial/pages/pages/avigilajudicial/avigilajudicial/pages/principal/principal/casos_exito.php HTTP/1.1" 200 54693 "-" "Mozilla/5.0 (compatible; MJ12bot/v1.4.8; http://mj12bot.com/)"
91.65.123.43 - - [12/May/2026:11:07:47 -0500] "GET /index.php/20/8op9a7i2/925048/avigilajudicial/avigilajudicial/avigilajudicial/avigilajudicial/avigilajudicial/avigilajudicial/avigilajudicial/avigilajudicial/avigilajudicial/avigilajudicial/avigilajudicial/avigilajudicial/avigilajudicial/avigilajudicial/avigilajudicial/avigilajudicial/principal/principal/principal/pages/pages/avigilajudicial/principal/avigilajudicial/avigilajudicial/avigilajudicial/pages/pages/avigilajudicial/avigilajudicial/pages/principal/principal/contactenos.php HTTP/1.1" 200 54693 "-" "Mozilla/5.0 (compatible; MJ12bot/v1.4.8; http://mj12bot.com/)"
190.85.87.250 - - [12/May/2026:11:07:49 -0500] "GET /menu_admin.php HTTP/1.1" 200 55572 "http://www.asjudinet.com/afinanciera/cartera_consulta_vige_deb.php" "Mozilla/5.0 (Windows NT 10.0; Win64; x64) AppleWebKit/537.36 (KHTML, like Gecko) Chrome/148.0.0.0 Safari/537.36"
91.65.123.43 - - [12/May/2026:11:07:49 -0500] "GET /index.php/20/8op9a7i2/925048/avigilajudicial/avigilajudicial/avigilajudicial/avigilajudicial/avigilajudicial/avigilajudicial/avigilajudicial/avigilajudicial/avigilajudicial/avigilajudicial/avigilajudicial/avigilajudicial/avigilajudicial/avigilajudicial/avigilajudicial/avigilajudicial/principal/principal/principal/pages/pages/avigilajudicial/principal/avigilajudicial/avigilajudicial/avigilajudicial/pages/pages/avigilajudicial/avigilajudicial/pages/principal/principal/enlaces.php HTTP/1.1" 200 54693 "-" "Mozilla/5.0 (compatible; MJ12bot/v1.4.8; http://mj12bot.com/)"
91.65.123.43 - - [12/May/2026:11:07:51 -0500] "GET /index.php/20/8op9a7i2/925048/avigilajudicial/avigilajudicial/avigilajudicial/avigilajudicial/avigilajudicial/avigilajudicial/avigilajudicial/avigilajudicial/avigilajudicial/avigilajudicial/avigilajudicial/avigilajudicial/avigilajudicial/avigilajudicial/avigilajudicial/avigilajudicial/principal/principal/principal/pages/pages/avigilajudicial/principal/avigilajudicial/avigilajudicial/avigilajudicial/pages/pages/avigilajudicial/avigilajudicial/pages/principal/principal/lista_email.php HTTP/1.1" 200 54693 "-" "Mozilla/5.0 (compatible; MJ12bot/v1.4.8; http://mj12bot.com/)"
91.65.123.43 - - [12/May/2026:11:07:53 -0500] "GET /index.php/20/8op9a7i2/925048/avigilajudicial/avigilajudicial/avigilajudicial/avigilajudicial/avigilajudicial/avigilajudicial/avigilajudicial/avigilajudicial/avigilajudicial/avigilajudicial/avigilajudicial/avigilajudicial/avigilajudicial/avigilajudicial/avigilajudicial/avigilajudicial/principal/principal/principal/pages/pages/avigilajudicial/principal/avigilajudicial/avigilajudicial/avigilajudicial/pages/pages/avigilajudicial/avigilajudicial/pages/principal/principal/misionvision.php HTTP/1.1" 200 54693 "-" "Mozilla/5.0 (compatible; MJ12bot/v1.4.8; http://mj12bot.com/)"
91.65.123.43 - - [12/May/2026:11:07:55 -0500] "GET /index.php/20/8op9a7i2/925048/avigilajudicial/avigilajudicial/avigilajudicial/avigilajudicial/avigilajudicial/avigilajudicial/avigilajudicial/avigilajudicial/avigilajudicial/avigilajudicial/avigilajudicial/avigilajudicial/avigilajudicial/avigilajudicial/avigilajudicial/avigilajudicial/principal/principal/principal/pages/pages/avigilajudicial/principal/avigilajudicial/avigilajudicial/avigilajudicial/pages/pages/avigilajudicial/avigilajudicial/pages/principal/principal/prepago.php HTTP/1.1" 200 54693 "-" "Mozilla/5.0 (compatible; MJ12bot/v1.4.8; http://mj12bot.com/)"
91.65.123.43 - - [12/May/2026:11:07:58 -0500] "GET /index.php/20/8op9a7i2/925048/avigilajudicial/avigilajudicial/avigilajudicial/avigilajudicial/avigilajudicial/avigilajudicial/avigilajudicial/avigilajudicial/avigilajudicial/avigilajudicial/avigilajudicial/avigilajudicial/avigilajudicial/avigilajudicial/avigilajudicial/avigilajudicial/principal/principal/principal/pages/pages/avigilajudicial/principal/avigilajudicial/avigilajudicial/avigilajudicial/pages/pages/avigilajudicial/avigilajudicial/pages/principal/principal/quienes.php HTTP/1.1" 200 54693 "-" "Mozilla/5.0 (compatible; MJ12bot/v1.4.8; http://mj12bot.com/)"
190.85.87.250 - - [12/May/2026:11:07:58 -0500] "GET /afinanciera/validar_nomina_cartera.php HTTP/1.1" 200 7804 "http://www.asjudinet.com/menu_admin.php" "Mozilla/5.0 (Windows NT 10.0; Win64; x64) AppleWebKit/537.36 (KHTML, like Gecko) Chrome/148.0.0.0 Safari/537.36"
91.65.123.43 - - [12/May/2026:11:07:59 -0500] "GET /index.php/20/8op9a7i2/925048/avigilajudicial/avigilajudicial/avigilajudicial/avigilajudicial/avigilajudicial/avigilajudicial/avigilajudicial/avigilajudicial/avigilajudicial/avigilajudicial/avigilajudicial/avigilajudicial/avigilajudicial/avigilajudicial/avigilajudicial/avigilajudicial/principal/principal/principal/pages/pages/avigilajudicial/principal/avigilajudicial/avigilajudicial/avigilajudicial/pages/pages/avigilajudicial/avigilajudicial/pages/principal/principal/sucursales.php HTTP/1.1" 200 54693 "-" "Mozilla/5.0 (compatible; MJ12bot/v1.4.8; http://mj12bot.com/)"
190.85.87.250 - - [12/May/2026:11:08:01 -0500] "POST /afinanciera/validar_nomina_cartera.php HTTP/1.1" 200 133 "http://www.asjudinet.com/afinanciera/validar_nomina_cartera.php" "Mozilla/5.0 (Windows NT 10.0; Win64; x64) AppleWebKit/537.36 (KHTML, like Gecko) Chrome/148.0.0.0 Safari/537.36"
190.85.87.250 - - [12/May/2026:11:08:01 -0500] "GET /afinanciera/menu_cartera_nomina.php?ced=52202053&nom=FONSECA%20FUQUENE%20IRENE HTTP/1.1" 200 23831 "http://www.asjudinet.com/afinanciera/validar_nomina_cartera.php" "Mozilla/5.0 (Windows NT 10.0; Win64; x64) AppleWebKit/537.36 (KHTML, like Gecko) Chrome/148.0.0.0 Safari/537.36"
91.65.123.43 - - [12/May/2026:11:08:01 -0500] "GET /index.php/20/8op9a7i2/925048/avigilajudicial/avigilajudicial/avigilajudicial/avigilajudicial/avigilajudicial/avigilajudicial/avigilajudicial/avigilajudicial/avigilajudicial/avigilajudicial/avigilajudicial/avigilajudicial/avigilajudicial/avigilajudicial/avigilajudicial/avigilajudicial/principal/principal/principal/pages/pages/avigilajudicial/principal/avigilajudicial/avigilajudicial/avigilajudicial/pages/pages/avigilajudicial/avigilajudicial/pages/principal/principal/testimonios.php HTTP/1.1" 200 54693 "-" "Mozilla/5.0 (compatible; MJ12bot/v1.4.8; http://mj12bot.com/)"
162.14.109.170 - - [12/May/2026:11:08:01 -0500] "GET / HTTP/1.1" 200 54693 "-" "Mozilla/5.0 (iPhone; CPU iPhone OS 13_2_3 like Mac OS X) AppleWebKit/605.1.15 (KHTML, like Gecko) Version/13.0.3 Mobile/15E148 Safari/604.1"
91.65.123.43 - - [12/May/2026:11:08:03 -0500] "GET /index.php/20/8op9a7i2/925048/avigilajudicial/avigilajudicial/avigilajudicial/avigilajudicial/avigilajudicial/avigilajudicial/avigilajudicial/avigilajudicial/avigilajudicial/avigilajudicial/avigilajudicial/avigilajudicial/avigilajudicial/avigilajudicial/avigilajudicial/avigilajudicial/principal/principal/principal/pages/pages/avigilajudicial/principal/avigilajudicial/avigilajudicial/avigilajudicial/pages/pages/avigilajudicial/avigilajudicial/pages/principal/principal/trayectoria.php HTTP/1.1" 200 54693 "-" "Mozilla/5.0 (compatible; MJ12bot/v1.4.8; http://mj12bot.com/)"
91.65.123.43 - - [12/May/2026:11:08:05 -0500] "GET /index.php/20/8op9a7i2/925048/avigilajudicial/avigilajudicial/avigilajudicial/avigilajudicial/avigilajudicial/avigilajudicial/avigilajudicial/avigilajudicial/avigilajudicial/avigilajudicial/avigilajudicial/avigilajudicial/avigilajudicial/avigilajudicial/avigilajudicial/avigilajudicial/principal/principal/principal/pages/pages/avigilajudicial/principal/avigilajudicial/avigilajudicial/avigilajudicial/pages/pages/avigilajudicial/avigilajudicial/pages/principal/principal/ventajas.php HTTP/1.1" 200 54693 "-" "Mozilla/5.0 (compatible; MJ12bot/v1.4.8; http://mj12bot.com/)"
91.65.123.43 - - [12/May/2026:11:08:06 -0500] "GET /index.php/20/8op9a7i2/925048/avigilajudicial/avigilajudicial/avigilajudicial/avigilajudicial/avigilajudicial/avigilajudicial/avigilajudicial/avigilajudicial/avigilajudicial/avigilajudicial/avigilajudicial/avigilajudicial/avigilajudicial/avigilajudicial/avigilajudicial/avigilajudicial/principal/principal/principal/pages/pages/avigilajudicial/principal/avigilajudicial/avigilajudicial/avigilajudicial/pages/pages/avigilajudicial/avigilajudicial/pages/principal/quienes.php HTTP/1.1" 200 54693 "-" "Mozilla/5.0 (compatible; MJ12bot/v1.4.8; http://mj12bot.com/)"
91.65.123.43 - - [12/May/2026:11:08:08 -0500] "GET /index.php/20/8op9a7i2/925048/avigilajudicial/avigilajudicial/avigilajudicial/avigilajudicial/avigilajudicial/avigilajudicial/avigilajudicial/avigilajudicial/avigilajudicial/avigilajudicial/avigilajudicial/avigilajudicial/avigilajudicial/avigilajudicial/avigilajudicial/avigilajudicial/principal/principal/principal/pages/pages/avigilajudicial/principal/avigilajudicial/avigilajudicial/avigilajudicial/pages/pages/avigilajudicial/avigilajudicial/pages/principal/sucursales.php HTTP/1.1" 200 54693 "-" "Mozilla/5.0 (compatible; MJ12bot/v1.4.8; http://mj12bot.com/)"
91.65.123.43 - - [12/May/2026:11:08:10 -0500] "GET /index.php/20/8op9a7i2/925048/avigilajudicial/avigilajudicial/avigilajudicial/avigilajudicial/avigilajudicial/avigilajudicial/avigilajudicial/avigilajudicial/avigilajudicial/avigilajudicial/avigilajudicial/avigilajudicial/avigilajudicial/avigilajudicial/avigilajudicial/avigilajudicial/principal/principal/principal/pages/pages/avigilajudicial/principal/avigilajudicial/avigilajudicial/avigilajudicial/pages/pages/avigilajudicial/avigilajudicial/pages/principal/sucursales_satelites.php HTTP/1.1" 200 54693 "-" "Mozilla/5.0 (compatible; MJ12bot/v1.4.8; http://mj12bot.com/)"
91.65.123.43 - - [12/May/2026:11:08:12 -0500] "GET /index.php/20/8op9a7i2/925048/avigilajudicial/avigilajudicial/avigilajudicial/avigilajudicial/avigilajudicial/avigilajudicial/avigilajudicial/avigilajudicial/avigilajudicial/avigilajudicial/avigilajudicial/avigilajudicial/avigilajudicial/avigilajudicial/avigilajudicial/avigilajudicial/principal/principal/principal/pages/pages/avigilajudicial/principal/avigilajudicial/avigilajudicial/avigilajudicial/pages/pages/avigilajudicial/avigilajudicial/pages/principal/testimonios.php HTTP/1.1" 200 54693 "-" "Mozilla/5.0 (compatible; MJ12bot/v1.4.8; http://mj12bot.com/)"
91.65.123.43 - - [12/May/2026:11:08:14 -0500] "GET /index.php/20/8op9a7i2/925048/avigilajudicial/avigilajudicial/avigilajudicial/avigilajudicial/avigilajudicial/avigilajudicial/avigilajudicial/avigilajudicial/avigilajudicial/avigilajudicial/avigilajudicial/avigilajudicial/avigilajudicial/avigilajudicial/avigilajudicial/avigilajudicial/principal/principal/principal/pages/pages/avigilajudicial/principal/avigilajudicial/avigilajudicial/avigilajudicial/pages/pages/avigilajudicial/avigilajudicial/pages/principal/trayectoria.php HTTP/1.1" 200 54693 "-" "Mozilla/5.0 (compatible; MJ12bot/v1.4.8; http://mj12bot.com/)"
91.65.123.43 - - [12/May/2026:11:08:16 -0500] "GET /index.php/20/8op9a7i2/925048/avigilajudicial/avigilajudicial/avigilajudicial/avigilajudicial/avigilajudicial/avigilajudicial/avigilajudicial/avigilajudicial/avigilajudicial/avigilajudicial/avigilajudicial/avigilajudicial/avigilajudicial/avigilajudicial/avigilajudicial/avigilajudicial/principal/principal/principal/pages/pages/avigilajudicial/principal/avigilajudicial/avigilajudicial/avigilajudicial/pages/pages/avigilajudicial/avigilajudicial/pages/principal/val_usuarios.php HTTP/1.1" 200 54693 "-" "Mozilla/5.0 (compatible; MJ12bot/v1.4.8; http://mj12bot.com/)"
91.65.123.43 - - [12/May/2026:11:08:17 -0500] "GET /index.php/20/8op9a7i2/925048/avigilajudicial/avigilajudicial/avigilajudicial/avigilajudicial/avigilajudicial/avigilajudicial/avigilajudicial/avigilajudicial/avigilajudicial/avigilajudicial/avigilajudicial/avigilajudicial/avigilajudicial/avigilajudicial/avigilajudicial/avigilajudicial/principal/principal/principal/pages/pages/avigilajudicial/principal/avigilajudicial/avigilajudicial/avigilajudicial/pages/pages/avigilajudicial/avigilajudicial/pages/principal/val_usuarios_IURIS.php HTTP/1.1" 200 54693 "-" "Mozilla/5.0 (compatible; MJ12bot/v1.4.8; http://mj12bot.com/)"
91.65.123.43 - - [12/May/2026:11:08:19 -0500] "GET /index.php/20/8op9a7i2/925048/avigilajudicial/avigilajudicial/avigilajudicial/avigilajudicial/avigilajudicial/avigilajudicial/avigilajudicial/avigilajudicial/avigilajudicial/avigilajudicial/avigilajudicial/avigilajudicial/avigilajudicial/avigilajudicial/avigilajudicial/avigilajudicial/principal/principal/principal/pages/pages/avigilajudicial/principal/avigilajudicial/avigilajudicial/avigilajudicial/pages/pages/avigilajudicial/avigilajudicial/pages/principal/ventajas.php HTTP/1.1" 200 54693 "-" "Mozilla/5.0 (compatible; MJ12bot/v1.4.8; http://mj12bot.com/)"
91.65.123.43 - - [12/May/2026:11:08:21 -0500] "GET /index.php/20/8op9a7i2/925048/avigilajudicial/avigilajudicial/avigilajudicial/avigilajudicial/avigilajudicial/avigilajudicial/avigilajudicial/avigilajudicial/avigilajudicial/avigilajudicial/avigilajudicial/avigilajudicial/avigilajudicial/avigilajudicial/avigilajudicial/avigilajudicial/principal/principal/principal/pages/pages/avigilajudicial/principal/avigilajudicial/avigilajudicial/avigilajudicial/pages/pages/avigilajudicial/avigilajudicial/pages/principal/video_empresa.php HTTP/1.1" 200 54693 "-" "Mozilla/5.0 (compatible; MJ12bot/v1.4.8; http://mj12bot.com/)"
190.85.87.250 - - [12/May/2026:11:08:23 -0500] "POST /afinanciera/cartera_consultar_cargar_deb.php HTTP/1.1" 200 6474 "http://www.asjudinet.com/afinanciera/cartera_consultar_cargar_deb.php" "Mozilla/5.0 (Windows NT 10.0; Win64; x64) AppleWebKit/537.36 (KHTML, like Gecko) Chrome/148.0.0.0 Safari/537.36"
91.65.123.43 - - [12/May/2026:11:08:23 -0500] "GET /index.php/20/8op9a7i2/925048/avigilajudicial/avigilajudicial/avigilajudicial/avigilajudicial/avigilajudicial/avigilajudicial/avigilajudicial/avigilajudicial/avigilajudicial/avigilajudicial/avigilajudicial/avigilajudicial/avigilajudicial/avigilajudicial/avigilajudicial/avigilajudicial/principal/principal/principal/pages/pages/avigilajudicial/principal/avigilajudicial/avigilajudicial/avigilajudicial/pages/pages/avigilajudicial/avigilajudicial/pages/val_usuarios.php HTTP/1.1" 200 54693 "-" "Mozilla/5.0 (compatible; MJ12bot/v1.4.8; http://mj12bot.com/)"
91.65.123.43 - - [12/May/2026:11:08:25 -0500] "GET /index.php/20/8op9a7i2/925048/avigilajudicial/avigilajudicial/avigilajudicial/avigilajudicial/avigilajudicial/avigilajudicial/avigilajudicial/avigilajudicial/avigilajudicial/avigilajudicial/avigilajudicial/avigilajudicial/avigilajudicial/avigilajudicial/avigilajudicial/avigilajudicial/principal/principal/principal/pages/pages/avigilajudicial/principal/avigilajudicial/avigilajudicial/avigilajudicial/pages/pages/avigilajudicial/avigilajudicial/pages/val_usuarios_IURIS.php HTTP/1.1" 200 54693 "-" "Mozilla/5.0 (compatible; MJ12bot/v1.4.8; http://mj12bot.com/)"
91.65.123.43 - - [12/May/2026:11:08:27 -0500] "GET /index.php/20/8op9a7i2/925048/avigilajudicial/avigilajudicial/avigilajudicial/avigilajudicial/avigilajudicial/avigilajudicial/avigilajudicial/avigilajudicial/avigilajudicial/avigilajudicial/avigilajudicial/avigilajudicial/avigilajudicial/avigilajudicial/avigilajudicial/avigilajudicial/principal/principal/principal/pages/pages/avigilajudicial/principal/avigilajudicial/avigilajudicial/avigilajudicial/pages/pages/avigilajudicial/avigilajudicial/pages/validar_usuarios_pagina.php HTTP/1.1" 200 54693 "-" "Mozilla/5.0 (compatible; MJ12bot/v1.4.8; http://mj12bot.com/)"
190.85.87.250 - - [12/May/2026:11:08:25 -0500] "GET /afinanciera/cartera_cargar_manual_deb.php?ced2=16186677&numcon=1140 HTTP/1.1" 200 480422 "http://www.asjudinet.com/afinanciera/cartera_consultar_cargar_deb.php" "Mozilla/5.0 (Windows NT 10.0; Win64; x64) AppleWebKit/537.36 (KHTML, like Gecko) Chrome/148.0.0.0 Safari/537.36"
91.65.123.43 - - [12/May/2026:11:08:28 -0500] "GET /index.php/20/8op9a7i2/925048/avigilajudicial/avigilajudicial/avigilajudicial/avigilajudicial/avigilajudicial/avigilajudicial/avigilajudicial/avigilajudicial/avigilajudicial/avigilajudicial/avigilajudicial/avigilajudicial/avigilajudicial/avigilajudicial/avigilajudicial/avigilajudicial/principal/principal/principal/pages/pages/avigilajudicial/principal/avigilajudicial/avigilajudicial/avigilajudicial/pages/pages/avigilajudicial/avigilajudicial/principal/formulario_seminario_dih.php HTTP/1.1" 200 54693 "-" "Mozilla/5.0 (compatible; MJ12bot/v1.4.8; http://mj12bot.com/)"
91.65.123.43 - - [12/May/2026:11:08:31 -0500] "GET /index.php/20/8op9a7i2/925048/avigilajudicial/avigilajudicial/avigilajudicial/avigilajudicial/avigilajudicial/avigilajudicial/avigilajudicial/avigilajudicial/avigilajudicial/avigilajudicial/avigilajudicial/avigilajudicial/avigilajudicial/avigilajudicial/avigilajudicial/avigilajudicial/principal/principal/principal/pages/pages/avigilajudicial/principal/avigilajudicial/avigilajudicial/avigilajudicial/pages/pages/avigilajudicial/avigilajudicial/principal/index.php HTTP/1.1" 200 54693 "-" "Mozilla/5.0 (compatible; MJ12bot/v1.4.8; http://mj12bot.com/)"
91.65.123.43 - - [12/May/2026:11:08:32 -0500] "GET /index.php/20/8op9a7i2/925048/avigilajudicial/avigilajudicial/avigilajudicial/avigilajudicial/avigilajudicial/avigilajudicial/avigilajudicial/avigilajudicial/avigilajudicial/avigilajudicial/avigilajudicial/avigilajudicial/avigilajudicial/avigilajudicial/avigilajudicial/avigilajudicial/principal/principal/principal/pages/pages/avigilajudicial/principal/avigilajudicial/avigilajudicial/avigilajudicial/pages/pages/avigilajudicial/avigilajudicial/principal/pages/menu_procesos_todos.php HTTP/1.1" 200 54693 "-" "Mozilla/5.0 (compatible; MJ12bot/v1.4.8; http://mj12bot.com/)"
91.65.123.43 - - [12/May/2026:11:08:34 -0500] "GET /index.php/20/8op9a7i2/925048/avigilajudicial/avigilajudicial/avigilajudicial/avigilajudicial/avigilajudicial/avigilajudicial/avigilajudicial/avigilajudicial/avigilajudicial/avigilajudicial/avigilajudicial/avigilajudicial/avigilajudicial/avigilajudicial/avigilajudicial/avigilajudicial/principal/principal/principal/pages/pages/avigilajudicial/principal/avigilajudicial/avigilajudicial/avigilajudicial/pages/pages/avigilajudicial/avigilajudicial/principal/principal/asesoria.php HTTP/1.1" 200 54693 "-" "Mozilla/5.0 (compatible; MJ12bot/v1.4.8; http://mj12bot.com/)"
91.65.123.43 - - [12/May/2026:11:08:36 -0500] "GET /index.php/20/8op9a7i2/925048/avigilajudicial/avigilajudicial/avigilajudicial/avigilajudicial/avigilajudicial/avigilajudicial/avigilajudicial/avigilajudicial/avigilajudicial/avigilajudicial/avigilajudicial/avigilajudicial/avigilajudicial/avigilajudicial/avigilajudicial/avigilajudicial/principal/principal/principal/pages/pages/avigilajudicial/principal/avigilajudicial/avigilajudicial/avigilajudicial/pages/pages/avigilajudicial/avigilajudicial/principal/principal/casos_exito.php HTTP/1.1" 200 54693 "-" "Mozilla/5.0 (compatible; MJ12bot/v1.4.8; http://mj12bot.com/)"
91.65.123.43 - - [12/May/2026:11:08:38 -0500] "GET /index.php/20/8op9a7i2/925048/avigilajudicial/avigilajudicial/avigilajudicial/avigilajudicial/avigilajudicial/avigilajudicial/avigilajudicial/avigilajudicial/avigilajudicial/avigilajudicial/avigilajudicial/avigilajudicial/avigilajudicial/avigilajudicial/avigilajudicial/avigilajudicial/principal/principal/principal/pages/pages/avigilajudicial/principal/avigilajudicial/avigilajudicial/avigilajudicial/pages/pages/avigilajudicial/avigilajudicial/principal/principal/index.php HTTP/1.1" 200 54693 "-" "Mozilla/5.0 (compatible; MJ12bot/v1.4.8; http://mj12bot.com/)"
91.65.123.43 - - [12/May/2026:11:08:40 -0500] "GET /index.php/20/8op9a7i2/925048/avigilajudicial/avigilajudicial/avigilajudicial/avigilajudicial/avigilajudicial/avigilajudicial/avigilajudicial/avigilajudicial/avigilajudicial/avigilajudicial/avigilajudicial/avigilajudicial/avigilajudicial/avigilajudicial/avigilajudicial/avigilajudicial/principal/principal/principal/pages/pages/avigilajudicial/principal/avigilajudicial/avigilajudicial/avigilajudicial/pages/pages/avigilajudicial/avigilajudicial/principal/principal/principal/asesoria.php HTTP/1.1" 200 54693 "-" "Mozilla/5.0 (compatible; MJ12bot/v1.4.8; http://mj12bot.com/)"
91.65.123.43 - - [12/May/2026:11:08:42 -0500] "GET /index.php/20/8op9a7i2/925048/avigilajudicial/avigilajudicial/avigilajudicial/avigilajudicial/avigilajudicial/avigilajudicial/avigilajudicial/avigilajudicial/avigilajudicial/avigilajudicial/avigilajudicial/avigilajudicial/avigilajudicial/avigilajudicial/avigilajudicial/avigilajudicial/principal/principal/principal/pages/pages/avigilajudicial/principal/avigilajudicial/avigilajudicial/avigilajudicial/pages/pages/avigilajudicial/avigilajudicial/principal/principal/principal/enlaces.php HTTP/1.1" 200 54693 "-" "Mozilla/5.0 (compatible; MJ12bot/v1.4.8; http://mj12bot.com/)"
91.65.123.43 - - [12/May/2026:11:08:43 -0500] "GET /index.php/20/8op9a7i2/925048/avigilajudicial/avigilajudicial/avigilajudicial/avigilajudicial/avigilajudicial/avigilajudicial/avigilajudicial/avigilajudicial/avigilajudicial/avigilajudicial/avigilajudicial/avigilajudicial/avigilajudicial/avigilajudicial/avigilajudicial/avigilajudicial/principal/principal/principal/pages/pages/avigilajudicial/principal/avigilajudicial/avigilajudicial/avigilajudicial/pages/pages/avigilajudicial/avigilajudicial/principal/principal/principal/prepago.php HTTP/1.1" 200 54693 "-" "Mozilla/5.0 (compatible; MJ12bot/v1.4.8; http://mj12bot.com/)"
91.65.123.43 - - [12/May/2026:11:08:45 -0500] "GET /index.php/20/8op9a7i2/925048/avigilajudicial/avigilajudicial/avigilajudicial/avigilajudicial/avigilajudicial/avigilajudicial/avigilajudicial/avigilajudicial/avigilajudicial/avigilajudicial/avigilajudicial/avigilajudicial/avigilajudicial/avigilajudicial/avigilajudicial/avigilajudicial/principal/principal/principal/pages/pages/avigilajudicial/principal/avigilajudicial/avigilajudicial/avigilajudicial/pages/pages/avigilajudicial/avigilajudicial/principal/principal/principal/quienes.php HTTP/1.1" 200 54693 "-" "Mozilla/5.0 (compatible; MJ12bot/v1.4.8; http://mj12bot.com/)"
91.65.123.43 - - [12/May/2026:11:08:47 -0500] "GET /index.php/20/8op9a7i2/925048/avigilajudicial/avigilajudicial/avigilajudicial/avigilajudicial/avigilajudicial/avigilajudicial/avigilajudicial/avigilajudicial/avigilajudicial/avigilajudicial/avigilajudicial/avigilajudicial/avigilajudicial/avigilajudicial/avigilajudicial/avigilajudicial/principal/principal/principal/pages/pages/avigilajudicial/principal/avigilajudicial/avigilajudicial/avigilajudicial/pages/pages/avigilajudicial/avigilajudicial/principal/principal/principal/ventajas.php HTTP/1.1" 200 54693 "-" "Mozilla/5.0 (compatible; MJ12bot/v1.4.8; http://mj12bot.com/)"
91.65.123.43 - - [12/May/2026:11:08:49 -0500] "GET /index.php/20/8op9a7i2/925048/avigilajudicial/avigilajudicial/avigilajudicial/avigilajudicial/avigilajudicial/avigilajudicial/avigilajudicial/avigilajudicial/avigilajudicial/avigilajudicial/avigilajudicial/avigilajudicial/avigilajudicial/avigilajudicial/avigilajudicial/avigilajudicial/principal/principal/principal/pages/pages/avigilajudicial/principal/avigilajudicial/avigilajudicial/avigilajudicial/pages/pages/avigilajudicial/avigilajudicial/principal/principal/val_usuarios.php HTTP/1.1" 200 54693 "-" "Mozilla/5.0 (compatible; MJ12bot/v1.4.8; http://mj12bot.com/)"
91.65.123.43 - - [12/May/2026:11:08:51 -0500] "GET /index.php/20/8op9a7i2/925048/avigilajudicial/avigilajudicial/avigilajudicial/avigilajudicial/avigilajudicial/avigilajudicial/avigilajudicial/avigilajudicial/avigilajudicial/avigilajudicial/avigilajudicial/avigilajudicial/avigilajudicial/avigilajudicial/avigilajudicial/avigilajudicial/principal/principal/principal/pages/pages/avigilajudicial/principal/avigilajudicial/avigilajudicial/avigilajudicial/pages/pages/avigilajudicial/avigilajudicial/principal/principal/val_usuarios_IURIS.php HTTP/1.1" 200 54693 "-" "Mozilla/5.0 (compatible; MJ12bot/v1.4.8; http://mj12bot.com/)"
91.65.123.43 - - [12/May/2026:11:08:53 -0500] "GET /index.php/20/8op9a7i2/925048/avigilajudicial/avigilajudicial/avigilajudicial/avigilajudicial/avigilajudicial/avigilajudicial/avigilajudicial/avigilajudicial/avigilajudicial/avigilajudicial/avigilajudicial/avigilajudicial/avigilajudicial/avigilajudicial/avigilajudicial/avigilajudicial/principal/principal/principal/pages/pages/avigilajudicial/principal/avigilajudicial/avigilajudicial/avigilajudicial/pages/pages/avigilajudicial/pages/pages/principal/pages/formulario_seminario_dih.php HTTP/1.1" 200 54693 "-" "Mozilla/5.0 (compatible; MJ12bot/v1.4.8; http://mj12bot.com/)"
91.65.123.43 - - [12/May/2026:11:08:55 -0500] "GET /index.php/20/8op9a7i2/925048/avigilajudicial/avigilajudicial/avigilajudicial/avigilajudicial/avigilajudicial/avigilajudicial/avigilajudicial/avigilajudicial/avigilajudicial/avigilajudicial/avigilajudicial/avigilajudicial/avigilajudicial/avigilajudicial/avigilajudicial/avigilajudicial/principal/principal/principal/pages/pages/avigilajudicial/principal/avigilajudicial/avigilajudicial/avigilajudicial/pages/pages/avigilajudicial/pages/pages/principal/pages/index.php HTTP/1.1" 200 54693 "-" "Mozilla/5.0 (compatible; MJ12bot/v1.4.8; http://mj12bot.com/)"
91.65.123.43 - - [12/May/2026:11:08:56 -0500] "GET /index.php/20/8op9a7i2/925048/avigilajudicial/avigilajudicial/avigilajudicial/avigilajudicial/avigilajudicial/avigilajudicial/avigilajudicial/avigilajudicial/avigilajudicial/avigilajudicial/avigilajudicial/avigilajudicial/avigilajudicial/avigilajudicial/avigilajudicial/avigilajudicial/principal/principal/principal/pages/pages/avigilajudicial/principal/avigilajudicial/avigilajudicial/avigilajudicial/pages/pages/avigilajudicial/pages/pages/principal/pages/pages/menu_procesos_todos.php HTTP/1.1" 200 54693 "-" "Mozilla/5.0 (compatible; MJ12bot/v1.4.8; http://mj12bot.com/)"
91.65.123.43 - - [12/May/2026:11:08:58 -0500] "GET /index.php/20/8op9a7i2/925048/avigilajudicial/avigilajudicial/avigilajudicial/avigilajudicial/avigilajudicial/avigilajudicial/avigilajudicial/avigilajudicial/avigilajudicial/avigilajudicial/avigilajudicial/avigilajudicial/avigilajudicial/avigilajudicial/avigilajudicial/avigilajudicial/principal/principal/principal/pages/pages/avigilajudicial/principal/avigilajudicial/avigilajudicial/avigilajudicial/pages/pages/avigilajudicial/pages/pages/principal/pages/principal/asesoria.php HTTP/1.1" 200 54693 "-" "Mozilla/5.0 (compatible; MJ12bot/v1.4.8; http://mj12bot.com/)"
91.65.123.43 - - [12/May/2026:11:09:00 -0500] "GET /index.php/20/8op9a7i2/925048/avigilajudicial/avigilajudicial/avigilajudicial/avigilajudicial/avigilajudicial/avigilajudicial/avigilajudicial/avigilajudicial/avigilajudicial/avigilajudicial/avigilajudicial/avigilajudicial/avigilajudicial/avigilajudicial/avigilajudicial/avigilajudicial/principal/principal/principal/pages/pages/avigilajudicial/principal/avigilajudicial/avigilajudicial/avigilajudicial/pages/pages/avigilajudicial/pages/pages/principal/pages/principal/casos_exito.php HTTP/1.1" 200 54693 "-" "Mozilla/5.0 (compatible; MJ12bot/v1.4.8; http://mj12bot.com/)"
91.65.123.43 - - [12/May/2026:11:09:02 -0500] "GET /index.php/20/8op9a7i2/925048/avigilajudicial/avigilajudicial/avigilajudicial/avigilajudicial/avigilajudicial/avigilajudicial/avigilajudicial/avigilajudicial/avigilajudicial/avigilajudicial/avigilajudicial/avigilajudicial/avigilajudicial/avigilajudicial/avigilajudicial/avigilajudicial/principal/principal/principal/pages/pages/avigilajudicial/principal/avigilajudicial/avigilajudicial/avigilajudicial/pages/pages/avigilajudicial/pages/pages/principal/pages/principal/contactenos.php HTTP/1.1" 200 54693 "-" "Mozilla/5.0 (compatible; MJ12bot/v1.4.8; http://mj12bot.com/)"
91.65.123.43 - - [12/May/2026:11:09:04 -0500] "GET /index.php/20/8op9a7i2/925048/avigilajudicial/avigilajudicial/avigilajudicial/avigilajudicial/avigilajudicial/avigilajudicial/avigilajudicial/avigilajudicial/avigilajudicial/avigilajudicial/avigilajudicial/avigilajudicial/avigilajudicial/avigilajudicial/avigilajudicial/avigilajudicial/principal/principal/principal/pages/pages/avigilajudicial/principal/avigilajudicial/avigilajudicial/avigilajudicial/pages/pages/avigilajudicial/pages/pages/principal/pages/principal/contratopersonas.php HTTP/1.1" 200 54693 "-" "Mozilla/5.0 (compatible; MJ12bot/v1.4.8; http://mj12bot.com/)"
91.65.123.43 - - [12/May/2026:11:09:06 -0500] "GET /index.php/20/8op9a7i2/925048/avigilajudicial/avigilajudicial/avigilajudicial/avigilajudicial/avigilajudicial/avigilajudicial/avigilajudicial/avigilajudicial/avigilajudicial/avigilajudicial/avigilajudicial/avigilajudicial/avigilajudicial/avigilajudicial/avigilajudicial/avigilajudicial/principal/principal/principal/pages/pages/avigilajudicial/principal/avigilajudicial/avigilajudicial/avigilajudicial/pages/pages/avigilajudicial/pages/pages/principal/pages/principal/enlaces.php HTTP/1.1" 200 54693 "-" "Mozilla/5.0 (compatible; MJ12bot/v1.4.8; http://mj12bot.com/)"
91.65.123.43 - - [12/May/2026:11:09:07 -0500] "GET /index.php/20/8op9a7i2/925048/avigilajudicial/avigilajudicial/avigilajudicial/avigilajudicial/avigilajudicial/avigilajudicial/avigilajudicial/avigilajudicial/avigilajudicial/avigilajudicial/avigilajudicial/avigilajudicial/avigilajudicial/avigilajudicial/avigilajudicial/avigilajudicial/principal/principal/principal/pages/pages/avigilajudicial/principal/avigilajudicial/avigilajudicial/avigilajudicial/pages/pages/avigilajudicial/pages/pages/principal/pages/principal/lista_email.php HTTP/1.1" 200 54693 "-" "Mozilla/5.0 (compatible; MJ12bot/v1.4.8; http://mj12bot.com/)"
91.65.123.43 - - [12/May/2026:11:09:09 -0500] "GET /index.php/20/8op9a7i2/925048/avigilajudicial/avigilajudicial/avigilajudicial/avigilajudicial/avigilajudicial/avigilajudicial/avigilajudicial/avigilajudicial/avigilajudicial/avigilajudicial/avigilajudicial/avigilajudicial/avigilajudicial/avigilajudicial/avigilajudicial/avigilajudicial/principal/principal/principal/pages/pages/avigilajudicial/principal/avigilajudicial/avigilajudicial/avigilajudicial/pages/pages/avigilajudicial/pages/pages/principal/pages/principal/menu_comunicados.php HTTP/1.1" 200 54693 "-" "Mozilla/5.0 (compatible; MJ12bot/v1.4.8; http://mj12bot.com/)"
91.65.123.43 - - [12/May/2026:11:09:11 -0500] "GET /index.php/20/8op9a7i2/925048/avigilajudicial/avigilajudicial/avigilajudicial/avigilajudicial/avigilajudicial/avigilajudicial/avigilajudicial/avigilajudicial/avigilajudicial/avigilajudicial/avigilajudicial/avigilajudicial/avigilajudicial/avigilajudicial/avigilajudicial/avigilajudicial/principal/principal/principal/pages/pages/avigilajudicial/principal/avigilajudicial/avigilajudicial/avigilajudicial/pages/pages/avigilajudicial/pages/pages/principal/pages/principal/misionvision.php HTTP/1.1" 200 54693 "-" "Mozilla/5.0 (compatible; MJ12bot/v1.4.8; http://mj12bot.com/)"
190.85.87.250 - - [12/May/2026:11:09:14 -0500] "POST /afinanciera/cartera_cargar_manual_deb.php?ced2=16186677&numcon=1140 HTTP/1.1" 200 482171 "http://www.asjudinet.com/afinanciera/cartera_cargar_manual_deb.php?ced2=16186677&numcon=1140" "Mozilla/5.0 (Windows NT 10.0; Win64; x64) AppleWebKit/537.36 (KHTML, like Gecko) Chrome/148.0.0.0 Safari/537.36"
190.85.87.250 - - [12/May/2026:11:09:28 -0500] "GET /callcenter/listado_por_abogado.php?ced=1030589780&nom=GONZALEZ%20CHIQUIZA%20YONATAN%20ALEXANDER HTTP/1.1" 200 19119 "http://www.asjudinet.com/callcenter/menu_abogados.php?ced=1030589780&nom=GONZALEZ%20CHIQUIZA%20YONATAN%20ALEXANDER" "Mozilla/5.0 (Windows NT 10.0; Win64; x64) AppleWebKit/537.36 (KHTML, like Gecko) Chrome/147.0.0.0 Safari/537.36"
190.85.87.250 - - [12/May/2026:11:09:35 -0500] "GET /callcenter/respuesta_abogado.php?cedulita=1083909014&numcon=I1435&atencion=106174&funcionario=1030589780 HTTP/1.1" 200 18765 "http://www.asjudinet.com/callcenter/listado_por_abogado.php?ced=1030589780&nom=GONZALEZ%20CHIQUIZA%20YONATAN%20ALEXANDER" "Mozilla/5.0 (Windows NT 10.0; Win64; x64) AppleWebKit/537.36 (KHTML, like Gecko) Chrome/147.0.0.0 Safari/537.36"
190.85.191.209 - - [12/May/2026:11:10:02 -0500] "POST /cartera_num_procesos_sus.php?ced2=1064718147&numcon=37736 HTTP/1.1" 200 22255 "http://www.asjudinet.com/cartera_num_procesos_sus.php?ced2=1064718147&numcon=37736" "Mozilla/5.0 (Windows NT 10.0; Win64; x64) AppleWebKit/537.36 (KHTML, like Gecko) Chrome/148.0.0.0 Safari/537.36"
190.85.87.250 - - [12/May/2026:11:10:03 -0500] "POST /afinanciera/cartera_consultar_cargar_deb.php HTTP/1.1" 200 6056 "http://www.asjudinet.com/afinanciera/cartera_consultar_cargar_deb.php" "Mozilla/5.0 (Windows NT 10.0; Win64; x64) AppleWebKit/537.36 (KHTML, like Gecko) Chrome/148.0.0.0 Safari/537.36"
190.85.191.209 - - [12/May/2026:11:10:04 -0500] "GET / HTTP/1.1" 200 54693 "http://www.asjudinet.com/cartera_consulta_titu_usuario.php?ced2=1064718147&numcon=37736" "Mozilla/5.0 (Windows NT 10.0; Win64; x64) AppleWebKit/537.36 (KHTML, like Gecko) Chrome/148.0.0.0 Safari/537.36"
190.85.191.209 - - [12/May/2026:11:10:02 -0500] "GET /cartera_consulta_titu_usuario.php?ced2=1064718147&numcon=37736 HTTP/1.1" 200 24806 "http://www.asjudinet.com/cartera_num_procesos_sus.php?ced2=1064718147&numcon=37736" "Mozilla/5.0 (Windows NT 10.0; Win64; x64) AppleWebKit/537.36 (KHTML, like Gecko) Chrome/148.0.0.0 Safari/537.36"
190.85.191.209 - - [12/May/2026:11:10:05 -0500] "GET /val_usuarios.php HTTP/1.1" 200 7808 "http://www.asjudinet.com/" "Mozilla/5.0 (Windows NT 10.0; Win64; x64) AppleWebKit/537.36 (KHTML, like Gecko) Chrome/148.0.0.0 Safari/537.36"
190.85.191.209 - - [12/May/2026:11:10:08 -0500] "POST /val_usuarios.php HTTP/1.1" 200 151 "http://www.asjudinet.com/val_usuarios.php" "Mozilla/5.0 (Windows NT 10.0; Win64; x64) AppleWebKit/537.36 (KHTML, like Gecko) Chrome/148.0.0.0 Safari/537.36"
190.85.191.209 - - [12/May/2026:11:10:08 -0500] "GET /menu_admin.php?ced=1013262853&nom=CASTRO%20ZAPATA%20MARIA%20JOSE&aaa=2016&cargo=2016 HTTP/1.1" 200 55572 "http://www.asjudinet.com/val_usuarios.php" "Mozilla/5.0 (Windows NT 10.0; Win64; x64) AppleWebKit/537.36 (KHTML, like Gecko) Chrome/148.0.0.0 Safari/537.36"
190.85.87.250 - - [12/May/2026:11:10:06 -0500] "GET /afinanciera/cartera_cargar_manual_deb.php?ced2=10934340&numcon=20653 HTTP/1.1" 200 280833 "http://www.asjudinet.com/afinanciera/cartera_consultar_cargar_deb.php" "Mozilla/5.0 (Windows NT 10.0; Win64; x64) AppleWebKit/537.36 (KHTML, like Gecko) Chrome/148.0.0.0 Safari/537.36"
190.85.191.209 - - [12/May/2026:11:10:10 -0500] "GET /consulta_ced_info_servi.php HTTP/1.1" 200 4523 "-" "Mozilla/5.0 (Windows NT 10.0; Win64; x64) AppleWebKit/537.36 (KHTML, like Gecko) Chrome/148.0.0.0 Safari/537.36"
190.85.191.209 - - [12/May/2026:11:10:12 -0500] "GET /callcenter/validar_recepcionistas.php?ced=1013262853&nom=CASTRO%20ZAPATA%20MARIA%20JOSE HTTP/1.1" 200 7962 "http://www.asjudinet.com/callcenter/menu_callcenter.php?ced=1013262853&nom=CASTRO%20ZAPATA%20MARIA%20JOSE" "Mozilla/5.0 (Windows NT 10.0; Win64; x64) AppleWebKit/537.36 (KHTML, like Gecko) Chrome/148.0.0.0 Safari/537.36"
190.85.87.250 - - [12/May/2026:11:10:13 -0500] "GET /afinanciera/menu_cartera_debito.php HTTP/1.1" 200 38627 "http://www.asjudinet.com/afinanciera/cartera_consulta_titu_usuario.php?ced2=1110530401&numcon=5210" "Mozilla/5.0 (Windows NT 10.0; Win64; x64) AppleWebKit/537.36 (KHTML, like Gecko) Chrome/148.0.0.0 Safari/537.36"
190.85.191.209 - - [12/May/2026:11:10:14 -0500] "POST /callcenter/validar_recepcionistas.php HTTP/1.1" 200 8052 "http://www.asjudinet.com/callcenter/validar_recepcionistas.php?ced=1013262853&nom=CASTRO%20ZAPATA%20MARIA%20JOSE" "Mozilla/5.0 (Windows NT 10.0; Win64; x64) AppleWebKit/537.36 (KHTML, like Gecko) Chrome/148.0.0.0 Safari/537.36"
