186.28.206.3 - - [12/May/2026:12:29:20 -0500] "GET /consulta_ced_info_servi.php HTTP/1.1" 200 4523 "http://www.asjudinet.com/consulta_cartera.php" "Mozilla/5.0 (Macintosh; Intel Mac OS X 10_15_7) AppleWebKit/537.36 (KHTML, like Gecko) Chrome/148.0.0.0 Safari/537.36"
186.28.206.3 - - [12/May/2026:12:29:23 -0500] "POST /consulta_ced_info_servi.php HTTP/1.1" 200 6141 "http://www.asjudinet.com/consulta_ced_info_servi.php" "Mozilla/5.0 (Macintosh; Intel Mac OS X 10_15_7) AppleWebKit/537.36 (KHTML, like Gecko) Chrome/148.0.0.0 Safari/537.36"
186.28.206.3 - - [12/May/2026:12:29:24 -0500] "GET /cartera_consulta_titu_usuario.php?ced2=80234363&numcon=1039 HTTP/1.1" 200 407364 "http://www.asjudinet.com/consulta_ced_info_servi.php" "Mozilla/5.0 (Macintosh; Intel Mac OS X 10_15_7) AppleWebKit/537.36 (KHTML, like Gecko) Chrome/148.0.0.0 Safari/537.36"
205.210.31.25 - - [12/May/2026:12:30:26 -0500] "GET / HTTP/1.1" 200 54693 "-" "Hello from Palo Alto Networks, find out more about our scans in https://docs-cortex.paloaltonetworks.com/r/1/Cortex-Xpanse/Scanning-activity"
114.119.142.179 - - [12/May/2026:12:30:56 -0500] "GET /index.php/zzztvsa/39aayzpksh_liqzne72382/principal/principal/Assets/principal/pages/principal/video_empresa.php HTTP/1.1" 200 54693 "http://www.asjudinet.com/index.php/zzztvsa/39aayzpksh_liqzne72382/principal/principal/Assets/principal/pages/formulario_seminario_dih.php" "Mozilla/5.0 (Linux; Android 7.0;) AppleWebKit/537.36 (HTML, like Gecko) Mobile Safari/537.36 (compatible; PetalBot;+https://webmaster.petalsearch.com/site/petalbot)"
190.67.203.19 - - [12/May/2026:12:32:33 -0500] "POST /abogados/ingresar_revista_judicial.php?ced=93476074&nom=MANJARRES%20TAPIERO%20JULIO%20ERNESTO HTTP/1.1" 200 7476 "http://www.asjudinet.com/abogados/ingresar_revista_judicial.php?ced=93476074&nom=MANJARRES%20TAPIERO%20JULIO%20ERNESTO" "Mozilla/5.0 (Windows NT 10.0; Win64; x64) AppleWebKit/537.36 (KHTML, like Gecko) Chrome/148.0.0.0 Safari/537.36"
190.67.203.19 - - [12/May/2026:12:32:36 -0500] "GET /abogados/formulario_ingreso_revista.php?proceso=73001418900620240074500&id=1126447846&cc=93476074 HTTP/1.1" 200 22654 "http://www.asjudinet.com/abogados/ingresar_revista_judicial.php?ced=93476074&nom=MANJARRES%20TAPIERO%20JULIO%20ERNESTO" "Mozilla/5.0 (Windows NT 10.0; Win64; x64) AppleWebKit/537.36 (KHTML, like Gecko) Chrome/148.0.0.0 Safari/537.36"
114.119.137.103 - - [12/May/2026:12:34:25 -0500] "GET /index.php/zzztvsa/39aayzpksh_liqzne72382/principal/pages/principal/principal/ELEMENTS/otros/principal/avigilajudicial/val_usuarios.php HTTP/1.1" 200 54693 "http://www.asjudinet.com/index.php/zzztvsa/39aayzpksh_liqzne72382/principal/pages/principal/principal/ELEMENTS/otros/principal/avigilajudicial/formulario_seminario_dih.php" "Mozilla/5.0 (Linux; Android 7.0;) AppleWebKit/537.36 (HTML, like Gecko) Mobile Safari/537.36 (compatible; PetalBot;+https://webmaster.petalsearch.com/site/petalbot)"
46.151.178.13 - - [12/May/2026:12:35:02 -0500] "PROPFIND / HTTP/1.1" 200 54693 "http://216.14.122.115:443/" "-"
173.252.82.23 - - [12/May/2026:12:35:02 -0500] "GET /robots.txt HTTP/1.1" 206 43 "-" "facebookexternalhit/1.1 (+http://www.facebook.com/externalhit_uatext.php)"
186.28.206.3 - - [12/May/2026:12:37:33 -0500] "GET /consulta_ced_info_servi.php HTTP/1.1" 200 4523 "http://www.asjudinet.com/consulta_cartera.php" "Mozilla/5.0 (Macintosh; Intel Mac OS X 10_15_7) AppleWebKit/537.36 (KHTML, like Gecko) Chrome/148.0.0.0 Safari/537.36"
186.28.206.3 - - [12/May/2026:12:37:34 -0500] "GET /consulta_ced_info_servi.php HTTP/1.1" 200 4523 "http://www.asjudinet.com/consulta_cartera.php" "Mozilla/5.0 (Macintosh; Intel Mac OS X 10_15_7) AppleWebKit/537.36 (KHTML, like Gecko) Chrome/148.0.0.0 Safari/537.36"
186.28.206.3 - - [12/May/2026:12:37:36 -0500] "POST /consulta_ced_info_servi.php HTTP/1.1" 200 7764 "http://www.asjudinet.com/consulta_ced_info_servi.php" "Mozilla/5.0 (Macintosh; Intel Mac OS X 10_15_7) AppleWebKit/537.36 (KHTML, like Gecko) Chrome/148.0.0.0 Safari/537.36"
186.28.206.3 - - [12/May/2026:12:37:38 -0500] "GET /cartera_consulta_titu_usuario.php?ced2=1094921667&numcon=27138 HTTP/1.1" 200 187212 "http://www.asjudinet.com/consulta_ced_info_servi.php" "Mozilla/5.0 (Macintosh; Intel Mac OS X 10_15_7) AppleWebKit/537.36 (KHTML, like Gecko) Chrome/148.0.0.0 Safari/537.36"
186.28.206.3 - - [12/May/2026:12:37:37 -0500] "GET /cartera_consulta_titu_usuario.php?ced2=1094921667&numcon=27138 HTTP/1.1" 200 6253 "http://www.asjudinet.com/consulta_ced_info_servi.php" "Mozilla/5.0 (Macintosh; Intel Mac OS X 10_15_7) AppleWebKit/537.36 (KHTML, like Gecko) Chrome/148.0.0.0 Safari/537.36"
114.119.142.179 - - [12/May/2026:12:37:57 -0500] "GET /index.php/zzztvsa/39aayzpksh_liqzne72382/principal/avigilajudicial/principal/principal/pages/principal/principal/prepago.php HTTP/1.1" 200 54693 "http://www.asjudinet.com/index.php/zzztvsa/39aayzpksh_liqzne72382/principal/avigilajudicial/principal/principal/pages/principal/contactenos.php" "Mozilla/5.0 (Linux; Android 7.0;) AppleWebKit/537.36 (HTML, like Gecko) Mobile Safari/537.36 (compatible; PetalBot;+https://webmaster.petalsearch.com/site/petalbot)"
114.119.142.179 - - [12/May/2026:12:39:23 -0500] "GET /index.php/zzztvsa/39aayzpksh_liqzne72382/principal/avigilajudicial/principal/pages/avigilajudicial/principal/principal/casos_exito.php HTTP/1.1" 200 54693 "http://www.asjudinet.com/index.php/zzztvsa/39aayzpksh_liqzne72382/principal/avigilajudicial/principal/pages/avigilajudicial/principal/video_empresa.php" "Mozilla/5.0 (Linux; Android 7.0;) AppleWebKit/537.36 (HTML, like Gecko) Mobile Safari/537.36 (compatible; PetalBot;+https://webmaster.petalsearch.com/site/petalbot)"
114.119.150.5 - - [12/May/2026:12:40:44 -0500] "GET /index.php/zzztvsa/39aayzpksh_liqzne72382/principal/avigilajudicial/pages/principal/principal/principal/sucursales_satelites.php HTTP/1.1" 200 54693 "http://www.asjudinet.com/index.php/zzztvsa/39aayzpksh_liqzne72382/principal/avigilajudicial/pages/principal/principal/ventajas.php" "Mozilla/5.0 (Linux; Android 7.0;) AppleWebKit/537.36 (HTML, like Gecko) Mobile Safari/537.36 (compatible; PetalBot;+https://webmaster.petalsearch.com/site/petalbot)"
18.116.101.220 - - [12/May/2026:12:42:29 -0500] "GET / HTTP/1.0" 404 - "-" "-"
18.116.101.220 - - [12/May/2026:12:43:03 -0500] "GET / HTTP/1.0" 404 - "-" "-"
114.119.150.5 - - [12/May/2026:12:44:52 -0500] "GET /index.php/zzztvsa/39aayzpksh_liqzne72382/principal/avigilajudicial/pages/pages/avigilajudicial/principal/validar_usuarios_pagina.php HTTP/1.1" 200 54693 "http://www.asjudinet.com/index.php/zzztvsa/39aayzpksh_liqzne72382/principal/avigilajudicial/pages/pages/avigilajudicial/principal/soporteacademico.php" "Mozilla/5.0 (Linux; Android 7.0;) AppleWebKit/537.36 (HTML, like Gecko) Mobile Safari/537.36 (compatible; PetalBot;+https://webmaster.petalsearch.com/site/petalbot)"
114.119.130.177 - - [12/May/2026:12:46:17 -0500] "GET /index.php/zzfeewk/36ktppwipl_innpkn22315/pages/principal/ELEMENTS/principal/pages/avigilajudicial/principal/principal/contactenos.php HTTP/1.1" 200 54693 "http://www.asjudinet.com/index.php/zzfeewk/36ktppwipl_innpkn22315/pages/principal/ELEMENTS/principal/pages/avigilajudicial/principal/principal/contactenos.php" "Mozilla/5.0 (Linux; Android 7.0;) AppleWebKit/537.36 (HTML, like Gecko) Mobile Safari/537.36 (compatible; PetalBot;+https://webmaster.petalsearch.com/site/petalbot)"
190.67.203.19 - - [12/May/2026:12:46:57 -0500] "POST /callcenter/respuesta_abogado.php?cedulita=1126447846&numcon=14802&atencion=106218&funcionario=93476074 HTTP/1.1" 200 18436 "http://www.asjudinet.com/callcenter/respuesta_abogado.php?cedulita=1126447846&numcon=14802&atencion=106218&funcionario=93476074" "Mozilla/5.0 (Windows NT 10.0; Win64; x64) AppleWebKit/537.36 (KHTML, like Gecko) Chrome/148.0.0.0 Safari/537.36"
114.119.142.135 - - [12/May/2026:12:47:39 -0500] "GET /index.php/zzztvsa/39aayzpksh_liqzne72382/principal/principal/principal/pages/pages/pages/principal/contactenos.php HTTP/1.1" 200 54693 "http://www.asjudinet.com/index.php/zzztvsa/39aayzpksh_liqzne72382/principal/principal/principal/pages/pages/pages/principal/contactenos.php" "Mozilla/5.0 (Linux; Android 7.0;) AppleWebKit/537.36 (HTML, like Gecko) Mobile Safari/537.36 (compatible; PetalBot;+https://webmaster.petalsearch.com/site/petalbot)"
190.85.87.250 - - [12/May/2026:12:47:46 -0500] "GET /consulta_ced_info_servi.php HTTP/1.1" 200 4605 "http://www.asjudinet.com/consulta_cartera.php" "Mozilla/5.0 (Windows NT 10.0; Win64; x64) AppleWebKit/537.36 (KHTML, like Gecko) Chrome/147.0.0.0 Safari/537.36"
190.85.87.250 - - [12/May/2026:12:47:47 -0500] "GET / HTTP/1.1" 200 54693 "http://www.asjudinet.com/consulta_ced_info_servi.php" "Mozilla/5.0 (Windows NT 10.0; Win64; x64) AppleWebKit/537.36 (KHTML, like Gecko) Chrome/147.0.0.0 Safari/537.36"
190.85.87.250 - - [12/May/2026:12:47:52 -0500] "GET /ELEMENTS/principal/i1.jpg HTTP/1.1" 200 60192 "http://www.asjudinet.com/css/asjudinet.css" "Mozilla/5.0 (Windows NT 10.0; Win64; x64) AppleWebKit/537.36 (KHTML, like Gecko) Chrome/147.0.0.0 Safari/537.36"
190.85.87.250 - - [12/May/2026:12:47:53 -0500] "GET /val_usuarios.php HTTP/1.1" 200 7808 "http://www.asjudinet.com/" "Mozilla/5.0 (Windows NT 10.0; Win64; x64) AppleWebKit/537.36 (KHTML, like Gecko) Chrome/147.0.0.0 Safari/537.36"
190.85.87.250 - - [12/May/2026:12:48:02 -0500] "POST /val_usuarios.php HTTP/1.1" 200 153 "http://www.asjudinet.com/val_usuarios.php" "Mozilla/5.0 (Windows NT 10.0; Win64; x64) AppleWebKit/537.36 (KHTML, like Gecko) Chrome/147.0.0.0 Safari/537.36"
190.85.87.250 - - [12/May/2026:12:48:02 -0500] "GET /menu_admin.php?ced=1110177572&nom=FERLA%20MORENO%20FRANCY%20LORENA&aaa=2152&cargo=2152 HTTP/1.1" 200 55572 "http://www.asjudinet.com/val_usuarios.php" "Mozilla/5.0 (Windows NT 10.0; Win64; x64) AppleWebKit/537.36 (KHTML, like Gecko) Chrome/147.0.0.0 Safari/537.36"
190.85.87.250 - - [12/May/2026:12:48:06 -0500] "GET /consulta_cartera.php HTTP/1.1" 200 4668 "http://www.asjudinet.com/menu_admin.php?ced=1110177572&nom=FERLA%20MORENO%20FRANCY%20LORENA&aaa=2152&cargo=2152" "Mozilla/5.0 (Windows NT 10.0; Win64; x64) AppleWebKit/537.36 (KHTML, like Gecko) Chrome/147.0.0.0 Safari/537.36"
190.85.87.250 - - [12/May/2026:12:48:08 -0500] "GET /consulta_ced_info_servi.php HTTP/1.1" 200 4523 "http://www.asjudinet.com/consulta_cartera.php" "Mozilla/5.0 (Windows NT 10.0; Win64; x64) AppleWebKit/537.36 (KHTML, like Gecko) Chrome/147.0.0.0 Safari/537.36"
34.101.62.96 - - [12/May/2026:12:49:01 -0500] "GET /wp-admin/css/ HTTP/1.1" 404 - "binance.com" "Mozilla/5.0 (Windows NT 10.0; Win64; x64) AppleWebKit/537.36 (KHTML, like Gecko) Chrome/90.0.4430.85 Safari/537.36"
114.119.136.100 - - [12/May/2026:12:49:05 -0500] "GET /index.php/zzztvsa/39aayzpksh_liqzne72382/principal/principal/pages/pages/avigilajudicial/principal/consultar_contratos_escaneados_correo.php HTTP/1.1" 200 54693 "http://www.asjudinet.com/index.php/zzztvsa/39aayzpksh_liqzne72382/principal/principal/pages/pages/avigilajudicial/principal/consultar_contratos_escaneados_correo.php" "Mozilla/5.0 (Linux; Android 7.0;) AppleWebKit/537.36 (HTML, like Gecko) Mobile Safari/537.36 (compatible; PetalBot;+https://webmaster.petalsearch.com/site/petalbot)"
34.101.62.96 - - [12/May/2026:12:49:15 -0500] "GET /.well-known/ HTTP/1.1" 200 488 "binance.com" "Mozilla/5.0 (Windows NT 10.0; Win64; x64) AppleWebKit/537.36 (KHTML, like Gecko) Chrome/90.0.4430.85 Safari/537.36"
34.101.62.96 - - [12/May/2026:12:49:29 -0500] "GET /.well-known/ HTTP/1.1" 200 488 "binance.com" "Mozilla/5.0 (Windows NT 10.0; Win64; x64) AppleWebKit/537.36 (KHTML, like Gecko) Chrome/90.0.4430.85 Safari/537.36"
34.101.62.96 - - [12/May/2026:12:49:43 -0500] "GET /.well-known/wsbadybf.php HTTP/1.1" 500 - "binance.com" "Mozilla/5.0 (Windows NT 10.0; Win64; x64) AppleWebKit/537.36 (KHTML, like Gecko) Chrome/90.0.4430.85 Safari/537.36"
34.101.62.96 - - [12/May/2026:12:50:13 -0500] "GET /sites/default/files/ HTTP/1.1" 404 - "binance.com" "Mozilla/5.0 (Windows NT 10.0; Win64; x64) AppleWebKit/537.36 (KHTML, like Gecko) Chrome/90.0.4430.85 Safari/537.36"
34.101.62.96 - - [12/May/2026:12:50:33 -0500] "GET /admin/controller/extension/extension/ HTTP/1.1" 404 - "binance.com" "Mozilla/5.0 (Windows NT 10.0; Win64; x64) AppleWebKit/537.36 (KHTML, like Gecko) Chrome/90.0.4430.85 Safari/537.36"
34.101.62.96 - - [12/May/2026:12:50:49 -0500] "GET /uploads/ HTTP/1.1" 404 - "binance.com" "Mozilla/5.0 (Windows NT 10.0; Win64; x64) AppleWebKit/537.36 (KHTML, like Gecko) Chrome/90.0.4430.85 Safari/537.36"
34.101.62.96 - - [12/May/2026:12:51:20 -0500] "GET /images/ HTTP/1.1" 200 5120 "binance.com" "Mozilla/5.0 (Windows NT 10.0; Win64; x64) AppleWebKit/537.36 (KHTML, like Gecko) Chrome/90.0.4430.85 Safari/537.36"
34.101.62.96 - - [12/May/2026:12:51:39 -0500] "GET /images/ HTTP/1.1" 200 5120 "binance.com" "Mozilla/5.0 (Windows NT 10.0; Win64; x64) AppleWebKit/537.36 (KHTML, like Gecko) Chrome/90.0.4430.85 Safari/537.36"
34.101.62.96 - - [12/May/2026:12:52:05 -0500] "GET /images/wsbadybf.php HTTP/1.1" 500 - "binance.com" "Mozilla/5.0 (Windows NT 10.0; Win64; x64) AppleWebKit/537.36 (KHTML, like Gecko) Chrome/90.0.4430.85 Safari/537.36"
34.101.62.96 - - [12/May/2026:12:52:21 -0500] "GET /files/ HTTP/1.1" 404 - "binance.com" "Mozilla/5.0 (Windows NT 10.0; Win64; x64) AppleWebKit/537.36 (KHTML, like Gecko) Chrome/90.0.4430.85 Safari/537.36"
74.125.217.35 - - [12/May/2026:12:52:45 -0500] "GET /iuris/pages/call_center/consultas.php?live-news-7102039-2026-05-12-no-sign-of-larger-hantavirus-outbreak-says-un-health-agency-may-12-2026-09-40-pm HTTP/1.1" 200 6588 "https://www.sympla.com.br/" "AdsBot-Google (+http://www.google.com/adsbot.html)"
190.130.104.209 - - [12/May/2026:12:53:55 -0500] "GET /index.php HTTP/1.1" 200 54693 "https://www.google.com/" "Mozilla/5.0 (iPhone; CPU iPhone OS 26_4_2 like Mac OS X) AppleWebKit/605.1.15 (KHTML, like Gecko) CriOS/148.0.7778.100 Mobile/15E148 Safari/604.1"
190.130.104.209 - - [12/May/2026:12:53:55 -0500] "GET /css/leaflet.css HTTP/1.1" 200 13471 "http://www.asjudinet.com/index.php" "Mozilla/5.0 (iPhone; CPU iPhone OS 26_4_2 like Mac OS X) AppleWebKit/605.1.15 (KHTML, like Gecko) CriOS/148.0.7778.100 Mobile/15E148 Safari/604.1"
190.130.104.209 - - [12/May/2026:12:53:55 -0500] "GET /css/menu_prueba.css HTTP/1.1" 200 7408 "http://www.asjudinet.com/index.php" "Mozilla/5.0 (iPhone; CPU iPhone OS 26_4_2 like Mac OS X) AppleWebKit/605.1.15 (KHTML, like Gecko) CriOS/148.0.7778.100 Mobile/15E148 Safari/604.1"
190.130.104.209 - - [12/May/2026:12:53:55 -0500] "GET /css/asjudinet.css HTTP/1.1" 200 21269 "http://www.asjudinet.com/index.php" "Mozilla/5.0 (iPhone; CPU iPhone OS 26_4_2 like Mac OS X) AppleWebKit/605.1.15 (KHTML, like Gecko) CriOS/148.0.7778.100 Mobile/15E148 Safari/604.1"
190.130.104.209 - - [12/May/2026:12:53:55 -0500] "GET /css/all.min.css HTTP/1.1" 200 53592 "http://www.asjudinet.com/index.php" "Mozilla/5.0 (iPhone; CPU iPhone OS 26_4_2 like Mac OS X) AppleWebKit/605.1.15 (KHTML, like Gecko) CriOS/148.0.7778.100 Mobile/15E148 Safari/604.1"
190.130.104.209 - - [12/May/2026:12:53:55 -0500] "GET /js/menu_prueba.js HTTP/1.1" 200 1678 "http://www.asjudinet.com/index.php" "Mozilla/5.0 (iPhone; CPU iPhone OS 26_4_2 like Mac OS X) AppleWebKit/605.1.15 (KHTML, like Gecko) CriOS/148.0.7778.100 Mobile/15E148 Safari/604.1"
190.130.104.209 - - [12/May/2026:12:53:55 -0500] "GET /js/jquery_3.3.1.js HTTP/1.1" 200 86926 "http://www.asjudinet.com/index.php" "Mozilla/5.0 (iPhone; CPU iPhone OS 26_4_2 like Mac OS X) AppleWebKit/605.1.15 (KHTML, like Gecko) CriOS/148.0.7778.100 Mobile/15E148 Safari/604.1"
190.130.104.209 - - [12/May/2026:12:53:55 -0500] "GET /js/bootstrap.min.js HTTP/1.1" 200 50731 "http://www.asjudinet.com/index.php" "Mozilla/5.0 (iPhone; CPU iPhone OS 26_4_2 like Mac OS X) AppleWebKit/605.1.15 (KHTML, like Gecko) CriOS/148.0.7778.100 Mobile/15E148 Safari/604.1"
190.130.104.209 - - [12/May/2026:12:53:55 -0500] "GET /css/bootstrap.min.css HTTP/1.1" 200 140930 "http://www.asjudinet.com/index.php" "Mozilla/5.0 (iPhone; CPU iPhone OS 26_4_2 like Mac OS X) AppleWebKit/605.1.15 (KHTML, like Gecko) CriOS/148.0.7778.100 Mobile/15E148 Safari/604.1"
190.130.104.209 - - [12/May/2026:12:53:55 -0500] "GET /js/leaflet.js HTTP/1.1" 200 141125 "http://www.asjudinet.com/index.php" "Mozilla/5.0 (iPhone; CPU iPhone OS 26_4_2 like Mac OS X) AppleWebKit/605.1.15 (KHTML, like Gecko) CriOS/148.0.7778.100 Mobile/15E148 Safari/604.1"
190.130.104.209 - - [12/May/2026:12:53:56 -0500] "GET /ELEMENTS/otros/sesion.png HTTP/1.1" 200 4344 "http://www.asjudinet.com/index.php" "Mozilla/5.0 (iPhone; CPU iPhone OS 26_4_2 like Mac OS X) AppleWebKit/605.1.15 (KHTML, like Gecko) CriOS/148.0.7778.100 Mobile/15E148 Safari/604.1"
190.130.104.209 - - [12/May/2026:12:53:56 -0500] "GET /images/pse-logo.png HTTP/1.1" 200 57808 "http://www.asjudinet.com/index.php" "Mozilla/5.0 (iPhone; CPU iPhone OS 26_4_2 like Mac OS X) AppleWebKit/605.1.15 (KHTML, like Gecko) CriOS/148.0.7778.100 Mobile/15E148 Safari/604.1"
190.130.104.209 - - [12/May/2026:12:53:57 -0500] "GET /webfonts/fa-solid-900.woff2 HTTP/1.1" 200 79100 "http://www.asjudinet.com/index.php" "Mozilla/5.0 (iPhone; CPU iPhone OS 26_4_2 like Mac OS X) AppleWebKit/605.1.15 (KHTML, like Gecko) CriOS/148.0.7778.100 Mobile/15E148 Safari/604.1"
190.130.104.209 - - [12/May/2026:12:53:56 -0500] "GET /webfonts/fa-brands-400.woff2 HTTP/1.1" 200 74288 "http://www.asjudinet.com/index.php" "Mozilla/5.0 (iPhone; CPU iPhone OS 26_4_2 like Mac OS X) AppleWebKit/605.1.15 (KHTML, like Gecko) CriOS/148.0.7778.100 Mobile/15E148 Safari/604.1"
190.130.104.209 - - [12/May/2026:12:53:56 -0500] "GET /ELEMENTS/principal/atenea.jpg HTTP/1.1" 200 168483 "http://www.asjudinet.com/index.php" "Mozilla/5.0 (iPhone; CPU iPhone OS 26_4_2 like Mac OS X) AppleWebKit/605.1.15 (KHTML, like Gecko) CriOS/148.0.7778.100 Mobile/15E148 Safari/604.1"
190.130.104.209 - - [12/May/2026:12:53:57 -0500] "GET /webfonts/fa-regular-400.woff2 HTTP/1.1" 200 14872 "http://www.asjudinet.com/index.php" "Mozilla/5.0 (iPhone; CPU iPhone OS 26_4_2 like Mac OS X) AppleWebKit/605.1.15 (KHTML, like Gecko) CriOS/148.0.7778.100 Mobile/15E148 Safari/604.1"
190.130.104.209 - - [12/May/2026:12:53:57 -0500] "GET /ELEMENTS/principal/suscri_contrato.jpg HTTP/1.1" 200 61301 "http://www.asjudinet.com/index.php" "Mozilla/5.0 (iPhone; CPU iPhone OS 26_4_2 like Mac OS X) AppleWebKit/605.1.15 (KHTML, like Gecko) CriOS/148.0.7778.100 Mobile/15E148 Safari/604.1"
190.130.104.209 - - [12/May/2026:12:53:57 -0500] "GET /ELEMENTS/principal/login.png HTTP/1.1" 200 8013 "http://www.asjudinet.com/index.php" "Mozilla/5.0 (iPhone; CPU iPhone OS 26_4_2 like Mac OS X) AppleWebKit/605.1.15 (KHTML, like Gecko) CriOS/148.0.7778.100 Mobile/15E148 Safari/604.1"
190.130.104.209 - - [12/May/2026:12:53:58 -0500] "GET /ELEMENTS/principal/dinero1.jpg HTTP/1.1" 200 57035 "http://www.asjudinet.com/index.php" "Mozilla/5.0 (iPhone; CPU iPhone OS 26_4_2 like Mac OS X) AppleWebKit/605.1.15 (KHTML, like Gecko) CriOS/148.0.7778.100 Mobile/15E148 Safari/604.1"
190.130.104.209 - - [12/May/2026:12:53:58 -0500] "GET /ELEMENTS/principal/agendarse.png HTTP/1.1" 200 72950 "http://www.asjudinet.com/index.php" "Mozilla/5.0 (iPhone; CPU iPhone OS 26_4_2 like Mac OS X) AppleWebKit/605.1.15 (KHTML, like Gecko) CriOS/148.0.7778.100 Mobile/15E148 Safari/604.1"
190.130.104.209 - - [12/May/2026:12:53:58 -0500] "GET /ELEMENTS/principal/iuris.png HTTP/1.1" 200 165644 "http://www.asjudinet.com/index.php" "Mozilla/5.0 (iPhone; CPU iPhone OS 26_4_2 like Mac OS X) AppleWebKit/605.1.15 (KHTML, like Gecko) CriOS/148.0.7778.100 Mobile/15E148 Safari/604.1"
190.130.104.209 - - [12/May/2026:12:53:59 -0500] "GET /ELEMENTS/principal/callcenter1.png HTTP/1.1" 200 127656 "http://www.asjudinet.com/index.php" "Mozilla/5.0 (iPhone; CPU iPhone OS 26_4_2 like Mac OS X) AppleWebKit/605.1.15 (KHTML, like Gecko) CriOS/148.0.7778.100 Mobile/15E148 Safari/604.1"
190.130.104.209 - - [12/May/2026:12:54:00 -0500] "GET /ELEMENTS/principal/proceso22.jpg HTTP/1.1" 200 53746 "http://www.asjudinet.com/index.php" "Mozilla/5.0 (iPhone; CPU iPhone OS 26_4_2 like Mac OS X) AppleWebKit/605.1.15 (KHTML, like Gecko) CriOS/148.0.7778.100 Mobile/15E148 Safari/604.1"
190.130.104.209 - - [12/May/2026:12:54:00 -0500] "GET /ELEMENTS/principal/ServicioCliente.jpg HTTP/1.1" 200 29935 "http://www.asjudinet.com/index.php" "Mozilla/5.0 (iPhone; CPU iPhone OS 26_4_2 like Mac OS X) AppleWebKit/605.1.15 (KHTML, like Gecko) CriOS/148.0.7778.100 Mobile/15E148 Safari/604.1"
190.130.104.209 - - [12/May/2026:12:53:59 -0500] "GET /ELEMENTS/principal/proceso3.png HTTP/1.1" 200 437462 "http://www.asjudinet.com/index.php" "Mozilla/5.0 (iPhone; CPU iPhone OS 26_4_2 like Mac OS X) AppleWebKit/605.1.15 (KHTML, like Gecko) CriOS/148.0.7778.100 Mobile/15E148 Safari/604.1"
190.130.104.209 - - [12/May/2026:12:54:01 -0500] "GET /ELEMENTS/principal/acciones_reclamar.png HTTP/1.1" 200 208890 "http://www.asjudinet.com/index.php" "Mozilla/5.0 (iPhone; CPU iPhone OS 26_4_2 like Mac OS X) AppleWebKit/605.1.15 (KHTML, like Gecko) CriOS/148.0.7778.100 Mobile/15E148 Safari/604.1"
190.130.104.209 - - [12/May/2026:12:54:03 -0500] "GET /ELEMENTS/principal/1.png HTTP/1.1" 200 97076 "http://www.asjudinet.com/index.php" "Mozilla/5.0 (iPhone; CPU iPhone OS 26_4_2 like Mac OS X) AppleWebKit/605.1.15 (KHTML, like Gecko) CriOS/148.0.7778.100 Mobile/15E148 Safari/604.1"
190.130.104.209 - - [12/May/2026:12:54:03 -0500] "GET /ELEMENTS/principal/seminario1.png HTTP/1.1" 200 247245 "http://www.asjudinet.com/index.php" "Mozilla/5.0 (iPhone; CPU iPhone OS 26_4_2 like Mac OS X) AppleWebKit/605.1.15 (KHTML, like Gecko) CriOS/148.0.7778.100 Mobile/15E148 Safari/604.1"
190.130.104.209 - - [12/May/2026:12:54:06 -0500] "GET /ELEMENTS/principal/3.png HTTP/1.1" 200 77498 "http://www.asjudinet.com/index.php" "Mozilla/5.0 (iPhone; CPU iPhone OS 26_4_2 like Mac OS X) AppleWebKit/605.1.15 (KHTML, like Gecko) CriOS/148.0.7778.100 Mobile/15E148 Safari/604.1"
190.130.104.209 - - [12/May/2026:12:54:06 -0500] "GET /ELEMENTS/principal/2.png HTTP/1.1" 200 92941 "http://www.asjudinet.com/index.php" "Mozilla/5.0 (iPhone; CPU iPhone OS 26_4_2 like Mac OS X) AppleWebKit/605.1.15 (KHTML, like Gecko) CriOS/148.0.7778.100 Mobile/15E148 Safari/604.1"
190.130.104.209 - - [12/May/2026:12:54:07 -0500] "GET /ELEMENTS/principal/multas1.png HTTP/1.1" 200 39231 "http://www.asjudinet.com/index.php" "Mozilla/5.0 (iPhone; CPU iPhone OS 26_4_2 like Mac OS X) AppleWebKit/605.1.15 (KHTML, like Gecko) CriOS/148.0.7778.100 Mobile/15E148 Safari/604.1"
190.130.104.209 - - [12/May/2026:12:54:08 -0500] "GET /ELEMENTS/principal/LoginIuris.jpg HTTP/1.1" 200 39706 "http://www.asjudinet.com/index.php" "Mozilla/5.0 (iPhone; CPU iPhone OS 26_4_2 like Mac OS X) AppleWebKit/605.1.15 (KHTML, like Gecko) CriOS/148.0.7778.100 Mobile/15E148 Safari/604.1"
190.130.104.209 - - [12/May/2026:12:54:08 -0500] "GET /ELEMENTS/principal/multas2.png HTTP/1.1" 200 70544 "http://www.asjudinet.com/index.php" "Mozilla/5.0 (iPhone; CPU iPhone OS 26_4_2 like Mac OS X) AppleWebKit/605.1.15 (KHTML, like Gecko) CriOS/148.0.7778.100 Mobile/15E148 Safari/604.1"
190.130.104.209 - - [12/May/2026:12:54:09 -0500] "GET /ELEMENTS/fondos/blanco.jpg HTTP/1.1" 200 28580 "http://www.asjudinet.com/index.php" "Mozilla/5.0 (iPhone; CPU iPhone OS 26_4_2 like Mac OS X) AppleWebKit/605.1.15 (KHTML, like Gecko) CriOS/148.0.7778.100 Mobile/15E148 Safari/604.1"
190.130.104.209 - - [12/May/2026:12:54:09 -0500] "GET /ELEMENTS/principal/icallcenter4.jpg HTTP/1.1" 200 226303 "http://www.asjudinet.com/index.php" "Mozilla/5.0 (iPhone; CPU iPhone OS 26_4_2 like Mac OS X) AppleWebKit/605.1.15 (KHTML, like Gecko) CriOS/148.0.7778.100 Mobile/15E148 Safari/604.1"
190.130.104.209 - - [12/May/2026:12:54:09 -0500] "GET /ELEMENTS/intermovil.png HTTP/1.1" 200 239663 "http://www.asjudinet.com/index.php" "Mozilla/5.0 (iPhone; CPU iPhone OS 26_4_2 like Mac OS X) AppleWebKit/605.1.15 (KHTML, like Gecko) CriOS/148.0.7778.100 Mobile/15E148 Safari/604.1"
190.130.104.209 - - [12/May/2026:12:54:12 -0500] "GET /ELEMENTS/blanco.jpg HTTP/1.1" 200 28580 "http://www.asjudinet.com/index.php" "Mozilla/5.0 (iPhone; CPU iPhone OS 26_4_2 like Mac OS X) AppleWebKit/605.1.15 (KHTML, like Gecko) CriOS/148.0.7778.100 Mobile/15E148 Safari/604.1"
190.130.104.209 - - [12/May/2026:12:54:12 -0500] "GET /css/images/marker-icon.png HTTP/1.1" 200 1466 "http://www.asjudinet.com/index.php" "Mozilla/5.0 (iPhone; CPU iPhone OS 26_4_2 like Mac OS X) AppleWebKit/605.1.15 (KHTML, like Gecko) CriOS/148.0.7778.100 Mobile/15E148 Safari/604.1"
190.130.104.209 - - [12/May/2026:12:54:12 -0500] "GET /css/images/marker-shadow.png HTTP/1.1" 200 618 "http://www.asjudinet.com/index.php" "Mozilla/5.0 (iPhone; CPU iPhone OS 26_4_2 like Mac OS X) AppleWebKit/605.1.15 (KHTML, like Gecko) CriOS/148.0.7778.100 Mobile/15E148 Safari/604.1"
190.130.104.209 - - [12/May/2026:12:54:12 -0500] "GET /css/images/marker-icon-2x.png HTTP/1.1" 200 2464 "http://www.asjudinet.com/index.php" "Mozilla/5.0 (iPhone; CPU iPhone OS 26_4_2 like Mac OS X) AppleWebKit/605.1.15 (KHTML, like Gecko) CriOS/148.0.7778.100 Mobile/15E148 Safari/604.1"
114.119.130.177 - - [12/May/2026:12:54:40 -0500] "GET /index.php/zzztvsa/39aayzpksh_liqzne72382/principal/principal/avigilajudicial/ELEMENTS/otros/principal/avigilajudicial/principal/trayectoria.php HTTP/1.1" 200 54693 "http://www.asjudinet.com/index.php/zzztvsa/39aayzpksh_liqzne72382/principal/principal/avigilajudicial/ELEMENTS/otros/principal/avigilajudicial/val_usuarios_IURIS.php" "Mozilla/5.0 (Linux; Android 7.0;) AppleWebKit/537.36 (HTML, like Gecko) Mobile Safari/537.36 (compatible; PetalBot;+https://webmaster.petalsearch.com/site/petalbot)"
45.156.129.86 - - [12/May/2026:12:55:46 -0500] "GET / HTTP/1.1" 200 54693 "-" "Mozilla/5.0 AppleWebKit/537.36 (KHTML, like Gecko) Chrome/123.0.6312.86 Safari/537.36"
45.156.129.85 - - [12/May/2026:12:55:46 -0500] "POST /mcp HTTP/1.1" 404 - "-" "python-httpx/0.28.1"
45.156.129.85 - - [12/May/2026:12:55:47 -0500] "GET /sse HTTP/1.1" 404 - "-" "python-httpx/0.28.1"
45.156.129.86 - - [12/May/2026:12:55:47 -0500] "GET /favicon.ico HTTP/1.1" 200 9036 "-" "Mozilla/5.0 AppleWebKit/537.36 (KHTML, like Gecko) Chrome/123.0.6312.86 Safari/537.36"
135.237.125.146 - - [12/May/2026:12:55:51 -0500] "GET / HTTP/1.0" 404 - "-" "-"
114.119.156.102 - - [12/May/2026:12:57:27 -0500] "GET /index.php/zzztvsa/39aayzpksh_liqzne72382/principal/principal/ELEMENTS/otros/principal/principal/principal/avigilajudicial/val_usuarios.php HTTP/1.1" 200 54693 "http://www.asjudinet.com/index.php/zzztvsa/39aayzpksh_liqzne72382/principal/principal/ELEMENTS/otros/principal/principal/principal/avigilajudicial/val_usuarios.php" "Mozilla/5.0 (Linux; Android 7.0;) AppleWebKit/537.36 (HTML, like Gecko) Mobile Safari/537.36 (compatible; PetalBot;+https://webmaster.petalsearch.com/site/petalbot)"
114.119.142.135 - - [12/May/2026:13:00:15 -0500] "GET /index.php/zzztvsa/39aayzpksh_liqzne72382/principal/pages/avigilajudicial/pages/principal/principal/val_usuarios.php HTTP/1.1" 200 54693 "http://www.asjudinet.com/index.php/zzztvsa/39aayzpksh_liqzne72382/principal/pages/avigilajudicial/pages/principal/principal/val_usuarios_IURIS.php" "Mozilla/5.0 (Linux; Android 7.0;) AppleWebKit/537.36 (HTML, like Gecko) Mobile Safari/537.36 (compatible; PetalBot;+https://webmaster.petalsearch.com/site/petalbot)"
192.121.152.224 - - [12/May/2026:13:00:56 -0500] "GET / HTTP/1.0" 404 - "-" "-"
201.233.75.122 - - [12/May/2026:13:01:14 -0500] "GET /menu_admin.php?ced=1040747282&nom=LAMBRA%D1O%20HERRERA%20MELISA&aaa=2120&cargo=2120 HTTP/1.1" 302 55572 "-" "Mozilla/5.0 (Windows NT 10.0; Win64; x64) AppleWebKit/537.36 (KHTML, like Gecko) Chrome/148.0.0.0 Safari/537.36"
201.233.75.122 - - [12/May/2026:13:01:15 -0500] "GET / HTTP/1.1" 200 54693 "-" "Mozilla/5.0 (Windows NT 10.0; Win64; x64) AppleWebKit/537.36 (KHTML, like Gecko) Chrome/148.0.0.0 Safari/537.36"
114.119.137.103 - - [12/May/2026:13:01:38 -0500] "GET /index.php/zzztvsa/39aayzpksh_liqzne72382/principal/pages/avigilajudicial/avigilajudicial/avigilajudicial/principal/formulario_seminario_dih.php HTTP/1.1" 200 54693 "http://www.asjudinet.com/index.php/zzztvsa/39aayzpksh_liqzne72382/principal/pages/avigilajudicial/avigilajudicial/avigilajudicial/principal/formulario_seminario_dih.php" "Mozilla/5.0 (Linux; Android 7.0;) AppleWebKit/537.36 (HTML, like Gecko) Mobile Safari/537.36 (compatible; PetalBot;+https://webmaster.petalsearch.com/site/petalbot)"
201.233.75.122 - - [12/May/2026:13:02:15 -0500] "GET /val_usuarios.php HTTP/1.1" 200 7808 "http://www.asjudinet.com/" "Mozilla/5.0 (Windows NT 10.0; Win64; x64) AppleWebKit/537.36 (KHTML, like Gecko) Chrome/148.0.0.0 Safari/537.36"
201.233.75.122 - - [12/May/2026:13:02:17 -0500] "POST /val_usuarios.php HTTP/1.1" 200 150 "http://www.asjudinet.com/val_usuarios.php" "Mozilla/5.0 (Windows NT 10.0; Win64; x64) AppleWebKit/537.36 (KHTML, like Gecko) Chrome/148.0.0.0 Safari/537.36"
201.233.75.122 - - [12/May/2026:13:02:17 -0500] "GET /menu_admin.php?ced=1040747282&nom=LAMBRA%D1O%20HERRERA%20MELISA&aaa=2120&cargo=2120 HTTP/1.1" 200 55572 "http://www.asjudinet.com/val_usuarios.php" "Mozilla/5.0 (Windows NT 10.0; Win64; x64) AppleWebKit/537.36 (KHTML, like Gecko) Chrome/148.0.0.0 Safari/537.36"
114.119.137.103 - - [12/May/2026:13:03:01 -0500] "GET /index.php/zzztvsa/39aayzpksh_liqzne72382/principal/avigilajudicial/pages/principal/avigilajudicial/pages/avigilajudicial/val_usuarios.php HTTP/1.1" 200 54693 "http://www.asjudinet.com/index.php/zzztvsa/39aayzpksh_liqzne72382/principal/avigilajudicial/pages/principal/avigilajudicial/pages/avigilajudicial/validar_usuarios_pagina.php" "Mozilla/5.0 (Linux; Android 7.0;) AppleWebKit/537.36 (HTML, like Gecko) Mobile Safari/537.36 (compatible; PetalBot;+https://webmaster.petalsearch.com/site/petalbot)"
181.61.205.27 - - [12/May/2026:13:04:04 -0500] "GET /callcenter/listado_por_sucursales.php?ced=79660662&nom=MORALES%20LOZANO%20JORGE%20LUIS&sucu=BOGOTA HTTP/1.1" 200 6919 "-" "Mozilla/5.0 (Windows NT 10.0; Win64; x64) AppleWebKit/537.36 (KHTML, like Gecko) Chrome/147.0.0.0 Safari/537.36"
190.85.87.250 - - [12/May/2026:13:04:30 -0500] "GET /consulta_ced_info_servi.php HTTP/1.1" 200 4523 "http://www.asjudinet.com/consulta_cartera.php" "Mozilla/5.0 (Windows NT 10.0; Win64; x64) AppleWebKit/537.36 (KHTML, like Gecko) Chrome/147.0.0.0 Safari/537.36"
190.85.87.250 - - [12/May/2026:13:04:49 -0500] "POST /acobranzas/cobranzas_consulta_cartera1.php HTTP/1.1" 200 5967 "http://www.asjudinet.com/acobranzas/cobranzas_consulta_cartera1.php" "Mozilla/5.0 (Windows NT 10.0; Win64; x64) AppleWebKit/537.36 (KHTML, like Gecko) Chrome/148.0.0.0 Safari/537.36"
190.85.87.250 - - [12/May/2026:13:04:51 -0500] "GET /acobranzas/cobranzas_serviasju1.php?ced2=71253848&numcon=25263 HTTP/1.1" 200 16903 "http://www.asjudinet.com/acobranzas/cobranzas_consulta_cartera1.php" "Mozilla/5.0 (Windows NT 10.0; Win64; x64) AppleWebKit/537.36 (KHTML, like Gecko) Chrome/148.0.0.0 Safari/537.36"
190.85.87.250 - - [12/May/2026:13:04:51 -0500] "GET /acobranzas/cobranzas_serviasju1.php?ced2=71253848&numcon=25263 HTTP/1.1" 200 240467 "http://www.asjudinet.com/acobranzas/cobranzas_consulta_cartera1.php" "Mozilla/5.0 (Windows NT 10.0; Win64; x64) AppleWebKit/537.36 (KHTML, like Gecko) Chrome/148.0.0.0 Safari/537.36"
201.233.75.122 - - [12/May/2026:13:05:50 -0500] "GET /callcenter/validar_callcenter.php HTTP/1.1" 200 7839 "http://www.asjudinet.com/menu_admin.php?ced=1040747282&nom=LAMBRA%D1O%20HERRERA%20MELISA&aaa=2120&cargo=2120" "Mozilla/5.0 (Windows NT 10.0; Win64; x64) AppleWebKit/537.36 (KHTML, like Gecko) Chrome/148.0.0.0 Safari/537.36"
201.233.75.122 - - [12/May/2026:13:05:52 -0500] "POST /callcenter/validar_callcenter.php HTTP/1.1" 200 7963 "http://www.asjudinet.com/callcenter/validar_callcenter.php" "Mozilla/5.0 (Windows NT 10.0; Win64; x64) AppleWebKit/537.36 (KHTML, like Gecko) Chrome/148.0.0.0 Safari/537.36"
201.233.75.122 - - [12/May/2026:13:05:53 -0500] "GET /callcenter/menu_callcenter.php?ced=1040747282&nom=LAMBRA%D1O%20HERRERA%20MELISA HTTP/1.1" 200 11546 "http://www.asjudinet.com/callcenter/validar_callcenter.php" "Mozilla/5.0 (Windows NT 10.0; Win64; x64) AppleWebKit/537.36 (KHTML, like Gecko) Chrome/148.0.0.0 Safari/537.36"
201.233.75.122 - - [12/May/2026:13:05:54 -0500] "GET /callcenter/validar_abogado.php?ced=1040747282&nom=LAMBRA%D1O%20HERRERA%20MELISA HTTP/1.1" 200 7944 "http://www.asjudinet.com/callcenter/menu_callcenter.php?ced=1040747282&nom=LAMBRA%D1O%20HERRERA%20MELISA" "Mozilla/5.0 (Windows NT 10.0; Win64; x64) AppleWebKit/537.36 (KHTML, like Gecko) Chrome/148.0.0.0 Safari/537.36"
201.233.75.122 - - [12/May/2026:13:05:58 -0500] "POST /callcenter/validar_abogado.php HTTP/1.1" 200 8033 "http://www.asjudinet.com/callcenter/validar_abogado.php?ced=1040747282&nom=LAMBRA%D1O%20HERRERA%20MELISA" "Mozilla/5.0 (Windows NT 10.0; Win64; x64) AppleWebKit/537.36 (KHTML, like Gecko) Chrome/148.0.0.0 Safari/537.36"
201.233.75.122 - - [12/May/2026:13:05:59 -0500] "GET /callcenter/menu_abogados.php?ced=1040747282&nom=LAMBRA%D1O%20HERRERA%20MELISA HTTP/1.1" 200 3518 "http://www.asjudinet.com/callcenter/validar_abogado.php" "Mozilla/5.0 (Windows NT 10.0; Win64; x64) AppleWebKit/537.36 (KHTML, like Gecko) Chrome/148.0.0.0 Safari/537.36"
201.233.75.122 - - [12/May/2026:13:06:00 -0500] "GET /callcenter/listado_por_abogado.php?ced=1040747282&nom=LAMBRA%D1O%20HERRERA%20MELISA HTTP/1.1" 200 19922 "http://www.asjudinet.com/callcenter/menu_abogados.php?ced=1040747282&nom=LAMBRA%D1O%20HERRERA%20MELISA" "Mozilla/5.0 (Windows NT 10.0; Win64; x64) AppleWebKit/537.36 (KHTML, like Gecko) Chrome/148.0.0.0 Safari/537.36"
201.233.75.122 - - [12/May/2026:13:06:05 -0500] "GET /callcenter/menu_abogados.php?ced=1040747282&nom=LAMBRA%D1O%20HERRERA%20MELISA HTTP/1.1" 200 3518 "http://www.asjudinet.com/callcenter/listado_por_abogado.php?ced=1040747282&nom=LAMBRA%D1O%20HERRERA%20MELISA" "Mozilla/5.0 (Windows NT 10.0; Win64; x64) AppleWebKit/537.36 (KHTML, like Gecko) Chrome/148.0.0.0 Safari/537.36"
114.119.142.135 - - [12/May/2026:13:07:22 -0500] "GET /index.php/zzztvsa/39aayzpksh_liqzne72382/principal/avigilajudicial/pages/avigilajudicial/pages/principal/avigilajudicial/val_usuarios.php HTTP/1.1" 200 54693 "http://www.asjudinet.com/index.php/zzztvsa/39aayzpksh_liqzne72382/principal/avigilajudicial/pages/avigilajudicial/pages/principal/avigilajudicial/validar_usuarios_pagina.php" "Mozilla/5.0 (Linux; Android 7.0;) AppleWebKit/537.36 (HTML, like Gecko) Mobile Safari/537.36 (compatible; PetalBot;+https://webmaster.petalsearch.com/site/petalbot)"
191.156.228.2 - - [12/May/2026:13:07:46 -0500] "GET /index.php HTTP/1.1" 200 54693 "https://www.google.com/" "Mozilla/5.0 (X11; Linux x86_64) AppleWebKit/537.36 (KHTML, like Gecko) Chrome/148.0.0.0 Safari/537.36"
114.119.142.135 - - [12/May/2026:13:08:35 -0500] "GET /index.php/zzztvsa/39aayzpksh_liqzne72382/principal/principal/pages/pages/principal/avigilajudicial/principal/misionvision.php HTTP/1.1" 200 54693 "http://www.asjudinet.com/index.php/zzztvsa/39aayzpksh_liqzne72382/principal/principal/pages/pages/principal/avigilajudicial/index.php" "Mozilla/5.0 (Linux; Android 7.0;) AppleWebKit/537.36 (HTML, like Gecko) Mobile Safari/537.36 (compatible; PetalBot;+https://webmaster.petalsearch.com/site/petalbot)"
190.85.87.250 - - [12/May/2026:13:09:27 -0500] "POST /acobranzas/consulta_ced_cob_estado_1da.php HTTP/1.1" 200 6784 "http://www.asjudinet.com/acobranzas/consulta_ced_cob_estado_1da.php" "Mozilla/5.0 (Windows NT 10.0; Win64; x64) AppleWebKit/537.36 (KHTML, like Gecko) Chrome/148.0.0.0 Safari/537.36"
190.85.87.250 - - [12/May/2026:13:09:28 -0500] "GET /acobranzas/consultar_cobranzas_vigentes.php?id=71253848&carpeta=18185&tipo=COA02 HTTP/1.1" 200 32698 "http://www.asjudinet.com/acobranzas/consulta_ced_cob_estado_1da.php" "Mozilla/5.0 (Windows NT 10.0; Win64; x64) AppleWebKit/537.36 (KHTML, like Gecko) Chrome/148.0.0.0 Safari/537.36"
190.85.87.250 - - [12/May/2026:13:09:48 -0500] "GET /acobranzas/seguimiento_cobranza_captura_vigentes.php?id=71253848&tipo=COA02&carpeta=18185 HTTP/1.1" 200 14064 "http://www.asjudinet.com/acobranzas/consultar_cobranzas_vigentes.php?id=71253848&carpeta=18185&tipo=COA02" "Mozilla/5.0 (Windows NT 10.0; Win64; x64) AppleWebKit/537.36 (KHTML, like Gecko) Chrome/148.0.0.0 Safari/537.36"
114.119.128.77 - - [12/May/2026:13:09:58 -0500] "GET /index.php/zzztvsa/39aayzpksh_liqzne72382/principal/principal/pages/ELEMENTS/otros/principal/pages/avigilajudicial/principal/contratopersonas.php HTTP/1.1" 200 54693 "http://www.asjudinet.com/index.php/zzztvsa/39aayzpksh_liqzne72382/principal/principal/pages/ELEMENTS/otros/principal/pages/avigilajudicial/validar_vigi_judicial.php" "Mozilla/5.0 (Linux; Android 7.0;) AppleWebKit/537.36 (HTML, like Gecko) Mobile Safari/537.36 (compatible; PetalBot;+https://webmaster.petalsearch.com/site/petalbot)"
190.85.87.250 - - [12/May/2026:13:10:55 -0500] "POST /acobranzas/seguimiento_cobranza_captura_vigentes.php?id=71253848&tipo=COA02&carpeta=18185 HTTP/1.1" 200 14185 "http://www.asjudinet.com/acobranzas/seguimiento_cobranza_captura_vigentes.php?id=71253848&tipo=COA02&carpeta=18185" "Mozilla/5.0 (Windows NT 10.0; Win64; x64) AppleWebKit/537.36 (KHTML, like Gecko) Chrome/148.0.0.0 Safari/537.36"
190.85.87.250 - - [12/May/2026:13:10:55 -0500] "GET /acobranzas/consultar_cobranzas_vigentes.php?ced2=71253848&numcon=25263 HTTP/1.1" 200 27335 "http://www.asjudinet.com/acobranzas/seguimiento_cobranza_captura_vigentes.php?id=71253848&tipo=COA02&carpeta=18185" "Mozilla/5.0 (Windows NT 10.0; Win64; x64) AppleWebKit/537.36 (KHTML, like Gecko) Chrome/148.0.0.0 Safari/537.36"
191.156.228.2 - - [12/May/2026:13:11:08 -0500] "GET /validar_usuarios_pagina.php HTTP/1.1" 200 3665 "http://www.asjudinet.com/index.php" "Mozilla/5.0 (X11; Linux x86_64) AppleWebKit/537.36 (KHTML, like Gecko) Chrome/148.0.0.0 Safari/537.36"
191.156.228.2 - - [12/May/2026:13:11:10 -0500] "GET /validar_usuarios_pagina.php HTTP/1.1" 200 3665 "http://www.asjudinet.com/index.php" "Mozilla/5.0 (X11; Linux x86_64) AppleWebKit/537.36 (KHTML, like Gecko) Chrome/148.0.0.0 Safari/537.36"
190.85.87.250 - - [12/May/2026:13:11:15 -0500] "GET /afinanciera/cartera_consul_titu_nom.php HTTP/1.1" 200 5244 "http://www.asjudinet.com/afinanciera/menu_cartera_nomina.php" "Mozilla/5.0 (Windows NT 10.0; Win64; x64) AppleWebKit/537.36 (KHTML, like Gecko) Chrome/148.0.0.0 Safari/537.36"
190.240.2.133 - - [12/May/2026:13:11:19 -0500] "GET /validar_usuarios_pagina.php HTTP/1.1" 200 3665 "http://www.asjudinet.com/" "Mozilla/5.0 (Linux; Android 10; K) AppleWebKit/537.36 (KHTML, like Gecko) Chrome/142.0.0.0 Mobile Safari/537.36"
191.156.228.2 - - [12/May/2026:13:11:19 -0500] "POST /validar_usuarios_pagina.php? HTTP/1.1" 200 186 "http://www.asjudinet.com/validar_usuarios_pagina.php" "Mozilla/5.0 (X11; Linux x86_64) AppleWebKit/537.36 (KHTML, like Gecko) Chrome/148.0.0.0 Safari/537.36"
181.48.255.196 - - [12/May/2026:13:11:19 -0500] "GET /validar_usuarios_pagina.php HTTP/1.1" 200 3665 "http://www.asjudinet.com/" "Mozilla/5.0 (Linux; Android 10; K) AppleWebKit/537.36 (KHTML, like Gecko) Chrome/142.0.0.0 Mobile Safari/537.36"
190.240.2.133 - - [12/May/2026:13:11:19 -0500] "GET /ELEMENTOS/Keychain%20Access.png HTTP/1.1" 200 15719 "http://www.asjudinet.com/validar_usuarios_pagina.php" "Mozilla/5.0 (Linux; Android 10; K) AppleWebKit/537.36 (KHTML, like Gecko) Chrome/142.0.0.0 Mobile Safari/537.36"
190.240.2.133 - - [12/May/2026:13:11:19 -0500] "GET /ELEMENTOS/Logito2.JPG HTTP/1.1" 200 23988 "http://www.asjudinet.com/validar_usuarios_pagina.php" "Mozilla/5.0 (Linux; Android 10; K) AppleWebKit/537.36 (KHTML, like Gecko) Chrome/142.0.0.0 Mobile Safari/537.36"
181.48.255.196 - - [12/May/2026:13:11:19 -0500] "GET /ELEMENTOS/Keychain%20Access.png HTTP/1.1" 200 15719 "http://www.asjudinet.com/validar_usuarios_pagina.php" "Mozilla/5.0 (Linux; Android 10; K) AppleWebKit/537.36 (KHTML, like Gecko) Chrome/142.0.0.0 Mobile Safari/537.36"
181.48.255.196 - - [12/May/2026:13:11:19 -0500] "GET /ELEMENTOS/Logito2.JPG HTTP/1.1" 200 23988 "http://www.asjudinet.com/validar_usuarios_pagina.php" "Mozilla/5.0 (Linux; Android 10; K) AppleWebKit/537.36 (KHTML, like Gecko) Chrome/142.0.0.0 Mobile Safari/537.36"
190.240.2.133 - - [12/May/2026:13:11:19 -0500] "GET /ELEMENTOS/Lock.png HTTP/1.1" 200 13662 "http://www.asjudinet.com/validar_usuarios_pagina.php" "Mozilla/5.0 (Linux; Android 10; K) AppleWebKit/537.36 (KHTML, like Gecko) Chrome/142.0.0.0 Mobile Safari/537.36"
181.48.255.196 - - [12/May/2026:13:11:20 -0500] "GET /ELEMENTOS/Lock.png HTTP/1.1" 200 13662 "http://www.asjudinet.com/validar_usuarios_pagina.php" "Mozilla/5.0 (Linux; Android 10; K) AppleWebKit/537.36 (KHTML, like Gecko) Chrome/142.0.0.0 Mobile Safari/537.36"
190.240.2.133 - - [12/May/2026:13:11:20 -0500] "GET /favicon.ico HTTP/1.1" 200 9036 "http://www.asjudinet.com/validar_usuarios_pagina.php" "Mozilla/5.0 (Linux; Android 10; K) AppleWebKit/537.36 (KHTML, like Gecko) Chrome/142.0.0.0 Mobile Safari/537.36"
181.48.255.196 - - [12/May/2026:13:11:20 -0500] "GET /favicon.ico HTTP/1.1" 200 9036 "http://www.asjudinet.com/validar_usuarios_pagina.php" "Mozilla/5.0 (Linux; Android 10; K) AppleWebKit/537.36 (KHTML, like Gecko) Chrome/142.0.0.0 Mobile Safari/537.36"
114.119.156.102 - - [12/May/2026:13:11:21 -0500] "GET /index.php/zzztvsa/39aayzpksh_liqzne72382/principal/principal/avigilajudicial/principal/avigilajudicial/principal/enlaces.php HTTP/1.1" 200 54693 "http://www.asjudinet.com/index.php/zzztvsa/39aayzpksh_liqzne72382/principal/principal/avigilajudicial/principal/avigilajudicial/principal/enlaces.php" "Mozilla/5.0 (Linux; Android 7.0;) AppleWebKit/537.36 (HTML, like Gecko) Mobile Safari/537.36 (compatible; PetalBot;+https://webmaster.petalsearch.com/site/petalbot)"
190.85.87.250 - - [12/May/2026:13:11:24 -0500] "POST /afinanciera/cartera_consul_titu_nom.php HTTP/1.1" 200 6607 "http://www.asjudinet.com/afinanciera/cartera_consul_titu_nom.php" "Mozilla/5.0 (Windows NT 10.0; Win64; x64) AppleWebKit/537.36 (KHTML, like Gecko) Chrome/148.0.0.0 Safari/537.36"
190.85.87.250 - - [12/May/2026:13:11:35 -0500] "GET /afinanciera/cartera_consulta_titular_nom.php?ced2=13870236&numcon=7204&tipo=INT03 HTTP/1.1" 200 32627 "http://www.asjudinet.com/afinanciera/cartera_consul_titu_nom.php" "Mozilla/5.0 (Windows NT 10.0; Win64; x64) AppleWebKit/537.36 (KHTML, like Gecko) Chrome/148.0.0.0 Safari/537.36"
190.85.87.250 - - [12/May/2026:13:11:41 -0500] "GET /afinanciera/consulta_titu_benefi_nom.php?ced2=13870236&cedb=&numcon=7204 HTTP/1.1" 200 4132 "http://www.asjudinet.com/afinanciera/cartera_consulta_titular_nom.php?ced2=13870236&numcon=7204&tipo=INT03" "Mozilla/5.0 (Windows NT 10.0; Win64; x64) AppleWebKit/537.36 (KHTML, like Gecko) Chrome/148.0.0.0 Safari/537.36"
190.85.87.250 - - [12/May/2026:13:11:40 -0500] "POST /afinanciera/cartera_consulta_titular_nom.php?ced2=13870236&numcon=7204&tipo=INT03 HTTP/1.1" 200 32749 "http://www.asjudinet.com/afinanciera/cartera_consulta_titular_nom.php?ced2=13870236&numcon=7204&tipo=INT03" "Mozilla/5.0 (Windows NT 10.0; Win64; x64) AppleWebKit/537.36 (KHTML, like Gecko) Chrome/148.0.0.0 Safari/537.36"
191.156.228.2 - - [12/May/2026:13:11:49 -0500] "GET /validar_usuarios_pagina.php HTTP/1.1" 200 3665 "http://www.asjudinet.com/validar_usuarios_pagina.php?" "Mozilla/5.0 (X11; Linux x86_64) AppleWebKit/537.36 (KHTML, like Gecko) Chrome/148.0.0.0 Safari/537.36"
114.119.136.100 - - [12/May/2026:13:12:45 -0500] "GET /index.php/zzztvsa/39aayzpksh_liqzne72382/principal/principal/avigilajudicial/avigilajudicial/principal/pages/val_usuarios.php HTTP/1.1" 200 54693 "http://www.asjudinet.com/index.php/zzztvsa/39aayzpksh_liqzne72382/principal/principal/avigilajudicial/avigilajudicial/principal/pages/menu_procesos_todos.php" "Mozilla/5.0 (Linux; Android 7.0;) AppleWebKit/537.36 (HTML, like Gecko) Mobile Safari/537.36 (compatible; PetalBot;+https://webmaster.petalsearch.com/site/petalbot)"
190.85.87.250 - - [12/May/2026:13:13:42 -0500] "POST /acobranzas/cobranzas_consulta_cartera1.php HTTP/1.1" 200 5964 "http://www.asjudinet.com/acobranzas/cobranzas_consulta_cartera1.php" "Mozilla/5.0 (Windows NT 10.0; Win64; x64) AppleWebKit/537.36 (KHTML, like Gecko) Chrome/148.0.0.0 Safari/537.36"
190.85.87.250 - - [12/May/2026:13:13:43 -0500] "GET /acobranzas/cobranzas_serviasju1.php?ced2=94514012&numcon=22096 HTTP/1.1" 200 16855 "http://www.asjudinet.com/acobranzas/cobranzas_consulta_cartera1.php" "Mozilla/5.0 (Windows NT 10.0; Win64; x64) AppleWebKit/537.36 (KHTML, like Gecko) Chrome/148.0.0.0 Safari/537.36"
190.85.87.250 - - [12/May/2026:13:13:43 -0500] "GET /acobranzas/cobranzas_serviasju1.php?ced2=94514012&numcon=22096 HTTP/1.1" 200 253046 "http://www.asjudinet.com/acobranzas/cobranzas_consulta_cartera1.php" "Mozilla/5.0 (Windows NT 10.0; Win64; x64) AppleWebKit/537.36 (KHTML, like Gecko) Chrome/148.0.0.0 Safari/537.36"
114.119.136.100 - - [12/May/2026:13:14:09 -0500] "GET /index.php/zzztvsa/39aayzpksh_liqzne72382/principal/principal/avigilajudicial/ELEMENTS/otros/principal/avigilajudicial/pages/pages/val_usuarios_IURIS.php HTTP/1.1" 200 54693 "http://www.asjudinet.com/index.php/zzztvsa/39aayzpksh_liqzne72382/principal/principal/avigilajudicial/ELEMENTS/otros/principal/avigilajudicial/pages/pages/menu_creditos_rotativos.php" "Mozilla/5.0 (Linux; Android 7.0;) AppleWebKit/537.36 (HTML, like Gecko) Mobile Safari/537.36 (compatible; PetalBot;+https://webmaster.petalsearch.com/site/petalbot)"
190.85.87.250 - - [12/May/2026:13:14:48 -0500] "POST /afinanciera/consulta_titu_benefi_nom.php?ced2=13870236&cedb=&numcon=7204 HTTP/1.1" 200 4252 "http://www.asjudinet.com/afinanciera/consulta_titu_benefi_nom.php?ced2=13870236&cedb=&numcon=7204" "Mozilla/5.0 (Windows NT 10.0; Win64; x64) AppleWebKit/537.36 (KHTML, like Gecko) Chrome/148.0.0.0 Safari/537.36"
190.85.87.250 - - [12/May/2026:13:14:48 -0500] "GET /afinanciera/cartera_consulta_titular_nom.php?ced2=13870236&numcon=7204 HTTP/1.1" 200 32617 "http://www.asjudinet.com/afinanciera/consulta_titu_benefi_nom.php?ced2=13870236&cedb=&numcon=7204" "Mozilla/5.0 (Windows NT 10.0; Win64; x64) AppleWebKit/537.36 (KHTML, like Gecko) Chrome/148.0.0.0 Safari/537.36"
190.85.191.209 - - [12/May/2026:13:15:18 -0500] "POST /afinanciera/cartera_consultar_cargar_deb.php HTTP/1.1" 200 6054 "http://www.asjudinet.com/afinanciera/cartera_consultar_cargar_deb.php" "Mozilla/5.0 (Windows NT 10.0; Win64; x64) AppleWebKit/537.36 (KHTML, like Gecko) Chrome/148.0.0.0 Safari/537.36"
190.85.191.209 - - [12/May/2026:13:15:21 -0500] "GET /afinanciera/cartera_cargar_manual_deb.php?ced2=16895430&numcon=11152 HTTP/1.1" 200 300779 "http://www.asjudinet.com/afinanciera/cartera_consultar_cargar_deb.php" "Mozilla/5.0 (Windows NT 10.0; Win64; x64) AppleWebKit/537.36 (KHTML, like Gecko) Chrome/148.0.0.0 Safari/537.36"
190.85.87.250 - - [12/May/2026:13:15:34 -0500] "POST /acobranzas/consulta_ced_cob_estado_1da.php HTTP/1.1" 200 6781 "http://www.asjudinet.com/acobranzas/consulta_ced_cob_estado_1da.php" "Mozilla/5.0 (Windows NT 10.0; Win64; x64) AppleWebKit/537.36 (KHTML, like Gecko) Chrome/148.0.0.0 Safari/537.36"
190.85.87.250 - - [12/May/2026:13:15:35 -0500] "GET /acobranzas/consultar_cobranzas_vigentes.php?id=94514012&carpeta=14956&tipo=COA01 HTTP/1.1" 200 21532 "http://www.asjudinet.com/acobranzas/consulta_ced_cob_estado_1da.php" "Mozilla/5.0 (Windows NT 10.0; Win64; x64) AppleWebKit/537.36 (KHTML, like Gecko) Chrome/148.0.0.0 Safari/537.36"
190.85.87.250 - - [12/May/2026:13:15:39 -0500] "GET /acobranzas/seguimiento_cobranza_captura_vigentes.php?id=94514012&tipo=COA01&carpeta=14956 HTTP/1.1" 200 14030 "http://www.asjudinet.com/acobranzas/consultar_cobranzas_vigentes.php?id=94514012&carpeta=14956&tipo=COA01" "Mozilla/5.0 (Windows NT 10.0; Win64; x64) AppleWebKit/537.36 (KHTML, like Gecko) Chrome/148.0.0.0 Safari/537.36"
190.85.87.250 - - [12/May/2026:13:16:21 -0500] "POST /consulta_ced_info_servi.php HTTP/1.1" 200 6186 "http://www.asjudinet.com/consulta_ced_info_servi.php" "Mozilla/5.0 (Windows NT 10.0; Win64; x64) AppleWebKit/537.36 (KHTML, like Gecko) Chrome/147.0.0.0 Safari/537.36"
190.85.87.250 - - [12/May/2026:13:16:28 -0500] "GET /agendarse/cartera_consulta_titu_usuario.php?ced2=1007202859&numcon=A868 HTTP/1.1" 200 59157 "http://www.asjudinet.com/consulta_ced_info_servi.php" "Mozilla/5.0 (Windows NT 10.0; Win64; x64) AppleWebKit/537.36 (KHTML, like Gecko) Chrome/147.0.0.0 Safari/537.36"
114.119.150.5 - - [12/May/2026:13:16:57 -0500] "GET /index.php/zzztvsa/39aayzpksh_liqzne72382/principal/principal/Assets/principal/pages/avigilajudicial/pages/pages/validar_usuarios_pagina.php HTTP/1.1" 200 54693 "http://www.asjudinet.com/index.php/zzztvsa/39aayzpksh_liqzne72382/principal/principal/Assets/principal/pages/avigilajudicial/pages/pages/formulario_seminario_dih.php" "Mozilla/5.0 (Linux; Android 7.0;) AppleWebKit/537.36 (HTML, like Gecko) Mobile Safari/537.36 (compatible; PetalBot;+https://webmaster.petalsearch.com/site/petalbot)"
114.119.142.179 - - [12/May/2026:13:18:19 -0500] "GET /index.php/zzztvsa/39aayzpksh_liqzne72382/principal/avigilajudicial/pages/principal/avigilajudicial/avigilajudicial/pages/images/pse-logo.png HTTP/1.1" 200 54693 "http://www.asjudinet.com/index.php/zzztvsa/39aayzpksh_liqzne72382/principal/avigilajudicial/pages/principal/avigilajudicial/avigilajudicial/pages/validar_usuarios_pagina.php" "Mozilla/5.0 (Linux; Android 7.0;) AppleWebKit/537.36 (HTML, like Gecko) Mobile Safari/537.36 (compatible; PetalBot;+https://webmaster.petalsearch.com/site/petalbot)"
190.85.87.250 - - [12/May/2026:13:18:37 -0500] "POST /afinanciera/cartera_consultar_cargar_deb.php HTTP/1.1" 200 6054 "http://www.asjudinet.com/afinanciera/cartera_consultar_cargar_deb.php" "Mozilla/5.0 (Windows NT 10.0; Win64; x64) AppleWebKit/537.36 (KHTML, like Gecko) Chrome/148.0.0.0 Safari/537.36"
