190.85.191.209 - - [12/May/2026:08:06:58 -0500] "POST /afinanciera/cartera_cargar_manual_deb.php?ced2=13870236&numcon=7204 HTTP/1.1" 200 119941 "http://www.asjudinet.com/afinanciera/cartera_cargar_manual_deb.php?ced2=13870236&numcon=7204" "Mozilla/5.0 (Windows NT 10.0; Win64; x64) AppleWebKit/537.36 (KHTML, like Gecko) Chrome/148.0.0.0 Safari/537.36"
190.85.87.250 - - [12/May/2026:08:06:59 -0500] "GET /acobranzas/cobranzas_serviasju1.php?ced2=1119947825&numcon=48590 HTTP/1.1" 200 16885 "http://www.asjudinet.com/acobranzas/cobranzas_consulta_cartera1.php" "Mozilla/5.0 (Windows NT 10.0; Win64; x64) AppleWebKit/537.36 (KHTML, like Gecko) Chrome/148.0.0.0 Safari/537.36"
190.85.87.250 - - [12/May/2026:08:06:59 -0500] "GET /acobranzas/cobranzas_serviasju1.php?ced2=1119947825&numcon=48590 HTTP/1.1" 200 50952 "http://www.asjudinet.com/acobranzas/cobranzas_consulta_cartera1.php" "Mozilla/5.0 (Windows NT 10.0; Win64; x64) AppleWebKit/537.36 (KHTML, like Gecko) Chrome/148.0.0.0 Safari/537.36"
190.85.191.209 - - [12/May/2026:08:07:09 -0500] "POST /afinanciera/cartera_consultar_cargar_deb.php HTTP/1.1" 200 6053 "http://www.asjudinet.com/afinanciera/cartera_consultar_cargar_deb.php" "Mozilla/5.0 (Windows NT 10.0; Win64; x64) AppleWebKit/537.36 (KHTML, like Gecko) Chrome/148.0.0.0 Safari/537.36"
190.84.116.244 - - [12/May/2026:08:07:08 -0500] "GET /listado_procesos_abogados.php?pagina=2&orden=numero_proceso&criterio=830 HTTP/1.1" 200 23605 "http://www.asjudinet.com/listado_procesos_abogados.php?criterio=830" "Mozilla/5.0 (Windows NT 10.0; Win64; x64) AppleWebKit/537.36 (KHTML, like Gecko) Chrome/148.0.0.0 Safari/537.36 Edg/148.0.0.0"
190.85.87.250 - - [12/May/2026:08:07:13 -0500] "POST /acobranzas/consulta_ced_cob_estado_1da.php HTTP/1.1" 200 6781 "http://www.asjudinet.com/acobranzas/consulta_ced_cob_estado_1da.php" "Mozilla/5.0 (Windows NT 10.0; Win64; x64) AppleWebKit/537.36 (KHTML, like Gecko) Chrome/148.0.0.0 Safari/537.36"
190.85.191.209 - - [12/May/2026:08:07:11 -0500] "GET /afinanciera/cartera_cargar_manual_deb.php?ced2=79954336&numcon=25840 HTTP/1.1" 200 239416 "http://www.asjudinet.com/afinanciera/cartera_consultar_cargar_deb.php" "Mozilla/5.0 (Windows NT 10.0; Win64; x64) AppleWebKit/537.36 (KHTML, like Gecko) Chrome/148.0.0.0 Safari/537.36"
190.85.87.250 - - [12/May/2026:08:07:14 -0500] "GET /acobranzas/consultar_cobranzas_vigentes.php?id=1119947825&carpeta=20153&tipo=INT01 HTTP/1.1" 200 24755 "http://www.asjudinet.com/acobranzas/consulta_ced_cob_estado_1da.php" "Mozilla/5.0 (Windows NT 10.0; Win64; x64) AppleWebKit/537.36 (KHTML, like Gecko) Chrome/148.0.0.0 Safari/537.36"
190.85.87.250 - - [12/May/2026:08:07:17 -0500] "GET /acobranzas/seguimiento_cobranza_captura_vigentes.php?id=1119947825&tipo=INT01&carpeta=20153 HTTP/1.1" 200 14030 "http://www.asjudinet.com/acobranzas/consultar_cobranzas_vigentes.php?id=1119947825&carpeta=20153&tipo=INT01" "Mozilla/5.0 (Windows NT 10.0; Win64; x64) AppleWebKit/537.36 (KHTML, like Gecko) Chrome/148.0.0.0 Safari/537.36"
170.83.186.74 - - [12/May/2026:08:07:18 -0500] "GET /.git/HEAD HTTP/1.1" 404 - "-" "Mozilla/5.0 (compatible; bb-Hunter/1.0)"
170.83.186.74 - - [12/May/2026:08:07:18 -0500] "GET / HTTP/1.1" 200 54693 "-" "Mozilla/5.0 (Linux; Android 14; Moto g04) AppleWebKit/537.36 (KHTML, like Gecko) Chrome/122.0.6261.64 Mobile Safari/537.36"
190.84.116.244 - - [12/May/2026:08:07:22 -0500] "GET /menu_admin.php HTTP/1.1" 200 55572 "http://www.asjudinet.com/listado_procesos_abogados.php?pagina=2&orden=numero_proceso&criterio=830" "Mozilla/5.0 (Windows NT 10.0; Win64; x64) AppleWebKit/537.36 (KHTML, like Gecko) Chrome/148.0.0.0 Safari/537.36 Edg/148.0.0.0"
190.84.116.244 - - [12/May/2026:08:07:34 -0500] "GET /callcenter/validar_callcenter.php HTTP/1.1" 200 7839 "http://www.asjudinet.com/menu_admin.php" "Mozilla/5.0 (Windows NT 10.0; Win64; x64) AppleWebKit/537.36 (KHTML, like Gecko) Chrome/148.0.0.0 Safari/537.36 Edg/148.0.0.0"
190.85.191.209 - - [12/May/2026:08:07:31 -0500] "POST /afinanciera/cartera_cargar_manual_deb.php?ced2=79954336&numcon=25840 HTTP/1.1" 200 241178 "http://www.asjudinet.com/afinanciera/cartera_cargar_manual_deb.php?ced2=79954336&numcon=25840" "Mozilla/5.0 (Windows NT 10.0; Win64; x64) AppleWebKit/537.36 (KHTML, like Gecko) Chrome/148.0.0.0 Safari/537.36"
190.84.116.244 - - [12/May/2026:08:07:36 -0500] "POST /callcenter/validar_callcenter.php HTTP/1.1" 200 7957 "http://www.asjudinet.com/callcenter/validar_callcenter.php" "Mozilla/5.0 (Windows NT 10.0; Win64; x64) AppleWebKit/537.36 (KHTML, like Gecko) Chrome/148.0.0.0 Safari/537.36 Edg/148.0.0.0"
190.84.116.244 - - [12/May/2026:08:07:37 -0500] "GET /callcenter/menu_callcenter.php?ced=72311716&nom=ROJANO%20HELD%20RICARDO HTTP/1.1" 200 11348 "http://www.asjudinet.com/callcenter/validar_callcenter.php" "Mozilla/5.0 (Windows NT 10.0; Win64; x64) AppleWebKit/537.36 (KHTML, like Gecko) Chrome/148.0.0.0 Safari/537.36 Edg/148.0.0.0"
190.84.116.244 - - [12/May/2026:08:07:38 -0500] "GET /callcenter/validar_abogado.php?ced=72311716&nom=ROJANO%20HELD%20RICARDO HTTP/1.1" 200 7938 "http://www.asjudinet.com/callcenter/menu_callcenter.php?ced=72311716&nom=ROJANO%20HELD%20RICARDO" "Mozilla/5.0 (Windows NT 10.0; Win64; x64) AppleWebKit/537.36 (KHTML, like Gecko) Chrome/148.0.0.0 Safari/537.36 Edg/148.0.0.0"
190.84.116.244 - - [12/May/2026:08:07:40 -0500] "POST /callcenter/validar_abogado.php HTTP/1.1" 200 8027 "http://www.asjudinet.com/callcenter/validar_abogado.php?ced=72311716&nom=ROJANO%20HELD%20RICARDO" "Mozilla/5.0 (Windows NT 10.0; Win64; x64) AppleWebKit/537.36 (KHTML, like Gecko) Chrome/148.0.0.0 Safari/537.36 Edg/148.0.0.0"
190.84.116.244 - - [12/May/2026:08:07:40 -0500] "GET /callcenter/menu_abogados.php?ced=72311716&nom=ROJANO%20HELD%20RICARDO HTTP/1.1" 200 3494 "http://www.asjudinet.com/callcenter/validar_abogado.php" "Mozilla/5.0 (Windows NT 10.0; Win64; x64) AppleWebKit/537.36 (KHTML, like Gecko) Chrome/148.0.0.0 Safari/537.36 Edg/148.0.0.0"
186.84.88.126 - - [12/May/2026:08:07:42 -0500] "POST /callcenter/validar_abogado.php HTTP/1.1" 200 8032 "http://www.asjudinet.com/callcenter/validar_abogado.php?ced=4207557&nom=GOMEZ%20BARRERA%20RUBEN%20DARIO" "Mozilla/5.0 (Windows NT 10.0; Win64; x64) AppleWebKit/537.36 (KHTML, like Gecko) Chrome/148.0.0.0 Safari/537.36 Edg/148.0.0.0"
186.84.88.126 - - [12/May/2026:08:07:42 -0500] "GET /callcenter/menu_abogados.php?ced=4207557&nom=GOMEZ%20BARRERA%20RUBEN%20DARIO HTTP/1.1" 200 3514 "http://www.asjudinet.com/callcenter/validar_abogado.php" "Mozilla/5.0 (Windows NT 10.0; Win64; x64) AppleWebKit/537.36 (KHTML, like Gecko) Chrome/148.0.0.0 Safari/537.36 Edg/148.0.0.0"
190.84.116.244 - - [12/May/2026:08:07:41 -0500] "GET /callcenter/listado_por_abogado.php?ced=72311716&nom=ROJANO%20HELD%20RICARDO HTTP/1.1" 200 18208 "http://www.asjudinet.com/callcenter/menu_abogados.php?ced=72311716&nom=ROJANO%20HELD%20RICARDO" "Mozilla/5.0 (Windows NT 10.0; Win64; x64) AppleWebKit/537.36 (KHTML, like Gecko) Chrome/148.0.0.0 Safari/537.36 Edg/148.0.0.0"
190.85.191.209 - - [12/May/2026:08:07:42 -0500] "POST /afinanciera/cartera_consultar_cargar_deb.php HTTP/1.1" 200 6477 "http://www.asjudinet.com/afinanciera/cartera_consultar_cargar_deb.php" "Mozilla/5.0 (Windows NT 10.0; Win64; x64) AppleWebKit/537.36 (KHTML, like Gecko) Chrome/148.0.0.0 Safari/537.36"
190.85.191.209 - - [12/May/2026:08:07:44 -0500] "GET /afinanciera/cartera_cargar_manual_deb.php?ced2=91353508&numcon=5499A HTTP/1.1" 200 184697 "http://www.asjudinet.com/afinanciera/cartera_consultar_cargar_deb.php" "Mozilla/5.0 (Windows NT 10.0; Win64; x64) AppleWebKit/537.36 (KHTML, like Gecko) Chrome/148.0.0.0 Safari/537.36"
190.85.87.250 - - [12/May/2026:08:07:47 -0500] "POST /acobranzas/seguimiento_cobranza_captura_vigentes.php?id=1119947825&tipo=INT01&carpeta=20153 HTTP/1.1" 200 14153 "http://www.asjudinet.com/acobranzas/seguimiento_cobranza_captura_vigentes.php?id=1119947825&tipo=INT01&carpeta=20153" "Mozilla/5.0 (Windows NT 10.0; Win64; x64) AppleWebKit/537.36 (KHTML, like Gecko) Chrome/148.0.0.0 Safari/537.36"
190.85.87.250 - - [12/May/2026:08:07:48 -0500] "GET /acobranzas/consultar_cobranzas_vigentes.php?ced2=1119947825&numcon=48590 HTTP/1.1" 200 27335 "http://www.asjudinet.com/acobranzas/seguimiento_cobranza_captura_vigentes.php?id=1119947825&tipo=INT01&carpeta=20153" "Mozilla/5.0 (Windows NT 10.0; Win64; x64) AppleWebKit/537.36 (KHTML, like Gecko) Chrome/148.0.0.0 Safari/537.36"
190.85.87.250 - - [12/May/2026:08:07:53 -0500] "POST /afinanciera/cartera_consultar_cargar_deb.php HTTP/1.1" 200 6058 "http://www.asjudinet.com/afinanciera/cartera_consultar_cargar_deb.php" "Mozilla/5.0 (Windows NT 10.0; Win64; x64) AppleWebKit/537.36 (KHTML, like Gecko) Chrome/148.0.0.0 Safari/537.36"
186.84.88.126 - - [12/May/2026:08:07:56 -0500] "GET /callcenter/listado_por_abogado.php?ced=4207557&nom=GOMEZ%20BARRERA%20RUBEN%20DARIO HTTP/1.1" 200 20558 "http://www.asjudinet.com/callcenter/menu_abogados.php?ced=4207557&nom=GOMEZ%20BARRERA%20RUBEN%20DARIO" "Mozilla/5.0 (Windows NT 10.0; Win64; x64) AppleWebKit/537.36 (KHTML, like Gecko) Chrome/148.0.0.0 Safari/537.36 Edg/148.0.0.0"
190.85.87.250 - - [12/May/2026:08:07:54 -0500] "GET /afinanciera/cartera_cargar_manual_deb.php?ced2=1032397572&numcon=9187 HTTP/1.1" 200 329577 "http://www.asjudinet.com/afinanciera/cartera_consultar_cargar_deb.php" "Mozilla/5.0 (Windows NT 10.0; Win64; x64) AppleWebKit/537.36 (KHTML, like Gecko) Chrome/148.0.0.0 Safari/537.36"
190.85.87.250 - - [12/May/2026:08:08:00 -0500] "POST /acobranzas/cobranzas_consulta_cartera1.php HTTP/1.1" 200 5955 "http://www.asjudinet.com/acobranzas/cobranzas_consulta_cartera1.php" "Mozilla/5.0 (Windows NT 10.0; Win64; x64) AppleWebKit/537.36 (KHTML, like Gecko) Chrome/148.0.0.0 Safari/537.36"
114.119.150.5 - - [12/May/2026:08:08:03 -0500] "GET /index.php/zzztvsa/39aayzpksh_liqzne72382/principal/principal/Assets/principal/principal/avigilajudicial/principal/video_empresa.php HTTP/1.1" 200 54693 "http://www.asjudinet.com/index.php/zzztvsa/39aayzpksh_liqzne72382/principal/principal/Assets/principal/principal/avigilajudicial/val_usuarios_IURIS.php" "Mozilla/5.0 (Linux; Android 7.0;) AppleWebKit/537.36 (KHTML, like Gecko) Mobile Safari/537.36 (compatible; PetalBot;+https://webmaster.petalsearch.com/site/petalbot)"
190.85.87.250 - - [12/May/2026:08:08:02 -0500] "GET /acobranzas/cobranzas_serviasju1.php?ced2=3830431&numcon=20202 HTTP/1.1" 200 16873 "http://www.asjudinet.com/acobranzas/cobranzas_consulta_cartera1.php" "Mozilla/5.0 (Windows NT 10.0; Win64; x64) AppleWebKit/537.36 (KHTML, like Gecko) Chrome/148.0.0.0 Safari/537.36"
190.85.87.250 - - [12/May/2026:08:08:02 -0500] "GET /acobranzas/cobranzas_serviasju1.php?ced2=3830431&numcon=20202 HTTP/1.1" 200 261993 "http://www.asjudinet.com/acobranzas/cobranzas_consulta_cartera1.php" "Mozilla/5.0 (Windows NT 10.0; Win64; x64) AppleWebKit/537.36 (KHTML, like Gecko) Chrome/148.0.0.0 Safari/537.36"
190.84.116.244 - - [12/May/2026:08:08:10 -0500] "GET /callcenter/menu_abogados.php?ced=72311716&nom=ROJANO%20HELD%20RICARDO HTTP/1.1" 200 3494 "http://www.asjudinet.com/callcenter/listado_por_abogado.php?ced=72311716&nom=ROJANO%20HELD%20RICARDO" "Mozilla/5.0 (Windows NT 10.0; Win64; x64) AppleWebKit/537.36 (KHTML, like Gecko) Chrome/148.0.0.0 Safari/537.36 Edg/148.0.0.0"
190.84.116.244 - - [12/May/2026:08:08:11 -0500] "GET /callcenter/listado_por_abogado_trabajos.php?ced=72311716&nom=ROJANO%20HELD%20RICARDO HTTP/1.1" 200 15178 "http://www.asjudinet.com/callcenter/menu_abogados.php?ced=72311716&nom=ROJANO%20HELD%20RICARDO" "Mozilla/5.0 (Windows NT 10.0; Win64; x64) AppleWebKit/537.36 (KHTML, like Gecko) Chrome/148.0.0.0 Safari/537.36 Edg/148.0.0.0"
190.84.116.244 - - [12/May/2026:08:08:13 -0500] "GET /callcenter/menu_abogados.php?ced=72311716&nom=ROJANO%20HELD%20RICARDO HTTP/1.1" 200 3494 "http://www.asjudinet.com/callcenter/listado_por_abogado_trabajos.php?ced=72311716&nom=ROJANO%20HELD%20RICARDO" "Mozilla/5.0 (Windows NT 10.0; Win64; x64) AppleWebKit/537.36 (KHTML, like Gecko) Chrome/148.0.0.0 Safari/537.36 Edg/148.0.0.0"
190.84.116.244 - - [12/May/2026:08:08:13 -0500] "GET /callcenter/menu_callcenter.php?ced=72311716&nom=ROJANO%20HELD%20RICARDO HTTP/1.1" 200 11348 "http://www.asjudinet.com/callcenter/menu_abogados.php?ced=72311716&nom=ROJANO%20HELD%20RICARDO" "Mozilla/5.0 (Windows NT 10.0; Win64; x64) AppleWebKit/537.36 (KHTML, like Gecko) Chrome/148.0.0.0 Safari/537.36 Edg/148.0.0.0"
190.84.116.244 - - [12/May/2026:08:08:14 -0500] "GET /menu_admin.php HTTP/1.1" 200 55572 "http://www.asjudinet.com/callcenter/menu_callcenter.php?ced=72311716&nom=ROJANO%20HELD%20RICARDO" "Mozilla/5.0 (Windows NT 10.0; Win64; x64) AppleWebKit/537.36 (KHTML, like Gecko) Chrome/148.0.0.0 Safari/537.36 Edg/148.0.0.0"
190.85.87.250 - - [12/May/2026:08:08:15 -0500] "POST /acobranzas/consulta_ced_cob_estado_1da.php HTTP/1.1" 200 6784 "http://www.asjudinet.com/acobranzas/consulta_ced_cob_estado_1da.php" "Mozilla/5.0 (Windows NT 10.0; Win64; x64) AppleWebKit/537.36 (KHTML, like Gecko) Chrome/148.0.0.0 Safari/537.36"
190.85.87.250 - - [12/May/2026:08:08:16 -0500] "GET /acobranzas/consultar_cobranzas_vigentes.php?id=3830431&carpeta=6904&tipo=COA01 HTTP/1.1" 200 25752 "http://www.asjudinet.com/acobranzas/consulta_ced_cob_estado_1da.php" "Mozilla/5.0 (Windows NT 10.0; Win64; x64) AppleWebKit/537.36 (KHTML, like Gecko) Chrome/148.0.0.0 Safari/537.36"
190.85.87.250 - - [12/May/2026:08:08:19 -0500] "GET /acobranzas/seguimiento_cobranza_captura_vigentes.php?id=3830431&tipo=COA01&carpeta=6904 HTTP/1.1" 200 14045 "http://www.asjudinet.com/acobranzas/consultar_cobranzas_vigentes.php?id=3830431&carpeta=6904&tipo=COA01" "Mozilla/5.0 (Windows NT 10.0; Win64; x64) AppleWebKit/537.36 (KHTML, like Gecko) Chrome/148.0.0.0 Safari/537.36"
114.119.136.100 - - [12/May/2026:08:08:27 -0500] "GET /index.php/zzztvsa/39aayzpksh_liqzne72382/principal/principal/Assets/principal/principal/avigilajudicial/pages/avigilajudicial/val_usuarios_IURIS.php HTTP/1.1" 200 54693 "http://www.asjudinet.com/index.php/zzztvsa/39aayzpksh_liqzne72382/principal/principal/Assets/principal/principal/avigilajudicial/pages/avigilajudicial/val_usuarios.php" "Mozilla/5.0 (Linux; Android 7.0;) AppleWebKit/537.36 (HTML, like Gecko) Mobile Safari/537.36 (compatible; PetalBot;+https://webmaster.petalsearch.com/site/petalbot)"
190.85.87.250 - - [12/May/2026:08:08:55 -0500] "POST /afinanciera/cartera_cargar_manual_deb.php?ced2=1032397572&numcon=9187 HTTP/1.1" 200 331334 "http://www.asjudinet.com/afinanciera/cartera_cargar_manual_deb.php?ced2=1032397572&numcon=9187" "Mozilla/5.0 (Windows NT 10.0; Win64; x64) AppleWebKit/537.36 (KHTML, like Gecko) Chrome/148.0.0.0 Safari/537.36"
190.85.87.250 - - [12/May/2026:08:09:02 -0500] "POST /acobranzas/seguimiento_cobranza_captura_vigentes.php?id=3830431&tipo=COA01&carpeta=6904 HTTP/1.1" 200 14165 "http://www.asjudinet.com/acobranzas/seguimiento_cobranza_captura_vigentes.php?id=3830431&tipo=COA01&carpeta=6904" "Mozilla/5.0 (Windows NT 10.0; Win64; x64) AppleWebKit/537.36 (KHTML, like Gecko) Chrome/148.0.0.0 Safari/537.36"
190.85.87.250 - - [12/May/2026:08:09:02 -0500] "GET /acobranzas/consultar_cobranzas_vigentes.php?ced2=3830431&numcon=20202 HTTP/1.1" 200 27335 "http://www.asjudinet.com/acobranzas/seguimiento_cobranza_captura_vigentes.php?id=3830431&tipo=COA01&carpeta=6904" "Mozilla/5.0 (Windows NT 10.0; Win64; x64) AppleWebKit/537.36 (KHTML, like Gecko) Chrome/148.0.0.0 Safari/537.36"
190.85.87.250 - - [12/May/2026:08:09:15 -0500] "GET /consulta_ced_info_servi.php HTTP/1.1" 200 4523 "-" "Mozilla/5.0 (Windows NT 10.0; Win64; x64) AppleWebKit/537.36 (KHTML, like Gecko) Chrome/147.0.0.0 Safari/537.36"
190.85.87.250 - - [12/May/2026:08:09:25 -0500] "GET /index.php HTTP/1.1" 200 54693 "-" "Mozilla/5.0 (Windows NT 10.0; Win64; x64) AppleWebKit/537.36 (KHTML, like Gecko) Chrome/148.0.0.0 Safari/537.36"
190.85.87.250 - - [12/May/2026:08:09:27 -0500] "POST /afinanciera/cartera_consultar_cargar_deb.php HTTP/1.1" 200 6058 "http://www.asjudinet.com/afinanciera/cartera_consultar_cargar_deb.php" "Mozilla/5.0 (Windows NT 10.0; Win64; x64) AppleWebKit/537.36 (KHTML, like Gecko) Chrome/148.0.0.0 Safari/537.36"
190.85.87.250 - - [12/May/2026:08:09:28 -0500] "GET /afinanciera/cartera_cargar_manual_deb.php?ced2=1032397572&numcon=9187 HTTP/1.1" 200 331276 "http://www.asjudinet.com/afinanciera/cartera_consultar_cargar_deb.php" "Mozilla/5.0 (Windows NT 10.0; Win64; x64) AppleWebKit/537.36 (KHTML, like Gecko) Chrome/148.0.0.0 Safari/537.36"
190.85.87.250 - - [12/May/2026:08:09:36 -0500] "POST /consulta_ced_info_servi.php HTTP/1.1" 200 6159 "http://www.asjudinet.com/consulta_ced_info_servi.php" "Mozilla/5.0 (Windows NT 10.0; Win64; x64) AppleWebKit/537.36 (KHTML, like Gecko) Chrome/147.0.0.0 Safari/537.36"
190.85.87.250 - - [12/May/2026:08:09:42 -0500] "POST /acobranzas/cobranzas_consulta_cartera1.php HTTP/1.1" 200 5945 "http://www.asjudinet.com/acobranzas/cobranzas_consulta_cartera1.php" "Mozilla/5.0 (Windows NT 10.0; Win64; x64) AppleWebKit/537.36 (KHTML, like Gecko) Chrome/148.0.0.0 Safari/537.36"
190.85.87.250 - - [12/May/2026:08:09:43 -0500] "GET /acobranzas/cobranzas_serviasju1.php?ced2=74081306&numcon=15001 HTTP/1.1" 200 16831 "http://www.asjudinet.com/acobranzas/cobranzas_consulta_cartera1.php" "Mozilla/5.0 (Windows NT 10.0; Win64; x64) AppleWebKit/537.36 (KHTML, like Gecko) Chrome/148.0.0.0 Safari/537.36"
190.85.87.250 - - [12/May/2026:08:09:43 -0500] "GET /acobranzas/cobranzas_serviasju1.php?ced2=74081306&numcon=15001 HTTP/1.1" 200 315354 "http://www.asjudinet.com/acobranzas/cobranzas_consulta_cartera1.php" "Mozilla/5.0 (Windows NT 10.0; Win64; x64) AppleWebKit/537.36 (KHTML, like Gecko) Chrome/148.0.0.0 Safari/537.36"
114.119.142.135 - - [12/May/2026:08:09:50 -0500] "GET /index.php/zzztvsa/39aayzpksh_liqzne72382/principal/principal/Assets/principal/pages/principal/principal/contactenos.php HTTP/1.1" 200 54693 "http://www.asjudinet.com/index.php/zzztvsa/39aayzpksh_liqzne72382/principal/principal/Assets/principal/pages/principal/NoticiasImportantes.php" "Mozilla/5.0 (Linux; Android 7.0;) AppleWebKit/537.36 (HTML, like Gecko) Mobile Safari/537.36 (compatible; PetalBot;+https://webmaster.petalsearch.com/site/petalbot)"
190.85.87.250 - - [12/May/2026:08:09:56 -0500] "GET /cartera_consulta_titu_usuario.php?ced2=1124823919&numcon=37123 HTTP/1.1" 200 146171 "http://www.asjudinet.com/consulta_ced_info_servi.php" "Mozilla/5.0 (Windows NT 10.0; Win64; x64) AppleWebKit/537.36 (KHTML, like Gecko) Chrome/147.0.0.0 Safari/537.36"
190.66.52.181 - - [12/May/2026:08:10:16 -0500] "GET /index.php HTTP/1.1" 200 54693 "-" "Mozilla/5.0 (Windows NT 10.0; Win64; x64) AppleWebKit/537.36 (KHTML, like Gecko) Chrome/148.0.0.0 Safari/537.36"
190.66.52.181 - - [12/May/2026:08:10:17 -0500] "GET /css/leaflet.css HTTP/1.1" 200 13471 "http://www.asjudinet.com/index.php" "Mozilla/5.0 (Windows NT 10.0; Win64; x64) AppleWebKit/537.36 (KHTML, like Gecko) Chrome/148.0.0.0 Safari/537.36"
190.66.52.181 - - [12/May/2026:08:10:17 -0500] "GET /css/all.min.css HTTP/1.1" 200 53592 "http://www.asjudinet.com/index.php" "Mozilla/5.0 (Windows NT 10.0; Win64; x64) AppleWebKit/537.36 (KHTML, like Gecko) Chrome/148.0.0.0 Safari/537.36"
190.66.52.181 - - [12/May/2026:08:10:17 -0500] "GET /css/menu_prueba.css HTTP/1.1" 200 7408 "http://www.asjudinet.com/index.php" "Mozilla/5.0 (Windows NT 10.0; Win64; x64) AppleWebKit/537.36 (KHTML, like Gecko) Chrome/148.0.0.0 Safari/537.36"
190.66.52.181 - - [12/May/2026:08:10:17 -0500] "GET /ELEMENTS/otros/sesion.png HTTP/1.1" 200 4344 "http://www.asjudinet.com/index.php" "Mozilla/5.0 (Windows NT 10.0; Win64; x64) AppleWebKit/537.36 (KHTML, like Gecko) Chrome/148.0.0.0 Safari/537.36"
190.66.52.181 - - [12/May/2026:08:10:17 -0500] "GET /css/asjudinet.css HTTP/1.1" 200 21269 "http://www.asjudinet.com/index.php" "Mozilla/5.0 (Windows NT 10.0; Win64; x64) AppleWebKit/537.36 (KHTML, like Gecko) Chrome/148.0.0.0 Safari/537.36"
190.66.52.181 - - [12/May/2026:08:10:17 -0500] "GET /images/pse-logo.png HTTP/1.1" 200 57808 "http://www.asjudinet.com/index.php" "Mozilla/5.0 (Windows NT 10.0; Win64; x64) AppleWebKit/537.36 (KHTML, like Gecko) Chrome/148.0.0.0 Safari/537.36"
190.66.52.181 - - [12/May/2026:08:10:17 -0500] "GET /css/bootstrap.min.css HTTP/1.1" 200 140930 "http://www.asjudinet.com/index.php" "Mozilla/5.0 (Windows NT 10.0; Win64; x64) AppleWebKit/537.36 (KHTML, like Gecko) Chrome/148.0.0.0 Safari/537.36"
190.66.52.181 - - [12/May/2026:08:10:17 -0500] "GET /ELEMENTS/principal/suscri_contrato.jpg HTTP/1.1" 200 61301 "http://www.asjudinet.com/index.php" "Mozilla/5.0 (Windows NT 10.0; Win64; x64) AppleWebKit/537.36 (KHTML, like Gecko) Chrome/148.0.0.0 Safari/537.36"
190.66.52.181 - - [12/May/2026:08:10:17 -0500] "GET /ELEMENTS/principal/atenea.jpg HTTP/1.1" 200 168483 "http://www.asjudinet.com/index.php" "Mozilla/5.0 (Windows NT 10.0; Win64; x64) AppleWebKit/537.36 (KHTML, like Gecko) Chrome/148.0.0.0 Safari/537.36"
190.66.52.181 - - [12/May/2026:08:10:18 -0500] "GET /ELEMENTS/principal/login.png HTTP/1.1" 200 8013 "http://www.asjudinet.com/index.php" "Mozilla/5.0 (Windows NT 10.0; Win64; x64) AppleWebKit/537.36 (KHTML, like Gecko) Chrome/148.0.0.0 Safari/537.36"
190.66.52.181 - - [12/May/2026:08:10:18 -0500] "GET /js/bootstrap.min.js HTTP/1.1" 200 50731 "http://www.asjudinet.com/index.php" "Mozilla/5.0 (Windows NT 10.0; Win64; x64) AppleWebKit/537.36 (KHTML, like Gecko) Chrome/148.0.0.0 Safari/537.36"
190.66.52.181 - - [12/May/2026:08:10:18 -0500] "GET /js/leaflet.js HTTP/1.1" 200 141125 "http://www.asjudinet.com/index.php" "Mozilla/5.0 (Windows NT 10.0; Win64; x64) AppleWebKit/537.36 (KHTML, like Gecko) Chrome/148.0.0.0 Safari/537.36"
190.66.52.181 - - [12/May/2026:08:10:18 -0500] "GET /js/menu_prueba.js HTTP/1.1" 200 1678 "http://www.asjudinet.com/index.php" "Mozilla/5.0 (Windows NT 10.0; Win64; x64) AppleWebKit/537.36 (KHTML, like Gecko) Chrome/148.0.0.0 Safari/537.36"
190.66.52.181 - - [12/May/2026:08:10:18 -0500] "GET /js/jquery_3.3.1.js HTTP/1.1" 200 86926 "http://www.asjudinet.com/index.php" "Mozilla/5.0 (Windows NT 10.0; Win64; x64) AppleWebKit/537.36 (KHTML, like Gecko) Chrome/148.0.0.0 Safari/537.36"
190.66.52.181 - - [12/May/2026:08:10:19 -0500] "GET /ELEMENTS/principal/iuris.png HTTP/1.1" 200 165644 "http://www.asjudinet.com/index.php" "Mozilla/5.0 (Windows NT 10.0; Win64; x64) AppleWebKit/537.36 (KHTML, like Gecko) Chrome/148.0.0.0 Safari/537.36"
190.66.52.181 - - [12/May/2026:08:10:19 -0500] "GET /ELEMENTS/principal/agendarse.png HTTP/1.1" 200 72950 "http://www.asjudinet.com/index.php" "Mozilla/5.0 (Windows NT 10.0; Win64; x64) AppleWebKit/537.36 (KHTML, like Gecko) Chrome/148.0.0.0 Safari/537.36"
190.66.52.181 - - [12/May/2026:08:10:19 -0500] "GET /ELEMENTS/principal/dinero1.jpg HTTP/1.1" 200 57035 "http://www.asjudinet.com/index.php" "Mozilla/5.0 (Windows NT 10.0; Win64; x64) AppleWebKit/537.36 (KHTML, like Gecko) Chrome/148.0.0.0 Safari/537.36"
190.66.52.181 - - [12/May/2026:08:10:19 -0500] "GET /ELEMENTS/principal/callcenter1.png HTTP/1.1" 200 127656 "http://www.asjudinet.com/index.php" "Mozilla/5.0 (Windows NT 10.0; Win64; x64) AppleWebKit/537.36 (KHTML, like Gecko) Chrome/148.0.0.0 Safari/537.36"
190.66.52.181 - - [12/May/2026:08:10:19 -0500] "GET /ELEMENTS/principal/proceso22.jpg HTTP/1.1" 200 53746 "http://www.asjudinet.com/index.php" "Mozilla/5.0 (Windows NT 10.0; Win64; x64) AppleWebKit/537.36 (KHTML, like Gecko) Chrome/148.0.0.0 Safari/537.36"
190.85.87.250 - - [12/May/2026:08:10:17 -0500] "GET /callcenter/respuesta_tickets.php?cedulita=1124823919&numcon=37123&fecha=2026-05-11&atencion=106217 HTTP/1.1" 200 14590 "http://www.asjudinet.com/callcenter/solicitud_cita.php?ced=1124077740&nom=ORTIZ%20YUSNEHIDI" "Mozilla/5.0 (Windows NT 10.0; Win64; x64) AppleWebKit/537.36 (KHTML, like Gecko) Chrome/147.0.0.0 Safari/537.36"
190.66.52.181 - - [12/May/2026:08:10:19 -0500] "GET /ELEMENTS/bannerInterasjudinet.jpg HTTP/1.1" 200 286717 "http://www.asjudinet.com/css/asjudinet.css" "Mozilla/5.0 (Windows NT 10.0; Win64; x64) AppleWebKit/537.36 (KHTML, like Gecko) Chrome/148.0.0.0 Safari/537.36"
190.66.52.181 - - [12/May/2026:08:10:19 -0500] "GET /ELEMENTS/fondos/blanco.jpg HTTP/1.1" 200 28580 "http://www.asjudinet.com/css/asjudinet.css" "Mozilla/5.0 (Windows NT 10.0; Win64; x64) AppleWebKit/537.36 (KHTML, like Gecko) Chrome/148.0.0.0 Safari/537.36"
190.66.52.181 - - [12/May/2026:08:10:19 -0500] "GET /ELEMENTS/principal/icallcenter4.jpg HTTP/1.1" 200 226303 "http://www.asjudinet.com/css/asjudinet.css" "Mozilla/5.0 (Windows NT 10.0; Win64; x64) AppleWebKit/537.36 (KHTML, like Gecko) Chrome/148.0.0.0 Safari/537.36"
190.66.52.181 - - [12/May/2026:08:10:19 -0500] "GET /ELEMENTS/principal/ServicioCliente.jpg HTTP/1.1" 200 29935 "http://www.asjudinet.com/index.php" "Mozilla/5.0 (Windows NT 10.0; Win64; x64) AppleWebKit/537.36 (KHTML, like Gecko) Chrome/148.0.0.0 Safari/537.36"
190.85.191.209 - - [12/May/2026:08:10:19 -0500] "GET /index.php HTTP/1.1" 200 54693 "-" "Mozilla/5.0 (Windows NT 10.0; Win64; x64) AppleWebKit/537.36 (KHTML, like Gecko) Chrome/147.0.0.0 Safari/537.36"
190.66.52.181 - - [12/May/2026:08:10:19 -0500] "GET /ELEMENTS/principal/proceso3.png HTTP/1.1" 200 437462 "http://www.asjudinet.com/index.php" "Mozilla/5.0 (Windows NT 10.0; Win64; x64) AppleWebKit/537.36 (KHTML, like Gecko) Chrome/148.0.0.0 Safari/537.36"
190.66.52.181 - - [12/May/2026:08:10:19 -0500] "GET /webfonts/fa-brands-400.woff2 HTTP/1.1" 200 74288 "http://www.asjudinet.com/css/all.min.css" "Mozilla/5.0 (Windows NT 10.0; Win64; x64) AppleWebKit/537.36 (KHTML, like Gecko) Chrome/148.0.0.0 Safari/537.36"
190.66.52.181 - - [12/May/2026:08:10:19 -0500] "GET /ELEMENTS/principal/2.png HTTP/1.1" 200 92941 "http://www.asjudinet.com/index.php" "Mozilla/5.0 (Windows NT 10.0; Win64; x64) AppleWebKit/537.36 (KHTML, like Gecko) Chrome/148.0.0.0 Safari/537.36"
190.66.52.181 - - [12/May/2026:08:10:19 -0500] "GET /ELEMENTS/principal/seminario1.png HTTP/1.1" 200 247245 "http://www.asjudinet.com/index.php" "Mozilla/5.0 (Windows NT 10.0; Win64; x64) AppleWebKit/537.36 (KHTML, like Gecko) Chrome/148.0.0.0 Safari/537.36"
190.66.52.181 - - [12/May/2026:08:10:19 -0500] "GET /ELEMENTS/principal/1.png HTTP/1.1" 200 97076 "http://www.asjudinet.com/index.php" "Mozilla/5.0 (Windows NT 10.0; Win64; x64) AppleWebKit/537.36 (KHTML, like Gecko) Chrome/148.0.0.0 Safari/537.36"
190.66.52.181 - - [12/May/2026:08:10:20 -0500] "GET /webfonts/fa-solid-900.woff2 HTTP/1.1" 200 79100 "http://www.asjudinet.com/css/all.min.css" "Mozilla/5.0 (Windows NT 10.0; Win64; x64) AppleWebKit/537.36 (KHTML, like Gecko) Chrome/148.0.0.0 Safari/537.36"
190.66.52.181 - - [12/May/2026:08:10:19 -0500] "GET /ELEMENTS/principal/acciones_reclamar.png HTTP/1.1" 200 208890 "http://www.asjudinet.com/index.php" "Mozilla/5.0 (Windows NT 10.0; Win64; x64) AppleWebKit/537.36 (KHTML, like Gecko) Chrome/148.0.0.0 Safari/537.36"
190.66.52.181 - - [12/May/2026:08:10:20 -0500] "GET /ELEMENTS/principal/3.png HTTP/1.1" 200 77498 "http://www.asjudinet.com/index.php" "Mozilla/5.0 (Windows NT 10.0; Win64; x64) AppleWebKit/537.36 (KHTML, like Gecko) Chrome/148.0.0.0 Safari/537.36"
190.66.52.181 - - [12/May/2026:08:10:20 -0500] "GET /ELEMENTS/principal/multas1.png HTTP/1.1" 200 39231 "http://www.asjudinet.com/index.php" "Mozilla/5.0 (Windows NT 10.0; Win64; x64) AppleWebKit/537.36 (KHTML, like Gecko) Chrome/148.0.0.0 Safari/537.36"
190.66.52.181 - - [12/May/2026:08:10:20 -0500] "GET /ELEMENTS/principal/multas2.png HTTP/1.1" 200 70544 "http://www.asjudinet.com/index.php" "Mozilla/5.0 (Windows NT 10.0; Win64; x64) AppleWebKit/537.36 (KHTML, like Gecko) Chrome/148.0.0.0 Safari/537.36"
190.66.52.181 - - [12/May/2026:08:10:20 -0500] "GET /ELEMENTS/principal/LoginIuris.jpg HTTP/1.1" 200 39706 "http://www.asjudinet.com/index.php" "Mozilla/5.0 (Windows NT 10.0; Win64; x64) AppleWebKit/537.36 (KHTML, like Gecko) Chrome/148.0.0.0 Safari/537.36"
190.66.52.181 - - [12/May/2026:08:10:20 -0500] "GET /ELEMENTS/blanco.jpg HTTP/1.1" 200 28580 "http://www.asjudinet.com/css/asjudinet.css" "Mozilla/5.0 (Windows NT 10.0; Win64; x64) AppleWebKit/537.36 (KHTML, like Gecko) Chrome/148.0.0.0 Safari/537.36"
190.66.52.181 - - [12/May/2026:08:10:20 -0500] "GET /css/images/marker-icon.png HTTP/1.1" 200 1466 "http://www.asjudinet.com/css/leaflet.css" "Mozilla/5.0 (Windows NT 10.0; Win64; x64) AppleWebKit/537.36 (KHTML, like Gecko) Chrome/148.0.0.0 Safari/537.36"
190.66.52.181 - - [12/May/2026:08:10:21 -0500] "GET /css/images/marker-icon-2x.png HTTP/1.1" 200 2464 "http://www.asjudinet.com/index.php" "Mozilla/5.0 (Windows NT 10.0; Win64; x64) AppleWebKit/537.36 (KHTML, like Gecko) Chrome/148.0.0.0 Safari/537.36"
190.66.52.181 - - [12/May/2026:08:10:21 -0500] "GET /css/images/marker-shadow.png HTTP/1.1" 200 618 "http://www.asjudinet.com/index.php" "Mozilla/5.0 (Windows NT 10.0; Win64; x64) AppleWebKit/537.36 (KHTML, like Gecko) Chrome/148.0.0.0 Safari/537.36"
190.66.52.181 - - [12/May/2026:08:10:21 -0500] "GET /favicon.ico HTTP/1.1" 200 9036 "http://www.asjudinet.com/index.php" "Mozilla/5.0 (Windows NT 10.0; Win64; x64) AppleWebKit/537.36 (KHTML, like Gecko) Chrome/148.0.0.0 Safari/537.36"
190.66.52.181 - - [12/May/2026:08:10:22 -0500] "GET /val_usuarios.php HTTP/1.1" 200 7808 "http://www.asjudinet.com/index.php" "Mozilla/5.0 (Windows NT 10.0; Win64; x64) AppleWebKit/537.36 (KHTML, like Gecko) Chrome/148.0.0.0 Safari/537.36"
190.66.52.181 - - [12/May/2026:08:10:22 -0500] "GET /ELEMENTS/bannerInterasjudinet.png HTTP/1.1" 200 286717 "http://www.asjudinet.com/val_usuarios.php" "Mozilla/5.0 (Windows NT 10.0; Win64; x64) AppleWebKit/537.36 (KHTML, like Gecko) Chrome/148.0.0.0 Safari/537.36"
190.66.52.181 - - [12/May/2026:08:10:32 -0500] "POST /val_usuarios.php HTTP/1.1" 200 150 "http://www.asjudinet.com/val_usuarios.php" "Mozilla/5.0 (Windows NT 10.0; Win64; x64) AppleWebKit/537.36 (KHTML, like Gecko) Chrome/148.0.0.0 Safari/537.36"
190.66.52.181 - - [12/May/2026:08:10:32 -0500] "GET /css/menu_admin.css HTTP/1.1" 200 2437 "http://www.asjudinet.com/menu_admin.php?ced=28423690&nom=BARRERA%20PAEZ%20MARTHA%20SOCORRO&aaa=159&cargo=159" "Mozilla/5.0 (Windows NT 10.0; Win64; x64) AppleWebKit/537.36 (KHTML, like Gecko) Chrome/148.0.0.0 Safari/537.36"
190.66.52.181 - - [12/May/2026:08:10:32 -0500] "GET /menu_admin.php?ced=28423690&nom=BARRERA%20PAEZ%20MARTHA%20SOCORRO&aaa=159&cargo=159 HTTP/1.1" 200 55572 "http://www.asjudinet.com/val_usuarios.php" "Mozilla/5.0 (Windows NT 10.0; Win64; x64) AppleWebKit/537.36 (KHTML, like Gecko) Chrome/148.0.0.0 Safari/537.36"
190.66.52.181 - - [12/May/2026:08:10:33 -0500] "GET /ELEMENTS/fondolaw.jpg HTTP/1.1" 200 56543 "http://www.asjudinet.com/css/menu_admin.css" "Mozilla/5.0 (Windows NT 10.0; Win64; x64) AppleWebKit/537.36 (KHTML, like Gecko) Chrome/148.0.0.0 Safari/537.36"
190.66.52.181 - - [12/May/2026:08:10:38 -0500] "GET /callcenter/validar_callcenter.php HTTP/1.1" 200 7839 "http://www.asjudinet.com/menu_admin.php?ced=28423690&nom=BARRERA%20PAEZ%20MARTHA%20SOCORRO&aaa=159&cargo=159" "Mozilla/5.0 (Windows NT 10.0; Win64; x64) AppleWebKit/537.36 (KHTML, like Gecko) Chrome/148.0.0.0 Safari/537.36"
190.85.87.250 - - [12/May/2026:08:10:41 -0500] "POST /afinanciera/cartera_consultar_cargar_deb.php HTTP/1.1" 200 6049 "http://www.asjudinet.com/afinanciera/cartera_consultar_cargar_deb.php" "Mozilla/5.0 (Windows NT 10.0; Win64; x64) AppleWebKit/537.36 (KHTML, like Gecko) Chrome/148.0.0.0 Safari/537.36"
190.85.87.250 - - [12/May/2026:08:10:43 -0500] "GET /afinanciera/cartera_cargar_manual_deb.php?ced2=94351791&numcon=4305 HTTP/1.1" 200 354606 "http://www.asjudinet.com/afinanciera/cartera_consultar_cargar_deb.php" "Mozilla/5.0 (Windows NT 10.0; Win64; x64) AppleWebKit/537.36 (KHTML, like Gecko) Chrome/148.0.0.0 Safari/537.36"
190.66.52.181 - - [12/May/2026:08:10:48 -0500] "POST /callcenter/validar_callcenter.php HTTP/1.1" 200 7965 "http://www.asjudinet.com/callcenter/validar_callcenter.php" "Mozilla/5.0 (Windows NT 10.0; Win64; x64) AppleWebKit/537.36 (KHTML, like Gecko) Chrome/148.0.0.0 Safari/537.36"
190.66.52.181 - - [12/May/2026:08:10:48 -0500] "GET /callcenter/menu_callcenter.php?ced=28423690&nom=BARRERA%20PAEZ%20MARTHA%20SOCORRO HTTP/1.1" 200 11612 "http://www.asjudinet.com/callcenter/validar_callcenter.php" "Mozilla/5.0 (Windows NT 10.0; Win64; x64) AppleWebKit/537.36 (KHTML, like Gecko) Chrome/148.0.0.0 Safari/537.36"
190.66.52.181 - - [12/May/2026:08:10:48 -0500] "GET /ELEMENTS/fondo.jpg HTTP/1.1" 200 498245 "http://www.asjudinet.com/callcenter/menu_callcenter.php?ced=28423690&nom=BARRERA%20PAEZ%20MARTHA%20SOCORRO" "Mozilla/5.0 (Windows NT 10.0; Win64; x64) AppleWebKit/537.36 (KHTML, like Gecko) Chrome/148.0.0.0 Safari/537.36"
190.66.52.181 - - [12/May/2026:08:10:50 -0500] "GET /callcenter/validar_abogado.php?ced=28423690&nom=BARRERA%20PAEZ%20MARTHA%20SOCORRO HTTP/1.1" 200 7946 "http://www.asjudinet.com/callcenter/menu_callcenter.php?ced=28423690&nom=BARRERA%20PAEZ%20MARTHA%20SOCORRO" "Mozilla/5.0 (Windows NT 10.0; Win64; x64) AppleWebKit/537.36 (KHTML, like Gecko) Chrome/148.0.0.0 Safari/537.36"
190.85.191.209 - - [12/May/2026:08:10:58 -0500] "POST /afinanciera/cartera_consultar_cargar_deb.php HTTP/1.1" 200 6052 "http://www.asjudinet.com/afinanciera/cartera_consultar_cargar_deb.php" "Mozilla/5.0 (Windows NT 10.0; Win64; x64) AppleWebKit/537.36 (KHTML, like Gecko) Chrome/148.0.0.0 Safari/537.36"
190.66.52.181 - - [12/May/2026:08:11:00 -0500] "POST /callcenter/validar_abogado.php HTTP/1.1" 200 8035 "http://www.asjudinet.com/callcenter/validar_abogado.php?ced=28423690&nom=BARRERA%20PAEZ%20MARTHA%20SOCORRO" "Mozilla/5.0 (Windows NT 10.0; Win64; x64) AppleWebKit/537.36 (KHTML, like Gecko) Chrome/148.0.0.0 Safari/537.36"
190.66.52.181 - - [12/May/2026:08:11:00 -0500] "GET /callcenter/menu_abogados.php?ced=28423690&nom=BARRERA%20PAEZ%20MARTHA%20SOCORRO HTTP/1.1" 200 3526 "http://www.asjudinet.com/callcenter/validar_abogado.php" "Mozilla/5.0 (Windows NT 10.0; Win64; x64) AppleWebKit/537.36 (KHTML, like Gecko) Chrome/148.0.0.0 Safari/537.36"
190.85.191.209 - - [12/May/2026:08:10:59 -0500] "GET /afinanciera/cartera_cargar_manual_deb.php?ced2=18777645&numcon=8173 HTTP/1.1" 200 48307 "http://www.asjudinet.com/afinanciera/cartera_consultar_cargar_deb.php" "Mozilla/5.0 (Windows NT 10.0; Win64; x64) AppleWebKit/537.36 (KHTML, like Gecko) Chrome/148.0.0.0 Safari/537.36"
190.66.52.181 - - [12/May/2026:08:11:01 -0500] "GET /callcenter/listado_por_abogado.php?ced=28423690&nom=BARRERA%20PAEZ%20MARTHA%20SOCORRO HTTP/1.1" 200 24875 "http://www.asjudinet.com/callcenter/menu_abogados.php?ced=28423690&nom=BARRERA%20PAEZ%20MARTHA%20SOCORRO" "Mozilla/5.0 (Windows NT 10.0; Win64; x64) AppleWebKit/537.36 (KHTML, like Gecko) Chrome/148.0.0.0 Safari/537.36"
190.66.52.181 - - [12/May/2026:08:11:06 -0500] "GET /callcenter/css/estilos.css HTTP/1.1" 200 1386 "http://www.asjudinet.com/callcenter/respuesta_abogado.php?cedulita=77181055&numcon=8993&atencion=105734&funcionario=28423690" "Mozilla/5.0 (Windows NT 10.0; Win64; x64) AppleWebKit/537.36 (KHTML, like Gecko) Chrome/148.0.0.0 Safari/537.36"
190.66.52.181 - - [12/May/2026:08:11:05 -0500] "GET /callcenter/respuesta_abogado.php?cedulita=77181055&numcon=8993&atencion=105734&funcionario=28423690 HTTP/1.1" 200 15987 "http://www.asjudinet.com/callcenter/listado_por_abogado.php?ced=28423690&nom=BARRERA%20PAEZ%20MARTHA%20SOCORRO" "Mozilla/5.0 (Windows NT 10.0; Win64; x64) AppleWebKit/537.36 (KHTML, like Gecko) Chrome/148.0.0.0 Safari/537.36"
190.85.87.250 - - [12/May/2026:08:10:08 -0500] "POST /callcenter/solicitud_cita.php?ced=1124077740&nom=ORTIZ%20YUSNEHIDI HTTP/1.1" 200 9614 "http://www.asjudinet.com/callcenter/solicitud_cita.php?ced=1124077740&nom=ORTIZ%20YUSNEHIDI" "Mozilla/5.0 (Windows NT 10.0; Win64; x64) AppleWebKit/537.36 (KHTML, like Gecko) Chrome/147.0.0.0 Safari/537.36"
114.119.142.179 - - [12/May/2026:08:11:17 -0500] "GET /index.php/zzztvsa/39aayzpksh_liqzne72382/principal/principal/Assets/principal/pages/principal/avigilajudicial/principal/video_empresa.php HTTP/1.1" 200 54693 "http://www.asjudinet.com/index.php/zzztvsa/39aayzpksh_liqzne72382/principal/principal/Assets/principal/pages/principal/avigilajudicial/formulario_seminario_dih.php" "Mozilla/5.0 (Linux; Android 7.0;) AppleWebKit/537.36 (HTML, like Gecko) Mobile Safari/537.36 (compatible; PetalBot;+https://webmaster.petalsearch.com/site/petalbot)"
190.85.191.209 - - [12/May/2026:08:11:23 -0500] "POST /afinanciera/cartera_cargar_manual_deb.php?ced2=18777645&numcon=8173 HTTP/1.1" 200 50068 "http://www.asjudinet.com/afinanciera/cartera_cargar_manual_deb.php?ced2=18777645&numcon=8173" "Mozilla/5.0 (Windows NT 10.0; Win64; x64) AppleWebKit/537.36 (KHTML, like Gecko) Chrome/148.0.0.0 Safari/537.36"
190.85.87.250 - - [12/May/2026:08:11:23 -0500] "POST /afinanciera/cartera_cargar_manual_deb.php?ced2=94351791&numcon=4305 HTTP/1.1" 200 356356 "http://www.asjudinet.com/afinanciera/cartera_cargar_manual_deb.php?ced2=94351791&numcon=4305" "Mozilla/5.0 (Windows NT 10.0; Win64; x64) AppleWebKit/537.36 (KHTML, like Gecko) Chrome/148.0.0.0 Safari/537.36"
190.85.191.209 - - [12/May/2026:08:11:34 -0500] "POST /afinanciera/cartera_consultar_cargar_deb.php HTTP/1.1" 200 5273 "http://www.asjudinet.com/afinanciera/cartera_consultar_cargar_deb.php" "Mozilla/5.0 (Windows NT 10.0; Win64; x64) AppleWebKit/537.36 (KHTML, like Gecko) Chrome/148.0.0.0 Safari/537.36"
190.85.191.209 - - [12/May/2026:08:11:41 -0500] "POST /afinanciera/cartera_consultar_cargar_deb.php HTTP/1.1" 200 6053 "http://www.asjudinet.com/afinanciera/cartera_consultar_cargar_deb.php" "Mozilla/5.0 (Windows NT 10.0; Win64; x64) AppleWebKit/537.36 (KHTML, like Gecko) Chrome/148.0.0.0 Safari/537.36"
190.85.191.209 - - [12/May/2026:08:11:43 -0500] "GET /afinanciera/cartera_cargar_manual_deb.php?ced2=15488978&numcon=11528 HTTP/1.1" 200 326172 "http://www.asjudinet.com/afinanciera/cartera_consultar_cargar_deb.php" "Mozilla/5.0 (Windows NT 10.0; Win64; x64) AppleWebKit/537.36 (KHTML, like Gecko) Chrome/148.0.0.0 Safari/537.36"
190.85.87.250 - - [12/May/2026:08:11:50 -0500] "POST /afinanciera/cartera_consultar_cargar_deb.php HTTP/1.1" 200 6056 "http://www.asjudinet.com/afinanciera/cartera_consultar_cargar_deb.php" "Mozilla/5.0 (Windows NT 10.0; Win64; x64) AppleWebKit/537.36 (KHTML, like Gecko) Chrome/148.0.0.0 Safari/537.36"
190.85.87.250 - - [12/May/2026:08:11:52 -0500] "GET /afinanciera/cartera_cargar_manual_deb.php?ced2=1105681834&numcon=28111 HTTP/1.1" 200 210581 "http://www.asjudinet.com/afinanciera/cartera_consultar_cargar_deb.php" "Mozilla/5.0 (Windows NT 10.0; Win64; x64) AppleWebKit/537.36 (KHTML, like Gecko) Chrome/148.0.0.0 Safari/537.36"
190.85.87.250 - - [12/May/2026:08:11:56 -0500] "POST /acobranzas/cobranzas_consulta_cartera1.php HTTP/1.1" 200 5953 "http://www.asjudinet.com/acobranzas/cobranzas_consulta_cartera1.php" "Mozilla/5.0 (Windows NT 10.0; Win64; x64) AppleWebKit/537.36 (KHTML, like Gecko) Chrome/148.0.0.0 Safari/537.36"
190.84.116.244 - - [12/May/2026:08:11:56 -0500] "GET /listado_procesos_abogados.php HTTP/1.1" 200 21366 "http://www.asjudinet.com/menu_admin.php" "Mozilla/5.0 (Windows NT 10.0; Win64; x64) AppleWebKit/537.36 (KHTML, like Gecko) Chrome/148.0.0.0 Safari/537.36 Edg/148.0.0.0"
190.85.87.250 - - [12/May/2026:08:11:58 -0500] "GET /acobranzas/cobranzas_serviasju1.php?ced2=1006494074&numcon=47603 HTTP/1.1" 200 15131 "http://www.asjudinet.com/acobranzas/cobranzas_consulta_cartera1.php" "Mozilla/5.0 (Windows NT 10.0; Win64; x64) AppleWebKit/537.36 (KHTML, like Gecko) Chrome/148.0.0.0 Safari/537.36"
190.85.87.250 - - [12/May/2026:08:11:58 -0500] "GET /acobranzas/cobranzas_serviasju1.php?ced2=1006494074&numcon=47603 HTTP/1.1" 200 15131 "http://www.asjudinet.com/acobranzas/cobranzas_consulta_cartera1.php" "Mozilla/5.0 (Windows NT 10.0; Win64; x64) AppleWebKit/537.36 (KHTML, like Gecko) Chrome/148.0.0.0 Safari/537.36"
190.85.87.250 - - [12/May/2026:08:12:03 -0500] "POST /acobranzas/consulta_ced_cob_estado_1da.php HTTP/1.1" 200 6787 "http://www.asjudinet.com/acobranzas/consulta_ced_cob_estado_1da.php" "Mozilla/5.0 (Windows NT 10.0; Win64; x64) AppleWebKit/537.36 (KHTML, like Gecko) Chrome/148.0.0.0 Safari/537.36"
190.85.87.250 - - [12/May/2026:08:12:04 -0500] "GET /acobranzas/consultar_cobranzas_vigentes.php?id=1006494074&carpeta=17069&tipo=INT01 HTTP/1.1" 200 17873 "http://www.asjudinet.com/acobranzas/consulta_ced_cob_estado_1da.php" "Mozilla/5.0 (Windows NT 10.0; Win64; x64) AppleWebKit/537.36 (KHTML, like Gecko) Chrome/148.0.0.0 Safari/537.36"
190.84.116.244 - - [12/May/2026:08:12:04 -0500] "GET /listado_procesos_abogados.php?criterio=830 HTTP/1.1" 200 23518 "http://www.asjudinet.com/listado_procesos_abogados.php" "Mozilla/5.0 (Windows NT 10.0; Win64; x64) AppleWebKit/537.36 (KHTML, like Gecko) Chrome/148.0.0.0 Safari/537.36 Edg/148.0.0.0"
190.85.87.250 - - [12/May/2026:08:12:07 -0500] "GET /acobranzas/seguimiento_cobranza_captura_vigentes.php?id=1006494074&tipo=INT01&carpeta=17069 HTTP/1.1" 200 14015 "http://www.asjudinet.com/acobranzas/consultar_cobranzas_vigentes.php?id=1006494074&carpeta=17069&tipo=INT01" "Mozilla/5.0 (Windows NT 10.0; Win64; x64) AppleWebKit/537.36 (KHTML, like Gecko) Chrome/148.0.0.0 Safari/537.36"
190.84.116.244 - - [12/May/2026:08:12:07 -0500] "GET /listado_procesos_abogados.php?pagina=2&orden=numero_proceso&criterio=830 HTTP/1.1" 200 23605 "http://www.asjudinet.com/listado_procesos_abogados.php?criterio=830" "Mozilla/5.0 (Windows NT 10.0; Win64; x64) AppleWebKit/537.36 (KHTML, like Gecko) Chrome/148.0.0.0 Safari/537.36 Edg/148.0.0.0"
190.85.87.250 - - [12/May/2026:08:12:22 -0500] "POST /afinanciera/cartera_cargar_manual_deb.php?ced2=1105681834&numcon=28111 HTTP/1.1" 200 212332 "http://www.asjudinet.com/afinanciera/cartera_cargar_manual_deb.php?ced2=1105681834&numcon=28111" "Mozilla/5.0 (Windows NT 10.0; Win64; x64) AppleWebKit/537.36 (KHTML, like Gecko) Chrome/148.0.0.0 Safari/537.36"
190.66.52.181 - - [12/May/2026:08:12:30 -0500] "POST /callcenter/respuesta_abogado.php?cedulita=77181055&numcon=8993&atencion=105734&funcionario=28423690 HTTP/1.1" 200 16595 "http://www.asjudinet.com/callcenter/respuesta_abogado.php?cedulita=77181055&numcon=8993&atencion=105734&funcionario=28423690" "Mozilla/5.0 (Windows NT 10.0; Win64; x64) AppleWebKit/537.36 (KHTML, like Gecko) Chrome/148.0.0.0 Safari/537.36"
190.66.52.181 - - [12/May/2026:08:12:34 -0500] "GET /callcenter/respuesta_abogado.php?cedulita=1099546814&numcon=27580&atencion=105736&funcionario=28423690 HTTP/1.1" 200 16155 "http://www.asjudinet.com/callcenter/listado_por_abogado.php?ced=28423690&nom=BARRERA%20PAEZ%20MARTHA%20SOCORRO" "Mozilla/5.0 (Windows NT 10.0; Win64; x64) AppleWebKit/537.36 (KHTML, like Gecko) Chrome/148.0.0.0 Safari/537.36"
190.85.87.250 - - [12/May/2026:08:12:40 -0500] "POST /afinanciera/cartera_consultar_cargar_deb.php HTTP/1.1" 200 6059 "http://www.asjudinet.com/afinanciera/cartera_consultar_cargar_deb.php" "Mozilla/5.0 (Windows NT 10.0; Win64; x64) AppleWebKit/537.36 (KHTML, like Gecko) Chrome/148.0.0.0 Safari/537.36"
190.85.87.250 - - [12/May/2026:08:12:41 -0500] "GET /afinanciera/cartera_cargar_manual_deb.php?ced2=1100543929&numcon=14276 HTTP/1.1" 200 262474 "http://www.asjudinet.com/afinanciera/cartera_consultar_cargar_deb.php" "Mozilla/5.0 (Windows NT 10.0; Win64; x64) AppleWebKit/537.36 (KHTML, like Gecko) Chrome/148.0.0.0 Safari/537.36"
114.119.137.103 - - [12/May/2026:08:12:44 -0500] "GET /index.php/zzztvsa/39aayzpksh_liqzne72382/principal/principal/Assets/principal/pages/principal/avigilajudicial/avigilajudicial/validar_usuarios_pagina.php HTTP/1.1" 200 54693 "http://www.asjudinet.com/index.php/zzztvsa/39aayzpksh_liqzne72382/principal/principal/Assets/principal/pages/principal/avigilajudicial/avigilajudicial/val_usuarios.php" "Mozilla/5.0 (Linux; Android 7.0;) AppleWebKit/537.36 (HTML, like Gecko) Mobile Safari/537.36 (compatible; PetalBot;+https://webmaster.petalsearch.com/site/petalbot)"
190.85.191.209 - - [12/May/2026:08:13:13 -0500] "GET /index.php HTTP/1.1" 200 54693 "-" "Mozilla/5.0 (Windows NT 10.0; Win64; x64) AppleWebKit/537.36 (KHTML, like Gecko) Chrome/147.0.0.0 Safari/537.36"
190.85.191.209 - - [12/May/2026:08:13:23 -0500] "GET /val_usuarios.php HTTP/1.1" 200 7808 "http://www.asjudinet.com/index.php" "Mozilla/5.0 (Windows NT 10.0; Win64; x64) AppleWebKit/537.36 (KHTML, like Gecko) Chrome/147.0.0.0 Safari/537.36"
190.66.52.181 - - [12/May/2026:08:13:27 -0500] "POST /callcenter/respuesta_abogado.php?cedulita=1099546814&numcon=27580&atencion=105736&funcionario=28423690 HTTP/1.1" 200 16705 "http://www.asjudinet.com/callcenter/respuesta_abogado.php?cedulita=1099546814&numcon=27580&atencion=105736&funcionario=28423690" "Mozilla/5.0 (Windows NT 10.0; Win64; x64) AppleWebKit/537.36 (KHTML, like Gecko) Chrome/148.0.0.0 Safari/537.36"
191.95.128.55 - - [12/May/2026:08:13:33 -0500] "GET /index.php HTTP/1.1" 200 24550 "-" "Mozilla/5.0 (Windows NT 10.0; Win64; x64) AppleWebKit/537.36 (KHTML, like Gecko) Chrome/122.0.0.0 Safari/537.36"
191.95.128.55 - - [12/May/2026:08:13:33 -0500] "GET /index.php HTTP/1.1" 200 54693 "-" "Mozilla/5.0 (Windows NT 10.0; Win64; x64) AppleWebKit/537.36 (KHTML, like Gecko) Chrome/122.0.0.0 Safari/537.36"
190.66.52.181 - - [12/May/2026:08:13:33 -0500] "GET /callcenter/respuesta_abogado.php?cedulita=77181055&numcon=8993&atencion=105742&funcionario=28423690 HTTP/1.1" 200 15848 "http://www.asjudinet.com/callcenter/listado_por_abogado.php?ced=28423690&nom=BARRERA%20PAEZ%20MARTHA%20SOCORRO" "Mozilla/5.0 (Windows NT 10.0; Win64; x64) AppleWebKit/537.36 (KHTML, like Gecko) Chrome/148.0.0.0 Safari/537.36"
191.95.128.55 - - [12/May/2026:08:13:41 -0500] "GET /val_usuarios.php HTTP/1.1" 200 7808 "http://www.asjudinet.com/index.php" "Mozilla/5.0 (Windows NT 10.0; Win64; x64) AppleWebKit/537.36 (KHTML, like Gecko) Chrome/122.0.0.0 Safari/537.36"
191.95.128.55 - - [12/May/2026:08:13:46 -0500] "POST /val_usuarios.php HTTP/1.1" 200 153 "http://www.asjudinet.com/val_usuarios.php" "Mozilla/5.0 (Windows NT 10.0; Win64; x64) AppleWebKit/537.36 (KHTML, like Gecko) Chrome/122.0.0.0 Safari/537.36"
191.95.128.55 - - [12/May/2026:08:13:46 -0500] "GET /menu_admin.php?ced=2789272&nom=JIMENEZ%20ESPITIA%20GABRIEL%20ANTONIO&aaa=658&cargo=658 HTTP/1.1" 200 55572 "http://www.asjudinet.com/val_usuarios.php" "Mozilla/5.0 (Windows NT 10.0; Win64; x64) AppleWebKit/537.36 (KHTML, like Gecko) Chrome/122.0.0.0 Safari/537.36"
191.95.128.55 - - [12/May/2026:08:13:53 -0500] "GET /ELEMENTOS/CABEZOTE%20SERVIASJUDINET.jpg HTTP/1.1" 200 74493 "http://www.asjudinet.com/listado_procesos_abogados.php" "Mozilla/5.0 (Windows NT 10.0; Win64; x64) AppleWebKit/537.36 (KHTML, like Gecko) Chrome/122.0.0.0 Safari/537.36"
190.85.87.250 - - [12/May/2026:08:13:51 -0500] "POST /afinanciera/cartera_cargar_manual_deb.php?ced2=1100543929&numcon=14276 HTTP/1.1" 200 264224 "http://www.asjudinet.com/afinanciera/cartera_cargar_manual_deb.php?ced2=1100543929&numcon=14276" "Mozilla/5.0 (Windows NT 10.0; Win64; x64) AppleWebKit/537.36 (KHTML, like Gecko) Chrome/148.0.0.0 Safari/537.36"
191.95.128.55 - - [12/May/2026:08:13:53 -0500] "GET /listado_procesos_abogados.php HTTP/1.1" 200 21366 "http://www.asjudinet.com/menu_admin.php?ced=2789272&nom=JIMENEZ%20ESPITIA%20GABRIEL%20ANTONIO&aaa=658&cargo=658" "Mozilla/5.0 (Windows NT 10.0; Win64; x64) AppleWebKit/537.36 (KHTML, like Gecko) Chrome/122.0.0.0 Safari/537.36"
191.95.128.55 - - [12/May/2026:08:14:03 -0500] "GET /listado_procesos_abogados.php?criterio=658 HTTP/1.1" 200 23399 "http://www.asjudinet.com/listado_procesos_abogados.php" "Mozilla/5.0 (Windows NT 10.0; Win64; x64) AppleWebKit/537.36 (KHTML, like Gecko) Chrome/122.0.0.0 Safari/537.36"
190.85.87.250 - - [12/May/2026:08:14:11 -0500] "POST /acobranzas/seguimiento_cobranza_captura_vigentes.php?id=1006494074&tipo=INT01&carpeta=17069 HTTP/1.1" 200 14138 "http://www.asjudinet.com/acobranzas/seguimiento_cobranza_captura_vigentes.php?id=1006494074&tipo=INT01&carpeta=17069" "Mozilla/5.0 (Windows NT 10.0; Win64; x64) AppleWebKit/537.36 (KHTML, like Gecko) Chrome/148.0.0.0 Safari/537.36"
190.85.87.250 - - [12/May/2026:08:14:12 -0500] "GET /acobranzas/consultar_cobranzas_vigentes.php?ced2=1006494074&numcon=47603 HTTP/1.1" 200 27335 "http://www.asjudinet.com/acobranzas/seguimiento_cobranza_captura_vigentes.php?id=1006494074&tipo=INT01&carpeta=17069" "Mozilla/5.0 (Windows NT 10.0; Win64; x64) AppleWebKit/537.36 (KHTML, like Gecko) Chrome/148.0.0.0 Safari/537.36"
114.119.130.177 - - [12/May/2026:08:14:13 -0500] "GET /index.php/zzztvsa/39aayzpksh_liqzne72382/principal/principal/Assets/principal/pages/pages/principal/val_usuarios.php HTTP/1.1" 200 54693 "http://www.asjudinet.com/index.php/zzztvsa/39aayzpksh_liqzne72382/principal/principal/Assets/principal/pages/pages/principal/lista_email.php" "Mozilla/5.0 (Linux; Android 7.0;) AppleWebKit/537.36 (HTML, like Gecko) Mobile Safari/537.36 (compatible; PetalBot;+https://webmaster.petalsearch.com/site/petalbot)"
190.85.87.250 - - [12/May/2026:08:14:25 -0500] "-" 408 - "-" "-"
190.85.87.250 - - [12/May/2026:08:14:25 -0500] "POST /acobranzas/cobranzas_consulta_cartera1.php HTTP/1.1" 200 5939 "http://www.asjudinet.com/acobranzas/cobranzas_consulta_cartera1.php" "Mozilla/5.0 (Windows NT 10.0; Win64; x64) AppleWebKit/537.36 (KHTML, like Gecko) Chrome/148.0.0.0 Safari/537.36"
190.66.52.181 - - [12/May/2026:08:14:26 -0500] "POST /callcenter/respuesta_abogado.php?cedulita=77181055&numcon=8993&atencion=105742&funcionario=28423690 HTTP/1.1" 200 16343 "http://www.asjudinet.com/callcenter/respuesta_abogado.php?cedulita=77181055&numcon=8993&atencion=105742&funcionario=28423690" "Mozilla/5.0 (Windows NT 10.0; Win64; x64) AppleWebKit/537.36 (KHTML, like Gecko) Chrome/148.0.0.0 Safari/537.36"
190.85.87.250 - - [12/May/2026:08:14:26 -0500] "GET /acobranzas/cobranzas_serviasju1.php?ced2=91473209&numcon=7229 HTTP/1.1" 200 15118 "http://www.asjudinet.com/acobranzas/cobranzas_consulta_cartera1.php" "Mozilla/5.0 (Windows NT 10.0; Win64; x64) AppleWebKit/537.36 (KHTML, like Gecko) Chrome/148.0.0.0 Safari/537.36"
