201.219.114.2 - - [12/May/2026:09:08:39 -0500] "POST /principal/consultar_contratos_escaneados_correo.php HTTP/1.1" 200 6096 "http://www.asjudinet.com/principal/consultar_contratos_escaneados_correo.php" "Mozilla/5.0 (Windows NT 10.0; Win64; x64) AppleWebKit/537.36 (KHTML, like Gecko) Chrome/147.0.0.0 Safari/537.36"
201.219.114.2 - - [12/May/2026:09:08:48 -0500] "POST /principal/consultar_contratos_escaneados_correo.php HTTP/1.1" 200 6096 "http://www.asjudinet.com/principal/consultar_contratos_escaneados_correo.php" "Mozilla/5.0 (Windows NT 10.0; Win64; x64) AppleWebKit/537.36 (KHTML, like Gecko) Chrome/147.0.0.0 Safari/537.36"
190.85.87.250 - - [12/May/2026:09:08:49 -0500] "GET /afinanciera/menu_cartera_debito.php HTTP/1.1" 200 38627 "http://www.asjudinet.com/afinanciera/cartera_consulta_titu_usuario.php?ced2=1069924369&numcon=23529" "Mozilla/5.0 (Windows NT 10.0; Win64; x64) AppleWebKit/537.36 (KHTML, like Gecko) Chrome/148.0.0.0 Safari/537.36"
190.85.87.250 - - [12/May/2026:09:08:51 -0500] "GET /afinanciera/cartera_consul_titu_deb.php HTTP/1.1" 200 5181 "http://www.asjudinet.com/afinanciera/menu_cartera_debito.php" "Mozilla/5.0 (Windows NT 10.0; Win64; x64) AppleWebKit/537.36 (KHTML, like Gecko) Chrome/148.0.0.0 Safari/537.36"
190.85.191.209 - - [12/May/2026:09:08:55 -0500] "GET /callcenter/validar_recepcionistas.php?ced=1013262853&nom=CASTRO%20ZAPATA%20MARIA%20JOSE HTTP/1.1" 200 7962 "http://www.asjudinet.com/callcenter/menu_callcenter.php?ced=1013262853&nom=CASTRO%20ZAPATA%20MARIA%20JOSE" "Mozilla/5.0 (Windows NT 10.0; Win64; x64) AppleWebKit/537.36 (KHTML, like Gecko) Chrome/148.0.0.0 Safari/537.36"
190.85.191.209 - - [12/May/2026:09:08:57 -0500] "POST /callcenter/validar_recepcionistas.php HTTP/1.1" 200 8052 "http://www.asjudinet.com/callcenter/validar_recepcionistas.php?ced=1013262853&nom=CASTRO%20ZAPATA%20MARIA%20JOSE" "Mozilla/5.0 (Windows NT 10.0; Win64; x64) AppleWebKit/537.36 (KHTML, like Gecko) Chrome/148.0.0.0 Safari/537.36"
190.85.191.209 - - [12/May/2026:09:08:57 -0500] "GET /callcenter/solicitud_cita.php?ced=1013262853&nom=CASTRO%20ZAPATA%20MARIA%20JOSE HTTP/1.1" 200 5672 "http://www.asjudinet.com/callcenter/validar_recepcionistas.php" "Mozilla/5.0 (Windows NT 10.0; Win64; x64) AppleWebKit/537.36 (KHTML, like Gecko) Chrome/148.0.0.0 Safari/537.36"
190.85.87.250 - - [12/May/2026:09:08:56 -0500] "POST /afinanciera/cartera_consul_titu_deb.php HTTP/1.1" 200 6055 "http://www.asjudinet.com/afinanciera/cartera_consul_titu_deb.php" "Mozilla/5.0 (Windows NT 10.0; Win64; x64) AppleWebKit/537.36 (KHTML, like Gecko) Chrome/148.0.0.0 Safari/537.36"
190.85.87.250 - - [12/May/2026:09:08:58 -0500] "GET /afinanciera/cartera_consulta_titu_usuario.php?ced2=88190573&numcon=23730 HTTP/1.1" 200 261821 "http://www.asjudinet.com/afinanciera/cartera_consul_titu_deb.php" "Mozilla/5.0 (Windows NT 10.0; Win64; x64) AppleWebKit/537.36 (KHTML, like Gecko) Chrome/148.0.0.0 Safari/537.36"
190.85.191.209 - - [12/May/2026:09:09:00 -0500] "GET /callcenter/solicitud_cita_ingreso.php?numcon=32085&cedulita=1047495107&funcionario=1013262853 HTTP/1.1" 200 49030 "http://www.asjudinet.com/callcenter/solicitud_cita.php?ced=1013262853&nom=CASTRO%20ZAPATA%20MARIA%20JOSE" "Mozilla/5.0 (Windows NT 10.0; Win64; x64) AppleWebKit/537.36 (KHTML, like Gecko) Chrome/148.0.0.0 Safari/537.36"
190.85.87.250 - - [12/May/2026:09:09:09 -0500] "GET /afinanciera/menu_cartera_debito.php HTTP/1.1" 200 38627 "http://www.asjudinet.com/afinanciera/cartera_consulta_titu_usuario.php?ced2=88190573&numcon=23730" "Mozilla/5.0 (Windows NT 10.0; Win64; x64) AppleWebKit/537.36 (KHTML, like Gecko) Chrome/148.0.0.0 Safari/537.36"
190.85.87.250 - - [12/May/2026:09:09:10 -0500] "GET /afinanciera/cartera_consul_titu_deb.php HTTP/1.1" 200 5181 "http://www.asjudinet.com/afinanciera/menu_cartera_debito.php" "Mozilla/5.0 (Windows NT 10.0; Win64; x64) AppleWebKit/537.36 (KHTML, like Gecko) Chrome/148.0.0.0 Safari/537.36"
190.85.87.250 - - [12/May/2026:09:09:14 -0500] "POST /afinanciera/cartera_consul_titu_deb.php HTTP/1.1" 200 6056 "http://www.asjudinet.com/afinanciera/cartera_consul_titu_deb.php" "Mozilla/5.0 (Windows NT 10.0; Win64; x64) AppleWebKit/537.36 (KHTML, like Gecko) Chrome/148.0.0.0 Safari/537.36"
190.85.87.250 - - [12/May/2026:09:09:16 -0500] "GET /afinanciera/cartera_consulta_titu_usuario.php?ced2=74357655&numcon=23627 HTTP/1.1" 200 261187 "http://www.asjudinet.com/afinanciera/cartera_consul_titu_deb.php" "Mozilla/5.0 (Windows NT 10.0; Win64; x64) AppleWebKit/537.36 (KHTML, like Gecko) Chrome/148.0.0.0 Safari/537.36"
190.85.87.250 - - [12/May/2026:09:09:48 -0500] "POST /afinanciera/cartera_consultar_cargar_deb.php HTTP/1.1" 200 6493 "http://www.asjudinet.com/afinanciera/cartera_consultar_cargar_deb.php" "Mozilla/5.0 (Windows NT 10.0; Win64; x64) AppleWebKit/537.36 (KHTML, like Gecko) Chrome/148.0.0.0 Safari/537.36"
190.85.87.250 - - [12/May/2026:09:09:52 -0500] "GET /afinanciera/cartera_cargar_manual_deb.php?ced2=79721454&numcon=9813 HTTP/1.1" 200 164267 "http://www.asjudinet.com/afinanciera/cartera_consultar_cargar_deb.php" "Mozilla/5.0 (Windows NT 10.0; Win64; x64) AppleWebKit/537.36 (KHTML, like Gecko) Chrome/148.0.0.0 Safari/537.36"
190.85.87.250 - - [12/May/2026:09:09:56 -0500] "GET /afinanciera/cartera_cargar_manual_deb.php?ced2=79721454&numcon=9813A HTTP/1.1" 200 176862 "http://www.asjudinet.com/afinanciera/cartera_consultar_cargar_deb.php" "Mozilla/5.0 (Windows NT 10.0; Win64; x64) AppleWebKit/537.36 (KHTML, like Gecko) Chrome/148.0.0.0 Safari/537.36"
190.85.191.209 - - [12/May/2026:09:08:59 -0500] "POST /callcenter/solicitud_cita.php?ced=1013262853&nom=CASTRO%20ZAPATA%20MARIA%20JOSE HTTP/1.1" 200 10152 "http://www.asjudinet.com/callcenter/solicitud_cita.php?ced=1013262853&nom=CASTRO%20ZAPATA%20MARIA%20JOSE" "Mozilla/5.0 (Windows NT 10.0; Win64; x64) AppleWebKit/537.36 (KHTML, like Gecko) Chrome/148.0.0.0 Safari/537.36"
114.119.150.5 - - [12/May/2026:09:09:58 -0500] "GET /index.php/zzztvsa/39aayzpksh_liqzne72382/principal/avigilajudicial/principal/pages/principal/video_empresa.php HTTP/1.1" 200 54693 "http://www.asjudinet.com/index.php/zzztvsa/39aayzpksh_liqzne72382/principal/avigilajudicial/principal/pages/menu_creditos_rotativos.php" "Mozilla/5.0 (Linux; Android 7.0;) AppleWebKit/537.36 (KHTML, like Gecko) Mobile Safari/537.36 (compatible; PetalBot;+https://webmaster.petalsearch.com/site/petalbot)"
190.85.87.250 - - [12/May/2026:09:10:23 -0500] "GET /afinanciera/menu_cartera_debito.php HTTP/1.1" 200 38627 "http://www.asjudinet.com/afinanciera/cartera_consulta_titu_usuario.php?ced2=74357655&numcon=23627" "Mozilla/5.0 (Windows NT 10.0; Win64; x64) AppleWebKit/537.36 (KHTML, like Gecko) Chrome/148.0.0.0 Safari/537.36"
190.85.87.250 - - [12/May/2026:09:10:24 -0500] "GET /afinanciera/cartera_consul_titu_deb.php HTTP/1.1" 200 5181 "http://www.asjudinet.com/afinanciera/menu_cartera_debito.php" "Mozilla/5.0 (Windows NT 10.0; Win64; x64) AppleWebKit/537.36 (KHTML, like Gecko) Chrome/148.0.0.0 Safari/537.36"
190.85.87.250 - - [12/May/2026:09:10:28 -0500] "POST /afinanciera/cartera_consul_titu_deb.php HTTP/1.1" 200 6050 "http://www.asjudinet.com/afinanciera/cartera_consul_titu_deb.php" "Mozilla/5.0 (Windows NT 10.0; Win64; x64) AppleWebKit/537.36 (KHTML, like Gecko) Chrome/148.0.0.0 Safari/537.36"
190.85.87.250 - - [12/May/2026:09:10:30 -0500] "GET /afinanciera/cartera_consulta_titu_usuario.php?ced2=75003836&numcon=32588 HTTP/1.1" 200 182353 "http://www.asjudinet.com/afinanciera/cartera_consul_titu_deb.php" "Mozilla/5.0 (Windows NT 10.0; Win64; x64) AppleWebKit/537.36 (KHTML, like Gecko) Chrome/148.0.0.0 Safari/537.36"
190.85.87.250 - - [12/May/2026:09:10:31 -0500] "POST /afinanciera/cartera_cargar_manual_deb.php?ced2=79721454&numcon=9813A HTTP/1.1" 200 178612 "http://www.asjudinet.com/afinanciera/cartera_cargar_manual_deb.php?ced2=79721454&numcon=9813A" "Mozilla/5.0 (Windows NT 10.0; Win64; x64) AppleWebKit/537.36 (KHTML, like Gecko) Chrome/148.0.0.0 Safari/537.36"
185.104.164.156 - - [12/May/2026:09:10:34 -0500] "GET /validar_histoser.php HTTP/1.1" 200 21741 "http://www.asjudinet.com/menu_admin.php?ced=34973320&nom=JALAL%20JULIO%20YAMILE&aaa=126&cargo=126" "Mozilla/5.0 (Windows NT 10.0; Win64; x64) AppleWebKit/537.36 (KHTML, like Gecko) Chrome/147.0.0.0 Safari/537.36"
185.104.164.156 - - [12/May/2026:09:10:34 -0500] "GET /themes//style/style.css HTTP/1.1" 404 - "http://www.asjudinet.com/validar_histoser.php" "Mozilla/5.0 (Windows NT 10.0; Win64; x64) AppleWebKit/537.36 (KHTML, like Gecko) Chrome/147.0.0.0 Safari/537.36"
185.104.164.156 - - [12/May/2026:09:10:44 -0500] "POST /validar_histoser.php HTTP/1.1" 200 19236 "http://www.asjudinet.com/validar_histoser.php" "Mozilla/5.0 (Windows NT 10.0; Win64; x64) AppleWebKit/537.36 (KHTML, like Gecko) Chrome/147.0.0.0 Safari/537.36"
185.104.164.156 - - [12/May/2026:09:10:44 -0500] "GET /themes//style/style.css HTTP/1.1" 404 - "http://www.asjudinet.com/validar_histoser.php" "Mozilla/5.0 (Windows NT 10.0; Win64; x64) AppleWebKit/537.36 (KHTML, like Gecko) Chrome/147.0.0.0 Safari/537.36"
185.104.164.156 - - [12/May/2026:09:10:44 -0500] "GET /menu_histoser.php?ced=34973320&nom=JALAL%20JULIO%20YAMILE HTTP/1.1" 200 16590 "http://www.asjudinet.com/validar_histoser.php" "Mozilla/5.0 (Windows NT 10.0; Win64; x64) AppleWebKit/537.36 (KHTML, like Gecko) Chrome/147.0.0.0 Safari/537.36"
185.104.164.156 - - [12/May/2026:09:10:47 -0500] "GET /sub_listado_activacion.php HTTP/1.1" 200 23911 "http://www.asjudinet.com/menu_histoser.php?ced=34973320&nom=JALAL%20JULIO%20YAMILE" "Mozilla/5.0 (Windows NT 10.0; Win64; x64) AppleWebKit/537.36 (KHTML, like Gecko) Chrome/147.0.0.0 Safari/537.36"
138.246.253.24 - - [12/May/2026:09:10:53 -0500] "GET /robots.txt HTTP/1.1" 200 43 "-" "Mozilla/5.0 (Windows NT 10.0; Win64; x64) AppleWebKit/537.36 (KHTML, like Gecko) Chrome/103.0.5060.134 Safari/537.36"
181.61.205.27 - - [12/May/2026:09:10:59 -0500] "POST /callcenter/respuesta_sucursal.php?cedulita=1013599003&numcon=22913&fecha=2026-05-12&atencion=106222&funcionario=79660662 HTTP/1.1" 200 16402 "http://asjudinet.com/callcenter/respuesta_sucursal.php?cedulita=1013599003&numcon=22913&fecha=2026-05-12&atencion=106222&funcionario=79660662" "Mozilla/5.0 (Windows NT 10.0; Win64; x64) AppleWebKit/537.36 (KHTML, like Gecko) Chrome/147.0.0.0 Safari/537.36"
190.85.87.250 - - [12/May/2026:09:11:04 -0500] "POST /copia2.php?busque=1&id=65769031&tipopro=1&numcon=49483&sucu=BOGOTA&tipo=INT02&nombre=&atencion= HTTP/1.1" 200 64776 "http://www.asjudinet.com/copia2.php?busque=1&id=65769031&tipopro=1&numcon=49483&sucu=BOGOTA&tipo=INT02&nombre=&atencion=" "Mozilla/5.0 (Windows NT 10.0; Win64; x64) AppleWebKit/537.36 (KHTML, like Gecko) Chrome/148.0.0.0 Safari/537.36"
181.61.205.27 - - [12/May/2026:09:11:05 -0500] "GET /callcenter/listado_por_sucursales.php?ced=79660662&nom=MORALES%20LOZANO%20JORGE%20LUIS&sucu=BOGOTA HTTP/1.1" 200 6919 "-" "Mozilla/5.0 (Windows NT 10.0; Win64; x64) AppleWebKit/537.36 (KHTML, like Gecko) Chrome/147.0.0.0 Safari/537.36"
185.104.164.156 - - [12/May/2026:09:11:13 -0500] "GET /fondo_argollado.gif HTTP/1.1" 404 - "http://www.asjudinet.com/sub_activa_atencion.php?id=79275936&atencion=138711" "Mozilla/5.0 (Windows NT 10.0; Win64; x64) AppleWebKit/537.36 (KHTML, like Gecko) Chrome/147.0.0.0 Safari/537.36"
185.104.164.156 - - [12/May/2026:09:11:13 -0500] "GET /sub_activa_atencion.php?id=79275936&atencion=138711 HTTP/1.1" 200 10997 "http://www.asjudinet.com/sub_listado_activacion.php" "Mozilla/5.0 (Windows NT 10.0; Win64; x64) AppleWebKit/537.36 (KHTML, like Gecko) Chrome/147.0.0.0 Safari/537.36"
185.104.164.156 - - [12/May/2026:09:11:16 -0500] "GET /fondo_argollado.gif HTTP/1.1" 404 - "http://www.asjudinet.com/sub_activa_atencion.php?id=79275936&atencion=138711" "Mozilla/5.0 (Windows NT 10.0; Win64; x64) AppleWebKit/537.36 (KHTML, like Gecko) Chrome/147.0.0.0 Safari/537.36"
185.104.164.156 - - [12/May/2026:09:11:15 -0500] "POST /sub_activa_atencion.php?id=79275936&atencion=138711 HTTP/1.1" 200 11055 "http://www.asjudinet.com/sub_activa_atencion.php?id=79275936&atencion=138711" "Mozilla/5.0 (Windows NT 10.0; Win64; x64) AppleWebKit/537.36 (KHTML, like Gecko) Chrome/147.0.0.0 Safari/537.36"
185.104.164.156 - - [12/May/2026:09:11:22 -0500] "GET /fondo_argollado.gif HTTP/1.1" 404 - "http://www.asjudinet.com/sub_activa_atencion.php?id=79275936&atencion=138712" "Mozilla/5.0 (Windows NT 10.0; Win64; x64) AppleWebKit/537.36 (KHTML, like Gecko) Chrome/147.0.0.0 Safari/537.36"
185.104.164.156 - - [12/May/2026:09:11:22 -0500] "GET /sub_activa_atencion.php?id=79275936&atencion=138712 HTTP/1.1" 200 10952 "http://www.asjudinet.com/sub_listado_activacion.php" "Mozilla/5.0 (Windows NT 10.0; Win64; x64) AppleWebKit/537.36 (KHTML, like Gecko) Chrome/147.0.0.0 Safari/537.36"
190.85.87.250 - - [12/May/2026:09:11:24 -0500] "POST /afinanciera/cartera_consultar_cargar_deb.php HTTP/1.1" 200 6071 "http://www.asjudinet.com/afinanciera/cartera_consultar_cargar_deb.php" "Mozilla/5.0 (Windows NT 10.0; Win64; x64) AppleWebKit/537.36 (KHTML, like Gecko) Chrome/148.0.0.0 Safari/537.36"
185.104.164.156 - - [12/May/2026:09:11:25 -0500] "GET /fondo_argollado.gif HTTP/1.1" 404 - "http://www.asjudinet.com/sub_activa_atencion.php?id=79275936&atencion=138712" "Mozilla/5.0 (Windows NT 10.0; Win64; x64) AppleWebKit/537.36 (KHTML, like Gecko) Chrome/147.0.0.0 Safari/537.36"
185.104.164.156 - - [12/May/2026:09:11:25 -0500] "POST /sub_activa_atencion.php?id=79275936&atencion=138712 HTTP/1.1" 200 11010 "http://www.asjudinet.com/sub_activa_atencion.php?id=79275936&atencion=138712" "Mozilla/5.0 (Windows NT 10.0; Win64; x64) AppleWebKit/537.36 (KHTML, like Gecko) Chrome/147.0.0.0 Safari/537.36"
190.85.87.250 - - [12/May/2026:09:11:25 -0500] "GET /afinanciera/cartera_cargar_manual_deb.php?ced2=14322098&numcon=521 HTTP/1.1" 200 498119 "http://www.asjudinet.com/afinanciera/cartera_consultar_cargar_deb.php" "Mozilla/5.0 (Windows NT 10.0; Win64; x64) AppleWebKit/537.36 (KHTML, like Gecko) Chrome/148.0.0.0 Safari/537.36"
190.85.191.209 - - [12/May/2026:09:11:30 -0500] "POST /callcenter/solicitud_cita_ingreso.php?numcon=32085&cedulita=1047495107&funcionario=1013262853 HTTP/1.1" 200 49251 "http://www.asjudinet.com/callcenter/solicitud_cita_ingreso.php?numcon=32085&cedulita=1047495107&funcionario=1013262853" "Mozilla/5.0 (Windows NT 10.0; Win64; x64) AppleWebKit/537.36 (KHTML, like Gecko) Chrome/148.0.0.0 Safari/537.36"
190.85.191.209 - - [12/May/2026:09:11:31 -0500] "GET /callcenter/menu_callcenter.php?ced=1013262853&nom=CASTRO%20ZAPATA%20MARIA%20JOSE HTTP/1.1" 200 11579 "http://www.asjudinet.com/callcenter/solicitud_cita_ingreso.php?numcon=32085&cedulita=1047495107&funcionario=1013262853" "Mozilla/5.0 (Windows NT 10.0; Win64; x64) AppleWebKit/537.36 (KHTML, like Gecko) Chrome/148.0.0.0 Safari/537.36"
114.119.136.100 - - [12/May/2026:09:11:21 -0500] "GET /index.php/zzztvsa/39aayzpksh_liqzne72382/principal/avigilajudicial/principal/pages/principal/principal/contratopersonas.php HTTP/1.1" 200 54693 "http://www.asjudinet.com/index.php/zzztvsa/39aayzpksh_liqzne72382/principal/avigilajudicial/principal/pages/principal/menu_comunicados.php" "Mozilla/5.0 (Linux; Android 7.0;) AppleWebKit/537.36 (HTML, like Gecko) Mobile Safari/537.36 (compatible; PetalBot;+https://webmaster.petalsearch.com/site/petalbot)"
185.104.164.156 - - [12/May/2026:09:11:34 -0500] "GET /fondo_argollado.gif HTTP/1.1" 404 - "http://www.asjudinet.com/sub_activa_atencion.php?id=39644989&atencion=138713" "Mozilla/5.0 (Windows NT 10.0; Win64; x64) AppleWebKit/537.36 (KHTML, like Gecko) Chrome/147.0.0.0 Safari/537.36"
185.104.164.156 - - [12/May/2026:09:11:34 -0500] "GET /sub_activa_atencion.php?id=39644989&atencion=138713 HTTP/1.1" 200 11209 "http://www.asjudinet.com/sub_listado_activacion.php" "Mozilla/5.0 (Windows NT 10.0; Win64; x64) AppleWebKit/537.36 (KHTML, like Gecko) Chrome/147.0.0.0 Safari/537.36"
185.104.164.156 - - [12/May/2026:09:11:38 -0500] "GET /fondo_argollado.gif HTTP/1.1" 404 - "http://www.asjudinet.com/sub_activa_atencion.php?id=39644989&atencion=138713" "Mozilla/5.0 (Windows NT 10.0; Win64; x64) AppleWebKit/537.36 (KHTML, like Gecko) Chrome/147.0.0.0 Safari/537.36"
185.104.164.156 - - [12/May/2026:09:11:38 -0500] "POST /sub_activa_atencion.php?id=39644989&atencion=138713 HTTP/1.1" 200 11267 "http://www.asjudinet.com/sub_activa_atencion.php?id=39644989&atencion=138713" "Mozilla/5.0 (Windows NT 10.0; Win64; x64) AppleWebKit/537.36 (KHTML, like Gecko) Chrome/147.0.0.0 Safari/537.36"
190.85.87.250 - - [12/May/2026:09:11:41 -0500] "GET /menu_admin.php HTTP/1.1" 200 55572 "http://www.asjudinet.com/visualizar_asignacion_procesos.php?ced=52123005&nom=GUTIERREZ%20RODRIGUEZ%20SANDRA%20ROCIO&sucu=BOGOTA" "Mozilla/5.0 (Windows NT 10.0; Win64; x64) AppleWebKit/537.36 (KHTML, like Gecko) Chrome/148.0.0.0 Safari/537.36"
190.85.87.250 - - [12/May/2026:09:11:44 -0500] "GET /val_asignacion_procesos2.php HTTP/1.1" 200 21646 "http://www.asjudinet.com/menu_admin.php" "Mozilla/5.0 (Windows NT 10.0; Win64; x64) AppleWebKit/537.36 (KHTML, like Gecko) Chrome/148.0.0.0 Safari/537.36"
190.85.87.250 - - [12/May/2026:09:11:44 -0500] "GET /themes//style/style.css HTTP/1.1" 404 - "http://www.asjudinet.com/val_asignacion_procesos2.php" "Mozilla/5.0 (Windows NT 10.0; Win64; x64) AppleWebKit/537.36 (KHTML, like Gecko) Chrome/148.0.0.0 Safari/537.36"
185.104.164.156 - - [12/May/2026:09:11:46 -0500] "GET /fondo_argollado.gif HTTP/1.1" 404 - "http://www.asjudinet.com/sub_activa_atencion.php?id=1023933243&atencion=138714" "Mozilla/5.0 (Windows NT 10.0; Win64; x64) AppleWebKit/537.36 (KHTML, like Gecko) Chrome/147.0.0.0 Safari/537.36"
185.104.164.156 - - [12/May/2026:09:11:46 -0500] "GET /sub_activa_atencion.php?id=1023933243&atencion=138714 HTTP/1.1" 200 10952 "http://www.asjudinet.com/sub_listado_activacion.php" "Mozilla/5.0 (Windows NT 10.0; Win64; x64) AppleWebKit/537.36 (KHTML, like Gecko) Chrome/147.0.0.0 Safari/537.36"
190.85.87.250 - - [12/May/2026:09:11:47 -0500] "GET /themes//style/style.css HTTP/1.1" 404 - "http://www.asjudinet.com/val_asignacion_procesos2.php" "Mozilla/5.0 (Windows NT 10.0; Win64; x64) AppleWebKit/537.36 (KHTML, like Gecko) Chrome/148.0.0.0 Safari/537.36"
190.85.87.250 - - [12/May/2026:09:11:47 -0500] "POST /val_asignacion_procesos2.php HTTP/1.1" 200 19272 "http://www.asjudinet.com/val_asignacion_procesos2.php" "Mozilla/5.0 (Windows NT 10.0; Win64; x64) AppleWebKit/537.36 (KHTML, like Gecko) Chrome/148.0.0.0 Safari/537.36"
190.85.87.250 - - [12/May/2026:09:11:47 -0500] "GET /menu_asignacion_proceso.php?ced=52123005&nom=GUTIERREZ%20RODRIGUEZ%20SANDRA%20ROCIO&sucu=BOGOTA HTTP/1.1" 200 2848 "http://www.asjudinet.com/val_asignacion_procesos2.php" "Mozilla/5.0 (Windows NT 10.0; Win64; x64) AppleWebKit/537.36 (KHTML, like Gecko) Chrome/148.0.0.0 Safari/537.36"
185.104.164.156 - - [12/May/2026:09:11:48 -0500] "GET /fondo_argollado.gif HTTP/1.1" 404 - "http://www.asjudinet.com/sub_activa_atencion.php?id=1023933243&atencion=138714" "Mozilla/5.0 (Windows NT 10.0; Win64; x64) AppleWebKit/537.36 (KHTML, like Gecko) Chrome/147.0.0.0 Safari/537.36"
185.104.164.156 - - [12/May/2026:09:11:48 -0500] "POST /sub_activa_atencion.php?id=1023933243&atencion=138714 HTTP/1.1" 200 11010 "http://www.asjudinet.com/sub_activa_atencion.php?id=1023933243&atencion=138714" "Mozilla/5.0 (Windows NT 10.0; Win64; x64) AppleWebKit/537.36 (KHTML, like Gecko) Chrome/147.0.0.0 Safari/537.36"
190.85.87.250 - - [12/May/2026:09:11:49 -0500] "GET /ingresar_proceso_2.php?ced=52123005&nom=GUTIERREZ%20RODRIGUEZ%20SANDRA%20ROCIO&sucu=BOGOTA HTTP/1.1" 200 77679 "http://www.asjudinet.com/menu_asignacion_proceso.php?ced=52123005&nom=GUTIERREZ%20RODRIGUEZ%20SANDRA%20ROCIO&sucu=BOGOTA" "Mozilla/5.0 (Windows NT 10.0; Win64; x64) AppleWebKit/537.36 (KHTML, like Gecko) Chrome/148.0.0.0 Safari/537.36"
190.85.87.250 - - [12/May/2026:09:11:52 -0500] "GET /ingresar_proceso_3.php?cedula=65769031&id=42146&proceso=107958 HTTP/1.1" 200 23343 "http://www.asjudinet.com/ingresar_proceso_2.php?ced=52123005&nom=GUTIERREZ%20RODRIGUEZ%20SANDRA%20ROCIO&sucu=BOGOTA" "Mozilla/5.0 (Windows NT 10.0; Win64; x64) AppleWebKit/537.36 (KHTML, like Gecko) Chrome/148.0.0.0 Safari/537.36"
185.104.164.156 - - [12/May/2026:09:11:54 -0500] "GET /fondo_argollado.gif HTTP/1.1" 404 - "http://www.asjudinet.com/sub_activa_atencion.php?id=1023933243&atencion=138715" "Mozilla/5.0 (Windows NT 10.0; Win64; x64) AppleWebKit/537.36 (KHTML, like Gecko) Chrome/147.0.0.0 Safari/537.36"
185.104.164.156 - - [12/May/2026:09:11:54 -0500] "GET /sub_activa_atencion.php?id=1023933243&atencion=138715 HTTP/1.1" 200 10999 "http://www.asjudinet.com/sub_listado_activacion.php" "Mozilla/5.0 (Windows NT 10.0; Win64; x64) AppleWebKit/537.36 (KHTML, like Gecko) Chrome/147.0.0.0 Safari/537.36"
185.104.164.156 - - [12/May/2026:09:11:57 -0500] "GET /fondo_argollado.gif HTTP/1.1" 404 - "http://www.asjudinet.com/sub_activa_atencion.php?id=1023933243&atencion=138715" "Mozilla/5.0 (Windows NT 10.0; Win64; x64) AppleWebKit/537.36 (KHTML, like Gecko) Chrome/147.0.0.0 Safari/537.36"
185.104.164.156 - - [12/May/2026:09:11:57 -0500] "POST /sub_activa_atencion.php?id=1023933243&atencion=138715 HTTP/1.1" 200 11057 "http://www.asjudinet.com/sub_activa_atencion.php?id=1023933243&atencion=138715" "Mozilla/5.0 (Windows NT 10.0; Win64; x64) AppleWebKit/537.36 (KHTML, like Gecko) Chrome/147.0.0.0 Safari/537.36"
190.85.87.250 - - [12/May/2026:09:12:01 -0500] "GET /afinanciera/menu_cartera_debito.php HTTP/1.1" 200 38627 "http://www.asjudinet.com/afinanciera/cartera_consulta_titu_usuario.php?ced2=75003836&numcon=32588" "Mozilla/5.0 (Windows NT 10.0; Win64; x64) AppleWebKit/537.36 (KHTML, like Gecko) Chrome/148.0.0.0 Safari/537.36"
190.85.87.250 - - [12/May/2026:09:12:04 -0500] "GET /afinanciera/cartera_consul_titu_deb.php HTTP/1.1" 200 5181 "http://www.asjudinet.com/afinanciera/menu_cartera_debito.php" "Mozilla/5.0 (Windows NT 10.0; Win64; x64) AppleWebKit/537.36 (KHTML, like Gecko) Chrome/148.0.0.0 Safari/537.36"
185.104.164.156 - - [12/May/2026:09:12:04 -0500] "GET /fondo_argollado.gif HTTP/1.1" 404 - "http://www.asjudinet.com/sub_activa_atencion.php?id=74360930&atencion=138709" "Mozilla/5.0 (Windows NT 10.0; Win64; x64) AppleWebKit/537.36 (KHTML, like Gecko) Chrome/147.0.0.0 Safari/537.36"
185.104.164.156 - - [12/May/2026:09:12:04 -0500] "GET /sub_activa_atencion.php?id=74360930&atencion=138709 HTTP/1.1" 200 11205 "http://www.asjudinet.com/sub_listado_activacion.php" "Mozilla/5.0 (Windows NT 10.0; Win64; x64) AppleWebKit/537.36 (KHTML, like Gecko) Chrome/147.0.0.0 Safari/537.36"
190.85.87.250 - - [12/May/2026:09:12:05 -0500] "POST /afinanciera/cartera_consultar_cargar_deb.php HTTP/1.1" 200 6056 "http://www.asjudinet.com/afinanciera/cartera_consultar_cargar_deb.php" "Mozilla/5.0 (Windows NT 10.0; Win64; x64) AppleWebKit/537.36 (KHTML, like Gecko) Chrome/148.0.0.0 Safari/537.36"
185.104.164.156 - - [12/May/2026:09:12:06 -0500] "GET /fondo_argollado.gif HTTP/1.1" 404 - "http://www.asjudinet.com/sub_activa_atencion.php?id=74360930&atencion=138709" "Mozilla/5.0 (Windows NT 10.0; Win64; x64) AppleWebKit/537.36 (KHTML, like Gecko) Chrome/147.0.0.0 Safari/537.36"
185.104.164.156 - - [12/May/2026:09:12:06 -0500] "POST /sub_activa_atencion.php?id=74360930&atencion=138709 HTTP/1.1" 200 11263 "http://www.asjudinet.com/sub_activa_atencion.php?id=74360930&atencion=138709" "Mozilla/5.0 (Windows NT 10.0; Win64; x64) AppleWebKit/537.36 (KHTML, like Gecko) Chrome/147.0.0.0 Safari/537.36"
190.85.87.250 - - [12/May/2026:09:12:06 -0500] "GET /afinanciera/cartera_cargar_manual_deb.php?ced2=71241111&numcon=29735 HTTP/1.1" 200 97196 "http://www.asjudinet.com/afinanciera/cartera_consultar_cargar_deb.php" "Mozilla/5.0 (Windows NT 10.0; Win64; x64) AppleWebKit/537.36 (KHTML, like Gecko) Chrome/148.0.0.0 Safari/537.36"
190.85.87.250 - - [12/May/2026:09:12:09 -0500] "POST /afinanciera/cartera_consul_titu_deb.php HTTP/1.1" 200 6055 "http://www.asjudinet.com/afinanciera/cartera_consul_titu_deb.php" "Mozilla/5.0 (Windows NT 10.0; Win64; x64) AppleWebKit/537.36 (KHTML, like Gecko) Chrome/148.0.0.0 Safari/537.36"
185.104.164.156 - - [12/May/2026:09:12:13 -0500] "GET /fondo_argollado.gif HTTP/1.1" 404 - "http://www.asjudinet.com/sub_activa_atencion.php?id=79427010&atencion=138710" "Mozilla/5.0 (Windows NT 10.0; Win64; x64) AppleWebKit/537.36 (KHTML, like Gecko) Chrome/147.0.0.0 Safari/537.36"
185.104.164.156 - - [12/May/2026:09:12:12 -0500] "GET /sub_activa_atencion.php?id=79427010&atencion=138710 HTTP/1.1" 200 11273 "http://www.asjudinet.com/sub_listado_activacion.php" "Mozilla/5.0 (Windows NT 10.0; Win64; x64) AppleWebKit/537.36 (KHTML, like Gecko) Chrome/147.0.0.0 Safari/537.36"
190.85.87.250 - - [12/May/2026:09:12:10 -0500] "GET /afinanciera/cartera_consulta_titu_usuario.php?ced2=1057014316&numcon=30910 HTTP/1.1" 200 180517 "http://www.asjudinet.com/afinanciera/cartera_consul_titu_deb.php" "Mozilla/5.0 (Windows NT 10.0; Win64; x64) AppleWebKit/537.36 (KHTML, like Gecko) Chrome/148.0.0.0 Safari/537.36"
185.104.164.156 - - [12/May/2026:09:12:14 -0500] "GET /fondo_argollado.gif HTTP/1.1" 404 - "http://www.asjudinet.com/sub_activa_atencion.php?id=79427010&atencion=138710" "Mozilla/5.0 (Windows NT 10.0; Win64; x64) AppleWebKit/537.36 (KHTML, like Gecko) Chrome/147.0.0.0 Safari/537.36"
185.104.164.156 - - [12/May/2026:09:12:14 -0500] "POST /sub_activa_atencion.php?id=79427010&atencion=138710 HTTP/1.1" 200 11331 "http://www.asjudinet.com/sub_activa_atencion.php?id=79427010&atencion=138710" "Mozilla/5.0 (Windows NT 10.0; Win64; x64) AppleWebKit/537.36 (KHTML, like Gecko) Chrome/147.0.0.0 Safari/537.36"
185.104.164.156 - - [12/May/2026:09:12:23 -0500] "GET /fondo_argollado.gif HTTP/1.1" 404 - "http://www.asjudinet.com/sub_activa_atencion.php?id=80384820&atencion=138719" "Mozilla/5.0 (Windows NT 10.0; Win64; x64) AppleWebKit/537.36 (KHTML, like Gecko) Chrome/147.0.0.0 Safari/537.36"
185.104.164.156 - - [12/May/2026:09:12:23 -0500] "GET /sub_activa_atencion.php?id=80384820&atencion=138719 HTTP/1.1" 200 11287 "http://www.asjudinet.com/sub_listado_activacion.php" "Mozilla/5.0 (Windows NT 10.0; Win64; x64) AppleWebKit/537.36 (KHTML, like Gecko) Chrome/147.0.0.0 Safari/537.36"
185.104.164.156 - - [12/May/2026:09:12:25 -0500] "GET /fondo_argollado.gif HTTP/1.1" 404 - "http://www.asjudinet.com/sub_activa_atencion.php?id=80384820&atencion=138719" "Mozilla/5.0 (Windows NT 10.0; Win64; x64) AppleWebKit/537.36 (KHTML, like Gecko) Chrome/147.0.0.0 Safari/537.36"
185.104.164.156 - - [12/May/2026:09:12:25 -0500] "POST /sub_activa_atencion.php?id=80384820&atencion=138719 HTTP/1.1" 200 11345 "http://www.asjudinet.com/sub_activa_atencion.php?id=80384820&atencion=138719" "Mozilla/5.0 (Windows NT 10.0; Win64; x64) AppleWebKit/537.36 (KHTML, like Gecko) Chrome/147.0.0.0 Safari/537.36"
190.85.87.250 - - [12/May/2026:09:12:27 -0500] "GET /afinanciera/menu_cartera_debito.php HTTP/1.1" 200 38627 "http://www.asjudinet.com/afinanciera/cartera_consulta_titu_usuario.php?ced2=1057014316&numcon=30910" "Mozilla/5.0 (Windows NT 10.0; Win64; x64) AppleWebKit/537.36 (KHTML, like Gecko) Chrome/148.0.0.0 Safari/537.36"
190.85.87.250 - - [12/May/2026:09:12:28 -0500] "GET /afinanciera/cartera_consul_titu_deb.php HTTP/1.1" 200 5181 "http://www.asjudinet.com/afinanciera/menu_cartera_debito.php" "Mozilla/5.0 (Windows NT 10.0; Win64; x64) AppleWebKit/537.36 (KHTML, like Gecko) Chrome/148.0.0.0 Safari/537.36"
185.104.164.156 - - [12/May/2026:09:12:33 -0500] "GET /fondo_argollado.gif HTTP/1.1" 404 - "http://www.asjudinet.com/sub_activa_atencion.php?id=94521156&atencion=138718" "Mozilla/5.0 (Windows NT 10.0; Win64; x64) AppleWebKit/537.36 (KHTML, like Gecko) Chrome/147.0.0.0 Safari/537.36"
185.104.164.156 - - [12/May/2026:09:12:33 -0500] "GET /sub_activa_atencion.php?id=94521156&atencion=138718 HTTP/1.1" 200 10978 "http://www.asjudinet.com/sub_listado_activacion.php" "Mozilla/5.0 (Windows NT 10.0; Win64; x64) AppleWebKit/537.36 (KHTML, like Gecko) Chrome/147.0.0.0 Safari/537.36"
190.85.87.250 - - [12/May/2026:09:12:32 -0500] "POST /afinanciera/cartera_consul_titu_deb.php HTTP/1.1" 200 6048 "http://www.asjudinet.com/afinanciera/cartera_consul_titu_deb.php" "Mozilla/5.0 (Windows NT 10.0; Win64; x64) AppleWebKit/537.36 (KHTML, like Gecko) Chrome/148.0.0.0 Safari/537.36"
185.104.164.156 - - [12/May/2026:09:12:36 -0500] "GET /fondo_argollado.gif HTTP/1.1" 404 - "http://www.asjudinet.com/sub_activa_atencion.php?id=94521156&atencion=138718" "Mozilla/5.0 (Windows NT 10.0; Win64; x64) AppleWebKit/537.36 (KHTML, like Gecko) Chrome/147.0.0.0 Safari/537.36"
185.104.164.156 - - [12/May/2026:09:12:35 -0500] "POST /sub_activa_atencion.php?id=94521156&atencion=138718 HTTP/1.1" 200 11036 "http://www.asjudinet.com/sub_activa_atencion.php?id=94521156&atencion=138718" "Mozilla/5.0 (Windows NT 10.0; Win64; x64) AppleWebKit/537.36 (KHTML, like Gecko) Chrome/147.0.0.0 Safari/537.36"
190.85.87.250 - - [12/May/2026:09:12:34 -0500] "GET /afinanciera/cartera_consulta_titu_usuario.php?ced2=73201880&numcon=32655 HTTP/1.1" 200 181359 "http://www.asjudinet.com/afinanciera/cartera_consul_titu_deb.php" "Mozilla/5.0 (Windows NT 10.0; Win64; x64) AppleWebKit/537.36 (KHTML, like Gecko) Chrome/148.0.0.0 Safari/537.36"
185.104.164.156 - - [12/May/2026:09:12:42 -0500] "GET /fondo_argollado.gif HTTP/1.1" 404 - "http://www.asjudinet.com/sub_activa_atencion.php?id=94521156&atencion=138717" "Mozilla/5.0 (Windows NT 10.0; Win64; x64) AppleWebKit/537.36 (KHTML, like Gecko) Chrome/147.0.0.0 Safari/537.36"
185.104.164.156 - - [12/May/2026:09:12:42 -0500] "GET /sub_activa_atencion.php?id=94521156&atencion=138717 HTTP/1.1" 200 11000 "http://www.asjudinet.com/sub_listado_activacion.php" "Mozilla/5.0 (Windows NT 10.0; Win64; x64) AppleWebKit/537.36 (KHTML, like Gecko) Chrome/147.0.0.0 Safari/537.36"
185.104.164.156 - - [12/May/2026:09:12:44 -0500] "GET /fondo_argollado.gif HTTP/1.1" 404 - "http://www.asjudinet.com/sub_activa_atencion.php?id=94521156&atencion=138717" "Mozilla/5.0 (Windows NT 10.0; Win64; x64) AppleWebKit/537.36 (KHTML, like Gecko) Chrome/147.0.0.0 Safari/537.36"
190.85.87.250 - - [12/May/2026:09:12:44 -0500] "GET /afinanciera/menu_cartera_debito.php HTTP/1.1" 200 38627 "http://www.asjudinet.com/afinanciera/cartera_consulta_titu_usuario.php?ced2=73201880&numcon=32655" "Mozilla/5.0 (Windows NT 10.0; Win64; x64) AppleWebKit/537.36 (KHTML, like Gecko) Chrome/148.0.0.0 Safari/537.36"
185.104.164.156 - - [12/May/2026:09:12:44 -0500] "POST /sub_activa_atencion.php?id=94521156&atencion=138717 HTTP/1.1" 200 11058 "http://www.asjudinet.com/sub_activa_atencion.php?id=94521156&atencion=138717" "Mozilla/5.0 (Windows NT 10.0; Win64; x64) AppleWebKit/537.36 (KHTML, like Gecko) Chrome/147.0.0.0 Safari/537.36"
190.85.87.250 - - [12/May/2026:09:12:46 -0500] "GET /afinanciera/cartera_consul_titu_deb.php HTTP/1.1" 200 5181 "http://www.asjudinet.com/afinanciera/menu_cartera_debito.php" "Mozilla/5.0 (Windows NT 10.0; Win64; x64) AppleWebKit/537.36 (KHTML, like Gecko) Chrome/148.0.0.0 Safari/537.36"
185.104.164.156 - - [12/May/2026:09:12:50 -0500] "GET /fondo_argollado.gif HTTP/1.1" 404 - "http://www.asjudinet.com/sub_activa_atencion.php?id=94521156&atencion=138716" "Mozilla/5.0 (Windows NT 10.0; Win64; x64) AppleWebKit/537.36 (KHTML, like Gecko) Chrome/147.0.0.0 Safari/537.36"
185.104.164.156 - - [12/May/2026:09:12:50 -0500] "GET /sub_activa_atencion.php?id=94521156&atencion=138716 HTTP/1.1" 200 11041 "http://www.asjudinet.com/sub_listado_activacion.php" "Mozilla/5.0 (Windows NT 10.0; Win64; x64) AppleWebKit/537.36 (KHTML, like Gecko) Chrome/147.0.0.0 Safari/537.36"
190.85.87.250 - - [12/May/2026:09:12:50 -0500] "POST /afinanciera/cartera_consul_titu_deb.php HTTP/1.1" 200 6526 "http://www.asjudinet.com/afinanciera/cartera_consul_titu_deb.php" "Mozilla/5.0 (Windows NT 10.0; Win64; x64) AppleWebKit/537.36 (KHTML, like Gecko) Chrome/148.0.0.0 Safari/537.36"
185.104.164.156 - - [12/May/2026:09:12:52 -0500] "GET /fondo_argollado.gif HTTP/1.1" 404 - "http://www.asjudinet.com/sub_activa_atencion.php?id=94521156&atencion=138716" "Mozilla/5.0 (Windows NT 10.0; Win64; x64) AppleWebKit/537.36 (KHTML, like Gecko) Chrome/147.0.0.0 Safari/537.36"
185.104.164.156 - - [12/May/2026:09:12:51 -0500] "POST /sub_activa_atencion.php?id=94521156&atencion=138716 HTTP/1.1" 200 11099 "http://www.asjudinet.com/sub_activa_atencion.php?id=94521156&atencion=138716" "Mozilla/5.0 (Windows NT 10.0; Win64; x64) AppleWebKit/537.36 (KHTML, like Gecko) Chrome/147.0.0.0 Safari/537.36"
190.85.87.250 - - [12/May/2026:09:12:53 -0500] "GET /afinanciera/cartera_consulta_titu_usuario.php?ced2=4041619&numcon=27249A HTTP/1.1" 200 224313 "http://www.asjudinet.com/afinanciera/cartera_consul_titu_deb.php" "Mozilla/5.0 (Windows NT 10.0; Win64; x64) AppleWebKit/537.36 (KHTML, like Gecko) Chrome/148.0.0.0 Safari/537.36"
185.104.164.156 - - [12/May/2026:09:12:58 -0500] "GET /fondo_argollado.gif HTTP/1.1" 404 - "http://www.asjudinet.com/sub_activa_atencion.php?id=79772070&atencion=138720" "Mozilla/5.0 (Windows NT 10.0; Win64; x64) AppleWebKit/537.36 (KHTML, like Gecko) Chrome/147.0.0.0 Safari/537.36"
185.104.164.156 - - [12/May/2026:09:12:58 -0500] "GET /sub_activa_atencion.php?id=79772070&atencion=138720 HTTP/1.1" 200 11162 "http://www.asjudinet.com/sub_listado_activacion.php" "Mozilla/5.0 (Windows NT 10.0; Win64; x64) AppleWebKit/537.36 (KHTML, like Gecko) Chrome/147.0.0.0 Safari/537.36"
185.104.164.156 - - [12/May/2026:09:13:00 -0500] "GET /fondo_argollado.gif HTTP/1.1" 404 - "http://www.asjudinet.com/sub_activa_atencion.php?id=79772070&atencion=138720" "Mozilla/5.0 (Windows NT 10.0; Win64; x64) AppleWebKit/537.36 (KHTML, like Gecko) Chrome/147.0.0.0 Safari/537.36"
185.104.164.156 - - [12/May/2026:09:13:00 -0500] "POST /sub_activa_atencion.php?id=79772070&atencion=138720 HTTP/1.1" 200 11220 "http://www.asjudinet.com/sub_activa_atencion.php?id=79772070&atencion=138720" "Mozilla/5.0 (Windows NT 10.0; Win64; x64) AppleWebKit/537.36 (KHTML, like Gecko) Chrome/147.0.0.0 Safari/537.36"
185.104.164.156 - - [12/May/2026:09:13:07 -0500] "GET /fondo_argollado.gif HTTP/1.1" 404 - "http://www.asjudinet.com/sub_activa_atencion.php?id=86015005&atencion=138721" "Mozilla/5.0 (Windows NT 10.0; Win64; x64) AppleWebKit/537.36 (KHTML, like Gecko) Chrome/147.0.0.0 Safari/537.36"
185.104.164.156 - - [12/May/2026:09:13:06 -0500] "GET /sub_activa_atencion.php?id=86015005&atencion=138721 HTTP/1.1" 200 11311 "http://www.asjudinet.com/sub_listado_activacion.php" "Mozilla/5.0 (Windows NT 10.0; Win64; x64) AppleWebKit/537.36 (KHTML, like Gecko) Chrome/147.0.0.0 Safari/537.36"
190.85.87.250 - - [12/May/2026:09:13:07 -0500] "GET /afinanciera/menu_cartera_debito.php HTTP/1.1" 200 38627 "http://www.asjudinet.com/afinanciera/cartera_consulta_titu_usuario.php?ced2=4041619&numcon=27249A" "Mozilla/5.0 (Windows NT 10.0; Win64; x64) AppleWebKit/537.36 (KHTML, like Gecko) Chrome/148.0.0.0 Safari/537.36"
190.85.87.250 - - [12/May/2026:09:13:08 -0500] "GET /afinanciera/cartera_consul_titu_deb.php HTTP/1.1" 200 5181 "http://www.asjudinet.com/afinanciera/menu_cartera_debito.php" "Mozilla/5.0 (Windows NT 10.0; Win64; x64) AppleWebKit/537.36 (KHTML, like Gecko) Chrome/148.0.0.0 Safari/537.36"
185.104.164.156 - - [12/May/2026:09:13:08 -0500] "GET /fondo_argollado.gif HTTP/1.1" 404 - "http://www.asjudinet.com/sub_activa_atencion.php?id=86015005&atencion=138721" "Mozilla/5.0 (Windows NT 10.0; Win64; x64) AppleWebKit/537.36 (KHTML, like Gecko) Chrome/147.0.0.0 Safari/537.36"
185.104.164.156 - - [12/May/2026:09:13:08 -0500] "POST /sub_activa_atencion.php?id=86015005&atencion=138721 HTTP/1.1" 200 11369 "http://www.asjudinet.com/sub_activa_atencion.php?id=86015005&atencion=138721" "Mozilla/5.0 (Windows NT 10.0; Win64; x64) AppleWebKit/537.36 (KHTML, like Gecko) Chrome/147.0.0.0 Safari/537.36"
190.85.87.250 - - [12/May/2026:09:13:13 -0500] "POST /afinanciera/cartera_consul_titu_deb.php HTTP/1.1" 200 6047 "http://www.asjudinet.com/afinanciera/cartera_consul_titu_deb.php" "Mozilla/5.0 (Windows NT 10.0; Win64; x64) AppleWebKit/537.36 (KHTML, like Gecko) Chrome/148.0.0.0 Safari/537.36"
185.104.164.156 - - [12/May/2026:09:13:17 -0500] "GET /fondo_argollado.gif HTTP/1.1" 404 - "http://www.asjudinet.com/sub_activa_atencion.php?id=86015005&atencion=138721" "Mozilla/5.0 (Windows NT 10.0; Win64; x64) AppleWebKit/537.36 (KHTML, like Gecko) Chrome/147.0.0.0 Safari/537.36"
185.104.164.156 - - [12/May/2026:09:13:17 -0500] "GET /sub_activa_atencion.php?id=86015005&atencion=138721 HTTP/1.1" 200 11311 "http://www.asjudinet.com/sub_listado_activacion.php" "Mozilla/5.0 (Windows NT 10.0; Win64; x64) AppleWebKit/537.36 (KHTML, like Gecko) Chrome/147.0.0.0 Safari/537.36"
190.85.87.250 - - [12/May/2026:09:13:15 -0500] "GET /afinanciera/cartera_consulta_titu_usuario.php?ced2=1099547740&numcon=28070 HTTP/1.1" 200 223464 "http://www.asjudinet.com/afinanciera/cartera_consul_titu_deb.php" "Mozilla/5.0 (Windows NT 10.0; Win64; x64) AppleWebKit/537.36 (KHTML, like Gecko) Chrome/148.0.0.0 Safari/537.36"
185.104.164.156 - - [12/May/2026:09:13:19 -0500] "GET /fondo_argollado.gif HTTP/1.1" 404 - "http://www.asjudinet.com/sub_activa_atencion.php?id=86015005&atencion=138721" "Mozilla/5.0 (Windows NT 10.0; Win64; x64) AppleWebKit/537.36 (KHTML, like Gecko) Chrome/147.0.0.0 Safari/537.36"
185.104.164.156 - - [12/May/2026:09:13:18 -0500] "POST /sub_activa_atencion.php?id=86015005&atencion=138721 HTTP/1.1" 200 11369 "http://www.asjudinet.com/sub_activa_atencion.php?id=86015005&atencion=138721" "Mozilla/5.0 (Windows NT 10.0; Win64; x64) AppleWebKit/537.36 (KHTML, like Gecko) Chrome/147.0.0.0 Safari/537.36"
185.104.164.156 - - [12/May/2026:09:13:27 -0500] "GET /fondo_argollado.gif HTTP/1.1" 404 - "http://www.asjudinet.com/sub_activa_atencion.php?id=13460262&atencion=138722" "Mozilla/5.0 (Windows NT 10.0; Win64; x64) AppleWebKit/537.36 (KHTML, like Gecko) Chrome/147.0.0.0 Safari/537.36"
185.104.164.156 - - [12/May/2026:09:13:27 -0500] "GET /sub_activa_atencion.php?id=13460262&atencion=138722 HTTP/1.1" 200 11444 "http://www.asjudinet.com/sub_listado_activacion.php" "Mozilla/5.0 (Windows NT 10.0; Win64; x64) AppleWebKit/537.36 (KHTML, like Gecko) Chrome/147.0.0.0 Safari/537.36"
185.104.164.156 - - [12/May/2026:09:13:29 -0500] "GET /fondo_argollado.gif HTTP/1.1" 404 - "http://www.asjudinet.com/sub_activa_atencion.php?id=13460262&atencion=138722" "Mozilla/5.0 (Windows NT 10.0; Win64; x64) AppleWebKit/537.36 (KHTML, like Gecko) Chrome/147.0.0.0 Safari/537.36"
185.104.164.156 - - [12/May/2026:09:13:29 -0500] "POST /sub_activa_atencion.php?id=13460262&atencion=138722 HTTP/1.1" 200 11502 "http://www.asjudinet.com/sub_activa_atencion.php?id=13460262&atencion=138722" "Mozilla/5.0 (Windows NT 10.0; Win64; x64) AppleWebKit/537.36 (KHTML, like Gecko) Chrome/147.0.0.0 Safari/537.36"
190.85.87.250 - - [12/May/2026:09:13:30 -0500] "GET /afinanciera/menu_cartera_debito.php HTTP/1.1" 200 38627 "http://www.asjudinet.com/afinanciera/cartera_consulta_titu_usuario.php?ced2=1099547740&numcon=28070" "Mozilla/5.0 (Windows NT 10.0; Win64; x64) AppleWebKit/537.36 (KHTML, like Gecko) Chrome/148.0.0.0 Safari/537.36"
190.85.87.250 - - [12/May/2026:09:13:32 -0500] "GET /afinanciera/cartera_consul_titu_deb.php HTTP/1.1" 200 5181 "http://www.asjudinet.com/afinanciera/menu_cartera_debito.php" "Mozilla/5.0 (Windows NT 10.0; Win64; x64) AppleWebKit/537.36 (KHTML, like Gecko) Chrome/148.0.0.0 Safari/537.36"
190.85.87.250 - - [12/May/2026:09:13:33 -0500] "POST /afinanciera/cartera_cargar_manual_deb.php?ced2=71241111&numcon=29735 HTTP/1.1" 200 98944 "http://www.asjudinet.com/afinanciera/cartera_cargar_manual_deb.php?ced2=71241111&numcon=29735" "Mozilla/5.0 (Windows NT 10.0; Win64; x64) AppleWebKit/537.36 (KHTML, like Gecko) Chrome/148.0.0.0 Safari/537.36"
185.104.164.156 - - [12/May/2026:09:13:37 -0500] "GET /fondo_argollado.gif HTTP/1.1" 404 - "http://www.asjudinet.com/sub_activa_atencion.php?id=52938159&atencion=138723" "Mozilla/5.0 (Windows NT 10.0; Win64; x64) AppleWebKit/537.36 (KHTML, like Gecko) Chrome/147.0.0.0 Safari/537.36"
185.104.164.156 - - [12/May/2026:09:13:36 -0500] "GET /sub_activa_atencion.php?id=52938159&atencion=138723 HTTP/1.1" 200 11094 "http://www.asjudinet.com/sub_listado_activacion.php" "Mozilla/5.0 (Windows NT 10.0; Win64; x64) AppleWebKit/537.36 (KHTML, like Gecko) Chrome/147.0.0.0 Safari/537.36"
190.85.87.250 - - [12/May/2026:09:13:36 -0500] "POST /afinanciera/cartera_consul_titu_deb.php HTTP/1.1" 200 6051 "http://www.asjudinet.com/afinanciera/cartera_consul_titu_deb.php" "Mozilla/5.0 (Windows NT 10.0; Win64; x64) AppleWebKit/537.36 (KHTML, like Gecko) Chrome/148.0.0.0 Safari/537.36"
185.104.164.156 - - [12/May/2026:09:13:39 -0500] "GET /fondo_argollado.gif HTTP/1.1" 404 - "http://www.asjudinet.com/sub_activa_atencion.php?id=52938159&atencion=138723" "Mozilla/5.0 (Windows NT 10.0; Win64; x64) AppleWebKit/537.36 (KHTML, like Gecko) Chrome/147.0.0.0 Safari/537.36"
114.119.136.100 - - [12/May/2026:09:13:39 -0500] "GET /index.php/zzztvsa/39aayzpksh_liqzne72382/principal/avigilajudicial/principal/pages/principal/avigilajudicial/principal/validar_usuarios_pagina.php HTTP/1.1" 200 54693 "http://www.asjudinet.com/index.php/zzztvsa/39aayzpksh_liqzne72382/principal/avigilajudicial/principal/pages/principal/avigilajudicial/principal/val_usuarios.php" "Mozilla/5.0 (Linux; Android 7.0;) AppleWebKit/537.36 (KHTML, like Gecko) Mobile Safari/537.36 (compatible; PetalBot;+https://webmaster.petalsearch.com/site/petalbot)"
185.104.164.156 - - [12/May/2026:09:13:39 -0500] "POST /sub_activa_atencion.php?id=52938159&atencion=138723 HTTP/1.1" 200 11152 "http://www.asjudinet.com/sub_activa_atencion.php?id=52938159&atencion=138723" "Mozilla/5.0 (Windows NT 10.0; Win64; x64) AppleWebKit/537.36 (KHTML, like Gecko) Chrome/147.0.0.0 Safari/537.36"
190.85.87.250 - - [12/May/2026:09:13:38 -0500] "GET /afinanciera/cartera_consulta_titu_usuario.php?ced2=13617598&numcon=23923 HTTP/1.1" 200 261976 "http://www.asjudinet.com/afinanciera/cartera_consul_titu_deb.php" "Mozilla/5.0 (Windows NT 10.0; Win64; x64) AppleWebKit/537.36 (KHTML, like Gecko) Chrome/148.0.0.0 Safari/537.36"
185.104.164.156 - - [12/May/2026:09:13:49 -0500] "GET /sub_listado_activacion.php HTTP/1.1" 200 23911 "http://www.asjudinet.com/menu_histoser.php?ced=34973320&nom=JALAL%20JULIO%20YAMILE" "Mozilla/5.0 (Windows NT 10.0; Win64; x64) AppleWebKit/537.36 (KHTML, like Gecko) Chrome/147.0.0.0 Safari/537.36"
190.85.87.250 - - [12/May/2026:09:13:53 -0500] "GET /afinanciera/menu_cartera_debito.php HTTP/1.1" 200 38627 "http://www.asjudinet.com/afinanciera/cartera_consulta_titu_usuario.php?ced2=13617598&numcon=23923" "Mozilla/5.0 (Windows NT 10.0; Win64; x64) AppleWebKit/537.36 (KHTML, like Gecko) Chrome/148.0.0.0 Safari/537.36"
190.85.87.250 - - [12/May/2026:09:13:55 -0500] "GET /afinanciera/cartera_consul_titu_deb.php HTTP/1.1" 200 5181 "http://www.asjudinet.com/afinanciera/menu_cartera_debito.php" "Mozilla/5.0 (Windows NT 10.0; Win64; x64) AppleWebKit/537.36 (KHTML, like Gecko) Chrome/148.0.0.0 Safari/537.36"
190.85.191.209 - - [12/May/2026:09:13:52 -0500] "GET /afinanciera/cartera_cargar_manual_deb.php?ced2=91353508&numcon=5499A HTTP/1.1" 200 186393 "http://www.asjudinet.com/afinanciera/cartera_consultar_cargar_deb.php" "Mozilla/5.0 (Windows NT 10.0; Win64; x64) AppleWebKit/537.36 (KHTML, like Gecko) Chrome/148.0.0.0 Safari/537.36"
190.85.87.250 - - [12/May/2026:09:13:59 -0500] "POST /afinanciera/cartera_consul_titu_deb.php HTTP/1.1" 200 6050 "http://www.asjudinet.com/afinanciera/cartera_consul_titu_deb.php" "Mozilla/5.0 (Windows NT 10.0; Win64; x64) AppleWebKit/537.36 (KHTML, like Gecko) Chrome/148.0.0.0 Safari/537.36"
190.85.87.250 - - [12/May/2026:09:14:01 -0500] "GET /afinanciera/cartera_consulta_titu_usuario.php?ced2=10189357&numcon=32526 HTTP/1.1" 200 180663 "http://www.asjudinet.com/afinanciera/cartera_consul_titu_deb.php" "Mozilla/5.0 (Windows NT 10.0; Win64; x64) AppleWebKit/537.36 (KHTML, like Gecko) Chrome/148.0.0.0 Safari/537.36"
190.85.87.250 - - [12/May/2026:09:14:02 -0500] "GET /afinanciera/cartera_cargar_manual_deb.php?ced2=71241111&numcon=29735 HTTP/1.1" 200 98886 "http://www.asjudinet.com/afinanciera/cartera_consultar_cargar_deb.php" "Mozilla/5.0 (Windows NT 10.0; Win64; x64) AppleWebKit/537.36 (KHTML, like Gecko) Chrome/148.0.0.0 Safari/537.36"
185.104.164.156 - - [12/May/2026:09:14:05 -0500] "GET /menu_histoser.php HTTP/1.1" 200 16590 "http://www.asjudinet.com/sub_listado_activacion.php" "Mozilla/5.0 (Windows NT 10.0; Win64; x64) AppleWebKit/537.36 (KHTML, like Gecko) Chrome/147.0.0.0 Safari/537.36"
190.85.87.250 - - [12/May/2026:09:14:08 -0500] "POST /ingresar_proceso_3.php?cedula=65769031&id=42146&proceso=107958 HTTP/1.1" 200 23442 "http://www.asjudinet.com/ingresar_proceso_3.php?cedula=65769031&id=42146&proceso=107958" "Mozilla/5.0 (Windows NT 10.0; Win64; x64) AppleWebKit/537.36 (KHTML, like Gecko) Chrome/148.0.0.0 Safari/537.36"
185.104.164.156 - - [12/May/2026:09:14:08 -0500] "GET /sub_listado_activacion.php HTTP/1.1" 200 23911 "http://www.asjudinet.com/menu_histoser.php" "Mozilla/5.0 (Windows NT 10.0; Win64; x64) AppleWebKit/537.36 (KHTML, like Gecko) Chrome/147.0.0.0 Safari/537.36"
190.85.87.250 - - [12/May/2026:09:14:10 -0500] "GET /afinanciera/menu_cartera_debito.php HTTP/1.1" 200 38627 "http://www.asjudinet.com/afinanciera/cartera_consulta_titu_usuario.php?ced2=10189357&numcon=32526" "Mozilla/5.0 (Windows NT 10.0; Win64; x64) AppleWebKit/537.36 (KHTML, like Gecko) Chrome/148.0.0.0 Safari/537.36"
190.85.87.250 - - [12/May/2026:09:14:12 -0500] "GET /afinanciera/cartera_consul_titu_deb.php HTTP/1.1" 200 5181 "http://www.asjudinet.com/afinanciera/menu_cartera_debito.php" "Mozilla/5.0 (Windows NT 10.0; Win64; x64) AppleWebKit/537.36 (KHTML, like Gecko) Chrome/148.0.0.0 Safari/537.36"
185.104.164.156 - - [12/May/2026:09:14:13 -0500] "GET /sub_listado_activacion.php HTTP/1.1" 200 23911 "http://www.asjudinet.com/menu_histoser.php" "Mozilla/5.0 (Windows NT 10.0; Win64; x64) AppleWebKit/537.36 (KHTML, like Gecko) Chrome/147.0.0.0 Safari/537.36"
190.85.87.250 - - [12/May/2026:09:14:14 -0500] "POST /afinanciera/cartera_consultar_cargar_deb.php HTTP/1.1" 200 6472 "http://www.asjudinet.com/afinanciera/cartera_consultar_cargar_deb.php" "Mozilla/5.0 (Windows NT 10.0; Win64; x64) AppleWebKit/537.36 (KHTML, like Gecko) Chrome/148.0.0.0 Safari/537.36"
190.85.87.250 - - [12/May/2026:09:14:16 -0500] "POST /afinanciera/cartera_consul_titu_deb.php HTTP/1.1" 200 6047 "http://www.asjudinet.com/afinanciera/cartera_consul_titu_deb.php" "Mozilla/5.0 (Windows NT 10.0; Win64; x64) AppleWebKit/537.36 (KHTML, like Gecko) Chrome/148.0.0.0 Safari/537.36"
190.85.87.250 - - [12/May/2026:09:14:17 -0500] "GET /afinanciera/cartera_cargar_manual_deb.php?ced2=7714894&numcon=22439 HTTP/1.1" 200 75640 "http://www.asjudinet.com/afinanciera/cartera_consultar_cargar_deb.php" "Mozilla/5.0 (Windows NT 10.0; Win64; x64) AppleWebKit/537.36 (KHTML, like Gecko) Chrome/148.0.0.0 Safari/537.36"
190.85.87.250 - - [12/May/2026:09:14:18 -0500] "GET /afinanciera/cartera_consulta_titu_usuario.php?ced2=10767951&numcon=20278 HTTP/1.1" 200 262116 "http://www.asjudinet.com/afinanciera/cartera_consul_titu_deb.php" "Mozilla/5.0 (Windows NT 10.0; Win64; x64) AppleWebKit/537.36 (KHTML, like Gecko) Chrome/148.0.0.0 Safari/537.36"
185.104.164.156 - - [12/May/2026:09:14:22 -0500] "GET /menu_histoser.php HTTP/1.1" 200 16590 "http://www.asjudinet.com/sub_listado_activacion.php" "Mozilla/5.0 (Windows NT 10.0; Win64; x64) AppleWebKit/537.36 (KHTML, like Gecko) Chrome/147.0.0.0 Safari/537.36"
190.85.87.250 - - [12/May/2026:09:14:20 -0500] "GET /afinanciera/cartera_cargar_manual_deb.php?ced2=7714894&numcon=32914 HTTP/1.1" 200 141691 "http://www.asjudinet.com/afinanciera/cartera_consultar_cargar_deb.php" "Mozilla/5.0 (Windows NT 10.0; Win64; x64) AppleWebKit/537.36 (KHTML, like Gecko) Chrome/148.0.0.0 Safari/537.36"
185.104.164.156 - - [12/May/2026:09:14:26 -0500] "GET / HTTP/1.1" 200 54693 "-" "Mozilla/5.0 (Windows NT 10.0; Win64; x64) AppleWebKit/537.36 (KHTML, like Gecko) Chrome/147.0.0.0 Safari/537.36"
190.85.87.250 - - [12/May/2026:09:14:38 -0500] "GET /afinanciera/menu_cartera_debito.php HTTP/1.1" 200 38627 "http://www.asjudinet.com/afinanciera/cartera_consulta_titu_usuario.php?ced2=10767951&numcon=20278" "Mozilla/5.0 (Windows NT 10.0; Win64; x64) AppleWebKit/537.36 (KHTML, like Gecko) Chrome/148.0.0.0 Safari/537.36"
114.119.150.5 - - [12/May/2026:09:14:37 -0500] "GET /index.php/zzztvsa/39aayzpksh_liqzne72382/principal/avigilajudicial/principal/pages/pages/principal/principal/prepago.php HTTP/1.1" 200 54693 "http://www.asjudinet.com/index.php/zzztvsa/39aayzpksh_liqzne72382/principal/avigilajudicial/principal/pages/pages/principal/misionvision.php" "Mozilla/5.0 (Linux; Android 7.0;) AppleWebKit/537.36 (HTML, like Gecko) Mobile Safari/537.36 (compatible; PetalBot;+https://webmaster.petalsearch.com/site/petalbot)"
190.85.87.250 - - [12/May/2026:09:14:40 -0500] "GET /afinanciera/cartera_consul_titu_deb.php HTTP/1.1" 200 5181 "http://www.asjudinet.com/afinanciera/menu_cartera_debito.php" "Mozilla/5.0 (Windows NT 10.0; Win64; x64) AppleWebKit/537.36 (KHTML, like Gecko) Chrome/148.0.0.0 Safari/537.36"
190.85.87.250 - - [12/May/2026:09:14:43 -0500] "POST /afinanciera/cartera_consul_titu_deb.php HTTP/1.1" 200 6049 "http://www.asjudinet.com/afinanciera/cartera_consul_titu_deb.php" "Mozilla/5.0 (Windows NT 10.0; Win64; x64) AppleWebKit/537.36 (KHTML, like Gecko) Chrome/148.0.0.0 Safari/537.36"
190.85.87.250 - - [12/May/2026:09:14:45 -0500] "GET /afinanciera/cartera_consulta_titu_usuario.php?ced2=80773086&numcon=23135 HTTP/1.1" 200 261232 "http://www.asjudinet.com/afinanciera/cartera_consul_titu_deb.php" "Mozilla/5.0 (Windows NT 10.0; Win64; x64) AppleWebKit/537.36 (KHTML, like Gecko) Chrome/148.0.0.0 Safari/537.36"
