190.85.191.209 - - [12/May/2026:11:10:14 -0500] "GET /callcenter/solicitud_cita.php?ced=1013262853&nom=CASTRO%20ZAPATA%20MARIA%20JOSE HTTP/1.1" 200 5672 "http://www.asjudinet.com/callcenter/validar_recepcionistas.php" "Mozilla/5.0 (Windows NT 10.0; Win64; x64) AppleWebKit/537.36 (KHTML, like Gecko) Chrome/148.0.0.0 Safari/537.36"
190.85.87.250 - - [12/May/2026:11:10:15 -0500] "GET /afinanciera/cartera_consul_titu_deb.php HTTP/1.1" 200 5181 "http://www.asjudinet.com/afinanciera/menu_cartera_debito.php" "Mozilla/5.0 (Windows NT 10.0; Win64; x64) AppleWebKit/537.36 (KHTML, like Gecko) Chrome/148.0.0.0 Safari/537.36"
190.85.87.250 - - [12/May/2026:11:10:20 -0500] "POST /afinanciera/cartera_consul_titu_deb.php HTTP/1.1" 200 6050 "http://www.asjudinet.com/afinanciera/cartera_consul_titu_deb.php" "Mozilla/5.0 (Windows NT 10.0; Win64; x64) AppleWebKit/537.36 (KHTML, like Gecko) Chrome/148.0.0.0 Safari/537.36"
190.85.87.250 - - [12/May/2026:11:10:21 -0500] "GET /afinanciera/cartera_consulta_titu_usuario.php?ced2=1098775421&numcon=2134 HTTP/1.1" 200 178486 "http://www.asjudinet.com/afinanciera/cartera_consul_titu_deb.php" "Mozilla/5.0 (Windows NT 10.0; Win64; x64) AppleWebKit/537.36 (KHTML, like Gecko) Chrome/148.0.0.0 Safari/537.36"
190.85.87.250 - - [12/May/2026:11:10:49 -0500] "GET /afinanciera/cartera_consulta_renova_n.php HTTP/1.1" 200 5088 "http://www.asjudinet.com/afinanciera/menu_cartera_nomina.php?ced=52202053&nom=FONSECA%20FUQUENE%20IRENE" "Mozilla/5.0 (Windows NT 10.0; Win64; x64) AppleWebKit/537.36 (KHTML, like Gecko) Chrome/148.0.0.0 Safari/537.36"
114.119.137.103 - - [12/May/2026:11:10:55 -0500] "GET /index.php/zzztvsa/39aayzpksh_liqzne72382/principal/ELEMENTS/principal/pages/principal/principal/pages/index.php HTTP/1.1" 200 54693 "http://www.asjudinet.com/index.php/zzztvsa/39aayzpksh_liqzne72382/principal/ELEMENTS/principal/pages/principal/principal/pages/menu_creditos_rotativos.php" "Mozilla/5.0 (Linux; Android 7.0;) AppleWebKit/537.36 (KHTML, like Gecko) Mobile Safari/537.36 (compatible; PetalBot;+https://webmaster.petalsearch.com/site/petalbot)"
190.85.87.250 - - [12/May/2026:11:10:59 -0500] "POST /afinanciera/cartera_consulta_renova_n.php HTTP/1.1" 200 5137 "http://www.asjudinet.com/afinanciera/cartera_consulta_renova_n.php" "Mozilla/5.0 (Windows NT 10.0; Win64; x64) AppleWebKit/537.36 (KHTML, like Gecko) Chrome/148.0.0.0 Safari/537.36"
190.85.191.209 - - [12/May/2026:11:11:01 -0500] "POST /consulta_ced_info_servi.php HTTP/1.1" 200 6180 "http://www.asjudinet.com/consulta_ced_info_servi.php" "Mozilla/5.0 (Windows NT 10.0; Win64; x64) AppleWebKit/537.36 (KHTML, like Gecko) Chrome/148.0.0.0 Safari/537.36"
190.85.87.250 - - [12/May/2026:11:11:03 -0500] "GET /afinanciera/menu_cartera_nomina.php HTTP/1.1" 200 23831 "http://www.asjudinet.com/afinanciera/cartera_consulta_renova_n.php" "Mozilla/5.0 (Windows NT 10.0; Win64; x64) AppleWebKit/537.36 (KHTML, like Gecko) Chrome/148.0.0.0 Safari/537.36"
185.104.166.19 - - [12/May/2026:11:11:03 -0500] "GET /abogados/formulario_ingreso_revista.php?proceso=11001418907320260012400&id=901486028-1&cc=51723111 HTTP/1.1" 200 17450 "http://www.asjudinet.com/abogados/ingresar_revista_judicial.php?ced=51723111&nom=MORENO%20ANGARITA%20ELIZABETH" "Mozilla/5.0 (Windows NT 10.0; Win64; x64) AppleWebKit/537.36 (KHTML, like Gecko) Chrome/147.0.0.0 Safari/537.36"
190.85.87.250 - - [12/May/2026:11:11:07 -0500] "GET /afinanciera/cartera_consul_titu_nom.php HTTP/1.1" 200 5244 "http://www.asjudinet.com/afinanciera/menu_cartera_nomina.php" "Mozilla/5.0 (Windows NT 10.0; Win64; x64) AppleWebKit/537.36 (KHTML, like Gecko) Chrome/148.0.0.0 Safari/537.36"
43.155.188.157 - - [12/May/2026:11:11:13 -0500] "GET / HTTP/1.1" 200 54693 "-" "Mozilla/5.0 (iPhone; CPU iPhone OS 13_2_3 like Mac OS X) AppleWebKit/605.1.15 (KHTML, like Gecko) Version/13.0.3 Mobile/15E148 Safari/604.1"
190.85.87.250 - - [12/May/2026:11:11:18 -0500] "POST /afinanciera/cartera_consul_titu_nom.php HTTP/1.1" 200 6123 "http://www.asjudinet.com/afinanciera/cartera_consul_titu_nom.php" "Mozilla/5.0 (Windows NT 10.0; Win64; x64) AppleWebKit/537.36 (KHTML, like Gecko) Chrome/148.0.0.0 Safari/537.36"
190.67.203.19 - - [12/May/2026:11:11:19 -0500] "GET /visualizar_actuaciones.php?proceso=2019-00029&cedula=1065568188 HTTP/1.1" 200 16731 "http://www.asjudinet.com/listado_procesos_abogados.php?pagina=4&orden=numero_proceso&criterio=488" "Mozilla/5.0 (Windows NT 10.0; Win64; x64) AppleWebKit/537.36 (KHTML, like Gecko) Chrome/148.0.0.0 Safari/537.36"
114.119.130.177 - - [12/May/2026:11:11:22 -0500] "GET /index.php/zzztvsa/39aayzpksh_liqzne72382/principal/ELEMENTS/principal/pages/principal/avigilajudicial/principal/principal/enlaces.php HTTP/1.1" 200 54693 "http://www.asjudinet.com/index.php/zzztvsa/39aayzpksh_liqzne72382/principal/ELEMENTS/principal/pages/principal/avigilajudicial/principal/formulario_seminario_dih.php" "Mozilla/5.0 (Linux; Android 7.0;) AppleWebKit/537.36 (HTML, like Gecko) Mobile Safari/537.36 (compatible; PetalBot;+https://webmaster.petalsearch.com/site/petalbot)"
190.67.203.19 - - [12/May/2026:11:11:22 -0500] "GET /listado_procesos_abogados.php?pagina=4&orden=numero_proceso&criterio=488 HTTP/1.1" 200 23774 "http://www.asjudinet.com/listado_procesos_abogados.php?pagina=3&orden=numero_proceso&criterio=488" "Mozilla/5.0 (Windows NT 10.0; Win64; x64) AppleWebKit/537.36 (KHTML, like Gecko) Chrome/148.0.0.0 Safari/537.36"
190.85.87.250 - - [12/May/2026:11:11:23 -0500] "POST /afinanciera/cartera_consultar_cargar_deb.php HTTP/1.1" 200 6045 "http://www.asjudinet.com/afinanciera/cartera_consultar_cargar_deb.php" "Mozilla/5.0 (Windows NT 10.0; Win64; x64) AppleWebKit/537.36 (KHTML, like Gecko) Chrome/148.0.0.0 Safari/537.36"
190.85.87.250 - - [12/May/2026:11:11:25 -0500] "GET /consulta_ced_info_servi.php HTTP/1.1" 200 4523 "-" "Mozilla/5.0 (Windows NT 10.0; Win64; x64) AppleWebKit/537.36 (KHTML, like Gecko) Chrome/147.0.0.0 Safari/537.36"
190.85.87.250 - - [12/May/2026:11:11:24 -0500] "GET /afinanciera/cartera_consulta_titular_nom.php?ced2=1233498153&numcon=35698&tipo=INT02 HTTP/1.1" 200 35381 "http://www.asjudinet.com/afinanciera/cartera_consul_titu_nom.php" "Mozilla/5.0 (Windows NT 10.0; Win64; x64) AppleWebKit/537.36 (KHTML, like Gecko) Chrome/148.0.0.0 Safari/537.36"
190.85.87.250 - - [12/May/2026:11:11:26 -0500] "GET /afinanciera/cartera_cargar_manual_deb.php?ced2=80153963&numcon=4492 HTTP/1.1" 200 370819 "http://www.asjudinet.com/afinanciera/cartera_consultar_cargar_deb.php" "Mozilla/5.0 (Windows NT 10.0; Win64; x64) AppleWebKit/537.36 (KHTML, like Gecko) Chrome/148.0.0.0 Safari/537.36"
190.67.203.19 - - [12/May/2026:11:11:32 -0500] "GET /listado_procesos_abogados.php?pagina=5&orden=numero_proceso&criterio=488 HTTP/1.1" 200 8286 "http://www.asjudinet.com/listado_procesos_abogados.php?pagina=4&orden=numero_proceso&criterio=488" "Mozilla/5.0 (Windows NT 10.0; Win64; x64) AppleWebKit/537.36 (KHTML, like Gecko) Chrome/148.0.0.0 Safari/537.36"
190.67.203.19 - - [12/May/2026:11:11:36 -0500] "GET /listado_procesos_abogados.php?pagina=1&orden=numero_proceso&criterio=488 HTTP/1.1" 200 23497 "http://www.asjudinet.com/listado_procesos_abogados.php?pagina=5&orden=numero_proceso&criterio=488" "Mozilla/5.0 (Windows NT 10.0; Win64; x64) AppleWebKit/537.36 (KHTML, like Gecko) Chrome/148.0.0.0 Safari/537.36"
190.85.87.250 - - [12/May/2026:11:11:37 -0500] "POST /consulta_ced_info_servi.php HTTP/1.1" 200 7757 "http://www.asjudinet.com/consulta_ced_info_servi.php" "Mozilla/5.0 (Windows NT 10.0; Win64; x64) AppleWebKit/537.36 (KHTML, like Gecko) Chrome/147.0.0.0 Safari/537.36"
190.67.203.19 - - [12/May/2026:11:11:45 -0500] "GET /listado_procesos_abogados.php?pagina=2&orden=numero_proceso&criterio=488 HTTP/1.1" 200 24092 "http://www.asjudinet.com/listado_procesos_abogados.php?pagina=1&orden=numero_proceso&criterio=488" "Mozilla/5.0 (Windows NT 10.0; Win64; x64) AppleWebKit/537.36 (KHTML, like Gecko) Chrome/148.0.0.0 Safari/537.36"
190.85.87.250 - - [12/May/2026:11:11:50 -0500] "POST /afinanciera/cartera_consultar_cargar_deb.php HTTP/1.1" 200 6053 "http://www.asjudinet.com/afinanciera/cartera_consultar_cargar_deb.php" "Mozilla/5.0 (Windows NT 10.0; Win64; x64) AppleWebKit/537.36 (KHTML, like Gecko) Chrome/148.0.0.0 Safari/537.36"
190.85.87.250 - - [12/May/2026:11:11:53 -0500] "GET /afinanciera/cartera_cargar_manual_deb.php?ced2=80158293&numcon=18059 HTTP/1.1" 200 281359 "http://www.asjudinet.com/afinanciera/cartera_consultar_cargar_deb.php" "Mozilla/5.0 (Windows NT 10.0; Win64; x64) AppleWebKit/537.36 (KHTML, like Gecko) Chrome/148.0.0.0 Safari/537.36"
190.67.203.19 - - [12/May/2026:11:11:54 -0500] "GET /listado_procesos_abogados.php?pagina=3&orden=numero_proceso&criterio=488 HTTP/1.1" 200 23875 "http://www.asjudinet.com/listado_procesos_abogados.php?pagina=2&orden=numero_proceso&criterio=488" "Mozilla/5.0 (Windows NT 10.0; Win64; x64) AppleWebKit/537.36 (KHTML, like Gecko) Chrome/148.0.0.0 Safari/537.36"
190.67.203.19 - - [12/May/2026:11:12:00 -0500] "GET /visualizar_actuaciones.php?proceso=73001311000520200026500&cedula=1090372951 HTTP/1.1" 200 27766 "http://www.asjudinet.com/listado_procesos_abogados.php?pagina=3&orden=numero_proceso&criterio=488" "Mozilla/5.0 (Windows NT 10.0; Win64; x64) AppleWebKit/537.36 (KHTML, like Gecko) Chrome/148.0.0.0 Safari/537.36"
190.67.203.19 - - [12/May/2026:11:12:00 -0500] "GET /fondo_argollado.gif HTTP/1.1" 404 - "http://www.asjudinet.com/visualizar_actuaciones.php?proceso=73001311000520200026500&cedula=1090372951" "Mozilla/5.0 (Windows NT 10.0; Win64; x64) AppleWebKit/537.36 (KHTML, like Gecko) Chrome/148.0.0.0 Safari/537.36"
190.85.87.250 - - [12/May/2026:11:12:19 -0500] "POST /afinanciera/cartera_consultar_cargar_deb.php HTTP/1.1" 200 6049 "http://www.asjudinet.com/afinanciera/cartera_consultar_cargar_deb.php" "Mozilla/5.0 (Windows NT 10.0; Win64; x64) AppleWebKit/537.36 (KHTML, like Gecko) Chrome/148.0.0.0 Safari/537.36"
190.85.87.250 - - [12/May/2026:11:12:20 -0500] "GET /afinanciera/cartera_cargar_manual_deb.php?ced2=4253048&numcon=4126 HTTP/1.1" 200 371854 "http://www.asjudinet.com/afinanciera/cartera_consultar_cargar_deb.php" "Mozilla/5.0 (Windows NT 10.0; Win64; x64) AppleWebKit/537.36 (KHTML, like Gecko) Chrome/148.0.0.0 Safari/537.36"
114.119.142.135 - - [12/May/2026:11:12:45 -0500] "GET /index.php/zzztvsa/39aayzpksh_liqzne72382/principal/ELEMENTS/principal/pages/principal/avigilajudicial/principal/principal/NoticiasImportantes.php HTTP/1.1" 200 54693 "http://www.asjudinet.com/index.php/zzztvsa/39aayzpksh_liqzne72382/principal/ELEMENTS/principal/pages/principal/avigilajudicial/principal/formulario_seminario_dih.php" "Mozilla/5.0 (Linux; Android 7.0;) AppleWebKit/537.36 (HTML, like Gecko) Mobile Safari/537.36 (compatible; PetalBot;+https://webmaster.petalsearch.com/site/petalbot)"
190.85.87.250 - - [12/May/2026:11:12:46 -0500] "POST /acobranzas/cobranzas_consulta_cartera1.php HTTP/1.1" 200 5954 "http://www.asjudinet.com/acobranzas/cobranzas_consulta_cartera1.php" "Mozilla/5.0 (Windows NT 10.0; Win64; x64) AppleWebKit/537.36 (KHTML, like Gecko) Chrome/148.0.0.0 Safari/537.36"
190.85.87.250 - - [12/May/2026:11:12:47 -0500] "GET /acobranzas/cobranzas_serviasju1.php?ced2=1012465494&numcon=I0361 HTTP/1.1" 200 16855 "http://www.asjudinet.com/acobranzas/cobranzas_consulta_cartera1.php" "Mozilla/5.0 (Windows NT 10.0; Win64; x64) AppleWebKit/537.36 (KHTML, like Gecko) Chrome/148.0.0.0 Safari/537.36"
190.85.87.250 - - [12/May/2026:11:12:48 -0500] "GET /acobranzas/cobranzas_serviasju1.php?ced2=1012465494&numcon=I0361 HTTP/1.1" 200 16855 "http://www.asjudinet.com/acobranzas/cobranzas_consulta_cartera1.php" "Mozilla/5.0 (Windows NT 10.0; Win64; x64) AppleWebKit/537.36 (KHTML, like Gecko) Chrome/148.0.0.0 Safari/537.36"
190.85.87.250 - - [12/May/2026:11:12:48 -0500] "GET /acobranzas/cobranzas_serviasju1.php?ced2=1012465494&numcon=I0361 HTTP/1.1" 200 16855 "http://www.asjudinet.com/acobranzas/cobranzas_consulta_cartera1.php" "Mozilla/5.0 (Windows NT 10.0; Win64; x64) AppleWebKit/537.36 (KHTML, like Gecko) Chrome/148.0.0.0 Safari/537.36"
190.85.87.250 - - [12/May/2026:11:12:56 -0500] "POST /acobranzas/consulta_ced_cob_estado_1da.php HTTP/1.1" 200 6788 "http://www.asjudinet.com/acobranzas/consulta_ced_cob_estado_1da.php" "Mozilla/5.0 (Windows NT 10.0; Win64; x64) AppleWebKit/537.36 (KHTML, like Gecko) Chrome/148.0.0.0 Safari/537.36"
190.85.87.250 - - [12/May/2026:11:12:57 -0500] "GET /acobranzas/consultar_cobranzas_vigentes.php?id=1012465494&carpeta=17121&tipo=INT03 HTTP/1.1" 200 20293 "http://www.asjudinet.com/acobranzas/consulta_ced_cob_estado_1da.php" "Mozilla/5.0 (Windows NT 10.0; Win64; x64) AppleWebKit/537.36 (KHTML, like Gecko) Chrome/148.0.0.0 Safari/537.36"
190.85.87.250 - - [12/May/2026:11:12:59 -0500] "GET /acobranzas/seguimiento_cobranza_captura_vigentes.php?id=1012465494&tipo=INT03&carpeta=17121 HTTP/1.1" 200 14036 "http://www.asjudinet.com/acobranzas/consultar_cobranzas_vigentes.php?id=1012465494&carpeta=17121&tipo=INT03" "Mozilla/5.0 (Windows NT 10.0; Win64; x64) AppleWebKit/537.36 (KHTML, like Gecko) Chrome/148.0.0.0 Safari/537.36"
190.85.87.250 - - [12/May/2026:11:13:06 -0500] "GET /afinanciera/menu_cartera_nomina.php HTTP/1.1" 200 23831 "http://www.asjudinet.com/afinanciera/cartera_consulta_titular_nom.php?ced2=1233498153&numcon=35698&tipo=INT02" "Mozilla/5.0 (Windows NT 10.0; Win64; x64) AppleWebKit/537.36 (KHTML, like Gecko) Chrome/148.0.0.0 Safari/537.36"
190.85.87.250 - - [12/May/2026:11:13:08 -0500] "GET /afinanciera/cartera_consulta_renova_n.php HTTP/1.1" 200 5088 "http://www.asjudinet.com/afinanciera/menu_cartera_nomina.php" "Mozilla/5.0 (Windows NT 10.0; Win64; x64) AppleWebKit/537.36 (KHTML, like Gecko) Chrome/148.0.0.0 Safari/537.36"
190.85.87.250 - - [12/May/2026:11:13:12 -0500] "POST /afinanciera/cartera_consulta_renova_n.php HTTP/1.1" 200 5137 "http://www.asjudinet.com/afinanciera/cartera_consulta_renova_n.php" "Mozilla/5.0 (Windows NT 10.0; Win64; x64) AppleWebKit/537.36 (KHTML, like Gecko) Chrome/148.0.0.0 Safari/537.36"
190.85.87.250 - - [12/May/2026:11:13:15 -0500] "GET /afinanciera/menu_cartera_nomina.php HTTP/1.1" 200 23831 "http://www.asjudinet.com/afinanciera/cartera_consulta_renova_n.php" "Mozilla/5.0 (Windows NT 10.0; Win64; x64) AppleWebKit/537.36 (KHTML, like Gecko) Chrome/148.0.0.0 Safari/537.36"
190.85.87.250 - - [12/May/2026:11:13:24 -0500] "POST /consulta_ced_info_servi.php HTTP/1.1" 200 6135 "http://www.asjudinet.com/consulta_ced_info_servi.php" "Mozilla/5.0 (Windows NT 10.0; Win64; x64) AppleWebKit/537.36 (KHTML, like Gecko) Chrome/147.0.0.0 Safari/537.36"
181.61.205.27 - - [12/May/2026:11:13:29 -0500] "GET /consulta_atencion.php?atencion=138715&id=1023933243 HTTP/1.1" 200 10899 "http://www.asjudinet.com/consulta_ced_histoser1.php?cf=&nf=" "Mozilla/5.0 (Windows NT 10.0; Win64; x64) AppleWebKit/537.36 (KHTML, like Gecko) Chrome/147.0.0.0 Safari/537.36"
181.61.205.27 - - [12/May/2026:11:13:29 -0500] "GET /fondo_argollado.gif HTTP/1.1" 404 - "http://www.asjudinet.com/consulta_atencion.php?atencion=138715&id=1023933243" "Mozilla/5.0 (Windows NT 10.0; Win64; x64) AppleWebKit/537.36 (KHTML, like Gecko) Chrome/147.0.0.0 Safari/537.36"
190.85.87.250 - - [12/May/2026:11:13:27 -0500] "GET /cartera_consulta_titu_usuario.php?ced2=71253654&numcon=7920 HTTP/1.1" 200 363906 "http://www.asjudinet.com/consulta_ced_info_servi.php" "Mozilla/5.0 (Windows NT 10.0; Win64; x64) AppleWebKit/537.36 (KHTML, like Gecko) Chrome/147.0.0.0 Safari/537.36"
190.85.87.250 - - [12/May/2026:11:13:35 -0500] "GET /afinanciera/menu_cartera_debito.php HTTP/1.1" 200 38627 "-" "Mozilla/5.0 (Windows NT 10.0; Win64; x64) AppleWebKit/537.36 (KHTML, like Gecko) Chrome/148.0.0.0 Safari/537.36"
190.85.87.250 - - [12/May/2026:11:13:39 -0500] "GET /afinanciera/cartera_consulta_renova.php HTTP/1.1" 200 5184 "http://www.asjudinet.com/afinanciera/menu_cartera_debito.php" "Mozilla/5.0 (Windows NT 10.0; Win64; x64) AppleWebKit/537.36 (KHTML, like Gecko) Chrome/148.0.0.0 Safari/537.36"
190.85.87.250 - - [12/May/2026:11:13:45 -0500] "POST /afinanciera/cartera_consulta_renova.php HTTP/1.1" 200 6112 "http://www.asjudinet.com/afinanciera/cartera_consulta_renova.php" "Mozilla/5.0 (Windows NT 10.0; Win64; x64) AppleWebKit/537.36 (KHTML, like Gecko) Chrome/148.0.0.0 Safari/537.36"
190.85.87.250 - - [12/May/2026:11:13:46 -0500] "POST /acobranzas/seguimiento_cobranza_captura_vigentes.php?id=1012465494&tipo=INT03&carpeta=17121 HTTP/1.1" 200 14159 "http://www.asjudinet.com/acobranzas/seguimiento_cobranza_captura_vigentes.php?id=1012465494&tipo=INT03&carpeta=17121" "Mozilla/5.0 (Windows NT 10.0; Win64; x64) AppleWebKit/537.36 (KHTML, like Gecko) Chrome/148.0.0.0 Safari/537.36"
190.85.87.250 - - [12/May/2026:11:13:46 -0500] "GET /acobranzas/consultar_cobranzas_vigentes.php?ced2=1012465494&numcon=I0361 HTTP/1.1" 200 27335 "http://www.asjudinet.com/acobranzas/seguimiento_cobranza_captura_vigentes.php?id=1012465494&tipo=INT03&carpeta=17121" "Mozilla/5.0 (Windows NT 10.0; Win64; x64) AppleWebKit/537.36 (KHTML, like Gecko) Chrome/148.0.0.0 Safari/537.36"
190.85.87.250 - - [12/May/2026:11:13:50 -0500] "GET /afinanciera/cartera_renovacion_contrato.php?ced2=1233498153&numcon=35698 HTTP/1.1" 200 136443 "http://www.asjudinet.com/afinanciera/cartera_consulta_renova.php" "Mozilla/5.0 (Windows NT 10.0; Win64; x64) AppleWebKit/537.36 (KHTML, like Gecko) Chrome/148.0.0.0 Safari/537.36"
181.61.205.27 - - [12/May/2026:11:13:54 -0500] "POST /consulta_ced_histoser1.php?cf=&nf= HTTP/1.1" 200 6396 "http://www.asjudinet.com/consulta_ced_histoser1.php?cf=&nf=" "Mozilla/5.0 (Windows NT 10.0; Win64; x64) AppleWebKit/537.36 (KHTML, like Gecko) Chrome/147.0.0.0 Safari/537.36"
181.61.205.27 - - [12/May/2026:11:13:55 -0500] "GET /fondo_argollado.gif HTTP/1.1" 404 - "http://www.asjudinet.com/consulta_atencion.php?atencion=138717&id=94521156" "Mozilla/5.0 (Windows NT 10.0; Win64; x64) AppleWebKit/537.36 (KHTML, like Gecko) Chrome/147.0.0.0 Safari/537.36"
181.61.205.27 - - [12/May/2026:11:13:55 -0500] "GET /consulta_atencion.php?atencion=138717&id=94521156 HTTP/1.1" 200 10781 "http://www.asjudinet.com/consulta_ced_histoser1.php?cf=&nf=" "Mozilla/5.0 (Windows NT 10.0; Win64; x64) AppleWebKit/537.36 (KHTML, like Gecko) Chrome/147.0.0.0 Safari/537.36"
181.61.205.27 - - [12/May/2026:11:14:02 -0500] "GET /ingresar_accion_tomada.php?cedul=94521156&atencion=138717&fechase=2026-05-05&esta=7 HTTP/1.1" 200 17103 "http://www.asjudinet.com/consulta_ced_accion_tomada.php" "Mozilla/5.0 (Windows NT 10.0; Win64; x64) AppleWebKit/537.36 (KHTML, like Gecko) Chrome/147.0.0.0 Safari/537.36"
186.28.206.3 - - [12/May/2026:11:14:01 -0500] "POST /callcenter/respuesta_abogado.php?cedulita=1019090949&numcon=48082&atencion=106211&funcionario=1013657865 HTTP/1.1" 200 16927 "http://www.asjudinet.com/callcenter/respuesta_abogado.php?cedulita=1019090949&numcon=48082&atencion=106211&funcionario=1013657865" "Mozilla/5.0 (Macintosh; Intel Mac OS X 10_15_7) AppleWebKit/537.36 (KHTML, like Gecko) Chrome/148.0.0.0 Safari/537.36"
186.28.206.3 - - [12/May/2026:11:14:05 -0500] "GET /callcenter/listado_por_abogado.php?ced=1013657865&nom=SUAREZ%20SANCHEZ%20JESSICA%20MILENA HTTP/1.1" 200 17165 "http://www.asjudinet.com/callcenter/menu_abogados.php?ced=1013657865&nom=SUAREZ%20SANCHEZ%20JESSICA%20MILENA" "Mozilla/5.0 (Macintosh; Intel Mac OS X 10_15_7) AppleWebKit/537.36 (KHTML, like Gecko) Chrome/148.0.0.0 Safari/537.36"
114.119.156.102 - - [12/May/2026:11:14:08 -0500] "GET /index.php/zzztvsa/39aayzpksh_liqzne72382/principal/ELEMENTS/principal/pages/principal/avigilajudicial/principal/pages/validar_usuarios_pagina.php HTTP/1.1" 200 54693 "http://www.asjudinet.com/index.php/zzztvsa/39aayzpksh_liqzne72382/principal/ELEMENTS/principal/pages/principal/avigilajudicial/principal/pages/val_usuarios.php" "Mozilla/5.0 (Linux; Android 7.0;) AppleWebKit/537.36 (HTML, like Gecko) Mobile Safari/537.36 (compatible; PetalBot;+https://webmaster.petalsearch.com/site/petalbot)"
190.85.87.250 - - [12/May/2026:11:14:13 -0500] "POST /acobranzas/cobranzas_consulta_cartera1.php HTTP/1.1" 200 5954 "http://www.asjudinet.com/acobranzas/cobranzas_consulta_cartera1.php" "Mozilla/5.0 (Windows NT 10.0; Win64; x64) AppleWebKit/537.36 (KHTML, like Gecko) Chrome/148.0.0.0 Safari/537.36"
190.85.87.250 - - [12/May/2026:11:14:14 -0500] "GET /acobranzas/cobranzas_serviasju1.php?ced2=1144182383&numcon=9193 HTTP/1.1" 200 16854 "http://www.asjudinet.com/acobranzas/cobranzas_consulta_cartera1.php" "Mozilla/5.0 (Windows NT 10.0; Win64; x64) AppleWebKit/537.36 (KHTML, like Gecko) Chrome/148.0.0.0 Safari/537.36"
190.85.87.250 - - [12/May/2026:11:14:15 -0500] "GET /acobranzas/cobranzas_serviasju1.php?ced2=1144182383&numcon=9193 HTTP/1.1" 200 56030 "http://www.asjudinet.com/acobranzas/cobranzas_consulta_cartera1.php" "Mozilla/5.0 (Windows NT 10.0; Win64; x64) AppleWebKit/537.36 (KHTML, like Gecko) Chrome/148.0.0.0 Safari/537.36"
190.85.87.250 - - [12/May/2026:11:14:16 -0500] "GET /callcenter/respuesta_tickets.php?cedulita=71253654&numcon=7920&fecha=2026-03-26&atencion=105560 HTTP/1.1" 200 17515 "http://www.asjudinet.com/callcenter/solicitud_cita.php?ced=1110177572&nom=FERLA%20MORENO%20FRANCY%20LORENA" "Mozilla/5.0 (Windows NT 10.0; Win64; x64) AppleWebKit/537.36 (KHTML, like Gecko) Chrome/147.0.0.0 Safari/537.36"
190.85.87.250 - - [12/May/2026:11:14:21 -0500] "POST /acobranzas/consulta_ced_cob_estado_1da.php HTTP/1.1" 200 6784 "http://www.asjudinet.com/acobranzas/consulta_ced_cob_estado_1da.php" "Mozilla/5.0 (Windows NT 10.0; Win64; x64) AppleWebKit/537.36 (KHTML, like Gecko) Chrome/148.0.0.0 Safari/537.36"
190.85.87.250 - - [12/May/2026:11:14:22 -0500] "GET /acobranzas/consultar_cobranzas_vigentes.php?id=1144182383&carpeta=17124&tipo=INT03 HTTP/1.1" 200 55606 "http://www.asjudinet.com/acobranzas/consulta_ced_cob_estado_1da.php" "Mozilla/5.0 (Windows NT 10.0; Win64; x64) AppleWebKit/537.36 (KHTML, like Gecko) Chrome/148.0.0.0 Safari/537.36"
190.85.87.250 - - [12/May/2026:11:14:27 -0500] "GET /acobranzas/seguimiento_cobranza_captura_vigentes.php?id=1144182383&tipo=INT03&carpeta=17124 HTTP/1.1" 200 14031 "http://www.asjudinet.com/acobranzas/consultar_cobranzas_vigentes.php?id=1144182383&carpeta=17124&tipo=INT03" "Mozilla/5.0 (Windows NT 10.0; Win64; x64) AppleWebKit/537.36 (KHTML, like Gecko) Chrome/148.0.0.0 Safari/537.36"
190.85.87.250 - - [12/May/2026:11:14:25 -0500] "POST /cartera_consulta_titu_usuario.php?ced2=71253654&numcon=7920 HTTP/1.1" 200 24927 "http://www.asjudinet.com/cartera_consulta_titu_usuario.php?ced2=71253654&numcon=7920" "Mozilla/5.0 (Windows NT 10.0; Win64; x64) AppleWebKit/537.36 (KHTML, like Gecko) Chrome/147.0.0.0 Safari/537.36"
190.85.87.250 - - [12/May/2026:11:14:26 -0500] "GET /cartera_num_procesos_sus.php?ced2=71253654&numcon=7920 HTTP/1.1" 200 26805 "http://www.asjudinet.com/cartera_consulta_titu_usuario.php?ced2=71253654&numcon=7920" "Mozilla/5.0 (Windows NT 10.0; Win64; x64) AppleWebKit/537.36 (KHTML, like Gecko) Chrome/147.0.0.0 Safari/537.36"
190.85.87.250 - - [12/May/2026:11:13:37 -0500] "POST /callcenter/solicitud_cita.php?ced=1110177572&nom=FERLA%20MORENO%20FRANCY%20LORENA HTTP/1.1" 200 33203254 "http://www.asjudinet.com/callcenter/solicitud_cita.php?ced=1110177572&nom=FERLA%20MORENO%20FRANCY%20LORENA" "Mozilla/5.0 (Windows NT 10.0; Win64; x64) AppleWebKit/537.36 (KHTML, like Gecko) Chrome/147.0.0.0 Safari/537.36"
181.61.205.27 - - [12/May/2026:11:14:53 -0500] "POST /ingresar_accion_tomada.php?cedul=94521156&atencion=138717&fechase=2026-05-05&esta=7 HTTP/1.1" 200 17240 "http://www.asjudinet.com/ingresar_accion_tomada.php?cedul=94521156&atencion=138717&fechase=2026-05-05&esta=7" "Mozilla/5.0 (Windows NT 10.0; Win64; x64) AppleWebKit/537.36 (KHTML, like Gecko) Chrome/147.0.0.0 Safari/537.36"
181.61.205.27 - - [12/May/2026:11:14:59 -0500] "POST /consulta_ced_accion_tomada.php HTTP/1.1" 200 4512 "http://www.asjudinet.com/consulta_ced_accion_tomada.php" "Mozilla/5.0 (Windows NT 10.0; Win64; x64) AppleWebKit/537.36 (KHTML, like Gecko) Chrome/147.0.0.0 Safari/537.36"
190.85.87.250 - - [12/May/2026:11:15:05 -0500] "POST /acobranzas/seguimiento_cobranza_captura_vigentes.php?id=1144182383&tipo=INT03&carpeta=17124 HTTP/1.1" 200 14153 "http://www.asjudinet.com/acobranzas/seguimiento_cobranza_captura_vigentes.php?id=1144182383&tipo=INT03&carpeta=17124" "Mozilla/5.0 (Windows NT 10.0; Win64; x64) AppleWebKit/537.36 (KHTML, like Gecko) Chrome/148.0.0.0 Safari/537.36"
190.85.87.250 - - [12/May/2026:11:15:05 -0500] "GET /acobranzas/consultar_cobranzas_vigentes.php?ced2=1144182383&numcon=9193 HTTP/1.1" 200 27335 "http://www.asjudinet.com/acobranzas/seguimiento_cobranza_captura_vigentes.php?id=1144182383&tipo=INT03&carpeta=17124" "Mozilla/5.0 (Windows NT 10.0; Win64; x64) AppleWebKit/537.36 (KHTML, like Gecko) Chrome/148.0.0.0 Safari/537.36"
190.85.87.250 - - [12/May/2026:11:14:01 -0500] "POST /callcenter/solicitud_cita.php?ced=1110177572&nom=FERLA%20MORENO%20FRANCY%20LORENA HTTP/1.1" 200 33203254 "http://www.asjudinet.com/callcenter/solicitud_cita.php?ced=1110177572&nom=FERLA%20MORENO%20FRANCY%20LORENA" "Mozilla/5.0 (Windows NT 10.0; Win64; x64) AppleWebKit/537.36 (KHTML, like Gecko) Chrome/147.0.0.0 Safari/537.36"
181.61.205.27 - - [12/May/2026:11:15:12 -0500] "POST /consulta_ced_accion_tomada.php HTTP/1.1" 200 6674 "http://www.asjudinet.com/consulta_ced_accion_tomada.php" "Mozilla/5.0 (Windows NT 10.0; Win64; x64) AppleWebKit/537.36 (KHTML, like Gecko) Chrome/147.0.0.0 Safari/537.36"
190.85.87.250 - - [12/May/2026:11:14:12 -0500] "POST /callcenter/solicitud_cita.php?ced=1110177572&nom=FERLA%20MORENO%20FRANCY%20LORENA HTTP/1.1" 200 17026 "http://www.asjudinet.com/callcenter/solicitud_cita.php?ced=1110177572&nom=FERLA%20MORENO%20FRANCY%20LORENA" "Mozilla/5.0 (Windows NT 10.0; Win64; x64) AppleWebKit/537.36 (KHTML, like Gecko) Chrome/147.0.0.0 Safari/537.36"
190.85.87.250 - - [12/May/2026:11:15:16 -0500] "POST /acobranzas/cobranzas_consulta_cartera1.php HTTP/1.1" 200 5952 "http://www.asjudinet.com/acobranzas/cobranzas_consulta_cartera1.php" "Mozilla/5.0 (Windows NT 10.0; Win64; x64) AppleWebKit/537.36 (KHTML, like Gecko) Chrome/148.0.0.0 Safari/537.36"
190.85.87.250 - - [12/May/2026:11:15:17 -0500] "GET /acobranzas/cobranzas_serviasju1.php?ced2=1006773875&numcon=I0310 HTTP/1.1" 200 16854 "http://www.asjudinet.com/acobranzas/cobranzas_consulta_cartera1.php" "Mozilla/5.0 (Windows NT 10.0; Win64; x64) AppleWebKit/537.36 (KHTML, like Gecko) Chrome/148.0.0.0 Safari/537.36"
190.85.87.250 - - [12/May/2026:11:15:17 -0500] "GET /acobranzas/cobranzas_serviasju1.php?ced2=1006773875&numcon=I0310 HTTP/1.1" 200 16854 "http://www.asjudinet.com/acobranzas/cobranzas_consulta_cartera1.php" "Mozilla/5.0 (Windows NT 10.0; Win64; x64) AppleWebKit/537.36 (KHTML, like Gecko) Chrome/148.0.0.0 Safari/537.36"
190.85.87.250 - - [12/May/2026:11:15:20 -0500] "GET /consulta_cartera.php HTTP/1.1" 200 4668 "http://www.asjudinet.com/cartera_consulta_titu_usuario.php?ced2=1049412033&numcon=24844" "Mozilla/5.0 (Windows NT 10.0; Win64; x64) AppleWebKit/537.36 (KHTML, like Gecko) Chrome/147.0.0.0 Safari/537.36"
190.85.87.250 - - [12/May/2026:11:15:23 -0500] "GET /consulta_ced_info_servi.php HTTP/1.1" 200 4523 "http://www.asjudinet.com/consulta_cartera.php" "Mozilla/5.0 (Windows NT 10.0; Win64; x64) AppleWebKit/537.36 (KHTML, like Gecko) Chrome/147.0.0.0 Safari/537.36"
114.119.136.100 - - [12/May/2026:11:15:23 -0500] "GET /index.php/zzztvsa/39aayzpksh_liqzne72382/principal/ELEMENTS/principal/pages/principal/avigilajudicial/principal/pages/val_usuarios_IURIS.php HTTP/1.1" 200 54693 "http://www.asjudinet.com/index.php/zzztvsa/39aayzpksh_liqzne72382/principal/ELEMENTS/principal/pages/principal/avigilajudicial/principal/pages/val_usuarios.php" "Mozilla/5.0 (Linux; Android 7.0;) AppleWebKit/537.36 (KHTML, like Gecko) Mobile Safari/537.36 (compatible; PetalBot;+https://webmaster.petalsearch.com/site/petalbot)"
190.85.87.250 - - [12/May/2026:11:15:26 -0500] "POST /acobranzas/consulta_ced_cob_estado_1da.php HTTP/1.1" 200 6786 "http://www.asjudinet.com/acobranzas/consulta_ced_cob_estado_1da.php" "Mozilla/5.0 (Windows NT 10.0; Win64; x64) AppleWebKit/537.36 (KHTML, like Gecko) Chrome/148.0.0.0 Safari/537.36"
181.61.205.27 - - [12/May/2026:11:15:27 -0500] "GET /ingresar_accion_tomada.php?cedul=94521156&atencion=138718&fechase=2026-05-05&esta=7 HTTP/1.1" 200 17103 "http://www.asjudinet.com/consulta_ced_accion_tomada.php" "Mozilla/5.0 (Windows NT 10.0; Win64; x64) AppleWebKit/537.36 (KHTML, like Gecko) Chrome/147.0.0.0 Safari/537.36"
190.85.87.250 - - [12/May/2026:11:15:27 -0500] "GET /acobranzas/consultar_cobranzas_vigentes.php?id=1006773875&carpeta=17125&tipo=INT03 HTTP/1.1" 200 22927 "http://www.asjudinet.com/acobranzas/consulta_ced_cob_estado_1da.php" "Mozilla/5.0 (Windows NT 10.0; Win64; x64) AppleWebKit/537.36 (KHTML, like Gecko) Chrome/148.0.0.0 Safari/537.36"
190.85.87.250 - - [12/May/2026:11:15:30 -0500] "GET /acobranzas/seguimiento_cobranza_captura_vigentes.php?id=1006773875&tipo=INT03&carpeta=17125 HTTP/1.1" 200 14033 "http://www.asjudinet.com/acobranzas/consultar_cobranzas_vigentes.php?id=1006773875&carpeta=17125&tipo=INT03" "Mozilla/5.0 (Windows NT 10.0; Win64; x64) AppleWebKit/537.36 (KHTML, like Gecko) Chrome/148.0.0.0 Safari/537.36"
190.85.87.250 - - [12/May/2026:11:15:31 -0500] "POST /consulta_ced_info_servi.php HTTP/1.1" 200 7578 "http://www.asjudinet.com/consulta_ced_info_servi.php" "Mozilla/5.0 (Windows NT 10.0; Win64; x64) AppleWebKit/537.36 (KHTML, like Gecko) Chrome/147.0.0.0 Safari/537.36"
190.67.203.19 - - [12/May/2026:11:15:56 -0500] "GET /callcenter/listado_por_abogado.php?ced=93476074&nom=MANJARRES%20TAPIERO%20JULIO%20ERNESTO HTTP/1.1" 200 17245 "http://www.asjudinet.com/callcenter/menu_abogados.php?ced=93476074&nom=MANJARRES%20TAPIERO%20JULIO%20ERNESTO" "Mozilla/5.0 (Windows NT 10.0; Win64; x64) AppleWebKit/537.36 (KHTML, like Gecko) Chrome/148.0.0.0 Safari/537.36"
190.67.203.19 - - [12/May/2026:11:16:01 -0500] "GET /callcenter/respuesta_abogado.php?cedulita=1126447846&numcon=14802&atencion=106218&funcionario=93476074 HTTP/1.1" 200 16103 "http://www.asjudinet.com/callcenter/listado_por_abogado.php?ced=93476074&nom=MANJARRES%20TAPIERO%20JULIO%20ERNESTO" "Mozilla/5.0 (Windows NT 10.0; Win64; x64) AppleWebKit/537.36 (KHTML, like Gecko) Chrome/148.0.0.0 Safari/537.36"
181.61.205.27 - - [12/May/2026:11:16:27 -0500] "POST /ingresar_accion_tomada.php?cedul=94521156&atencion=138718&fechase=2026-05-05&esta=7 HTTP/1.1" 200 17240 "http://www.asjudinet.com/ingresar_accion_tomada.php?cedul=94521156&atencion=138718&fechase=2026-05-05&esta=7" "Mozilla/5.0 (Windows NT 10.0; Win64; x64) AppleWebKit/537.36 (KHTML, like Gecko) Chrome/147.0.0.0 Safari/537.36"
181.61.205.27 - - [12/May/2026:11:16:48 -0500] "POST /consulta_ced_accion_tomada.php HTTP/1.1" 200 6670 "http://www.asjudinet.com/consulta_ced_accion_tomada.php" "Mozilla/5.0 (Windows NT 10.0; Win64; x64) AppleWebKit/537.36 (KHTML, like Gecko) Chrome/147.0.0.0 Safari/537.36"
181.61.205.27 - - [12/May/2026:11:16:50 -0500] "GET /ingresar_accion_tomada.php?cedul=80384820&atencion=138719&fechase=2026-05-05&esta=7 HTTP/1.1" 200 17074 "http://www.asjudinet.com/consulta_ced_accion_tomada.php" "Mozilla/5.0 (Windows NT 10.0; Win64; x64) AppleWebKit/537.36 (KHTML, like Gecko) Chrome/147.0.0.0 Safari/537.36"
190.85.87.250 - - [12/May/2026:11:16:53 -0500] "POST /acobranzas/seguimiento_cobranza_captura_vigentes.php?id=1006773875&tipo=INT03&carpeta=17125 HTTP/1.1" 200 14156 "http://www.asjudinet.com/acobranzas/seguimiento_cobranza_captura_vigentes.php?id=1006773875&tipo=INT03&carpeta=17125" "Mozilla/5.0 (Windows NT 10.0; Win64; x64) AppleWebKit/537.36 (KHTML, like Gecko) Chrome/148.0.0.0 Safari/537.36"
190.85.87.250 - - [12/May/2026:11:16:53 -0500] "GET /acobranzas/consultar_cobranzas_vigentes.php?ced2=1006773875&numcon=I0310 HTTP/1.1" 200 27335 "http://www.asjudinet.com/acobranzas/seguimiento_cobranza_captura_vigentes.php?id=1006773875&tipo=INT03&carpeta=17125" "Mozilla/5.0 (Windows NT 10.0; Win64; x64) AppleWebKit/537.36 (KHTML, like Gecko) Chrome/148.0.0.0 Safari/537.36"
114.119.156.102 - - [12/May/2026:11:16:55 -0500] "GET /index.php/zzztvsa/39aayzpksh_liqzne72382/principal/principal/principal/Assets/pages/avigilajudicial/principal/NoticiasImportantes.php HTTP/1.1" 200 54693 "http://www.asjudinet.com/index.php/zzztvsa/39aayzpksh_liqzne72382/principal/principal/principal/Assets/pages/avigilajudicial/val_usuarios.php" "Mozilla/5.0 (Linux; Android 7.0;) AppleWebKit/537.36 (HTML, like Gecko) Mobile Safari/537.36 (compatible; PetalBot;+https://webmaster.petalsearch.com/site/petalbot)"
190.85.87.250 - - [12/May/2026:11:17:02 -0500] "POST /acobranzas/cobranzas_consulta_cartera1.php HTTP/1.1" 200 5949 "http://www.asjudinet.com/acobranzas/cobranzas_consulta_cartera1.php" "Mozilla/5.0 (Windows NT 10.0; Win64; x64) AppleWebKit/537.36 (KHTML, like Gecko) Chrome/148.0.0.0 Safari/537.36"
190.85.87.250 - - [12/May/2026:11:17:04 -0500] "GET /acobranzas/cobranzas_serviasju1.php?ced2=11224376&numcon=I0258 HTTP/1.1" 200 15131 "http://www.asjudinet.com/acobranzas/cobranzas_consulta_cartera1.php" "Mozilla/5.0 (Windows NT 10.0; Win64; x64) AppleWebKit/537.36 (KHTML, like Gecko) Chrome/148.0.0.0 Safari/537.36"
190.85.87.250 - - [12/May/2026:11:17:04 -0500] "GET /acobranzas/cobranzas_serviasju1.php?ced2=11224376&numcon=I0258 HTTP/1.1" 200 21945 "http://www.asjudinet.com/acobranzas/cobranzas_consulta_cartera1.php" "Mozilla/5.0 (Windows NT 10.0; Win64; x64) AppleWebKit/537.36 (KHTML, like Gecko) Chrome/148.0.0.0 Safari/537.36"
190.85.87.250 - - [12/May/2026:11:17:12 -0500] "POST /acobranzas/consulta_ced_cob_estado_1da.php HTTP/1.1" 200 6783 "http://www.asjudinet.com/acobranzas/consulta_ced_cob_estado_1da.php" "Mozilla/5.0 (Windows NT 10.0; Win64; x64) AppleWebKit/537.36 (KHTML, like Gecko) Chrome/148.0.0.0 Safari/537.36"
190.85.87.250 - - [12/May/2026:11:17:13 -0500] "GET /acobranzas/consultar_cobranzas_vigentes.php?id=11224376&carpeta=17131&tipo=INT04 HTTP/1.1" 200 24632 "http://www.asjudinet.com/acobranzas/consulta_ced_cob_estado_1da.php" "Mozilla/5.0 (Windows NT 10.0; Win64; x64) AppleWebKit/537.36 (KHTML, like Gecko) Chrome/148.0.0.0 Safari/537.36"
190.85.87.250 - - [12/May/2026:11:17:16 -0500] "GET /acobranzas/seguimiento_cobranza_captura_vigentes.php?id=11224376&tipo=INT04&carpeta=17131 HTTP/1.1" 200 14023 "http://www.asjudinet.com/acobranzas/consultar_cobranzas_vigentes.php?id=11224376&carpeta=17131&tipo=INT04" "Mozilla/5.0 (Windows NT 10.0; Win64; x64) AppleWebKit/537.36 (KHTML, like Gecko) Chrome/148.0.0.0 Safari/537.36"
190.85.87.250 - - [12/May/2026:11:17:21 -0500] "GET /callcenter/respuesta_tickets.php?cedulita=71253654&numcon=7920&fecha=2026-03-26&atencion=105560 HTTP/1.1" 200 17515 "http://www.asjudinet.com/callcenter/solicitud_cita.php?ced=1110177572&nom=FERLA%20MORENO%20FRANCY%20LORENA" "Mozilla/5.0 (Windows NT 10.0; Win64; x64) AppleWebKit/537.36 (KHTML, like Gecko) Chrome/147.0.0.0 Safari/537.36"
216.244.66.232 - - [12/May/2026:11:17:28 -0500] "GET /robots.txt HTTP/1.1" 200 43 "-" "Mozilla/5.0 (compatible; DotBot/1.2; +https://opensiteexplorer.org/dotbot; help@moz.com)"
190.85.87.250 - - [12/May/2026:11:17:33 -0500] "GET /callcenter/solicitud_cita_ingreso.php?numcon=7920&cedulita=71253654&funcionario=1110177572 HTTP/1.1" 200 49025 "http://www.asjudinet.com/callcenter/solicitud_cita.php?ced=1110177572&nom=FERLA%20MORENO%20FRANCY%20LORENA" "Mozilla/5.0 (Windows NT 10.0; Win64; x64) AppleWebKit/537.36 (KHTML, like Gecko) Chrome/147.0.0.0 Safari/537.36"
190.85.87.250 - - [12/May/2026:11:17:36 -0500] "GET /afinanciera/menu_cartera_debito.php HTTP/1.1" 200 38627 "http://www.asjudinet.com/afinanciera/cartera_consulta_renova.php" "Mozilla/5.0 (Windows NT 10.0; Win64; x64) AppleWebKit/537.36 (KHTML, like Gecko) Chrome/148.0.0.0 Safari/537.36"
190.85.87.250 - - [12/May/2026:11:17:39 -0500] "GET /afinanciera/cartera_consulta_renova.php HTTP/1.1" 200 5184 "http://www.asjudinet.com/afinanciera/menu_cartera_debito.php" "Mozilla/5.0 (Windows NT 10.0; Win64; x64) AppleWebKit/537.36 (KHTML, like Gecko) Chrome/148.0.0.0 Safari/537.36"
190.85.87.250 - - [12/May/2026:11:17:43 -0500] "POST /afinanciera/cartera_consulta_renova.php HTTP/1.1" 200 6112 "http://www.asjudinet.com/afinanciera/cartera_consulta_renova.php" "Mozilla/5.0 (Windows NT 10.0; Win64; x64) AppleWebKit/537.36 (KHTML, like Gecko) Chrome/148.0.0.0 Safari/537.36"
190.85.87.250 - - [12/May/2026:11:17:46 -0500] "GET /afinanciera/cartera_renovacion_contrato.php?ced2=1233498153&numcon=35698 HTTP/1.1" 200 136443 "http://www.asjudinet.com/afinanciera/cartera_consulta_renova.php" "Mozilla/5.0 (Windows NT 10.0; Win64; x64) AppleWebKit/537.36 (KHTML, like Gecko) Chrome/148.0.0.0 Safari/537.36"
190.85.87.250 - - [12/May/2026:11:17:48 -0500] "POST /acobranzas/seguimiento_cobranza_captura_vigentes.php?id=11224376&tipo=INT04&carpeta=17131 HTTP/1.1" 200 14144 "http://www.asjudinet.com/acobranzas/seguimiento_cobranza_captura_vigentes.php?id=11224376&tipo=INT04&carpeta=17131" "Mozilla/5.0 (Windows NT 10.0; Win64; x64) AppleWebKit/537.36 (KHTML, like Gecko) Chrome/148.0.0.0 Safari/537.36"
190.85.87.250 - - [12/May/2026:11:17:49 -0500] "GET /acobranzas/consultar_cobranzas_vigentes.php?ced2=11224376&numcon=I0258 HTTP/1.1" 200 27335 "http://www.asjudinet.com/acobranzas/seguimiento_cobranza_captura_vigentes.php?id=11224376&tipo=INT04&carpeta=17131" "Mozilla/5.0 (Windows NT 10.0; Win64; x64) AppleWebKit/537.36 (KHTML, like Gecko) Chrome/148.0.0.0 Safari/537.36"
181.61.205.27 - - [12/May/2026:11:17:52 -0500] "POST /ingresar_accion_tomada.php?cedul=80384820&atencion=138719&fechase=2026-05-05&esta=7 HTTP/1.1" 200 17211 "http://www.asjudinet.com/ingresar_accion_tomada.php?cedul=80384820&atencion=138719&fechase=2026-05-05&esta=7" "Mozilla/5.0 (Windows NT 10.0; Win64; x64) AppleWebKit/537.36 (KHTML, like Gecko) Chrome/147.0.0.0 Safari/537.36"
190.85.191.209 - - [12/May/2026:11:17:55 -0500] "GET /consulta_ced_info_servi.php HTTP/1.1" 200 4523 "-" "Mozilla/5.0 (Windows NT 10.0; Win64; x64) AppleWebKit/537.36 (KHTML, like Gecko) Chrome/148.0.0.0 Safari/537.36"
190.85.87.250 - - [12/May/2026:11:18:09 -0500] "GET /afinanciera/cartera_renovacion_contrato.php?ced2=1233498153&numcon=35698 HTTP/1.1" 200 136443 "http://www.asjudinet.com/afinanciera/cartera_consulta_renova.php" "Mozilla/5.0 (Windows NT 10.0; Win64; x64) AppleWebKit/537.36 (KHTML, like Gecko) Chrome/148.0.0.0 Safari/537.36"
114.119.150.5 - - [12/May/2026:11:18:17 -0500] "GET /index.php/zzztvsa/39aayzpksh_liqzne72382/principal/principal/pages/principal/avigilajudicial/pages/principal/contactenos.php HTTP/1.1" 200 54693 "http://www.asjudinet.com/index.php/zzztvsa/39aayzpksh_liqzne72382/principal/principal/pages/principal/avigilajudicial/pages/val_usuarios.php" "Mozilla/5.0 (Linux; Android 7.0;) AppleWebKit/537.36 (HTML, like Gecko) Mobile Safari/537.36 (compatible; PetalBot;+https://webmaster.petalsearch.com/site/petalbot)"
46.151.178.13 - - [12/May/2026:11:18:26 -0500] "PROPFIND / HTTP/1.1" 200 54693 "http://216.14.122.115:443/" "-"
190.85.87.250 - - [12/May/2026:11:19:07 -0500] "POST /acobranzas/cobranzas_consulta_cartera1.php HTTP/1.1" 200 6904 "http://www.asjudinet.com/acobranzas/cobranzas_consulta_cartera1.php" "Mozilla/5.0 (Windows NT 10.0; Win64; x64) AppleWebKit/537.36 (KHTML, like Gecko) Chrome/148.0.0.0 Safari/537.36"
190.85.87.250 - - [12/May/2026:11:19:11 -0500] "GET /acobranzas/cobranzas_serviasju1.php?ced2=91356611&numcon=I0324 HTTP/1.1" 200 16874 "http://www.asjudinet.com/acobranzas/cobranzas_consulta_cartera1.php" "Mozilla/5.0 (Windows NT 10.0; Win64; x64) AppleWebKit/537.36 (KHTML, like Gecko) Chrome/148.0.0.0 Safari/537.36"
190.85.87.250 - - [12/May/2026:11:19:12 -0500] "GET /acobranzas/cobranzas_serviasju1.php?ced2=91356611&numcon=I0324 HTTP/1.1" 200 16864 "http://www.asjudinet.com/acobranzas/cobranzas_consulta_cartera1.php" "Mozilla/5.0 (Windows NT 10.0; Win64; x64) AppleWebKit/537.36 (KHTML, like Gecko) Chrome/148.0.0.0 Safari/537.36"
190.85.87.250 - - [12/May/2026:11:19:12 -0500] "GET /acobranzas/cobranzas_serviasju1.php?ced2=91356611&numcon=I0324 HTTP/1.1" 200 16874 "http://www.asjudinet.com/acobranzas/cobranzas_consulta_cartera1.php" "Mozilla/5.0 (Windows NT 10.0; Win64; x64) AppleWebKit/537.36 (KHTML, like Gecko) Chrome/148.0.0.0 Safari/537.36"
190.85.87.250 - - [12/May/2026:11:19:17 -0500] "POST /cartera_num_procesos_sus.php?ced2=71253654&numcon=7920 HTTP/1.1" 200 26926 "http://www.asjudinet.com/cartera_num_procesos_sus.php?ced2=71253654&numcon=7920" "Mozilla/5.0 (Windows NT 10.0; Win64; x64) AppleWebKit/537.36 (KHTML, like Gecko) Chrome/147.0.0.0 Safari/537.36"
190.85.87.250 - - [12/May/2026:11:19:17 -0500] "GET /acobranzas/cobranzas_serviasju1.php?ced2=91356611&numcon=37255 HTTP/1.1" 200 16842 "http://www.asjudinet.com/acobranzas/cobranzas_consulta_cartera1.php" "Mozilla/5.0 (Windows NT 10.0; Win64; x64) AppleWebKit/537.36 (KHTML, like Gecko) Chrome/148.0.0.0 Safari/537.36"
190.85.87.250 - - [12/May/2026:11:19:18 -0500] "GET /acobranzas/cobranzas_serviasju1.php?ced2=91356611&numcon=37255 HTTP/1.1" 200 47231 "http://www.asjudinet.com/acobranzas/cobranzas_consulta_cartera1.php" "Mozilla/5.0 (Windows NT 10.0; Win64; x64) AppleWebKit/537.36 (KHTML, like Gecko) Chrome/148.0.0.0 Safari/537.36"
190.85.87.250 - - [12/May/2026:11:19:17 -0500] "GET /cartera_consulta_titu_usuario.php?ced2=71253654&numcon=7920 HTTP/1.1" 200 363906 "http://www.asjudinet.com/cartera_num_procesos_sus.php?ced2=71253654&numcon=7920" "Mozilla/5.0 (Windows NT 10.0; Win64; x64) AppleWebKit/537.36 (KHTML, like Gecko) Chrome/147.0.0.0 Safari/537.36"
190.85.87.250 - - [12/May/2026:11:19:24 -0500] "GET /acobranzas/cobranzas_serviasju1.php?ced2=91356611&numcon=I0324 HTTP/1.1" 200 16874 "http://www.asjudinet.com/acobranzas/cobranzas_consulta_cartera1.php" "Mozilla/5.0 (Windows NT 10.0; Win64; x64) AppleWebKit/537.36 (KHTML, like Gecko) Chrome/148.0.0.0 Safari/537.36"
190.85.87.250 - - [12/May/2026:11:19:24 -0500] "POST /afinanciera/cartera_renovacion_contrato.php?ced2=1233498153&numcon=35698 HTTP/1.1" 200 136558 "http://www.asjudinet.com/afinanciera/cartera_renovacion_contrato.php?ced2=1233498153&numcon=35698" "Mozilla/5.0 (Windows NT 10.0; Win64; x64) AppleWebKit/537.36 (KHTML, like Gecko) Chrome/148.0.0.0 Safari/537.36"
190.85.87.250 - - [12/May/2026:11:19:24 -0500] "GET /acobranzas/cobranzas_serviasju1.php?ced2=91356611&numcon=I0324 HTTP/1.1" 200 16874 "http://www.asjudinet.com/acobranzas/cobranzas_consulta_cartera1.php" "Mozilla/5.0 (Windows NT 10.0; Win64; x64) AppleWebKit/537.36 (KHTML, like Gecko) Chrome/148.0.0.0 Safari/537.36"
190.85.87.250 - - [12/May/2026:11:19:29 -0500] "GET /afinanciera/menu_cartera_debito.php HTTP/1.1" 200 38627 "http://www.asjudinet.com/afinanciera/cartera_consulta_renova.php" "Mozilla/5.0 (Windows NT 10.0; Win64; x64) AppleWebKit/537.36 (KHTML, like Gecko) Chrome/148.0.0.0 Safari/537.36"
190.85.87.250 - - [12/May/2026:11:19:30 -0500] "POST /acobranzas/consulta_ced_cob_estado_1da.php HTTP/1.1" 200 6783 "http://www.asjudinet.com/acobranzas/consulta_ced_cob_estado_1da.php" "Mozilla/5.0 (Windows NT 10.0; Win64; x64) AppleWebKit/537.36 (KHTML, like Gecko) Chrome/148.0.0.0 Safari/537.36"
190.85.87.250 - - [12/May/2026:11:19:31 -0500] "GET /acobranzas/consultar_cobranzas_vigentes.php?id=91356611&carpeta=17141&tipo=INT02 HTTP/1.1" 200 43075 "http://www.asjudinet.com/acobranzas/consulta_ced_cob_estado_1da.php" "Mozilla/5.0 (Windows NT 10.0; Win64; x64) AppleWebKit/537.36 (KHTML, like Gecko) Chrome/148.0.0.0 Safari/537.36"
190.85.87.250 - - [12/May/2026:11:19:48 -0500] "GET /index.php HTTP/1.1" 200 54693 "-" "Mozilla/5.0 (Windows NT 10.0; Win64; x64) AppleWebKit/537.36 (KHTML, like Gecko) Chrome/148.0.0.0 Safari/537.36"
190.85.87.250 - - [12/May/2026:11:19:50 -0500] "GET /val_usuarios.php HTTP/1.1" 200 7808 "http://www.asjudinet.com/index.php" "Mozilla/5.0 (Windows NT 10.0; Win64; x64) AppleWebKit/537.36 (KHTML, like Gecko) Chrome/148.0.0.0 Safari/537.36"
190.85.87.250 - - [12/May/2026:11:19:53 -0500] "POST /val_usuarios.php HTTP/1.1" 200 144 "http://www.asjudinet.com/val_usuarios.php" "Mozilla/5.0 (Windows NT 10.0; Win64; x64) AppleWebKit/537.36 (KHTML, like Gecko) Chrome/148.0.0.0 Safari/537.36"
190.85.87.250 - - [12/May/2026:11:19:53 -0500] "GET /menu_admin.php?ced=52202053&nom=FONSECA%20FUQUENE%20IRENE&aaa=759&cargo=759 HTTP/1.1" 200 55572 "http://www.asjudinet.com/val_usuarios.php" "Mozilla/5.0 (Windows NT 10.0; Win64; x64) AppleWebKit/537.36 (KHTML, like Gecko) Chrome/148.0.0.0 Safari/537.36"
190.85.87.250 - - [12/May/2026:11:19:58 -0500] "GET /afinanciera/validar_nomina_cartera.php HTTP/1.1" 200 7804 "http://www.asjudinet.com/menu_admin.php?ced=52202053&nom=FONSECA%20FUQUENE%20IRENE&aaa=759&cargo=759" "Mozilla/5.0 (Windows NT 10.0; Win64; x64) AppleWebKit/537.36 (KHTML, like Gecko) Chrome/148.0.0.0 Safari/537.36"
190.85.87.250 - - [12/May/2026:11:20:00 -0500] "POST /acobranzas/cobranzas_consulta_cartera1.php HTTP/1.1" 200 5955 "http://www.asjudinet.com/acobranzas/cobranzas_consulta_cartera1.php" "Mozilla/5.0 (Windows NT 10.0; Win64; x64) AppleWebKit/537.36 (KHTML, like Gecko) Chrome/148.0.0.0 Safari/537.36"
190.85.87.250 - - [12/May/2026:11:20:00 -0500] "POST /afinanciera/validar_nomina_cartera.php HTTP/1.1" 200 133 "http://www.asjudinet.com/afinanciera/validar_nomina_cartera.php" "Mozilla/5.0 (Windows NT 10.0; Win64; x64) AppleWebKit/537.36 (KHTML, like Gecko) Chrome/148.0.0.0 Safari/537.36"
190.85.87.250 - - [12/May/2026:11:20:00 -0500] "GET /afinanciera/menu_cartera_nomina.php?ced=52202053&nom=FONSECA%20FUQUENE%20IRENE HTTP/1.1" 200 23831 "http://www.asjudinet.com/afinanciera/validar_nomina_cartera.php" "Mozilla/5.0 (Windows NT 10.0; Win64; x64) AppleWebKit/537.36 (KHTML, like Gecko) Chrome/148.0.0.0 Safari/537.36"
190.85.87.250 - - [12/May/2026:11:20:02 -0500] "GET /acobranzas/cobranzas_serviasju1.php?ced2=1123319220&numcon=47004 HTTP/1.1" 200 16834 "http://www.asjudinet.com/acobranzas/cobranzas_consulta_cartera1.php" "Mozilla/5.0 (Windows NT 10.0; Win64; x64) AppleWebKit/537.36 (KHTML, like Gecko) Chrome/148.0.0.0 Safari/537.36"
190.85.87.250 - - [12/May/2026:11:20:02 -0500] "GET /acobranzas/cobranzas_serviasju1.php?ced2=1123319220&numcon=47004 HTTP/1.1" 200 32094 "http://www.asjudinet.com/acobranzas/cobranzas_consulta_cartera1.php" "Mozilla/5.0 (Windows NT 10.0; Win64; x64) AppleWebKit/537.36 (KHTML, like Gecko) Chrome/148.0.0.0 Safari/537.36"
190.85.87.250 - - [12/May/2026:11:20:05 -0500] "GET /afinanciera/cartera_consul_titu_nom.php HTTP/1.1" 200 5244 "http://www.asjudinet.com/afinanciera/menu_cartera_nomina.php?ced=52202053&nom=FONSECA%20FUQUENE%20IRENE" "Mozilla/5.0 (Windows NT 10.0; Win64; x64) AppleWebKit/537.36 (KHTML, like Gecko) Chrome/148.0.0.0 Safari/537.36"
190.85.87.250 - - [12/May/2026:11:20:08 -0500] "POST /acobranzas/consulta_ced_cob_estado_1da.php HTTP/1.1" 200 6789 "http://www.asjudinet.com/acobranzas/consulta_ced_cob_estado_1da.php" "Mozilla/5.0 (Windows NT 10.0; Win64; x64) AppleWebKit/537.36 (KHTML, like Gecko) Chrome/148.0.0.0 Safari/537.36"
190.85.87.250 - - [12/May/2026:11:20:09 -0500] "GET /acobranzas/consultar_cobranzas_vigentes.php?id=1123319220&carpeta=17187&tipo=INT01 HTTP/1.1" 200 17061 "http://www.asjudinet.com/acobranzas/consulta_ced_cob_estado_1da.php" "Mozilla/5.0 (Windows NT 10.0; Win64; x64) AppleWebKit/537.36 (KHTML, like Gecko) Chrome/148.0.0.0 Safari/537.36"
190.85.87.250 - - [12/May/2026:11:20:17 -0500] "GET /callcenter/respuesta_tickets.php?cedulita=71253654&numcon=7920&fecha=2026-03-26&atencion=105560 HTTP/1.1" 200 17515 "http://www.asjudinet.com/callcenter/solicitud_cita.php?ced=1110177572&nom=FERLA%20MORENO%20FRANCY%20LORENA" "Mozilla/5.0 (Windows NT 10.0; Win64; x64) AppleWebKit/537.36 (KHTML, like Gecko) Chrome/147.0.0.0 Safari/537.36"
190.85.87.250 - - [12/May/2026:11:20:20 -0500] "GET /acobranzas/seguimiento_cobranza_captura_vigentes.php?id=1123319220&tipo=INT01&carpeta=17187 HTTP/1.1" 200 14018 "http://www.asjudinet.com/acobranzas/consultar_cobranzas_vigentes.php?id=1123319220&carpeta=17187&tipo=INT01" "Mozilla/5.0 (Windows NT 10.0; Win64; x64) AppleWebKit/537.36 (KHTML, like Gecko) Chrome/148.0.0.0 Safari/537.36"
190.85.87.250 - - [12/May/2026:11:19:30 -0500] "POST /callcenter/solicitud_cita.php?ced=1110177572&nom=FERLA%20MORENO%20FRANCY%20LORENA HTTP/1.1" 200 17026 "http://www.asjudinet.com/callcenter/solicitud_cita.php?ced=1110177572&nom=FERLA%20MORENO%20FRANCY%20LORENA" "Mozilla/5.0 (Windows NT 10.0; Win64; x64) AppleWebKit/537.36 (KHTML, like Gecko) Chrome/147.0.0.0 Safari/537.36"
114.119.128.77 - - [12/May/2026:11:20:43 -0500] "GET /index.php/zzztvsa/39aayzpksh_liqzne72382/principal/pages/Assets/principal/pages/avigilajudicial/principal/lista_email.php HTTP/1.1" 200 54693 "http://www.asjudinet.com/index.php/zzztvsa/39aayzpksh_liqzne72382/principal/pages/Assets/principal/pages/avigilajudicial/formulario_seminario_dih.php" "Mozilla/5.0 (Linux; Android 7.0;) AppleWebKit/537.36 (KHTML, like Gecko) Mobile Safari/537.36 (compatible; PetalBot;+https://webmaster.petalsearch.com/site/petalbot)"
190.85.87.250 - - [12/May/2026:11:20:53 -0500] "GET /callcenter/solicitud_cita_ingreso.php?numcon=7920&cedulita=71253654&funcionario=1110177572 HTTP/1.1" 200 49025 "http://www.asjudinet.com/callcenter/solicitud_cita.php?ced=1110177572&nom=FERLA%20MORENO%20FRANCY%20LORENA" "Mozilla/5.0 (Windows NT 10.0; Win64; x64) AppleWebKit/537.36 (KHTML, like Gecko) Chrome/147.0.0.0 Safari/537.36"
114.119.128.77 - - [12/May/2026:11:21:05 -0500] "GET /index.php/zzztvsa/39aayzpksh_liqzne72382/principal/ELEMENTS/principal/principal/pages/principal/menu_comunicados.php HTTP/1.1" 200 54693 "http://www.asjudinet.com/index.php/zzztvsa/39aayzpksh_liqzne72382/principal/ELEMENTS/principal/principal/pages/val_usuarios_IURIS.php" "Mozilla/5.0 (Linux; Android 7.0;) AppleWebKit/537.36 (HTML, like Gecko) Mobile Safari/537.36 (compatible; PetalBot;+https://webmaster.petalsearch.com/site/petalbot)"
