190.85.87.250 - - [12/May/2026:11:33:42 -0500] "GET /afinanciera/menu_cartera_debito.php HTTP/1.1" 200 38627 "http://www.asjudinet.com/afinanciera/cartera_consulta_renova.php" "Mozilla/5.0 (Windows NT 10.0; Win64; x64) AppleWebKit/537.36 (KHTML, like Gecko) Chrome/148.0.0.0 Safari/537.36"
190.85.87.250 - - [12/May/2026:11:33:44 -0500] "GET /afinanciera/cartera_consul_titu_nom.php HTTP/1.1" 200 5244 "http://www.asjudinet.com/afinanciera/menu_cartera_nomina.php" "Mozilla/5.0 (Windows NT 10.0; Win64; x64) AppleWebKit/537.36 (KHTML, like Gecko) Chrome/148.0.0.0 Safari/537.36"
190.85.87.250 - - [12/May/2026:11:33:48 -0500] "POST /afinanciera/cartera_consul_titu_nom.php HTTP/1.1" 200 6128 "http://www.asjudinet.com/afinanciera/cartera_consul_titu_nom.php" "Mozilla/5.0 (Windows NT 10.0; Win64; x64) AppleWebKit/537.36 (KHTML, like Gecko) Chrome/148.0.0.0 Safari/537.36"
152.55.180.9 - - [12/May/2026:11:34:05 -0500] "HEAD / HTTP/1.1" 200 - "-" "Mozilla/5.0 (Windows NT 10.0; Win64; x64) AppleWebKit/537.36 (KHTML, like Gecko) Chrome/124.0.0.0 Safari/537.36"
190.85.87.250 - - [12/May/2026:11:34:28 -0500] "POST /afinanciera/cartera_consultar_cargar_deb.php HTTP/1.1" 200 6049 "http://www.asjudinet.com/afinanciera/cartera_consultar_cargar_deb.php" "Mozilla/5.0 (Windows NT 10.0; Win64; x64) AppleWebKit/537.36 (KHTML, like Gecko) Chrome/148.0.0.0 Safari/537.36"
190.85.87.250 - - [12/May/2026:11:34:29 -0500] "GET /afinanciera/cartera_cargar_manual_deb.php?ced2=98135490&numcon=2282 HTTP/1.1" 200 401687 "http://www.asjudinet.com/afinanciera/cartera_consultar_cargar_deb.php" "Mozilla/5.0 (Windows NT 10.0; Win64; x64) AppleWebKit/537.36 (KHTML, like Gecko) Chrome/148.0.0.0 Safari/537.36"
216.244.66.232 - - [12/May/2026:11:34:33 -0500] "GET /index.php/11/9ely01ww/971464/principal/soporteacademico.php HTTP/1.1" 200 54693 "-" "Mozilla/5.0 (compatible; DotBot/1.2; +https://opensiteexplorer.org/dotbot; help@moz.com)"
216.244.66.232 - - [12/May/2026:11:34:38 -0500] "GET /index.php/11/f6c8s9fj/966322/ELEMENTOS/principal/lista_email.php HTTP/1.1" 200 54693 "-" "Mozilla/5.0 (compatible; DotBot/1.2; +https://opensiteexplorer.org/dotbot; help@moz.com)"
216.244.66.232 - - [12/May/2026:11:34:42 -0500] "GET /index.php/11/jsy4wjv2/913321/ELEMENTOS/principal/lista_email.php HTTP/1.1" 200 54693 "-" "Mozilla/5.0 (compatible; DotBot/1.2; +https://opensiteexplorer.org/dotbot; help@moz.com)"
216.244.66.232 - - [12/May/2026:11:34:45 -0500] "GET /index.php/11z1676616-q49aw/9i4oc7/991_cwvy7hcip29495/ELEMENTOS/val_usuarios.php HTTP/1.1" 200 54693 "-" "Mozilla/5.0 (compatible; DotBot/1.2; +https://opensiteexplorer.org/dotbot; help@moz.com)"
216.244.66.232 - - [12/May/2026:11:34:48 -0500] "GET /index.php/12k1853798-k9cwv/hjo91p/932_e6t7sovov28432/ELEMENTOS/formulario_seminario_dih.php HTTP/1.1" 200 54693 "-" "Mozilla/5.0 (compatible; DotBot/1.2; +https://opensiteexplorer.org/dotbot; help@moz.com)"
216.244.66.232 - - [12/May/2026:11:34:50 -0500] "GET /index.php/12k1853798-k9cwv/hjo91p/932_e6t7sovov28432/principal/prepago.php HTTP/1.1" 200 54693 "-" "Mozilla/5.0 (compatible; DotBot/1.2; +https://opensiteexplorer.org/dotbot; help@moz.com)"
216.244.66.232 - - [12/May/2026:11:34:52 -0500] "GET /index.php/ELEMENTOS/ELEMENTOS/ELEMENTOS/principal/misionvision.php HTTP/1.1" 200 54693 "-" "Mozilla/5.0 (compatible; DotBot/1.2; +https://opensiteexplorer.org/dotbot; help@moz.com)"
216.244.66.232 - - [12/May/2026:11:34:54 -0500] "GET /index.php/assvfnlw11/3389574/ELEMENTOS/ELEMENTOS/principal/soporteacademico.php HTTP/1.1" 200 54693 "-" "Mozilla/5.0 (compatible; DotBot/1.2; +https://opensiteexplorer.org/dotbot; help@moz.com)"
216.244.66.232 - - [12/May/2026:11:34:56 -0500] "GET /index.php/assvfnlw11/3389574/ELEMENTOS/principal/quienes.php HTTP/1.1" 200 54693 "-" "Mozilla/5.0 (compatible; DotBot/1.2; +https://opensiteexplorer.org/dotbot; help@moz.com)"
216.244.66.232 - - [12/May/2026:11:34:57 -0500] "GET /index.php/assvfnlw11/3389574/principal/quienes.php HTTP/1.1" 200 54693 "-" "Mozilla/5.0 (compatible; DotBot/1.2; +https://opensiteexplorer.org/dotbot; help@moz.com)"
216.244.66.232 - - [12/May/2026:11:34:58 -0500] "GET /index.php/enlokh11/vz1185/ELEMENTOS/ELEMENTOS/principal/NoticiasImportantes.php HTTP/1.1" 200 54693 "-" "Mozilla/5.0 (compatible; DotBot/1.2; +https://opensiteexplorer.org/dotbot; help@moz.com)"
216.244.66.232 - - [12/May/2026:11:34:59 -0500] "GET /index.php/fvhzkzvt11/6270765/avigilajudicial/principal/testimonios.php HTTP/1.1" 200 54693 "-" "Mozilla/5.0 (compatible; DotBot/1.2; +https://opensiteexplorer.org/dotbot; help@moz.com)"
114.119.130.177 - - [12/May/2026:11:34:59 -0500] "GET /index.php/zzztvsa/39aayzpksh_liqzne72382/principal/ELEMENTS/principal/pages/pages/avigilajudicial/avigilajudicial/pages/menu_procesos_todos.php HTTP/1.1" 200 54693 "http://www.asjudinet.com/index.php/zzztvsa/39aayzpksh_liqzne72382/principal/ELEMENTS/principal/pages/pages/avigilajudicial/avigilajudicial/val_usuarios.php" "Mozilla/5.0 (Linux; Android 7.0;) AppleWebKit/537.36 (HTML, like Gecko) Mobile Safari/537.36 (compatible; PetalBot;+https://webmaster.petalsearch.com/site/petalbot)"
216.244.66.232 - - [12/May/2026:11:35:00 -0500] "GET /index.php/hvvfqvls11/3354371/ELEMENTOS/ELEMENTOS/formulario_seminario_dih.php HTTP/1.1" 200 54693 "-" "Mozilla/5.0 (compatible; DotBot/1.2; +https://opensiteexplorer.org/dotbot; help@moz.com)"
216.244.66.232 - - [12/May/2026:11:35:04 -0500] "GET /index.php/ivwpplpe10/0199593/ELEMENTOS/principal/casos_exito.php HTTP/1.1" 200 54693 "-" "Mozilla/5.0 (compatible; DotBot/1.2; +https://opensiteexplorer.org/dotbot; help@moz.com)"
181.61.205.27 - - [12/May/2026:11:35:04 -0500] "GET /callcenter/listado_por_sucursales.php?ced=79660662&nom=MORALES%20LOZANO%20JORGE%20LUIS&sucu=BOGOTA HTTP/1.1" 200 9448 "-" "Mozilla/5.0 (Windows NT 10.0; Win64; x64) AppleWebKit/537.36 (KHTML, like Gecko) Chrome/147.0.0.0 Safari/537.36"
181.61.205.27 - - [12/May/2026:11:35:07 -0500] "GET /callcenter/respuesta_sucursal.php?cedulita=74360930&numcon=29514&fecha=2026-05-12&atencion=106224&funcionario=79660662 HTTP/1.1" 200 15740 "http://asjudinet.com/callcenter/listado_por_sucursales.php?ced=79660662&nom=MORALES%20LOZANO%20JORGE%20LUIS&sucu=BOGOTA" "Mozilla/5.0 (Windows NT 10.0; Win64; x64) AppleWebKit/537.36 (KHTML, like Gecko) Chrome/147.0.0.0 Safari/537.36"
216.244.66.232 - - [12/May/2026:11:35:11 -0500] "GET /index.php/jtvata10/za2535/avigilajudicial/principal/asesoria.php HTTP/1.1" 200 54693 "-" "Mozilla/5.0 (compatible; DotBot/1.2; +https://opensiteexplorer.org/dotbot; help@moz.com)"
216.244.66.232 - - [12/May/2026:11:35:17 -0500] "GET /index.php/lzyeppo/11qysffjvt_nhccsi72213/ELEMENTOS/principal/enlaces.php HTTP/1.1" 200 54693 "-" "Mozilla/5.0 (compatible; DotBot/1.2; +https://opensiteexplorer.org/dotbot; help@moz.com)"
216.244.66.232 - - [12/May/2026:11:35:22 -0500] "GET /index.php/oknvswq/11phtkicvh_czvtih61709/ELEMENTOS/principal/NoticiasImportantes.php HTTP/1.1" 200 54693 "-" "Mozilla/5.0 (compatible; DotBot/1.2; +https://opensiteexplorer.org/dotbot; help@moz.com)"
216.244.66.232 - - [12/May/2026:11:35:27 -0500] "GET /index.php/qwccypa/11kvvtcfjo_ssjyak62077/ELEMENTOS/principal/consultar_contratos_escaneados_correo.php HTTP/1.1" 200 54693 "-" "Mozilla/5.0 (compatible; DotBot/1.2; +https://opensiteexplorer.org/dotbot; help@moz.com)"
216.244.66.232 - - [12/May/2026:11:35:38 -0500] "GET /index.php/vssiwk10/zz9964/ELEMENTOS/principal/lista_email.php HTTP/1.1" 200 54693 "-" "Mozilla/5.0 (compatible; DotBot/1.2; +https://opensiteexplorer.org/dotbot; help@moz.com)"
175.44.42.77 - - [12/May/2026:11:35:46 -0500] "GET / HTTP/1.1" 200 54693 "http://www.zsio.net/" "Mozilla/5.0 (Windows NT 10.0; Win64; x64) AppleWebKit/537.36 (KHTML, like Gecko) Chrome/147.0.0.0 Safari/537.36"
181.61.205.27 - - [12/May/2026:11:35:59 -0500] "POST /callcenter/respuesta_sucursal.php?cedulita=74360930&numcon=29514&fecha=2026-05-12&atencion=106224&funcionario=79660662 HTTP/1.1" 200 16282 "http://asjudinet.com/callcenter/respuesta_sucursal.php?cedulita=74360930&numcon=29514&fecha=2026-05-12&atencion=106224&funcionario=79660662" "Mozilla/5.0 (Windows NT 10.0; Win64; x64) AppleWebKit/537.36 (KHTML, like Gecko) Chrome/147.0.0.0 Safari/537.36"
181.61.205.27 - - [12/May/2026:11:36:05 -0500] "GET /callcenter/respuesta_sucursal.php?cedulita=79961582&numcon=20091&fecha=2026-05-12&atencion=106226&funcionario=79660662 HTTP/1.1" 200 15812 "http://asjudinet.com/callcenter/listado_por_sucursales.php?ced=79660662&nom=MORALES%20LOZANO%20JORGE%20LUIS&sucu=BOGOTA" "Mozilla/5.0 (Windows NT 10.0; Win64; x64) AppleWebKit/537.36 (KHTML, like Gecko) Chrome/147.0.0.0 Safari/537.36"
181.61.205.27 - - [12/May/2026:11:36:03 -0500] "GET /callcenter/listado_por_sucursales.php?ced=79660662&nom=MORALES%20LOZANO%20JORGE%20LUIS&sucu=BOGOTA HTTP/1.1" 200 8815 "-" "Mozilla/5.0 (Windows NT 10.0; Win64; x64) AppleWebKit/537.36 (KHTML, like Gecko) Chrome/147.0.0.0 Safari/537.36"
216.244.66.232 - - [12/May/2026:11:36:08 -0500] "GET /index.php/ycqjpok/11isvlywpj_sncove34014/ELEMENTOS/principal/casos_exito.php HTTP/1.1" 200 54693 "-" "Mozilla/5.0 (compatible; DotBot/1.2; +https://opensiteexplorer.org/dotbot; help@moz.com)"
190.85.87.250 - - [12/May/2026:11:36:34 -0500] "POST /acobranzas/cobranzas_consulta_cartera1.php HTTP/1.1" 200 5947 "http://www.asjudinet.com/acobranzas/cobranzas_consulta_cartera1.php" "Mozilla/5.0 (Windows NT 10.0; Win64; x64) AppleWebKit/537.36 (KHTML, like Gecko) Chrome/148.0.0.0 Safari/537.36"
216.244.66.232 - - [12/May/2026:11:36:37 -0500] "GET /index.php/zhyczjwl11/3970467/ELEMENTOS/ELEMENTOS/principal/asesoria.php HTTP/1.1" 200 54693 "-" "Mozilla/5.0 (compatible; DotBot/1.2; +https://opensiteexplorer.org/dotbot; help@moz.com)"
190.85.87.250 - - [12/May/2026:11:36:35 -0500] "GET /acobranzas/cobranzas_serviasju1.php?ced2=91490456&numcon=2125 HTTP/1.1" 200 16816 "http://www.asjudinet.com/acobranzas/cobranzas_consulta_cartera1.php" "Mozilla/5.0 (Windows NT 10.0; Win64; x64) AppleWebKit/537.36 (KHTML, like Gecko) Chrome/148.0.0.0 Safari/537.36"
190.85.87.250 - - [12/May/2026:11:36:35 -0500] "GET /acobranzas/cobranzas_serviasju1.php?ced2=91490456&numcon=2125 HTTP/1.1" 200 373899 "http://www.asjudinet.com/acobranzas/cobranzas_consulta_cartera1.php" "Mozilla/5.0 (Windows NT 10.0; Win64; x64) AppleWebKit/537.36 (KHTML, like Gecko) Chrome/148.0.0.0 Safari/537.36"
181.61.205.27 - - [12/May/2026:11:36:53 -0500] "POST /callcenter/respuesta_sucursal.php?cedulita=79961582&numcon=20091&fecha=2026-05-12&atencion=106226&funcionario=79660662 HTTP/1.1" 200 16315 "http://asjudinet.com/callcenter/respuesta_sucursal.php?cedulita=79961582&numcon=20091&fecha=2026-05-12&atencion=106226&funcionario=79660662" "Mozilla/5.0 (Windows NT 10.0; Win64; x64) AppleWebKit/537.36 (KHTML, like Gecko) Chrome/147.0.0.0 Safari/537.36"
181.61.205.27 - - [12/May/2026:11:37:00 -0500] "GET /callcenter/respuesta_sucursal.php?cedulita=1121858393&numcon=20544&fecha=2026-05-12&atencion=106228&funcionario=79660662 HTTP/1.1" 200 15638 "http://asjudinet.com/callcenter/listado_por_sucursales.php?ced=79660662&nom=MORALES%20LOZANO%20JORGE%20LUIS&sucu=BOGOTA" "Mozilla/5.0 (Windows NT 10.0; Win64; x64) AppleWebKit/537.36 (KHTML, like Gecko) Chrome/147.0.0.0 Safari/537.36"
181.61.205.27 - - [12/May/2026:11:36:58 -0500] "GET /callcenter/listado_por_sucursales.php?ced=79660662&nom=MORALES%20LOZANO%20JORGE%20LUIS&sucu=BOGOTA HTTP/1.1" 200 8187 "-" "Mozilla/5.0 (Windows NT 10.0; Win64; x64) AppleWebKit/537.36 (KHTML, like Gecko) Chrome/147.0.0.0 Safari/537.36"
216.244.66.232 - - [12/May/2026:11:37:05 -0500] "GET /index.php/10i3450343-yet7y/aiv3k7/742_eanwn7chz27792/ELEMENTS/formulario_seminario_dih.php HTTP/1.1" 200 54693 "-" "Mozilla/5.0 (compatible; DotBot/1.2; +https://opensiteexplorer.org/dotbot; help@moz.com)"
181.61.205.27 - - [12/May/2026:11:37:21 -0500] "POST /callcenter/respuesta_sucursal.php?cedulita=1121858393&numcon=20544&fecha=2026-05-12&atencion=106228&funcionario=79660662 HTTP/1.1" 200 16141 "http://asjudinet.com/callcenter/respuesta_sucursal.php?cedulita=1121858393&numcon=20544&fecha=2026-05-12&atencion=106228&funcionario=79660662" "Mozilla/5.0 (Windows NT 10.0; Win64; x64) AppleWebKit/537.36 (KHTML, like Gecko) Chrome/147.0.0.0 Safari/537.36"
216.244.66.232 - - [12/May/2026:11:37:33 -0500] "GET /index.php/11/5ak9pjl3/352714/ELEMENTOS/ELEMENTOS/principal/prepago.php HTTP/1.1" 200 54693 "-" "Mozilla/5.0 (compatible; DotBot/1.2; +https://opensiteexplorer.org/dotbot; help@moz.com)"
190.85.87.250 - - [12/May/2026:11:37:35 -0500] "POST /acobranzas/cobranzas_consulta_cartera1.php HTTP/1.1" 200 6421 "http://www.asjudinet.com/acobranzas/cobranzas_consulta_cartera1.php" "Mozilla/5.0 (Windows NT 10.0; Win64; x64) AppleWebKit/537.36 (KHTML, like Gecko) Chrome/148.0.0.0 Safari/537.36"
190.85.87.250 - - [12/May/2026:11:37:39 -0500] "GET /acobranzas/cobranzas_serviasju1.php?ced2=10007821&numcon=6989 HTTP/1.1" 200 16916 "http://www.asjudinet.com/acobranzas/cobranzas_consulta_cartera1.php" "Mozilla/5.0 (Windows NT 10.0; Win64; x64) AppleWebKit/537.36 (KHTML, like Gecko) Chrome/148.0.0.0 Safari/537.36"
190.85.87.250 - - [12/May/2026:11:37:39 -0500] "GET /acobranzas/cobranzas_serviasju1.php?ced2=10007821&numcon=6989 HTTP/1.1" 200 339256 "http://www.asjudinet.com/acobranzas/cobranzas_consulta_cartera1.php" "Mozilla/5.0 (Windows NT 10.0; Win64; x64) AppleWebKit/537.36 (KHTML, like Gecko) Chrome/148.0.0.0 Safari/537.36"
114.119.128.77 - - [12/May/2026:11:37:50 -0500] "GET /index.php/zzztvsa/39aayzpksh_liqzne72382/principal/ELEMENTS/principal/pages/avigilajudicial/principal/soporteacademico.php HTTP/1.1" 200 54693 "http://www.asjudinet.com/index.php/zzztvsa/39aayzpksh_liqzne72382/principal/ELEMENTS/principal/pages/avigilajudicial/val_usuarios_IURIS.php" "Mozilla/5.0 (Linux; Android 7.0;) AppleWebKit/537.36 (HTML, like Gecko) Mobile Safari/537.36 (compatible; PetalBot;+https://webmaster.petalsearch.com/site/petalbot)"
216.244.66.232 - - [12/May/2026:11:37:59 -0500] "GET /index.php/11/9ely01ww/971464/avigilajudicial/principal/trayectoria.php HTTP/1.1" 200 54693 "-" "Mozilla/5.0 (compatible; DotBot/1.2; +https://opensiteexplorer.org/dotbot; help@moz.com)"
190.85.87.250 - - [12/May/2026:11:38:00 -0500] "POST /acobranzas/consulta_ced_cob_estado_1da.php HTTP/1.1" 200 7456 "http://www.asjudinet.com/acobranzas/consulta_ced_cob_estado_1da.php" "Mozilla/5.0 (Windows NT 10.0; Win64; x64) AppleWebKit/537.36 (KHTML, like Gecko) Chrome/148.0.0.0 Safari/537.36"
190.85.87.250 - - [12/May/2026:11:38:21 -0500] "GET /afinanciera/menu_cartera_nomina.php HTTP/1.1" 200 23831 "http://www.asjudinet.com/afinanciera/cartera_consul_titu_nom.php" "Mozilla/5.0 (Windows NT 10.0; Win64; x64) AppleWebKit/537.36 (KHTML, like Gecko) Chrome/148.0.0.0 Safari/537.36"
190.85.87.250 - - [12/May/2026:11:38:24 -0500] "GET /afinanciera/cartera_consulta_renova_n.php HTTP/1.1" 200 5088 "http://www.asjudinet.com/afinanciera/menu_cartera_nomina.php" "Mozilla/5.0 (Windows NT 10.0; Win64; x64) AppleWebKit/537.36 (KHTML, like Gecko) Chrome/148.0.0.0 Safari/537.36"
216.244.66.232 - - [12/May/2026:11:38:24 -0500] "GET /index.php/11/f6c8s9fj/966322/avigilajudicial/principal/casos_exito.php HTTP/1.1" 200 54693 "-" "Mozilla/5.0 (compatible; DotBot/1.2; +https://opensiteexplorer.org/dotbot; help@moz.com)"
190.85.87.250 - - [12/May/2026:11:38:32 -0500] "POST /afinanciera/cartera_consulta_renova_n.php HTTP/1.1" 200 5930 "http://www.asjudinet.com/afinanciera/cartera_consulta_renova_n.php" "Mozilla/5.0 (Windows NT 10.0; Win64; x64) AppleWebKit/537.36 (KHTML, like Gecko) Chrome/148.0.0.0 Safari/537.36"
190.85.87.250 - - [12/May/2026:11:38:35 -0500] "GET /acobranzas/consultar_cobranzas_vigentes.php?id=10007821&carpeta=8770&tipo=SJ01 HTTP/1.1" 200 70924 "http://www.asjudinet.com/acobranzas/consulta_ced_cob_estado_1da.php" "Mozilla/5.0 (Windows NT 10.0; Win64; x64) AppleWebKit/537.36 (KHTML, like Gecko) Chrome/148.0.0.0 Safari/537.36"
190.85.87.250 - - [12/May/2026:11:38:36 -0500] "GET /afinanciera/cartera_renovacion_contrato_nom.php?ced2=80013474&numcon=I0912 HTTP/1.1" 200 54500 "http://www.asjudinet.com/afinanciera/cartera_consulta_renova_n.php" "Mozilla/5.0 (Windows NT 10.0; Win64; x64) AppleWebKit/537.36 (KHTML, like Gecko) Chrome/148.0.0.0 Safari/537.36"
185.12.59.118 - - [12/May/2026:11:38:39 -0500] "GET / HTTP/1.1" 200 54693 "-" "Mozilla/5.0 (Windows NT 10.0; Win64; x64; rv:132.0) Gecko/20100101 Firefox/132.0"
190.85.87.250 - - [12/May/2026:11:38:42 -0500] "GET /acobranzas/seguimiento_cobranza_captura_vigentes.php?id=10007821&tipo=SJ01&carpeta=8770 HTTP/1.1" 200 14062 "http://www.asjudinet.com/acobranzas/consultar_cobranzas_vigentes.php?id=10007821&carpeta=8770&tipo=SJ01" "Mozilla/5.0 (Windows NT 10.0; Win64; x64) AppleWebKit/537.36 (KHTML, like Gecko) Chrome/148.0.0.0 Safari/537.36"
216.244.66.232 - - [12/May/2026:11:38:48 -0500] "GET /index.php/11f0483207-czf8i/q7ypkc/518_f0s81at6a13277/avigilajudicial/val_usuarios.php HTTP/1.1" 200 54693 "-" "Mozilla/5.0 (compatible; DotBot/1.2; +https://opensiteexplorer.org/dotbot; help@moz.com)"
181.61.205.27 - - [12/May/2026:11:38:49 -0500] "GET /callcenter/respuesta_sucursal.php?cedulita=14678828&numcon=I1330&fecha=2026-05-12&atencion=106229&funcionario=79660662 HTTP/1.1" 200 15612 "http://asjudinet.com/callcenter/listado_por_sucursales.php?ced=79660662&nom=MORALES%20LOZANO%20JORGE%20LUIS&sucu=BOGOTA" "Mozilla/5.0 (Windows NT 10.0; Win64; x64) AppleWebKit/537.36 (KHTML, like Gecko) Chrome/147.0.0.0 Safari/537.36"
181.61.205.27 - - [12/May/2026:11:38:47 -0500] "GET /callcenter/listado_por_sucursales.php?ced=79660662&nom=MORALES%20LOZANO%20JORGE%20LUIS&sucu=BOGOTA HTTP/1.1" 200 7548 "-" "Mozilla/5.0 (Windows NT 10.0; Win64; x64) AppleWebKit/537.36 (KHTML, like Gecko) Chrome/147.0.0.0 Safari/537.36"
181.61.205.27 - - [12/May/2026:11:39:09 -0500] "POST /callcenter/respuesta_sucursal.php?cedulita=14678828&numcon=I1330&fecha=2026-05-12&atencion=106229&funcionario=79660662 HTTP/1.1" 200 16115 "http://asjudinet.com/callcenter/respuesta_sucursal.php?cedulita=14678828&numcon=I1330&fecha=2026-05-12&atencion=106229&funcionario=79660662" "Mozilla/5.0 (Windows NT 10.0; Win64; x64) AppleWebKit/537.36 (KHTML, like Gecko) Chrome/147.0.0.0 Safari/537.36"
216.244.66.232 - - [12/May/2026:11:39:11 -0500] "GET /index.php/11l1918302-10z5f/yo2nhz/920_9knev4qjv9995/ELEMENTOS/principal/prepago.php HTTP/1.1" 200 54693 "-" "Mozilla/5.0 (compatible; DotBot/1.2; +https://opensiteexplorer.org/dotbot; help@moz.com)"
181.61.205.27 - - [12/May/2026:11:39:13 -0500] "GET /callcenter/listado_por_sucursales.php?ced=79660662&nom=MORALES%20LOZANO%20JORGE%20LUIS&sucu=BOGOTA HTTP/1.1" 200 6919 "-" "Mozilla/5.0 (Windows NT 10.0; Win64; x64) AppleWebKit/537.36 (KHTML, like Gecko) Chrome/147.0.0.0 Safari/537.36"
190.85.87.250 - - [12/May/2026:11:39:23 -0500] "POST /acobranzas/seguimiento_cobranza_captura_vigentes.php?id=10007821&tipo=SJ01&carpeta=8770 HTTP/1.1" 200 14183 "http://www.asjudinet.com/acobranzas/seguimiento_cobranza_captura_vigentes.php?id=10007821&tipo=SJ01&carpeta=8770" "Mozilla/5.0 (Windows NT 10.0; Win64; x64) AppleWebKit/537.36 (KHTML, like Gecko) Chrome/148.0.0.0 Safari/537.36"
190.85.87.250 - - [12/May/2026:11:39:23 -0500] "GET /acobranzas/consultar_cobranzas_vigentes.php?ced2=10007821&numcon=13968 HTTP/1.1" 200 27335 "http://www.asjudinet.com/acobranzas/seguimiento_cobranza_captura_vigentes.php?id=10007821&tipo=SJ01&carpeta=8770" "Mozilla/5.0 (Windows NT 10.0; Win64; x64) AppleWebKit/537.36 (KHTML, like Gecko) Chrome/148.0.0.0 Safari/537.36"
190.85.87.250 - - [12/May/2026:11:39:27 -0500] "GET /acobranzas/consultar_cobranzas_vigentes.php?id=10007821&carpeta=8770&tipo=SJ01 HTTP/1.1" 200 71629 "http://www.asjudinet.com/acobranzas/consulta_ced_cob_estado_1da.php" "Mozilla/5.0 (Windows NT 10.0; Win64; x64) AppleWebKit/537.36 (KHTML, like Gecko) Chrome/148.0.0.0 Safari/537.36"
216.244.66.232 - - [12/May/2026:11:39:34 -0500] "GET /index.php/11z1676616-q49aw/9i4oc7/991_cwvy7hcip29495/principal/lista_email.php HTTP/1.1" 200 54693 "-" "Mozilla/5.0 (compatible; DotBot/1.2; +https://opensiteexplorer.org/dotbot; help@moz.com)"
190.85.87.250 - - [12/May/2026:11:39:40 -0500] "GET /acobranzas/consultar_cobranzas_vigentes.php?id=10007821&carpeta=8770&tipo=SJ01 HTTP/1.1" 200 71629 "http://www.asjudinet.com/acobranzas/consulta_ced_cob_estado_1da.php" "Mozilla/5.0 (Windows NT 10.0; Win64; x64) AppleWebKit/537.36 (KHTML, like Gecko) Chrome/148.0.0.0 Safari/537.36"
114.119.136.100 - - [12/May/2026:11:39:42 -0500] "GET /index.php/zzztvsa/39aayzpksh_liqzne72382/principal/principal/principal/pages/principal/pages/index.php HTTP/1.1" 200 54693 "http://www.asjudinet.com/index.php/zzztvsa/39aayzpksh_liqzne72382/principal/principal/principal/pages/principal/pages/index.php" "Mozilla/5.0 (Linux; Android 7.0;) AppleWebKit/537.36 (KHTML, like Gecko) Mobile Safari/537.36 (compatible; PetalBot;+https://webmaster.petalsearch.com/site/petalbot)"
190.85.87.250 - - [12/May/2026:11:39:53 -0500] "GET /acobranzas/consultar_cobranzas_vigentes.php?id=10007821&carpeta=16495&tipo=SJ01 HTTP/1.1" 200 40378 "http://www.asjudinet.com/acobranzas/consulta_ced_cob_estado_1da.php" "Mozilla/5.0 (Windows NT 10.0; Win64; x64) AppleWebKit/537.36 (KHTML, like Gecko) Chrome/148.0.0.0 Safari/537.36"
216.244.66.232 - - [12/May/2026:11:39:55 -0500] "GET /index.php/11z7180579-lv3c2/o14j7p/642_4j5zi9enh18659/ELEMENTOS/principal/misionvision.php HTTP/1.1" 200 54693 "-" "Mozilla/5.0 (compatible; DotBot/1.2; +https://opensiteexplorer.org/dotbot; help@moz.com)"
190.85.87.250 - - [12/May/2026:11:39:59 -0500] "GET /acobranzas/seguimiento_cobranza_captura_vigentes.php?id=10007821&tipo=SJ01&carpeta=16495 HTTP/1.1" 200 14060 "http://www.asjudinet.com/acobranzas/consultar_cobranzas_vigentes.php?id=10007821&carpeta=16495&tipo=SJ01" "Mozilla/5.0 (Windows NT 10.0; Win64; x64) AppleWebKit/537.36 (KHTML, like Gecko) Chrome/148.0.0.0 Safari/537.36"
190.85.87.250 - - [12/May/2026:11:40:04 -0500] "POST /acobranzas/seguimiento_cobranza_captura_vigentes.php?id=10007821&tipo=SJ01&carpeta=16495 HTTP/1.1" 200 14180 "http://www.asjudinet.com/acobranzas/seguimiento_cobranza_captura_vigentes.php?id=10007821&tipo=SJ01&carpeta=16495" "Mozilla/5.0 (Windows NT 10.0; Win64; x64) AppleWebKit/537.36 (KHTML, like Gecko) Chrome/148.0.0.0 Safari/537.36"
190.85.87.250 - - [12/May/2026:11:40:04 -0500] "GET /acobranzas/consultar_cobranzas_vigentes.php?ced2=10007821&numcon=6989 HTTP/1.1" 200 27335 "http://www.asjudinet.com/acobranzas/seguimiento_cobranza_captura_vigentes.php?id=10007821&tipo=SJ01&carpeta=16495" "Mozilla/5.0 (Windows NT 10.0; Win64; x64) AppleWebKit/537.36 (KHTML, like Gecko) Chrome/148.0.0.0 Safari/537.36"
216.244.66.232 - - [12/May/2026:11:40:15 -0500] "GET /index.php/ELEMENTOS/principal/principal/sucursales_satelites.php HTTP/1.1" 200 54693 "-" "Mozilla/5.0 (compatible; DotBot/1.2; +https://opensiteexplorer.org/dotbot; help@moz.com)"
216.244.66.232 - - [12/May/2026:11:40:34 -0500] "GET /index.php/assvfnlw11/3389574/avigilajudicial/principal/misionvision.php HTTP/1.1" 200 54693 "-" "Mozilla/5.0 (compatible; DotBot/1.2; +https://opensiteexplorer.org/dotbot; help@moz.com)"
114.119.150.5 - - [12/May/2026:11:40:37 -0500] "GET /index.php/zzztvsa/39aayzpksh_liqzne72382/principal/principal/principal/avigilajudicial/ELEMENTS/otros/principal/pages/principal/ventajas.php HTTP/1.1" 200 54693 "http://www.asjudinet.com/index.php/zzztvsa/39aayzpksh_liqzne72382/principal/principal/principal/avigilajudicial/ELEMENTS/otros/principal/pages/formulario_seminario_dih.php" "Mozilla/5.0 (Linux; Android 7.0;) AppleWebKit/537.36 (HTML, like Gecko) Mobile Safari/537.36 (compatible; PetalBot;+https://webmaster.petalsearch.com/site/petalbot)"
181.61.205.27 - - [12/May/2026:11:40:37 -0500] "GET /callcenter/listado_por_sucursales.php?ced=79660662&nom=MORALES%20LOZANO%20JORGE%20LUIS&sucu=BOGOTA HTTP/1.1" 200 6919 "-" "Mozilla/5.0 (Windows NT 10.0; Win64; x64) AppleWebKit/537.36 (KHTML, like Gecko) Chrome/147.0.0.0 Safari/537.36"
190.85.87.250 - - [12/May/2026:11:40:44 -0500] "POST /acobranzas/cobranzas_consulta_cartera1.php HTTP/1.1" 200 5094 "http://www.asjudinet.com/acobranzas/cobranzas_consulta_cartera1.php" "Mozilla/5.0 (Windows NT 10.0; Win64; x64) AppleWebKit/537.36 (KHTML, like Gecko) Chrome/148.0.0.0 Safari/537.36"
216.244.66.232 - - [12/May/2026:11:40:53 -0500] "GET /index.php/avigilajudicial/ELEMENTOS/principal/asesoria.php HTTP/1.1" 200 54693 "-" "Mozilla/5.0 (compatible; DotBot/1.2; +https://opensiteexplorer.org/dotbot; help@moz.com)"
190.85.87.250 - - [12/May/2026:11:40:59 -0500] "POST /afinanciera/cartera_consultar_cargar_deb.php HTTP/1.1" 200 6057 "http://www.asjudinet.com/afinanciera/cartera_consultar_cargar_deb.php" "Mozilla/5.0 (Windows NT 10.0; Win64; x64) AppleWebKit/537.36 (KHTML, like Gecko) Chrome/148.0.0.0 Safari/537.36"
216.244.66.232 - - [12/May/2026:11:41:10 -0500] "GET /index.php/avigilajudicial/principal/principal/enlaces.php HTTP/1.1" 200 54693 "-" "Mozilla/5.0 (compatible; DotBot/1.2; +https://opensiteexplorer.org/dotbot; help@moz.com)"
190.85.87.250 - - [12/May/2026:11:41:20 -0500] "POST /afinanciera/cartera_consultar_cargar_deb.php HTTP/1.1" 200 6057 "http://www.asjudinet.com/afinanciera/cartera_consultar_cargar_deb.php" "Mozilla/5.0 (Windows NT 10.0; Win64; x64) AppleWebKit/537.36 (KHTML, like Gecko) Chrome/148.0.0.0 Safari/537.36"
216.244.66.232 - - [12/May/2026:11:41:26 -0500] "GET /index.php/fhoeqs10/zt6631/ELEMENTOS/ELEMENTOS/principal/enlaces.php HTTP/1.1" 200 54693 "-" "Mozilla/5.0 (compatible; DotBot/1.2; +https://opensiteexplorer.org/dotbot; help@moz.com)"
190.85.87.250 - - [12/May/2026:11:41:26 -0500] "GET /afinanciera/cartera_cargar_manual_deb.php?ced2=1106893297&numcon=1652 HTTP/1.1" 200 190123 "http://www.asjudinet.com/afinanciera/cartera_consultar_cargar_deb.php" "Mozilla/5.0 (Windows NT 10.0; Win64; x64) AppleWebKit/537.36 (KHTML, like Gecko) Chrome/148.0.0.0 Safari/537.36"
190.85.87.250 - - [12/May/2026:11:41:37 -0500] "POST /acobranzas/cobranzas_consulta_cartera1.php HTTP/1.1" 200 6444 "http://www.asjudinet.com/acobranzas/cobranzas_consulta_cartera1.php" "Mozilla/5.0 (Windows NT 10.0; Win64; x64) AppleWebKit/537.36 (KHTML, like Gecko) Chrome/148.0.0.0 Safari/537.36"
190.85.87.250 - - [12/May/2026:11:41:39 -0500] "GET /acobranzas/cobranzas_serviasju1.php?ced2=19348276&numcon=I0306 HTTP/1.1" 200 16893 "http://www.asjudinet.com/acobranzas/cobranzas_consulta_cartera1.php" "Mozilla/5.0 (Windows NT 10.0; Win64; x64) AppleWebKit/537.36 (KHTML, like Gecko) Chrome/148.0.0.0 Safari/537.36"
216.244.66.232 - - [12/May/2026:11:41:42 -0500] "GET /index.php/jtvata10/za2535/ELEMENTOS/ELEMENTOS/pages/menu_creditos_rotativos.php HTTP/1.1" 200 54693 "-" "Mozilla/5.0 (compatible; DotBot/1.2; +https://opensiteexplorer.org/dotbot; help@moz.com)"
190.85.87.250 - - [12/May/2026:11:41:39 -0500] "GET /acobranzas/cobranzas_serviasju1.php?ced2=19348276&numcon=I0306 HTTP/1.1" 200 28820 "http://www.asjudinet.com/acobranzas/cobranzas_consulta_cartera1.php" "Mozilla/5.0 (Windows NT 10.0; Win64; x64) AppleWebKit/537.36 (KHTML, like Gecko) Chrome/148.0.0.0 Safari/537.36"
190.85.87.250 - - [12/May/2026:11:41:45 -0500] "POST /acobranzas/consulta_ced_cob_estado_1da.php HTTP/1.1" 200 6780 "http://www.asjudinet.com/acobranzas/consulta_ced_cob_estado_1da.php" "Mozilla/5.0 (Windows NT 10.0; Win64; x64) AppleWebKit/537.36 (KHTML, like Gecko) Chrome/148.0.0.0 Safari/537.36"
190.85.87.250 - - [12/May/2026:11:41:46 -0500] "GET /acobranzas/consultar_cobranzas_vigentes.php?id=19348276&carpeta=17032&tipo=INT03 HTTP/1.1" 200 54332 "http://www.asjudinet.com/acobranzas/consulta_ced_cob_estado_1da.php" "Mozilla/5.0 (Windows NT 10.0; Win64; x64) AppleWebKit/537.36 (KHTML, like Gecko) Chrome/148.0.0.0 Safari/537.36"
190.85.87.250 - - [12/May/2026:11:41:50 -0500] "GET /acobranzas/seguimiento_cobranza_captura_vigentes.php?id=19348276&tipo=INT03&carpeta=17032 HTTP/1.1" 200 14056 "http://www.asjudinet.com/acobranzas/consultar_cobranzas_vigentes.php?id=19348276&carpeta=17032&tipo=INT03" "Mozilla/5.0 (Windows NT 10.0; Win64; x64) AppleWebKit/537.36 (KHTML, like Gecko) Chrome/148.0.0.0 Safari/537.36"
216.244.66.232 - - [12/May/2026:11:41:56 -0500] "GET /index.php/lzyeppo/11qysffjvt_nhccsi72213/ELEMENTOS/ELEMENTOS/principal/NoticiasImportantes.php HTTP/1.1" 200 54693 "-" "Mozilla/5.0 (compatible; DotBot/1.2; +https://opensiteexplorer.org/dotbot; help@moz.com)"
185.180.141.7 - - [12/May/2026:11:42:19 -0500] "GET / HTTP/1.1" 200 54693 "-" "Mozilla/5.0 AppleWebKit/537.36 (KHTML, like Gecko) Chrome/123.0.6312.86 Safari/537.36"
185.180.141.8 - - [12/May/2026:11:42:26 -0500] "GET /favicon.ico HTTP/1.1" 200 9036 "-" "Mozilla/5.0 AppleWebKit/537.36 (KHTML, like Gecko) Chrome/123.0.6312.86 Safari/537.36"
216.244.66.232 - - [12/May/2026:11:42:45 -0500] "GET /index.php/nfcszj11/tv1627/ELEMENTOS/ELEMENTOS/principal/trayectoria.php HTTP/1.1" 200 54693 "-" "Mozilla/5.0 (compatible; DotBot/1.2; +https://opensiteexplorer.org/dotbot; help@moz.com)"
190.85.87.250 - - [12/May/2026:11:42:45 -0500] "POST /afinanciera/cartera_cargar_manual_deb.php?ced2=1106893297&numcon=1652 HTTP/1.1" 200 191873 "http://www.asjudinet.com/afinanciera/cartera_cargar_manual_deb.php?ced2=1106893297&numcon=1652" "Mozilla/5.0 (Windows NT 10.0; Win64; x64) AppleWebKit/537.36 (KHTML, like Gecko) Chrome/148.0.0.0 Safari/537.36"
216.244.66.232 - - [12/May/2026:11:43:10 -0500] "GET /index.php/ntsyat11/no9662/avigilajudicial/ELEMENTOS/principal/enlaces.php HTTP/1.1" 200 54693 "-" "Mozilla/5.0 (compatible; DotBot/1.2; +https://opensiteexplorer.org/dotbot; help@moz.com)"
190.85.87.250 - - [12/May/2026:11:43:23 -0500] "POST /afinanciera/cartera_consultar_cargar_deb.php HTTP/1.1" 200 6046 "http://www.asjudinet.com/afinanciera/cartera_consultar_cargar_deb.php" "Mozilla/5.0 (Windows NT 10.0; Win64; x64) AppleWebKit/537.36 (KHTML, like Gecko) Chrome/148.0.0.0 Safari/537.36"
114.119.137.103 - - [12/May/2026:11:43:27 -0500] "GET /index.php/zzztvsa/39aayzpksh_liqzne72382/principal/principal/principal/Assets/pages/principal/quienes.php HTTP/1.1" 200 54693 "http://www.asjudinet.com/index.php/zzztvsa/39aayzpksh_liqzne72382/principal/principal/principal/Assets/pages/val_usuarios.php" "Mozilla/5.0 (Linux; Android 7.0;) AppleWebKit/537.36 (HTML, like Gecko) Mobile Safari/537.36 (compatible; PetalBot;+https://webmaster.petalsearch.com/site/petalbot)"
190.85.87.250 - - [12/May/2026:11:43:24 -0500] "GET /afinanciera/cartera_cargar_manual_deb.php?ced2=10773486&numcon=5694 HTTP/1.1" 200 363347 "http://www.asjudinet.com/afinanciera/cartera_consultar_cargar_deb.php" "Mozilla/5.0 (Windows NT 10.0; Win64; x64) AppleWebKit/537.36 (KHTML, like Gecko) Chrome/148.0.0.0 Safari/537.36"
216.244.66.232 - - [12/May/2026:11:43:34 -0500] "GET /index.php/oknvswq/11phtkicvh_czvtih61709/ELEMENTOS/ELEMENTOS/avigilajudicial/validar_vigi_judicial.php HTTP/1.1" 200 54693 "-" "Mozilla/5.0 (compatible; DotBot/1.2; +https://opensiteexplorer.org/dotbot; help@moz.com)"
190.85.87.250 - - [12/May/2026:11:43:53 -0500] "POST /afinanciera/cartera_renovacion_contrato_nom.php?ced2=80013474&numcon=I0912 HTTP/1.1" 200 54560 "http://www.asjudinet.com/afinanciera/cartera_renovacion_contrato_nom.php?ced2=80013474&numcon=I0912" "Mozilla/5.0 (Windows NT 10.0; Win64; x64) AppleWebKit/537.36 (KHTML, like Gecko) Chrome/148.0.0.0 Safari/537.36"
216.244.66.232 - - [12/May/2026:11:43:58 -0500] "GET /index.php/phnsvehw11/9520895/avigilajudicial/principal/prepago.php HTTP/1.1" 200 54693 "-" "Mozilla/5.0 (compatible; DotBot/1.2; +https://opensiteexplorer.org/dotbot; help@moz.com)"
190.85.87.250 - - [12/May/2026:11:43:58 -0500] "POST /afinanciera/cartera_consultar_cargar_deb.php HTTP/1.1" 200 6053 "http://www.asjudinet.com/afinanciera/cartera_consultar_cargar_deb.php" "Mozilla/5.0 (Windows NT 10.0; Win64; x64) AppleWebKit/537.36 (KHTML, like Gecko) Chrome/148.0.0.0 Safari/537.36"
190.85.87.250 - - [12/May/2026:11:43:59 -0500] "GET /afinanciera/cartera_cargar_manual_deb.php?ced2=91112929&numcon=22153 HTTP/1.1" 200 269820 "http://www.asjudinet.com/afinanciera/cartera_consultar_cargar_deb.php" "Mozilla/5.0 (Windows NT 10.0; Win64; x64) AppleWebKit/537.36 (KHTML, like Gecko) Chrome/148.0.0.0 Safari/537.36"
190.85.87.250 - - [12/May/2026:11:44:05 -0500] "GET /afinanciera/menu_cartera_nomina.php HTTP/1.1" 200 23831 "http://www.asjudinet.com/afinanciera/cartera_renovacion_contrato_nom.php?ced2=80013474&numcon=I0912" "Mozilla/5.0 (Windows NT 10.0; Win64; x64) AppleWebKit/537.36 (KHTML, like Gecko) Chrome/148.0.0.0 Safari/537.36"
190.85.87.250 - - [12/May/2026:11:44:07 -0500] "GET /afinanciera/cartera_consul_titu_nom.php HTTP/1.1" 200 5244 "http://www.asjudinet.com/afinanciera/menu_cartera_nomina.php" "Mozilla/5.0 (Windows NT 10.0; Win64; x64) AppleWebKit/537.36 (KHTML, like Gecko) Chrome/148.0.0.0 Safari/537.36"
190.85.87.250 - - [12/May/2026:11:44:11 -0500] "POST /afinanciera/cartera_consul_titu_nom.php HTTP/1.1" 200 6128 "http://www.asjudinet.com/afinanciera/cartera_consul_titu_nom.php" "Mozilla/5.0 (Windows NT 10.0; Win64; x64) AppleWebKit/537.36 (KHTML, like Gecko) Chrome/148.0.0.0 Safari/537.36"
216.244.66.232 - - [12/May/2026:11:44:20 -0500] "GET /index.php/plnitkl/11znwkjzsa_ipeyjc18789/avigilajudicial/principal/quienes.php HTTP/1.1" 200 54693 "-" "Mozilla/5.0 (compatible; DotBot/1.2; +https://opensiteexplorer.org/dotbot; help@moz.com)"
190.85.87.250 - - [12/May/2026:11:44:28 -0500] "POST /afinanciera/cartera_consul_titu_nom.php HTTP/1.1" 200 6120 "http://www.asjudinet.com/afinanciera/cartera_consul_titu_nom.php" "Mozilla/5.0 (Windows NT 10.0; Win64; x64) AppleWebKit/537.36 (KHTML, like Gecko) Chrome/148.0.0.0 Safari/537.36"
190.85.87.250 - - [12/May/2026:11:44:30 -0500] "GET /afinanciera/cartera_consulta_titular_nom.php?ced2=80013474&numcon=I0912&tipo=INT02 HTTP/1.1" 200 21670 "http://www.asjudinet.com/afinanciera/cartera_consul_titu_nom.php" "Mozilla/5.0 (Windows NT 10.0; Win64; x64) AppleWebKit/537.36 (KHTML, like Gecko) Chrome/148.0.0.0 Safari/537.36"
216.244.66.232 - - [12/May/2026:11:44:41 -0500] "GET /index.php/qwccypa/11kvvtcfjo_ssjyak62077/ELEMENTOS/ELEMENTOS/principal/prepago.php HTTP/1.1" 200 54693 "-" "Mozilla/5.0 (compatible; DotBot/1.2; +https://opensiteexplorer.org/dotbot; help@moz.com)"
181.61.205.27 - - [12/May/2026:11:44:39 -0500] "GET /callcenter/listado_por_sucursales.php?ced=79660662&nom=MORALES%20LOZANO%20JORGE%20LUIS&sucu=BOGOTA HTTP/1.1" 200 6919 "-" "Mozilla/5.0 (Windows NT 10.0; Win64; x64) AppleWebKit/537.36 (KHTML, like Gecko) Chrome/147.0.0.0 Safari/537.36"
114.119.128.77 - - [12/May/2026:11:44:48 -0500] "GET /index.php/zzztvsa/39aayzpksh_liqzne72382/principal/principal/pages/avigilajudicial/ELEMENTS/principal/avigilajudicial/val_usuarios.php HTTP/1.1" 200 54693 "http://www.asjudinet.com/index.php/zzztvsa/39aayzpksh_liqzne72382/principal/principal/pages/avigilajudicial/ELEMENTS/principal/avigilajudicial/validar_vigi_judicial.php" "Mozilla/5.0 (Linux; Android 7.0;) AppleWebKit/537.36 (HTML, like Gecko) Mobile Safari/537.36 (compatible; PetalBot;+https://webmaster.petalsearch.com/site/petalbot)"
181.61.205.27 - - [12/May/2026:11:44:51 -0500] "GET /ingresar_accion_tomada.php?cedul=79772070&atencion=138720&fechase=2026-05-06&esta=7 HTTP/1.1" 200 17100 "http://www.asjudinet.com/consulta_ced_accion_tomada.php" "Mozilla/5.0 (Windows NT 10.0; Win64; x64) AppleWebKit/537.36 (KHTML, like Gecko) Chrome/147.0.0.0 Safari/537.36"
190.85.87.250 - - [12/May/2026:11:45:00 -0500] "GET /afinanciera/menu_cartera_nomina.php HTTP/1.1" 200 23831 "http://www.asjudinet.com/afinanciera/cartera_consulta_titular_nom.php?ced2=80013474&numcon=I0912&tipo=INT02" "Mozilla/5.0 (Windows NT 10.0; Win64; x64) AppleWebKit/537.36 (KHTML, like Gecko) Chrome/148.0.0.0 Safari/537.36"
216.244.66.232 - - [12/May/2026:11:45:01 -0500] "GET /index.php/syjhynjo11/6986730/ELEMENTOS/ELEMENTS/principal/video_empresa.php HTTP/1.1" 200 54693 "-" "Mozilla/5.0 (compatible; DotBot/1.2; +https://opensiteexplorer.org/dotbot; help@moz.com)"
190.85.87.250 - - [12/May/2026:11:45:01 -0500] "POST /afinanciera/cartera_consultar_cargar_deb.php HTTP/1.1" 200 6471 "http://www.asjudinet.com/afinanciera/cartera_consultar_cargar_deb.php" "Mozilla/5.0 (Windows NT 10.0; Win64; x64) AppleWebKit/537.36 (KHTML, like Gecko) Chrome/148.0.0.0 Safari/537.36"
190.85.87.250 - - [12/May/2026:11:45:02 -0500] "GET /afinanciera/cartera_busqueda_modificar_nom.php HTTP/1.1" 200 5240 "http://www.asjudinet.com/afinanciera/menu_cartera_nomina.php" "Mozilla/5.0 (Windows NT 10.0; Win64; x64) AppleWebKit/537.36 (KHTML, like Gecko) Chrome/148.0.0.0 Safari/537.36"
190.85.87.250 - - [12/May/2026:11:45:05 -0500] "POST /afinanciera/cartera_busqueda_modificar_nom.php HTTP/1.1" 200 6201 "http://www.asjudinet.com/afinanciera/cartera_busqueda_modificar_nom.php" "Mozilla/5.0 (Windows NT 10.0; Win64; x64) AppleWebKit/537.36 (KHTML, like Gecko) Chrome/148.0.0.0 Safari/537.36"
190.85.87.250 - - [12/May/2026:11:45:03 -0500] "GET /afinanciera/cartera_cargar_manual_deb.php?ced2=10291778&numcon=27173A HTTP/1.1" 200 78687 "http://www.asjudinet.com/afinanciera/cartera_consultar_cargar_deb.php" "Mozilla/5.0 (Windows NT 10.0; Win64; x64) AppleWebKit/537.36 (KHTML, like Gecko) Chrome/148.0.0.0 Safari/537.36"
190.85.87.250 - - [12/May/2026:11:45:07 -0500] "GET /afinanciera/cartera_modificar_datos_nom.php?ced2=80013474&numcon=I0912 HTTP/1.1" 200 91335 "http://www.asjudinet.com/afinanciera/cartera_busqueda_modificar_nom.php" "Mozilla/5.0 (Windows NT 10.0; Win64; x64) AppleWebKit/537.36 (KHTML, like Gecko) Chrome/148.0.0.0 Safari/537.36"
190.85.87.250 - - [12/May/2026:11:45:10 -0500] "GET /afinanciera/cartera_cargar_manual_deb.php?ced2=10291778&numcon=27173 HTTP/1.1" 200 70349 "http://www.asjudinet.com/afinanciera/cartera_consultar_cargar_deb.php" "Mozilla/5.0 (Windows NT 10.0; Win64; x64) AppleWebKit/537.36 (KHTML, like Gecko) Chrome/148.0.0.0 Safari/537.36"
216.244.66.232 - - [12/May/2026:11:45:21 -0500] "GET /index.php/vssiwk10/zz9964/ELEMENTOS/ELEMENTOS/ELEMENTOS/val_usuarios.php HTTP/1.1" 200 54693 "-" "Mozilla/5.0 (compatible; DotBot/1.2; +https://opensiteexplorer.org/dotbot; help@moz.com)"
190.85.87.250 - - [12/May/2026:11:45:27 -0500] "POST /afinanciera/cartera_modificar_datos_nom.php?ced2=80013474&numcon=I0912 HTTP/1.1" 200 91418 "http://www.asjudinet.com/afinanciera/cartera_modificar_datos_nom.php?ced2=80013474&numcon=I0912" "Mozilla/5.0 (Windows NT 10.0; Win64; x64) AppleWebKit/537.36 (KHTML, like Gecko) Chrome/148.0.0.0 Safari/537.36"
190.85.87.250 - - [12/May/2026:11:45:33 -0500] "GET /afinanciera/menu_cartera_nomina.php HTTP/1.1" 200 23831 "http://www.asjudinet.com/afinanciera/cartera_busqueda_modificar_nom.php" "Mozilla/5.0 (Windows NT 10.0; Win64; x64) AppleWebKit/537.36 (KHTML, like Gecko) Chrome/148.0.0.0 Safari/537.36"
216.244.66.232 - - [12/May/2026:11:45:39 -0500] "GET /index.php/vssiwk10/zz9964/ELEMENTOS/ELEMENTOS/pages/menu_procesos_todos.php HTTP/1.1" 200 54693 "-" "Mozilla/5.0 (compatible; DotBot/1.2; +https://opensiteexplorer.org/dotbot; help@moz.com)"
216.244.66.232 - - [12/May/2026:11:45:56 -0500] "GET /index.php/wfiteiw/11whivhkzq_jqnjty63403/ELEMENTOS/ELEMENTOS/principal/ventajas.php HTTP/1.1" 200 54693 "-" "Mozilla/5.0 (compatible; DotBot/1.2; +https://opensiteexplorer.org/dotbot; help@moz.com)"
190.67.203.19 - - [12/May/2026:11:46:01 -0500] "GET /callcenter/menu_abogados.php?ced=93476074&nom=MANJARRES%20TAPIERO%20JULIO%20ERNESTO HTTP/1.1" 200 3542 "http://www.asjudinet.com/callcenter/listado_por_abogado.php?ced=93476074&nom=MANJARRES%20TAPIERO%20JULIO%20ERNESTO" "Mozilla/5.0 (Windows NT 10.0; Win64; x64) AppleWebKit/537.36 (KHTML, like Gecko) Chrome/148.0.0.0 Safari/537.36"
190.67.203.19 - - [12/May/2026:11:46:03 -0500] "GET /callcenter/listado_por_abogado.php?ced=93476074&nom=MANJARRES%20TAPIERO%20JULIO%20ERNESTO HTTP/1.1" 200 17245 "http://www.asjudinet.com/callcenter/menu_abogados.php?ced=93476074&nom=MANJARRES%20TAPIERO%20JULIO%20ERNESTO" "Mozilla/5.0 (Windows NT 10.0; Win64; x64) AppleWebKit/537.36 (KHTML, like Gecko) Chrome/148.0.0.0 Safari/537.36"
181.61.205.27 - - [12/May/2026:11:46:10 -0500] "POST /ingresar_accion_tomada.php?cedul=79772070&atencion=138720&fechase=2026-05-06&esta=7 HTTP/1.1" 200 17237 "http://www.asjudinet.com/ingresar_accion_tomada.php?cedul=79772070&atencion=138720&fechase=2026-05-06&esta=7" "Mozilla/5.0 (Windows NT 10.0; Win64; x64) AppleWebKit/537.36 (KHTML, like Gecko) Chrome/147.0.0.0 Safari/537.36"
216.244.66.232 - - [12/May/2026:11:46:12 -0500] "GET /index.php/wjvqtzc/11cnaqjiyp_qoanhv78084/ELEMENTOS/ELEMENTOS/principal/video_empresa.php HTTP/1.1" 200 54693 "-" "Mozilla/5.0 (compatible; DotBot/1.2; +https://opensiteexplorer.org/dotbot; help@moz.com)"
190.85.87.250 - - [12/May/2026:11:46:17 -0500] "POST /acobranzas/seguimiento_cobranza_captura_vigentes.php?id=19348276&tipo=INT03&carpeta=17032 HTTP/1.1" 200 14177 "http://www.asjudinet.com/acobranzas/seguimiento_cobranza_captura_vigentes.php?id=19348276&tipo=INT03&carpeta=17032" "Mozilla/5.0 (Windows NT 10.0; Win64; x64) AppleWebKit/537.36 (KHTML, like Gecko) Chrome/148.0.0.0 Safari/537.36"
190.85.87.250 - - [12/May/2026:11:46:17 -0500] "GET /acobranzas/consultar_cobranzas_vigentes.php?ced2=19348276&numcon=I0306 HTTP/1.1" 200 27335 "http://www.asjudinet.com/acobranzas/seguimiento_cobranza_captura_vigentes.php?id=19348276&tipo=INT03&carpeta=17032" "Mozilla/5.0 (Windows NT 10.0; Win64; x64) AppleWebKit/537.36 (KHTML, like Gecko) Chrome/148.0.0.0 Safari/537.36"
216.244.66.232 - - [12/May/2026:11:46:27 -0500] "GET /index.php/wjvqtzc/11cnaqjiyp_qoanhv78084/avigilajudicial/principal/casos_exito.php HTTP/1.1" 200 54693 "-" "Mozilla/5.0 (compatible; DotBot/1.2; +https://opensiteexplorer.org/dotbot; help@moz.com)"
114.119.150.5 - - [12/May/2026:11:46:31 -0500] "GET /index.php/zzztvsa/39aayzpksh_liqzne72382/principal/principal/avigilajudicial/ELEMENTS/otros/principal/pages/pages/pages/val_usuarios.php HTTP/1.1" 200 54693 "http://www.asjudinet.com/index.php/zzztvsa/39aayzpksh_liqzne72382/principal/principal/avigilajudicial/ELEMENTS/otros/principal/pages/pages/pages/validar_usuarios_pagina.php" "Mozilla/5.0 (Linux; Android 7.0;) AppleWebKit/537.36 (KHTML, like Gecko) Mobile Safari/537.36 (compatible; PetalBot;+https://webmaster.petalsearch.com/site/petalbot)"
181.61.205.27 - - [12/May/2026:11:46:33 -0500] "POST /consulta_ced_accion_tomada.php HTTP/1.1" 200 6663 "http://www.asjudinet.com/consulta_ced_accion_tomada.php" "Mozilla/5.0 (Windows NT 10.0; Win64; x64) AppleWebKit/537.36 (KHTML, like Gecko) Chrome/147.0.0.0 Safari/537.36"
181.61.205.27 - - [12/May/2026:11:46:34 -0500] "GET /ingresar_accion_tomada.php?cedul=86015005&atencion=138721&fechase=2026-05-06&esta=7 HTTP/1.1" 200 17083 "http://www.asjudinet.com/consulta_ced_accion_tomada.php" "Mozilla/5.0 (Windows NT 10.0; Win64; x64) AppleWebKit/537.36 (KHTML, like Gecko) Chrome/147.0.0.0 Safari/537.36"
216.244.66.232 - - [12/May/2026:11:46:42 -0500] "GET /index.php/ypezlvw/11zjyqente_eilhcv12907/ELEMENTOS/ELEMENTOS/principal/contactenos.php HTTP/1.1" 200 54693 "-" "Mozilla/5.0 (compatible; DotBot/1.2; +https://opensiteexplorer.org/dotbot; help@moz.com)"
216.244.66.232 - - [12/May/2026:11:46:55 -0500] "GET /index.php/zaeies11/pn0701/ELEMENTOS/ELEMENTOS/ELEMENTOS/val_usuarios.php HTTP/1.1" 200 54693 "-" "Mozilla/5.0 (compatible; DotBot/1.2; +https://opensiteexplorer.org/dotbot; help@moz.com)"
216.244.66.232 - - [12/May/2026:11:47:07 -0500] "GET /index.php/zhyczjwl11/3970467/ELEMENTOS/ELEMENTOS/principal/soporteacademico.php HTTP/1.1" 200 54693 "-" "Mozilla/5.0 (compatible; DotBot/1.2; +https://opensiteexplorer.org/dotbot; help@moz.com)"
190.85.87.250 - - [12/May/2026:11:47:10 -0500] "POST /afinanciera/cartera_cargar_manual_deb.php?ced2=10291778&numcon=27173A HTTP/1.1" 200 80437 "http://www.asjudinet.com/afinanciera/cartera_cargar_manual_deb.php?ced2=10291778&numcon=27173A" "Mozilla/5.0 (Windows NT 10.0; Win64; x64) AppleWebKit/537.36 (KHTML, like Gecko) Chrome/148.0.0.0 Safari/537.36"
216.244.66.232 - - [12/May/2026:11:47:18 -0500] "GET /index.php/zwvjtoey11/0691705/ELEMENTOS/avigilajudicial/principal/sucursales.php HTTP/1.1" 200 54693 "-" "Mozilla/5.0 (compatible; DotBot/1.2; +https://opensiteexplorer.org/dotbot; help@moz.com)"
181.61.205.27 - - [12/May/2026:11:47:24 -0500] "POST /ingresar_accion_tomada.php?cedul=86015005&atencion=138721&fechase=2026-05-06&esta=7 HTTP/1.1" 200 17220 "http://www.asjudinet.com/ingresar_accion_tomada.php?cedul=86015005&atencion=138721&fechase=2026-05-06&esta=7" "Mozilla/5.0 (Windows NT 10.0; Win64; x64) AppleWebKit/537.36 (KHTML, like Gecko) Chrome/147.0.0.0 Safari/537.36"
216.244.66.232 - - [12/May/2026:11:47:29 -0500] "GET /index.php/zwvjtoey11/0691705/avigilajudicial/principal/trayectoria.php HTTP/1.1" 200 54693 "-" "Mozilla/5.0 (compatible; DotBot/1.2; +https://opensiteexplorer.org/dotbot; help@moz.com)"
216.244.66.232 - - [12/May/2026:11:47:38 -0500] "GET /index.php/zwynnt11/co9448/ELEMENTOS/ELEMENTS/principal/sucursales_satelites.php HTTP/1.1" 200 54693 "-" "Mozilla/5.0 (compatible; DotBot/1.2; +https://opensiteexplorer.org/dotbot; help@moz.com)"
181.61.205.27 - - [12/May/2026:11:47:40 -0500] "POST /consulta_ced_accion_tomada.php HTTP/1.1" 200 6669 "http://www.asjudinet.com/consulta_ced_accion_tomada.php" "Mozilla/5.0 (Windows NT 10.0; Win64; x64) AppleWebKit/537.36 (KHTML, like Gecko) Chrome/147.0.0.0 Safari/537.36"
114.119.142.179 - - [12/May/2026:11:47:40 -0500] "GET /index.php/zzztvsa/39aayzpksh_liqzne72382/principal/principal/ELEMENTS/otros/principal/pages/avigilajudicial/avigilajudicial/pages/val_usuarios.php HTTP/1.1" 200 54693 "http://www.asjudinet.com/index.php/zzztvsa/39aayzpksh_liqzne72382/principal/principal/ELEMENTS/otros/principal/pages/avigilajudicial/avigilajudicial/pages/val_usuarios_IURIS.php" "Mozilla/5.0 (Linux; Android 7.0;) AppleWebKit/537.36 (HTML, like Gecko) Mobile Safari/537.36 (compatible; PetalBot;+https://webmaster.petalsearch.com/site/petalbot)"
216.244.66.232 - - [12/May/2026:11:47:46 -0500] "GET /index.php/zwynnt11/co9448/ELEMENTOS/avigilajudicial/principal/enlaces.php HTTP/1.1" 200 54693 "-" "Mozilla/5.0 (compatible; DotBot/1.2; +https://opensiteexplorer.org/dotbot; help@moz.com)"
181.61.205.27 - - [12/May/2026:11:47:50 -0500] "GET /ingresar_accion_tomada.php?cedul=13460262&atencion=138722&fechase=2026-05-06&esta=7 HTTP/1.1" 200 17091 "http://www.asjudinet.com/consulta_ced_accion_tomada.php" "Mozilla/5.0 (Windows NT 10.0; Win64; x64) AppleWebKit/537.36 (KHTML, like Gecko) Chrome/147.0.0.0 Safari/537.36"
216.244.66.232 - - [12/May/2026:11:47:53 -0500] "GET /index.php/zwynnt11/co9448/avigilajudicial/avigilajudicial/principal/contactenos.php HTTP/1.1" 200 54693 "-" "Mozilla/5.0 (compatible; DotBot/1.2; +https://opensiteexplorer.org/dotbot; help@moz.com)"
190.85.87.250 - - [12/May/2026:11:47:59 -0500] "POST /afinanciera/cartera_consulta_vige_deb.php HTTP/1.1" 200 6271 "http://www.asjudinet.com/afinanciera/cartera_consulta_vige_deb.php" "Mozilla/5.0 (Windows NT 10.0; Win64; x64) AppleWebKit/537.36 (KHTML, like Gecko) Chrome/148.0.0.0 Safari/537.36"
216.244.66.232 - - [12/May/2026:11:47:59 -0500] "GET /index.php/11/5ak9pjl3/352714/ELEMENTOS/ELEMENTS/principal/menu_comunicados.php HTTP/1.1" 200 54693 "-" "Mozilla/5.0 (compatible; DotBot/1.2; +https://opensiteexplorer.org/dotbot; help@moz.com)"
190.85.87.250 - - [12/May/2026:11:48:02 -0500] "POST /acobranzas/cobranzas_consulta_cartera1.php HTTP/1.1" 200 7391 "http://www.asjudinet.com/acobranzas/cobranzas_consulta_cartera1.php" "Mozilla/5.0 (Windows NT 10.0; Win64; x64) AppleWebKit/537.36 (KHTML, like Gecko) Chrome/148.0.0.0 Safari/537.36"
216.244.66.232 - - [12/May/2026:11:48:05 -0500] "GET /index.php/11/f6c8s9fj/966322/ELEMENTOS/ELEMENTOS/principal/casos_exito.php HTTP/1.1" 200 54693 "-" "Mozilla/5.0 (compatible; DotBot/1.2; +https://opensiteexplorer.org/dotbot; help@moz.com)"
190.85.87.250 - - [12/May/2026:11:48:06 -0500] "GET /acobranzas/cobranzas_serviasju1.php?ced2=91275149&numcon=7042B HTTP/1.1" 200 16884 "http://www.asjudinet.com/acobranzas/cobranzas_consulta_cartera1.php" "Mozilla/5.0 (Windows NT 10.0; Win64; x64) AppleWebKit/537.36 (KHTML, like Gecko) Chrome/148.0.0.0 Safari/537.36"
190.85.87.250 - - [12/May/2026:11:48:06 -0500] "GET /acobranzas/cobranzas_serviasju1.php?ced2=91275149&numcon=7042B HTTP/1.1" 200 16884 "http://www.asjudinet.com/acobranzas/cobranzas_consulta_cartera1.php" "Mozilla/5.0 (Windows NT 10.0; Win64; x64) AppleWebKit/537.36 (KHTML, like Gecko) Chrome/148.0.0.0 Safari/537.36"
190.85.87.250 - - [12/May/2026:11:48:09 -0500] "POST /afinanciera/cartera_consultar_cargar_deb.php HTTP/1.1" 200 6055 "http://www.asjudinet.com/afinanciera/cartera_consultar_cargar_deb.php" "Mozilla/5.0 (Windows NT 10.0; Win64; x64) AppleWebKit/537.36 (KHTML, like Gecko) Chrome/148.0.0.0 Safari/537.36"
216.244.66.232 - - [12/May/2026:11:48:09 -0500] "GET /index.php/11/f6c8s9fj/966322/ELEMENTOS/ELEMENTOS/principal/quienes.php HTTP/1.1" 200 54693 "-" "Mozilla/5.0 (compatible; DotBot/1.2; +https://opensiteexplorer.org/dotbot; help@moz.com)"
190.85.87.250 - - [12/May/2026:11:48:12 -0500] "POST /acobranzas/consulta_ced_cob_estado_1da.php HTTP/1.1" 200 6777 "http://www.asjudinet.com/acobranzas/consulta_ced_cob_estado_1da.php" "Mozilla/5.0 (Windows NT 10.0; Win64; x64) AppleWebKit/537.36 (KHTML, like Gecko) Chrome/148.0.0.0 Safari/537.36"
216.244.66.232 - - [12/May/2026:11:48:13 -0500] "GET /index.php/11/ifa7o38z/264002/ELEMENTOS/avigilajudicial/principal/NoticiasImportantes.php HTTP/1.1" 200 54693 "-" "Mozilla/5.0 (compatible; DotBot/1.2; +https://opensiteexplorer.org/dotbot; help@moz.com)"
190.85.87.250 - - [12/May/2026:11:48:13 -0500] "GET /acobranzas/consultar_cobranzas_vigentes.php?id=91275149&carpeta=17108&tipo=INT03 HTTP/1.1" 200 43615 "http://www.asjudinet.com/acobranzas/consulta_ced_cob_estado_1da.php" "Mozilla/5.0 (Windows NT 10.0; Win64; x64) AppleWebKit/537.36 (KHTML, like Gecko) Chrome/148.0.0.0 Safari/537.36"
