186.146.136.15 - - [12/May/2026:07:41:09 -0500] "GET /menu_admin.php?ced=76319209&nom=ESPINOSA%20MOGROVEJO%20JUAN%20CARLOS&aaa=1002&cargo=1002 HTTP/1.1" 200 55572 "http://www.asjudinet.com/val_usuarios.php" "Mozilla/5.0 (Windows NT 10.0; Win64; x64) AppleWebKit/537.36 (KHTML, like Gecko) Chrome/147.0.0.0 Safari/537.36"
186.146.136.15 - - [12/May/2026:07:41:09 -0500] "GET /css/menu_admin.css HTTP/1.1" 200 2437 "http://www.asjudinet.com/menu_admin.php?ced=76319209&nom=ESPINOSA%20MOGROVEJO%20JUAN%20CARLOS&aaa=1002&cargo=1002" "Mozilla/5.0 (Windows NT 10.0; Win64; x64) AppleWebKit/537.36 (KHTML, like Gecko) Chrome/147.0.0.0 Safari/537.36"
186.146.136.15 - - [12/May/2026:07:41:09 -0500] "GET /ELEMENTS/fondolaw.jpg HTTP/1.1" 200 56543 "http://www.asjudinet.com/css/menu_admin.css" "Mozilla/5.0 (Windows NT 10.0; Win64; x64) AppleWebKit/537.36 (KHTML, like Gecko) Chrome/147.0.0.0 Safari/537.36"
186.146.136.15 - - [12/May/2026:07:41:14 -0500] "GET /callcenter/validar_callcenter.php HTTP/1.1" 200 7839 "http://www.asjudinet.com/menu_admin.php?ced=76319209&nom=ESPINOSA%20MOGROVEJO%20JUAN%20CARLOS&aaa=1002&cargo=1002" "Mozilla/5.0 (Windows NT 10.0; Win64; x64) AppleWebKit/537.36 (KHTML, like Gecko) Chrome/147.0.0.0 Safari/537.36"
186.146.136.15 - - [12/May/2026:07:41:17 -0500] "POST /callcenter/validar_callcenter.php HTTP/1.1" 200 7968 "http://www.asjudinet.com/callcenter/validar_callcenter.php" "Mozilla/5.0 (Windows NT 10.0; Win64; x64) AppleWebKit/537.36 (KHTML, like Gecko) Chrome/147.0.0.0 Safari/537.36"
186.146.136.15 - - [12/May/2026:07:41:17 -0500] "GET /callcenter/menu_callcenter.php?ced=76319209&nom=ESPINOSA%20MOGROVEJO%20JUAN%20CARLOS HTTP/1.1" 200 11711 "http://www.asjudinet.com/callcenter/validar_callcenter.php" "Mozilla/5.0 (Windows NT 10.0; Win64; x64) AppleWebKit/537.36 (KHTML, like Gecko) Chrome/147.0.0.0 Safari/537.36"
186.146.136.15 - - [12/May/2026:07:41:19 -0500] "GET /callcenter/validar_abogado.php?ced=76319209&nom=ESPINOSA%20MOGROVEJO%20JUAN%20CARLOS HTTP/1.1" 200 7949 "http://www.asjudinet.com/callcenter/menu_callcenter.php?ced=76319209&nom=ESPINOSA%20MOGROVEJO%20JUAN%20CARLOS" "Mozilla/5.0 (Windows NT 10.0; Win64; x64) AppleWebKit/537.36 (KHTML, like Gecko) Chrome/147.0.0.0 Safari/537.36"
186.146.136.15 - - [12/May/2026:07:41:17 -0500] "GET /ELEMENTS/fondo.jpg HTTP/1.1" 200 498245 "http://www.asjudinet.com/callcenter/menu_callcenter.php?ced=76319209&nom=ESPINOSA%20MOGROVEJO%20JUAN%20CARLOS" "Mozilla/5.0 (Windows NT 10.0; Win64; x64) AppleWebKit/537.36 (KHTML, like Gecko) Chrome/147.0.0.0 Safari/537.36"
186.146.136.15 - - [12/May/2026:07:41:21 -0500] "POST /callcenter/validar_abogado.php HTTP/1.1" 200 8038 "http://www.asjudinet.com/callcenter/validar_abogado.php?ced=76319209&nom=ESPINOSA%20MOGROVEJO%20JUAN%20CARLOS" "Mozilla/5.0 (Windows NT 10.0; Win64; x64) AppleWebKit/537.36 (KHTML, like Gecko) Chrome/147.0.0.0 Safari/537.36"
186.146.136.15 - - [12/May/2026:07:41:21 -0500] "GET /callcenter/menu_abogados.php?ced=76319209&nom=ESPINOSA%20MOGROVEJO%20JUAN%20CARLOS HTTP/1.1" 200 3538 "http://www.asjudinet.com/callcenter/validar_abogado.php" "Mozilla/5.0 (Windows NT 10.0; Win64; x64) AppleWebKit/537.36 (KHTML, like Gecko) Chrome/147.0.0.0 Safari/537.36"
186.146.136.15 - - [12/May/2026:07:41:23 -0500] "GET /callcenter/listado_por_abogado.php?ced=76319209&nom=ESPINOSA%20MOGROVEJO%20JUAN%20CARLOS HTTP/1.1" 200 17170 "http://www.asjudinet.com/callcenter/menu_abogados.php?ced=76319209&nom=ESPINOSA%20MOGROVEJO%20JUAN%20CARLOS" "Mozilla/5.0 (Windows NT 10.0; Win64; x64) AppleWebKit/537.36 (KHTML, like Gecko) Chrome/147.0.0.0 Safari/537.36"
186.146.136.15 - - [12/May/2026:07:41:25 -0500] "GET /callcenter/menu_abogados.php?ced=76319209&nom=ESPINOSA%20MOGROVEJO%20JUAN%20CARLOS HTTP/1.1" 200 3538 "http://www.asjudinet.com/callcenter/listado_por_abogado.php?ced=76319209&nom=ESPINOSA%20MOGROVEJO%20JUAN%20CARLOS" "Mozilla/5.0 (Windows NT 10.0; Win64; x64) AppleWebKit/537.36 (KHTML, like Gecko) Chrome/147.0.0.0 Safari/537.36"
186.146.136.15 - - [12/May/2026:07:41:26 -0500] "GET /callcenter/listado_por_abogado.php?ced=76319209&nom=ESPINOSA%20MOGROVEJO%20JUAN%20CARLOS HTTP/1.1" 200 17170 "http://www.asjudinet.com/callcenter/menu_abogados.php?ced=76319209&nom=ESPINOSA%20MOGROVEJO%20JUAN%20CARLOS" "Mozilla/5.0 (Windows NT 10.0; Win64; x64) AppleWebKit/537.36 (KHTML, like Gecko) Chrome/147.0.0.0 Safari/537.36"
186.146.136.15 - - [12/May/2026:07:41:31 -0500] "GET /callcenter/menu_abogados.php?ced=76319209&nom=ESPINOSA%20MOGROVEJO%20JUAN%20CARLOS HTTP/1.1" 200 3538 "http://www.asjudinet.com/callcenter/listado_por_abogado.php?ced=76319209&nom=ESPINOSA%20MOGROVEJO%20JUAN%20CARLOS" "Mozilla/5.0 (Windows NT 10.0; Win64; x64) AppleWebKit/537.36 (KHTML, like Gecko) Chrome/147.0.0.0 Safari/537.36"
186.146.136.15 - - [12/May/2026:07:41:33 -0500] "GET /callcenter/listado_por_abogado.php?ced=76319209&nom=ESPINOSA%20MOGROVEJO%20JUAN%20CARLOS HTTP/1.1" 200 17170 "http://www.asjudinet.com/callcenter/menu_abogados.php?ced=76319209&nom=ESPINOSA%20MOGROVEJO%20JUAN%20CARLOS" "Mozilla/5.0 (Windows NT 10.0; Win64; x64) AppleWebKit/537.36 (KHTML, like Gecko) Chrome/147.0.0.0 Safari/537.36"
114.119.137.103 - - [12/May/2026:07:41:45 -0500] "GET /index.php/zzztvsa/39aayzpksh_liqzne72382/principal/principal/avigilajudicial/avigilajudicial/principal/principal/principal/NoticiasImportantes.php HTTP/1.1" 200 54693 "http://www.asjudinet.com/index.php/zzztvsa/39aayzpksh_liqzne72382/principal/principal/avigilajudicial/avigilajudicial/principal/principal/lista_email.php" "Mozilla/5.0 (Linux; Android 7.0;) AppleWebKit/537.36 (HTML, like Gecko) Mobile Safari/537.36 (compatible; PetalBot;+https://webmaster.petalsearch.com/site/petalbot)"
190.85.191.209 - - [12/May/2026:07:42:25 -0500] "GET /callcenter/validar_callcenter.php HTTP/1.1" 200 7839 "http://www.asjudinet.com/menu_admin.php?ced=1030589780&nom=GONZALEZ%20CHIQUIZA%20YONATAN%20ALEXANDER&aaa=1038&cargo=1038" "Mozilla/5.0 (Windows NT 10.0; Win64; x64) AppleWebKit/537.36 (KHTML, like Gecko) Chrome/147.0.0.0 Safari/537.36"
190.85.191.209 - - [12/May/2026:07:42:27 -0500] "POST /callcenter/validar_callcenter.php HTTP/1.1" 200 7975 "http://www.asjudinet.com/callcenter/validar_callcenter.php" "Mozilla/5.0 (Windows NT 10.0; Win64; x64) AppleWebKit/537.36 (KHTML, like Gecko) Chrome/147.0.0.0 Safari/537.36"
190.85.191.209 - - [12/May/2026:07:42:27 -0500] "GET /callcenter/menu_callcenter.php?ced=1030589780&nom=GONZALEZ%20CHIQUIZA%20YONATAN%20ALEXANDER HTTP/1.1" 200 11942 "http://www.asjudinet.com/callcenter/validar_callcenter.php" "Mozilla/5.0 (Windows NT 10.0; Win64; x64) AppleWebKit/537.36 (KHTML, like Gecko) Chrome/147.0.0.0 Safari/537.36"
190.85.191.209 - - [12/May/2026:07:42:28 -0500] "GET /callcenter/validar_abogado.php?ced=1030589780&nom=GONZALEZ%20CHIQUIZA%20YONATAN%20ALEXANDER HTTP/1.1" 200 7956 "http://www.asjudinet.com/callcenter/menu_callcenter.php?ced=1030589780&nom=GONZALEZ%20CHIQUIZA%20YONATAN%20ALEXANDER" "Mozilla/5.0 (Windows NT 10.0; Win64; x64) AppleWebKit/537.36 (KHTML, like Gecko) Chrome/147.0.0.0 Safari/537.36"
190.85.191.209 - - [12/May/2026:07:42:31 -0500] "POST /callcenter/validar_abogado.php HTTP/1.1" 200 8045 "http://www.asjudinet.com/callcenter/validar_abogado.php?ced=1030589780&nom=GONZALEZ%20CHIQUIZA%20YONATAN%20ALEXANDER" "Mozilla/5.0 (Windows NT 10.0; Win64; x64) AppleWebKit/537.36 (KHTML, like Gecko) Chrome/147.0.0.0 Safari/537.36"
190.85.191.209 - - [12/May/2026:07:42:31 -0500] "GET /callcenter/menu_abogados.php?ced=1030589780&nom=GONZALEZ%20CHIQUIZA%20YONATAN%20ALEXANDER HTTP/1.1" 200 3566 "http://www.asjudinet.com/callcenter/validar_abogado.php" "Mozilla/5.0 (Windows NT 10.0; Win64; x64) AppleWebKit/537.36 (KHTML, like Gecko) Chrome/147.0.0.0 Safari/537.36"
190.85.191.209 - - [12/May/2026:07:42:34 -0500] "GET /callcenter/listado_por_abogado.php?ced=1030589780&nom=GONZALEZ%20CHIQUIZA%20YONATAN%20ALEXANDER HTTP/1.1" 200 28535 "http://www.asjudinet.com/callcenter/menu_abogados.php?ced=1030589780&nom=GONZALEZ%20CHIQUIZA%20YONATAN%20ALEXANDER" "Mozilla/5.0 (Windows NT 10.0; Win64; x64) AppleWebKit/537.36 (KHTML, like Gecko) Chrome/147.0.0.0 Safari/537.36"
190.85.87.250 - - [12/May/2026:07:42:57 -0500] "POST /afinanciera/cartera_cargar_manual_deb.php?ced2=1105680329&numcon=I0801 HTTP/1.1" 200 80269 "http://www.asjudinet.com/afinanciera/cartera_cargar_manual_deb.php?ced2=1105680329&numcon=I0801" "Mozilla/5.0 (Windows NT 10.0; Win64; x64) AppleWebKit/537.36 (KHTML, like Gecko) Chrome/148.0.0.0 Safari/537.36"
190.85.87.250 - - [12/May/2026:07:43:37 -0500] "POST /afinanciera/cartera_consultar_cargar_deb.php HTTP/1.1" 200 6040 "http://www.asjudinet.com/afinanciera/cartera_consultar_cargar_deb.php" "Mozilla/5.0 (Windows NT 10.0; Win64; x64) AppleWebKit/537.36 (KHTML, like Gecko) Chrome/148.0.0.0 Safari/537.36"
190.85.87.250 - - [12/May/2026:07:43:38 -0500] "GET /afinanciera/cartera_cargar_manual_deb.php?ced2=91352482&numcon=13760 HTTP/1.1" 200 242546 "http://www.asjudinet.com/afinanciera/cartera_consultar_cargar_deb.php" "Mozilla/5.0 (Windows NT 10.0; Win64; x64) AppleWebKit/537.36 (KHTML, like Gecko) Chrome/148.0.0.0 Safari/537.36"
114.119.142.135 - - [12/May/2026:07:43:45 -0500] "GET /index.php/zzztvsa/39aayzpksh_liqzne72382/principal/principal/avigilajudicial/avigilajudicial/principal/principal/pages/menu_creditos_rotativos.php HTTP/1.1" 200 54693 "http://www.asjudinet.com/index.php/zzztvsa/39aayzpksh_liqzne72382/principal/principal/avigilajudicial/avigilajudicial/principal/principal/lista_email.php" "Mozilla/5.0 (Linux; Android 7.0;) AppleWebKit/537.36 (KHTML, like Gecko) Mobile Safari/537.36 (compatible; PetalBot;+https://webmaster.petalsearch.com/site/petalbot)"
49.51.203.164 - - [12/May/2026:07:43:59 -0500] "GET / HTTP/1.1" 200 54693 "-" "Mozilla/5.0 (iPhone; CPU iPhone OS 13_2_3 like Mac OS X) AppleWebKit/605.1.15 (KHTML, like Gecko) Version/13.0.3 Mobile/15E148 Safari/604.1"
190.85.87.250 - - [12/May/2026:07:44:15 -0500] "POST /afinanciera/cartera_cargar_manual_deb.php?ced2=91352482&numcon=13760 HTTP/1.1" 200 244296 "http://www.asjudinet.com/afinanciera/cartera_cargar_manual_deb.php?ced2=91352482&numcon=13760" "Mozilla/5.0 (Windows NT 10.0; Win64; x64) AppleWebKit/537.36 (KHTML, like Gecko) Chrome/148.0.0.0 Safari/537.36"
190.85.87.250 - - [12/May/2026:07:44:31 -0500] "POST /afinanciera/cartera_consultar_cargar_deb.php HTTP/1.1" 200 6049 "http://www.asjudinet.com/afinanciera/cartera_consultar_cargar_deb.php" "Mozilla/5.0 (Windows NT 10.0; Win64; x64) AppleWebKit/537.36 (KHTML, like Gecko) Chrome/148.0.0.0 Safari/537.36"
190.85.87.250 - - [12/May/2026:07:44:32 -0500] "GET /afinanciera/cartera_cargar_manual_deb.php?ced2=1019100638&numcon=32616 HTTP/1.1" 200 129446 "http://www.asjudinet.com/afinanciera/cartera_consultar_cargar_deb.php" "Mozilla/5.0 (Windows NT 10.0; Win64; x64) AppleWebKit/537.36 (KHTML, like Gecko) Chrome/148.0.0.0 Safari/537.36"
114.119.142.179 - - [12/May/2026:07:44:41 -0500] "GET /index.php/zzztvsa/39aayzpksh_liqzne72382/principal/principal/avigilajudicial/avigilajudicial/principal/pages/principal/contratopersonas.php HTTP/1.1" 200 54693 "http://www.asjudinet.com/index.php/zzztvsa/39aayzpksh_liqzne72382/principal/principal/avigilajudicial/avigilajudicial/principal/pages/menu_procesos_todos.php" "Mozilla/5.0 (Linux; Android 7.0;) AppleWebKit/537.36 (HTML, like Gecko) Mobile Safari/537.36 (compatible; PetalBot;+https://webmaster.petalsearch.com/site/petalbot)"
190.85.191.209 - - [12/May/2026:07:44:48 -0500] "GET /consulta_ced_info_servi.php HTTP/1.1" 200 4605 "-" "Mozilla/5.0 (Windows NT 10.0; Win64; x64) AppleWebKit/537.36 (KHTML, like Gecko) Chrome/148.0.0.0 Safari/537.36"
190.85.191.209 - - [12/May/2026:07:44:50 -0500] "GET / HTTP/1.1" 200 54693 "http://www.asjudinet.com/consulta_ced_info_servi.php" "Mozilla/5.0 (Windows NT 10.0; Win64; x64) AppleWebKit/537.36 (KHTML, like Gecko) Chrome/148.0.0.0 Safari/537.36"
190.85.191.209 - - [12/May/2026:07:44:52 -0500] "GET /val_usuarios.php HTTP/1.1" 200 7808 "http://www.asjudinet.com/" "Mozilla/5.0 (Windows NT 10.0; Win64; x64) AppleWebKit/537.36 (KHTML, like Gecko) Chrome/148.0.0.0 Safari/537.36"
190.85.191.209 - - [12/May/2026:07:44:53 -0500] "POST /val_usuarios.php HTTP/1.1" 200 151 "http://www.asjudinet.com/val_usuarios.php" "Mozilla/5.0 (Windows NT 10.0; Win64; x64) AppleWebKit/537.36 (KHTML, like Gecko) Chrome/148.0.0.0 Safari/537.36"
190.85.191.209 - - [12/May/2026:07:44:53 -0500] "GET /menu_admin.php?ced=1013262853&nom=CASTRO%20ZAPATA%20MARIA%20JOSE&aaa=2016&cargo=2016 HTTP/1.1" 200 55572 "http://www.asjudinet.com/val_usuarios.php" "Mozilla/5.0 (Windows NT 10.0; Win64; x64) AppleWebKit/537.36 (KHTML, like Gecko) Chrome/148.0.0.0 Safari/537.36"
190.85.191.209 - - [12/May/2026:07:44:55 -0500] "GET /consulta_ced_info_servi.php HTTP/1.1" 200 4523 "-" "Mozilla/5.0 (Windows NT 10.0; Win64; x64) AppleWebKit/537.36 (KHTML, like Gecko) Chrome/148.0.0.0 Safari/537.36"
190.85.191.209 - - [12/May/2026:07:44:57 -0500] "GET /callcenter/menu_callcenter.php?ced=1013262853&nom=CASTRO%20ZAPATA%20MARIA%20JOSE HTTP/1.1" 200 11579 "-" "Mozilla/5.0 (Windows NT 10.0; Win64; x64) AppleWebKit/537.36 (KHTML, like Gecko) Chrome/148.0.0.0 Safari/537.36"
190.85.87.250 - - [12/May/2026:07:45:18 -0500] "POST /afinanciera/cartera_cargar_manual_deb.php?ced2=1019100638&numcon=32616 HTTP/1.1" 200 131196 "http://www.asjudinet.com/afinanciera/cartera_cargar_manual_deb.php?ced2=1019100638&numcon=32616" "Mozilla/5.0 (Windows NT 10.0; Win64; x64) AppleWebKit/537.36 (KHTML, like Gecko) Chrome/148.0.0.0 Safari/537.36"
190.85.87.250 - - [12/May/2026:07:45:40 -0500] "POST /afinanciera/cartera_consultar_cargar_deb.php HTTP/1.1" 200 6057 "http://www.asjudinet.com/afinanciera/cartera_consultar_cargar_deb.php" "Mozilla/5.0 (Windows NT 10.0; Win64; x64) AppleWebKit/537.36 (KHTML, like Gecko) Chrome/148.0.0.0 Safari/537.36"
190.85.87.250 - - [12/May/2026:07:45:41 -0500] "GET /afinanciera/cartera_cargar_manual_deb.php?ced2=1067902852&numcon=32627 HTTP/1.1" 200 134903 "http://www.asjudinet.com/afinanciera/cartera_consultar_cargar_deb.php" "Mozilla/5.0 (Windows NT 10.0; Win64; x64) AppleWebKit/537.36 (KHTML, like Gecko) Chrome/148.0.0.0 Safari/537.36"
114.119.142.179 - - [12/May/2026:07:45:55 -0500] "GET /index.php/zzztvsa/39aayzpksh_liqzne72382/principal/principal/avigilajudicial/ELEMENTS/otros/principal/pages/principal/principal/prepago.php HTTP/1.1" 200 54693 "http://www.asjudinet.com/index.php/zzztvsa/39aayzpksh_liqzne72382/principal/principal/avigilajudicial/ELEMENTS/otros/principal/pages/principal/contactenos.php" "Mozilla/5.0 (Linux; Android 7.0;) AppleWebKit/537.36 (HTML, like Gecko) Mobile Safari/537.36 (compatible; PetalBot;+https://webmaster.petalsearch.com/site/petalbot)"
190.85.87.250 - - [12/May/2026:07:46:17 -0500] "POST /afinanciera/cartera_cargar_manual_deb.php?ced2=1067902852&numcon=32627 HTTP/1.1" 200 136652 "http://www.asjudinet.com/afinanciera/cartera_cargar_manual_deb.php?ced2=1067902852&numcon=32627" "Mozilla/5.0 (Windows NT 10.0; Win64; x64) AppleWebKit/537.36 (KHTML, like Gecko) Chrome/148.0.0.0 Safari/537.36"
190.85.87.250 - - [12/May/2026:07:46:37 -0500] "POST /afinanciera/cartera_consultar_cargar_deb.php HTTP/1.1" 200 6047 "http://www.asjudinet.com/afinanciera/cartera_consultar_cargar_deb.php" "Mozilla/5.0 (Windows NT 10.0; Win64; x64) AppleWebKit/537.36 (KHTML, like Gecko) Chrome/148.0.0.0 Safari/537.36"
190.85.87.250 - - [12/May/2026:07:46:38 -0500] "GET /afinanciera/cartera_cargar_manual_deb.php?ced2=10316237&numcon=3263 HTTP/1.1" 200 363657 "http://www.asjudinet.com/afinanciera/cartera_consultar_cargar_deb.php" "Mozilla/5.0 (Windows NT 10.0; Win64; x64) AppleWebKit/537.36 (KHTML, like Gecko) Chrome/148.0.0.0 Safari/537.36"
181.61.205.27 - - [12/May/2026:07:46:39 -0500] "GET /callcenter/listado_por_sucursales.php?ced=79660662&nom=MORALES%20LOZANO%20JORGE%20LUIS&sucu=BOGOTA HTTP/1.1" 200 6919 "-" "Mozilla/5.0 (Windows NT 10.0; Win64; x64) AppleWebKit/537.36 (KHTML, like Gecko) Chrome/147.0.0.0 Safari/537.36"
181.61.205.27 - - [12/May/2026:07:46:59 -0500] "GET /menu_admin.php?ced=79660662&nom=MORALES%20LOZANO%20JORGE%20LUIS&aaa=499&cargo=499 HTTP/1.1" 302 55572 "-" "Mozilla/5.0 (Windows NT 10.0; Win64; x64) AppleWebKit/537.36 (KHTML, like Gecko) Chrome/147.0.0.0 Safari/537.36"
181.61.205.27 - - [12/May/2026:07:46:59 -0500] "GET / HTTP/1.1" 200 54693 "-" "Mozilla/5.0 (Windows NT 10.0; Win64; x64) AppleWebKit/537.36 (KHTML, like Gecko) Chrome/147.0.0.0 Safari/537.36"
181.61.205.27 - - [12/May/2026:07:47:02 -0500] "GET /val_usuarios.php HTTP/1.1" 200 7808 "http://www.asjudinet.com/" "Mozilla/5.0 (Windows NT 10.0; Win64; x64) AppleWebKit/537.36 (KHTML, like Gecko) Chrome/147.0.0.0 Safari/537.36"
181.61.205.27 - - [12/May/2026:07:47:04 -0500] "POST /val_usuarios.php HTTP/1.1" 200 148 "http://www.asjudinet.com/val_usuarios.php" "Mozilla/5.0 (Windows NT 10.0; Win64; x64) AppleWebKit/537.36 (KHTML, like Gecko) Chrome/147.0.0.0 Safari/537.36"
181.61.205.27 - - [12/May/2026:07:47:05 -0500] "GET /menu_admin.php?ced=79660662&nom=MORALES%20LOZANO%20JORGE%20LUIS&aaa=499&cargo=499 HTTP/1.1" 200 55572 "http://www.asjudinet.com/val_usuarios.php" "Mozilla/5.0 (Windows NT 10.0; Win64; x64) AppleWebKit/537.36 (KHTML, like Gecko) Chrome/147.0.0.0 Safari/537.36"
190.85.87.250 - - [12/May/2026:07:47:02 -0500] "POST /afinanciera/cartera_cargar_manual_deb.php?ced2=10316237&numcon=3263 HTTP/1.1" 200 365406 "http://www.asjudinet.com/afinanciera/cartera_cargar_manual_deb.php?ced2=10316237&numcon=3263" "Mozilla/5.0 (Windows NT 10.0; Win64; x64) AppleWebKit/537.36 (KHTML, like Gecko) Chrome/148.0.0.0 Safari/537.36"
181.61.205.27 - - [12/May/2026:07:47:07 -0500] "GET /consulta_cartera.php HTTP/1.1" 200 4668 "http://www.asjudinet.com/menu_admin.php?ced=79660662&nom=MORALES%20LOZANO%20JORGE%20LUIS&aaa=499&cargo=499" "Mozilla/5.0 (Windows NT 10.0; Win64; x64) AppleWebKit/537.36 (KHTML, like Gecko) Chrome/147.0.0.0 Safari/537.36"
181.61.205.27 - - [12/May/2026:07:47:08 -0500] "GET /consulta_ced_info_servi.php HTTP/1.1" 200 4523 "http://www.asjudinet.com/consulta_cartera.php" "Mozilla/5.0 (Windows NT 10.0; Win64; x64) AppleWebKit/537.36 (KHTML, like Gecko) Chrome/147.0.0.0 Safari/537.36"
114.119.156.102 - - [12/May/2026:07:47:19 -0500] "GET /index.php/zzztvsa/39aayzpksh_liqzne72382/principal/principal/ELEMENTS/principal/pages/avigilajudicial/principal/principal/misionvision.php HTTP/1.1" 200 54693 "http://www.asjudinet.com/index.php/zzztvsa/39aayzpksh_liqzne72382/principal/principal/ELEMENTS/principal/pages/avigilajudicial/principal/consultar_contratos_escaneados_correo.php" "Mozilla/5.0 (Linux; Android 7.0;) AppleWebKit/537.36 (HTML, like Gecko) Mobile Safari/537.36 (compatible; PetalBot;+https://webmaster.petalsearch.com/site/petalbot)"
181.61.205.27 - - [12/May/2026:07:47:19 -0500] "POST /consulta_ced_info_servi.php HTTP/1.1" 200 7772 "http://www.asjudinet.com/consulta_ced_info_servi.php" "Mozilla/5.0 (Windows NT 10.0; Win64; x64) AppleWebKit/537.36 (KHTML, like Gecko) Chrome/147.0.0.0 Safari/537.36"
190.85.87.250 - - [12/May/2026:07:47:32 -0500] "POST /afinanciera/cartera_consultar_cargar_deb.php HTTP/1.1" 200 6057 "http://www.asjudinet.com/afinanciera/cartera_consultar_cargar_deb.php" "Mozilla/5.0 (Windows NT 10.0; Win64; x64) AppleWebKit/537.36 (KHTML, like Gecko) Chrome/148.0.0.0 Safari/537.36"
190.85.87.250 - - [12/May/2026:07:47:33 -0500] "GET /afinanciera/cartera_cargar_manual_deb.php?ced2=10303073&numcon=37108 HTTP/1.1" 200 112860 "http://www.asjudinet.com/afinanciera/cartera_consultar_cargar_deb.php" "Mozilla/5.0 (Windows NT 10.0; Win64; x64) AppleWebKit/537.36 (KHTML, like Gecko) Chrome/148.0.0.0 Safari/537.36"
181.61.205.27 - - [12/May/2026:07:47:52 -0500] "GET /cartera_consulta_titu_usuario.php?ced2=1064979056&numcon=I0800 HTTP/1.1" 200 77510 "http://www.asjudinet.com/consulta_ced_info_servi.php" "Mozilla/5.0 (Windows NT 10.0; Win64; x64) AppleWebKit/537.36 (KHTML, like Gecko) Chrome/147.0.0.0 Safari/537.36"
190.85.87.250 - - [12/May/2026:07:48:10 -0500] "POST /afinanciera/cartera_cargar_manual_deb.php?ced2=10303073&numcon=37108 HTTP/1.1" 200 114609 "http://www.asjudinet.com/afinanciera/cartera_cargar_manual_deb.php?ced2=10303073&numcon=37108" "Mozilla/5.0 (Windows NT 10.0; Win64; x64) AppleWebKit/537.36 (KHTML, like Gecko) Chrome/148.0.0.0 Safari/537.36"
114.119.142.179 - - [12/May/2026:07:48:42 -0500] "GET /index.php/zzztvsa/39aayzpksh_liqzne72382/principal/principal/ELEMENTS/principal/pages/avigilajudicial/principal/pages/menu_procesos_todos.php HTTP/1.1" 200 54693 "http://www.asjudinet.com/index.php/zzztvsa/39aayzpksh_liqzne72382/principal/principal/ELEMENTS/principal/pages/avigilajudicial/principal/consultar_contratos_escaneados_correo.php" "Mozilla/5.0 (Linux; Android 7.0;) AppleWebKit/537.36 (HTML, like Gecko) Mobile Safari/537.36 (compatible; PetalBot;+https://webmaster.petalsearch.com/site/petalbot)"
190.85.87.250 - - [12/May/2026:07:50:00 -0500] "GET /acobranzas/cobranzas_consulta_cartera1.php HTTP/1.1" 200 5045 "-" "Mozilla/5.0 (Windows NT 10.0; Win64; x64) AppleWebKit/537.36 (KHTML, like Gecko) Chrome/148.0.0.0 Safari/537.36"
190.85.87.250 - - [12/May/2026:07:50:03 -0500] "POST /acobranzas/cobranzas_consulta_cartera1.php HTTP/1.1" 200 6904 "http://www.asjudinet.com/acobranzas/cobranzas_consulta_cartera1.php" "Mozilla/5.0 (Windows NT 10.0; Win64; x64) AppleWebKit/537.36 (KHTML, like Gecko) Chrome/148.0.0.0 Safari/537.36"
114.119.130.177 - - [12/May/2026:07:50:06 -0500] "GET /index.php/zzztvsa/39aayzpksh_liqzne72382/principal/principal/ELEMENTS/principal/pages/avigilajudicial/avigilajudicial/val_usuarios.php HTTP/1.1" 200 54693 "http://www.asjudinet.com/index.php/zzztvsa/39aayzpksh_liqzne72382/principal/principal/ELEMENTS/principal/pages/avigilajudicial/avigilajudicial/val_usuarios_IURIS.php" "Mozilla/5.0 (Linux; Android 7.0;) AppleWebKit/537.36 (HTML, like Gecko) Mobile Safari/537.36 (compatible; PetalBot;+https://webmaster.petalsearch.com/site/petalbot)"
190.85.87.250 - - [12/May/2026:07:50:06 -0500] "GET /acobranzas/cobranzas_serviasju1.php?ced2=91356611&numcon=I0324 HTTP/1.1" 200 16874 "http://www.asjudinet.com/acobranzas/cobranzas_consulta_cartera1.php" "Mozilla/5.0 (Windows NT 10.0; Win64; x64) AppleWebKit/537.36 (KHTML, like Gecko) Chrome/148.0.0.0 Safari/537.36"
190.85.87.250 - - [12/May/2026:07:50:06 -0500] "GET /acobranzas/cobranzas_serviasju1.php?ced2=91356611&numcon=I0324 HTTP/1.1" 200 16874 "http://www.asjudinet.com/acobranzas/cobranzas_consulta_cartera1.php" "Mozilla/5.0 (Windows NT 10.0; Win64; x64) AppleWebKit/537.36 (KHTML, like Gecko) Chrome/148.0.0.0 Safari/537.36"
190.85.87.250 - - [12/May/2026:07:50:23 -0500] "GET /acobranzas/consulta_ced_cob_estado_1da.php HTTP/1.1" 200 5365 "-" "Mozilla/5.0 (Windows NT 10.0; Win64; x64) AppleWebKit/537.36 (KHTML, like Gecko) Chrome/148.0.0.0 Safari/537.36"
190.85.87.250 - - [12/May/2026:07:50:26 -0500] "POST /acobranzas/consulta_ced_cob_estado_1da.php HTTP/1.1" 200 6783 "http://www.asjudinet.com/acobranzas/consulta_ced_cob_estado_1da.php" "Mozilla/5.0 (Windows NT 10.0; Win64; x64) AppleWebKit/537.36 (KHTML, like Gecko) Chrome/148.0.0.0 Safari/537.36"
190.85.87.250 - - [12/May/2026:07:50:27 -0500] "GET /acobranzas/consultar_cobranzas_vigentes.php?id=91356611&carpeta=17141&tipo=INT02 HTTP/1.1" 200 42373 "http://www.asjudinet.com/acobranzas/consulta_ced_cob_estado_1da.php" "Mozilla/5.0 (Windows NT 10.0; Win64; x64) AppleWebKit/537.36 (KHTML, like Gecko) Chrome/148.0.0.0 Safari/537.36"
190.85.87.250 - - [12/May/2026:07:50:32 -0500] "POST /afinanciera/cartera_consultar_cargar_deb.php HTTP/1.1" 200 6051 "http://www.asjudinet.com/afinanciera/cartera_consultar_cargar_deb.php" "Mozilla/5.0 (Windows NT 10.0; Win64; x64) AppleWebKit/537.36 (KHTML, like Gecko) Chrome/148.0.0.0 Safari/537.36"
190.85.87.250 - - [12/May/2026:07:50:35 -0500] "GET /acobranzas/seguimiento_cobranza_captura_vigentes.php?id=91356611&tipo=INT02&carpeta=17141 HTTP/1.1" 200 14040 "http://www.asjudinet.com/acobranzas/consultar_cobranzas_vigentes.php?id=91356611&carpeta=17141&tipo=INT02" "Mozilla/5.0 (Windows NT 10.0; Win64; x64) AppleWebKit/537.36 (KHTML, like Gecko) Chrome/148.0.0.0 Safari/537.36"
190.85.87.250 - - [12/May/2026:07:50:34 -0500] "GET /afinanciera/cartera_cargar_manual_deb.php?ced2=94481372&numcon=5320 HTTP/1.1" 200 361412 "http://www.asjudinet.com/afinanciera/cartera_consultar_cargar_deb.php" "Mozilla/5.0 (Windows NT 10.0; Win64; x64) AppleWebKit/537.36 (KHTML, like Gecko) Chrome/148.0.0.0 Safari/537.36"
190.85.191.209 - - [12/May/2026:07:50:41 -0500] "GET /afinanciera/cartera_consultar_cargar_deb.php HTTP/1.1" 200 5266 "-" "Mozilla/5.0 (Windows NT 10.0; Win64; x64) AppleWebKit/537.36 (KHTML, like Gecko) Chrome/148.0.0.0 Safari/537.36"
114.119.150.5 - - [12/May/2026:07:51:30 -0500] "GET /index.php/zzztvsa/39aayzpksh_liqzne72382/principal/principal/ELEMENTS/otros/principal/principal/principal/soporteacademico.php HTTP/1.1" 200 54693 "http://www.asjudinet.com/index.php/zzztvsa/39aayzpksh_liqzne72382/principal/principal/ELEMENTS/otros/principal/principal/index.php" "Mozilla/5.0 (Linux; Android 7.0;) AppleWebKit/537.36 (HTML, like Gecko) Mobile Safari/537.36 (compatible; PetalBot;+https://webmaster.petalsearch.com/site/petalbot)"
190.85.87.250 - - [12/May/2026:07:51:49 -0500] "POST /afinanciera/cartera_cargar_manual_deb.php?ced2=94481372&numcon=5320 HTTP/1.1" 200 363162 "http://www.asjudinet.com/afinanciera/cartera_cargar_manual_deb.php?ced2=94481372&numcon=5320" "Mozilla/5.0 (Windows NT 10.0; Win64; x64) AppleWebKit/537.36 (KHTML, like Gecko) Chrome/148.0.0.0 Safari/537.36"
181.61.205.27 - - [12/May/2026:07:52:23 -0500] "GET /menu_admin.php?ced=79660662&nom=MORALES%20LOZANO%20JORGE%20LUIS&aaa=499&cargo=499 HTTP/1.1" 302 55572 "-" "Mozilla/5.0 (Windows NT 10.0; Win64; x64) AppleWebKit/537.36 (KHTML, like Gecko) Chrome/147.0.0.0 Safari/537.36"
181.61.205.27 - - [12/May/2026:07:52:23 -0500] "GET / HTTP/1.1" 200 54693 "-" "Mozilla/5.0 (Windows NT 10.0; Win64; x64) AppleWebKit/537.36 (KHTML, like Gecko) Chrome/147.0.0.0 Safari/537.36"
181.61.205.27 - - [12/May/2026:07:52:25 -0500] "GET /val_usuarios.php HTTP/1.1" 200 7808 "http://www.asjudinet.com/" "Mozilla/5.0 (Windows NT 10.0; Win64; x64) AppleWebKit/537.36 (KHTML, like Gecko) Chrome/147.0.0.0 Safari/537.36"
181.61.205.27 - - [12/May/2026:07:52:27 -0500] "POST /val_usuarios.php HTTP/1.1" 200 148 "http://www.asjudinet.com/val_usuarios.php" "Mozilla/5.0 (Windows NT 10.0; Win64; x64) AppleWebKit/537.36 (KHTML, like Gecko) Chrome/147.0.0.0 Safari/537.36"
181.61.205.27 - - [12/May/2026:07:52:27 -0500] "GET /menu_admin.php?ced=79660662&nom=MORALES%20LOZANO%20JORGE%20LUIS&aaa=499&cargo=499 HTTP/1.1" 200 55572 "http://www.asjudinet.com/val_usuarios.php" "Mozilla/5.0 (Windows NT 10.0; Win64; x64) AppleWebKit/537.36 (KHTML, like Gecko) Chrome/147.0.0.0 Safari/537.36"
181.61.205.27 - - [12/May/2026:07:52:38 -0500] "GET /consulta_cartera.php HTTP/1.1" 200 4668 "http://www.asjudinet.com/menu_admin.php?ced=79660662&nom=MORALES%20LOZANO%20JORGE%20LUIS&aaa=499&cargo=499" "Mozilla/5.0 (Windows NT 10.0; Win64; x64) AppleWebKit/537.36 (KHTML, like Gecko) Chrome/147.0.0.0 Safari/537.36"
181.61.205.27 - - [12/May/2026:07:52:39 -0500] "GET /consulta_ced_info_servi.php HTTP/1.1" 200 4523 "http://www.asjudinet.com/consulta_cartera.php" "Mozilla/5.0 (Windows NT 10.0; Win64; x64) AppleWebKit/537.36 (KHTML, like Gecko) Chrome/147.0.0.0 Safari/537.36"
190.85.87.250 - - [12/May/2026:07:52:43 -0500] "POST /acobranzas/seguimiento_cobranza_captura_vigentes.php?id=91356611&tipo=INT02&carpeta=17141 HTTP/1.1" 200 14161 "http://www.asjudinet.com/acobranzas/seguimiento_cobranza_captura_vigentes.php?id=91356611&tipo=INT02&carpeta=17141" "Mozilla/5.0 (Windows NT 10.0; Win64; x64) AppleWebKit/537.36 (KHTML, like Gecko) Chrome/148.0.0.0 Safari/537.36"
190.85.87.250 - - [12/May/2026:07:52:43 -0500] "GET /acobranzas/consultar_cobranzas_vigentes.php?ced2=91356611&numcon=I0324 HTTP/1.1" 200 27335 "http://www.asjudinet.com/acobranzas/seguimiento_cobranza_captura_vigentes.php?id=91356611&tipo=INT02&carpeta=17141" "Mozilla/5.0 (Windows NT 10.0; Win64; x64) AppleWebKit/537.36 (KHTML, like Gecko) Chrome/148.0.0.0 Safari/537.36"
181.61.205.27 - - [12/May/2026:07:52:51 -0500] "POST /consulta_ced_info_servi.php HTTP/1.1" 200 6137 "http://www.asjudinet.com/consulta_ced_info_servi.php" "Mozilla/5.0 (Windows NT 10.0; Win64; x64) AppleWebKit/537.36 (KHTML, like Gecko) Chrome/147.0.0.0 Safari/537.36"
114.119.150.5 - - [12/May/2026:07:53:03 -0500] "GET /index.php/zzztvsa/39aayzpksh_liqzne72382/principal/principal/ELEMENTS/otros/principal/principal/principal/pages/avigilajudicial/val_usuarios.php HTTP/1.1" 200 54693 "http://www.asjudinet.com/index.php/zzztvsa/39aayzpksh_liqzne72382/principal/principal/ELEMENTS/otros/principal/principal/principal/pages/avigilajudicial/validar_vigi_judicial.php" "Mozilla/5.0 (Linux; Android 7.0;) AppleWebKit/537.36 (HTML, like Gecko) Mobile Safari/537.36 (compatible; PetalBot;+https://webmaster.petalsearch.com/site/petalbot)"
190.85.87.250 - - [12/May/2026:07:53:08 -0500] "POST /acobranzas/cobranzas_consulta_cartera1.php HTTP/1.1" 200 5938 "http://www.asjudinet.com/acobranzas/cobranzas_consulta_cartera1.php" "Mozilla/5.0 (Windows NT 10.0; Win64; x64) AppleWebKit/537.36 (KHTML, like Gecko) Chrome/148.0.0.0 Safari/537.36"
190.85.87.250 - - [12/May/2026:07:53:09 -0500] "GET /acobranzas/cobranzas_serviasju1.php?ced2=78750830&numcon=29881 HTTP/1.1" 200 16875 "http://www.asjudinet.com/acobranzas/cobranzas_consulta_cartera1.php" "Mozilla/5.0 (Windows NT 10.0; Win64; x64) AppleWebKit/537.36 (KHTML, like Gecko) Chrome/148.0.0.0 Safari/537.36"
190.85.87.250 - - [12/May/2026:07:53:09 -0500] "GET /acobranzas/cobranzas_serviasju1.php?ced2=78750830&numcon=29881 HTTP/1.1" 200 16875 "http://www.asjudinet.com/acobranzas/cobranzas_consulta_cartera1.php" "Mozilla/5.0 (Windows NT 10.0; Win64; x64) AppleWebKit/537.36 (KHTML, like Gecko) Chrome/148.0.0.0 Safari/537.36"
190.85.87.250 - - [12/May/2026:07:53:09 -0500] "GET /acobranzas/cobranzas_serviasju1.php?ced2=78750830&numcon=29881 HTTP/1.1" 200 73057 "http://www.asjudinet.com/acobranzas/cobranzas_consulta_cartera1.php" "Mozilla/5.0 (Windows NT 10.0; Win64; x64) AppleWebKit/537.36 (KHTML, like Gecko) Chrome/148.0.0.0 Safari/537.36"
190.85.87.250 - - [12/May/2026:07:53:16 -0500] "POST /afinanciera/cartera_consultar_cargar_deb.php HTTP/1.1" 200 6056 "http://www.asjudinet.com/afinanciera/cartera_consultar_cargar_deb.php" "Mozilla/5.0 (Windows NT 10.0; Win64; x64) AppleWebKit/537.36 (KHTML, like Gecko) Chrome/148.0.0.0 Safari/537.36"
186.84.88.126 - - [12/May/2026:07:53:17 -0500] "GET / HTTP/1.1" 200 54693 "-" "Mozilla/5.0 (Windows NT 10.0; Win64; x64) AppleWebKit/537.36 (KHTML, like Gecko) Chrome/148.0.0.0 Safari/537.36 Edg/148.0.0.0"
190.85.87.250 - - [12/May/2026:07:53:18 -0500] "POST /acobranzas/consulta_ced_cob_estado_1da.php HTTP/1.1" 200 6777 "http://www.asjudinet.com/acobranzas/consulta_ced_cob_estado_1da.php" "Mozilla/5.0 (Windows NT 10.0; Win64; x64) AppleWebKit/537.36 (KHTML, like Gecko) Chrome/148.0.0.0 Safari/537.36"
186.84.88.126 - - [12/May/2026:07:53:19 -0500] "GET /val_usuarios.php HTTP/1.1" 200 7808 "http://www.asjudinet.com/" "Mozilla/5.0 (Windows NT 10.0; Win64; x64) AppleWebKit/537.36 (KHTML, like Gecko) Chrome/148.0.0.0 Safari/537.36 Edg/148.0.0.0"
190.85.87.250 - - [12/May/2026:07:53:19 -0500] "GET /acobranzas/consultar_cobranzas_vigentes.php?id=78750830&carpeta=17720&tipo=COA02 HTTP/1.1" 200 17860 "http://www.asjudinet.com/acobranzas/consulta_ced_cob_estado_1da.php" "Mozilla/5.0 (Windows NT 10.0; Win64; x64) AppleWebKit/537.36 (KHTML, like Gecko) Chrome/148.0.0.0 Safari/537.36"
190.85.87.250 - - [12/May/2026:07:53:17 -0500] "GET /afinanciera/cartera_cargar_manual_deb.php?ced2=1045106186&numcon=5543 HTTP/1.1" 200 360171 "http://www.asjudinet.com/afinanciera/cartera_consultar_cargar_deb.php" "Mozilla/5.0 (Windows NT 10.0; Win64; x64) AppleWebKit/537.36 (KHTML, like Gecko) Chrome/148.0.0.0 Safari/537.36"
190.85.87.250 - - [12/May/2026:07:53:22 -0500] "GET /acobranzas/seguimiento_cobranza_captura_vigentes.php?id=78750830&tipo=COA02&carpeta=17720 HTTP/1.1" 200 14009 "http://www.asjudinet.com/acobranzas/consultar_cobranzas_vigentes.php?id=78750830&carpeta=17720&tipo=COA02" "Mozilla/5.0 (Windows NT 10.0; Win64; x64) AppleWebKit/537.36 (KHTML, like Gecko) Chrome/148.0.0.0 Safari/537.36"
186.84.88.126 - - [12/May/2026:07:53:22 -0500] "POST /val_usuarios.php HTTP/1.1" 200 147 "http://www.asjudinet.com/val_usuarios.php" "Mozilla/5.0 (Windows NT 10.0; Win64; x64) AppleWebKit/537.36 (KHTML, like Gecko) Chrome/148.0.0.0 Safari/537.36 Edg/148.0.0.0"
186.84.88.126 - - [12/May/2026:07:53:22 -0500] "GET /menu_admin.php?ced=4207557&nom=GOMEZ%20BARRERA%20RUBEN%20DARIO&aaa=445&cargo=445 HTTP/1.1" 200 55572 "http://www.asjudinet.com/val_usuarios.php" "Mozilla/5.0 (Windows NT 10.0; Win64; x64) AppleWebKit/537.36 (KHTML, like Gecko) Chrome/148.0.0.0 Safari/537.36 Edg/148.0.0.0"
190.85.87.250 - - [12/May/2026:07:53:30 -0500] "GET /acobranzas/seguimiento_cobranza_captura_vigentes.php?id=78750830&tipo=COA02&carpeta=17720 HTTP/1.1" 200 14009 "http://www.asjudinet.com/acobranzas/consultar_cobranzas_vigentes.php?id=78750830&carpeta=17720&tipo=COA02" "Mozilla/5.0 (Windows NT 10.0; Win64; x64) AppleWebKit/537.36 (KHTML, like Gecko) Chrome/148.0.0.0 Safari/537.36"
186.84.88.126 - - [12/May/2026:07:53:30 -0500] "GET /callcenter/validar_callcenter.php HTTP/1.1" 200 7839 "http://www.asjudinet.com/menu_admin.php?ced=4207557&nom=GOMEZ%20BARRERA%20RUBEN%20DARIO&aaa=445&cargo=445" "Mozilla/5.0 (Windows NT 10.0; Win64; x64) AppleWebKit/537.36 (KHTML, like Gecko) Chrome/148.0.0.0 Safari/537.36 Edg/148.0.0.0"
186.84.88.126 - - [12/May/2026:07:53:33 -0500] "POST /callcenter/validar_callcenter.php HTTP/1.1" 200 7962 "http://www.asjudinet.com/callcenter/validar_callcenter.php" "Mozilla/5.0 (Windows NT 10.0; Win64; x64) AppleWebKit/537.36 (KHTML, like Gecko) Chrome/148.0.0.0 Safari/537.36 Edg/148.0.0.0"
186.84.88.126 - - [12/May/2026:07:53:33 -0500] "GET /callcenter/menu_callcenter.php?ced=4207557&nom=GOMEZ%20BARRERA%20RUBEN%20DARIO HTTP/1.1" 200 11513 "http://www.asjudinet.com/callcenter/validar_callcenter.php" "Mozilla/5.0 (Windows NT 10.0; Win64; x64) AppleWebKit/537.36 (KHTML, like Gecko) Chrome/148.0.0.0 Safari/537.36 Edg/148.0.0.0"
186.84.88.126 - - [12/May/2026:07:53:37 -0500] "GET /callcenter/validar_abogado.php?ced=4207557&nom=GOMEZ%20BARRERA%20RUBEN%20DARIO HTTP/1.1" 200 7943 "http://www.asjudinet.com/callcenter/menu_callcenter.php?ced=4207557&nom=GOMEZ%20BARRERA%20RUBEN%20DARIO" "Mozilla/5.0 (Windows NT 10.0; Win64; x64) AppleWebKit/537.36 (KHTML, like Gecko) Chrome/148.0.0.0 Safari/537.36 Edg/148.0.0.0"
190.84.116.244 - - [12/May/2026:07:53:50 -0500] "POST /val_usuarios.php HTTP/1.1" 200 142 "http://www.asjudinet.com/val_usuarios.php" "Mozilla/5.0 (Windows NT 10.0; Win64; x64) AppleWebKit/537.36 (KHTML, like Gecko) Chrome/148.0.0.0 Safari/537.36 Edg/148.0.0.0"
190.84.116.244 - - [12/May/2026:07:53:50 -0500] "GET /menu_admin.php?ced=72311716&nom=ROJANO%20HELD%20RICARDO&aaa=830&cargo=830 HTTP/1.1" 200 55572 "http://www.asjudinet.com/val_usuarios.php" "Mozilla/5.0 (Windows NT 10.0; Win64; x64) AppleWebKit/537.36 (KHTML, like Gecko) Chrome/148.0.0.0 Safari/537.36 Edg/148.0.0.0"
190.84.116.244 - - [12/May/2026:07:53:52 -0500] "POST /val_usuarios.php HTTP/1.1" 200 142 "http://www.asjudinet.com/val_usuarios.php" "Mozilla/5.0 (Windows NT 10.0; Win64; x64) AppleWebKit/537.36 (KHTML, like Gecko) Chrome/148.0.0.0 Safari/537.36 Edg/148.0.0.0"
190.84.116.244 - - [12/May/2026:07:53:52 -0500] "GET /menu_admin.php?ced=72311716&nom=ROJANO%20HELD%20RICARDO&aaa=830&cargo=830 HTTP/1.1" 200 55572 "http://www.asjudinet.com/val_usuarios.php" "Mozilla/5.0 (Windows NT 10.0; Win64; x64) AppleWebKit/537.36 (KHTML, like Gecko) Chrome/148.0.0.0 Safari/537.36 Edg/148.0.0.0"
190.84.116.244 - - [12/May/2026:07:53:55 -0500] "GET /listado_procesos_abogados.php HTTP/1.1" 200 21366 "http://www.asjudinet.com/menu_admin.php?ced=72311716&nom=ROJANO%20HELD%20RICARDO&aaa=830&cargo=830" "Mozilla/5.0 (Windows NT 10.0; Win64; x64) AppleWebKit/537.36 (KHTML, like Gecko) Chrome/148.0.0.0 Safari/537.36 Edg/148.0.0.0"
190.84.116.244 - - [12/May/2026:07:54:09 -0500] "GET /abogados/validacion_revistas_judicial.php HTTP/1.1" 200 7841 "http://www.asjudinet.com/menu_admin.php?ced=72311716&nom=ROJANO%20HELD%20RICARDO&aaa=830&cargo=830" "Mozilla/5.0 (Windows NT 10.0; Win64; x64) AppleWebKit/537.36 (KHTML, like Gecko) Chrome/148.0.0.0 Safari/537.36 Edg/148.0.0.0"
190.85.87.250 - - [12/May/2026:07:54:10 -0500] "POST /afinanciera/cartera_consultar_cargar_deb.php HTTP/1.1" 200 6056 "http://www.asjudinet.com/afinanciera/cartera_consultar_cargar_deb.php" "Mozilla/5.0 (Windows NT 10.0; Win64; x64) AppleWebKit/537.36 (KHTML, like Gecko) Chrome/148.0.0.0 Safari/537.36"
190.84.116.244 - - [12/May/2026:07:54:11 -0500] "POST /abogados/validacion_revistas_judicial.php HTTP/1.1" 200 7968 "http://www.asjudinet.com/abogados/validacion_revistas_judicial.php" "Mozilla/5.0 (Windows NT 10.0; Win64; x64) AppleWebKit/537.36 (KHTML, like Gecko) Chrome/148.0.0.0 Safari/537.36 Edg/148.0.0.0"
190.84.116.244 - - [12/May/2026:07:54:11 -0500] "GET /abogados/menu_vigilancia_judicial.php?ced=72311716&nom=ROJANO%20HELD%20RICARDO HTTP/1.1" 200 6839 "http://www.asjudinet.com/abogados/validacion_revistas_judicial.php" "Mozilla/5.0 (Windows NT 10.0; Win64; x64) AppleWebKit/537.36 (KHTML, like Gecko) Chrome/148.0.0.0 Safari/537.36 Edg/148.0.0.0"
46.151.178.13 - - [12/May/2026:07:54:11 -0500] "PROPFIND / HTTP/1.1" 200 54693 "http://216.14.122.115:443/" "-"
190.84.116.244 - - [12/May/2026:07:54:13 -0500] "GET /abogados/ingresar_revista_judicial.php?ced=72311716&nom=ROJANO%20HELD%20RICARDO HTTP/1.1" 200 4951 "http://www.asjudinet.com/abogados/menu_vigilancia_judicial.php?ced=72311716&nom=ROJANO%20HELD%20RICARDO" "Mozilla/5.0 (Windows NT 10.0; Win64; x64) AppleWebKit/537.36 (KHTML, like Gecko) Chrome/148.0.0.0 Safari/537.36 Edg/148.0.0.0"
190.85.87.250 - - [12/May/2026:07:54:17 -0500] "POST /acobranzas/seguimiento_cobranza_captura_vigentes.php?id=78750830&tipo=COA02&carpeta=17720 HTTP/1.1" 200 14130 "http://www.asjudinet.com/acobranzas/seguimiento_cobranza_captura_vigentes.php?id=78750830&tipo=COA02&carpeta=17720" "Mozilla/5.0 (Windows NT 10.0; Win64; x64) AppleWebKit/537.36 (KHTML, like Gecko) Chrome/148.0.0.0 Safari/537.36"
114.119.130.177 - - [12/May/2026:07:54:17 -0500] "GET /index.php/zzztvsa/39aayzpksh_liqzne72382/principal/principal/ELEMENTS/otros/principal/principal/pages/principal/avigilajudicial/formulario_seminario_dih.php HTTP/1.1" 200 54693 "http://www.asjudinet.com/index.php/zzztvsa/39aayzpksh_liqzne72382/principal/principal/ELEMENTS/otros/principal/principal/pages/principal/avigilajudicial/validar_vigi_judicial.php" "Mozilla/5.0 (Linux; Android 7.0;) AppleWebKit/537.36 (HTML, like Gecko) Mobile Safari/537.36 (compatible; PetalBot;+https://webmaster.petalsearch.com/site/petalbot)"
190.85.87.250 - - [12/May/2026:07:54:17 -0500] "GET /acobranzas/consultar_cobranzas_vigentes.php?ced2=78750830&numcon=29881 HTTP/1.1" 200 27335 "http://www.asjudinet.com/acobranzas/seguimiento_cobranza_captura_vigentes.php?id=78750830&tipo=COA02&carpeta=17720" "Mozilla/5.0 (Windows NT 10.0; Win64; x64) AppleWebKit/537.36 (KHTML, like Gecko) Chrome/148.0.0.0 Safari/537.36"
190.85.87.250 - - [12/May/2026:07:54:14 -0500] "GET /afinanciera/cartera_cargar_manual_deb.php?ced2=1045106186&numcon=5543 HTTP/1.1" 200 360171 "http://www.asjudinet.com/afinanciera/cartera_consultar_cargar_deb.php" "Mozilla/5.0 (Windows NT 10.0; Win64; x64) AppleWebKit/537.36 (KHTML, like Gecko) Chrome/148.0.0.0 Safari/537.36"
190.84.116.244 - - [12/May/2026:07:54:25 -0500] "GET /listado_procesos_abogados.php?criterio=830 HTTP/1.1" 200 23518 "http://www.asjudinet.com/listado_procesos_abogados.php" "Mozilla/5.0 (Windows NT 10.0; Win64; x64) AppleWebKit/537.36 (KHTML, like Gecko) Chrome/148.0.0.0 Safari/537.36 Edg/148.0.0.0"
190.85.87.250 - - [12/May/2026:07:54:39 -0500] "POST /acobranzas/cobranzas_consulta_cartera1.php HTTP/1.1" 200 5947 "http://www.asjudinet.com/acobranzas/cobranzas_consulta_cartera1.php" "Mozilla/5.0 (Windows NT 10.0; Win64; x64) AppleWebKit/537.36 (KHTML, like Gecko) Chrome/148.0.0.0 Safari/537.36"
190.84.116.244 - - [12/May/2026:07:54:39 -0500] "GET /listado_procesos_abogados.php?pagina=2&orden=numero_proceso&criterio=830 HTTP/1.1" 200 23605 "http://www.asjudinet.com/listado_procesos_abogados.php?criterio=830" "Mozilla/5.0 (Windows NT 10.0; Win64; x64) AppleWebKit/537.36 (KHTML, like Gecko) Chrome/148.0.0.0 Safari/537.36 Edg/148.0.0.0"
190.84.116.244 - - [12/May/2026:07:54:43 -0500] "GET /visualizar_actuaciones.php?proceso=08001333300320210026900&cedula=32652680 HTTP/1.1" 200 28216 "http://www.asjudinet.com/listado_procesos_abogados.php?pagina=2&orden=numero_proceso&criterio=830" "Mozilla/5.0 (Windows NT 10.0; Win64; x64) AppleWebKit/537.36 (KHTML, like Gecko) Chrome/148.0.0.0 Safari/537.36 Edg/148.0.0.0"
190.84.116.244 - - [12/May/2026:07:54:44 -0500] "GET /fondo_argollado.gif HTTP/1.1" 404 - "http://www.asjudinet.com/visualizar_actuaciones.php?proceso=08001333300320210026900&cedula=32652680" "Mozilla/5.0 (Windows NT 10.0; Win64; x64) AppleWebKit/537.36 (KHTML, like Gecko) Chrome/148.0.0.0 Safari/537.36 Edg/148.0.0.0"
190.85.87.250 - - [12/May/2026:07:54:44 -0500] "GET /acobranzas/cobranzas_serviasju1.php?ced2=94514012&numcon=22096 HTTP/1.1" 200 253046 "http://www.asjudinet.com/acobranzas/cobranzas_consulta_cartera1.php" "Mozilla/5.0 (Windows NT 10.0; Win64; x64) AppleWebKit/537.36 (KHTML, like Gecko) Chrome/148.0.0.0 Safari/537.36"
190.85.87.250 - - [12/May/2026:07:54:49 -0500] "POST /acobranzas/consulta_ced_cob_estado_1da.php HTTP/1.1" 200 6781 "http://www.asjudinet.com/acobranzas/consulta_ced_cob_estado_1da.php" "Mozilla/5.0 (Windows NT 10.0; Win64; x64) AppleWebKit/537.36 (KHTML, like Gecko) Chrome/148.0.0.0 Safari/537.36"
190.85.87.250 - - [12/May/2026:07:54:50 -0500] "GET /acobranzas/consultar_cobranzas_vigentes.php?id=94514012&carpeta=14956&tipo=COA01 HTTP/1.1" 200 20824 "http://www.asjudinet.com/acobranzas/consulta_ced_cob_estado_1da.php" "Mozilla/5.0 (Windows NT 10.0; Win64; x64) AppleWebKit/537.36 (KHTML, like Gecko) Chrome/148.0.0.0 Safari/537.36"
190.84.116.244 - - [12/May/2026:07:54:51 -0500] "POST /abogados/ingresar_revista_judicial.php?ced=72311716&nom=ROJANO%20HELD%20RICARDO HTTP/1.1" 200 7450 "http://www.asjudinet.com/abogados/ingresar_revista_judicial.php?ced=72311716&nom=ROJANO%20HELD%20RICARDO" "Mozilla/5.0 (Windows NT 10.0; Win64; x64) AppleWebKit/537.36 (KHTML, like Gecko) Chrome/148.0.0.0 Safari/537.36 Edg/148.0.0.0"
190.84.116.244 - - [12/May/2026:07:54:52 -0500] "GET /abogados/formulario_ingreso_revista.php?proceso=08001333300320210026900&id=32652680&cc=72311716 HTTP/1.1" 200 35400 "http://www.asjudinet.com/abogados/ingresar_revista_judicial.php?ced=72311716&nom=ROJANO%20HELD%20RICARDO" "Mozilla/5.0 (Windows NT 10.0; Win64; x64) AppleWebKit/537.36 (KHTML, like Gecko) Chrome/148.0.0.0 Safari/537.36 Edg/148.0.0.0"
190.85.87.250 - - [12/May/2026:07:54:52 -0500] "GET /acobranzas/seguimiento_cobranza_captura_vigentes.php?id=94514012&tipo=COA01&carpeta=14956 HTTP/1.1" 200 14030 "http://www.asjudinet.com/acobranzas/consultar_cobranzas_vigentes.php?id=94514012&carpeta=14956&tipo=COA01" "Mozilla/5.0 (Windows NT 10.0; Win64; x64) AppleWebKit/537.36 (KHTML, like Gecko) Chrome/148.0.0.0 Safari/537.36"
190.85.87.250 - - [12/May/2026:07:54:59 -0500] "POST /afinanciera/cartera_cargar_manual_deb.php?ced2=1045106186&numcon=5543 HTTP/1.1" 200 361921 "http://www.asjudinet.com/afinanciera/cartera_cargar_manual_deb.php?ced2=1045106186&numcon=5543" "Mozilla/5.0 (Windows NT 10.0; Win64; x64) AppleWebKit/537.36 (KHTML, like Gecko) Chrome/148.0.0.0 Safari/537.36"
190.85.87.250 - - [12/May/2026:07:55:20 -0500] "POST /afinanciera/cartera_consultar_cargar_deb.php HTTP/1.1" 200 6049 "http://www.asjudinet.com/afinanciera/cartera_consultar_cargar_deb.php" "Mozilla/5.0 (Windows NT 10.0; Win64; x64) AppleWebKit/537.36 (KHTML, like Gecko) Chrome/148.0.0.0 Safari/537.36"
190.85.87.250 - - [12/May/2026:07:55:21 -0500] "GET /afinanciera/cartera_cargar_manual_deb.php?ced2=1069872442&numcon=24330 HTTP/1.1" 200 251207 "http://www.asjudinet.com/afinanciera/cartera_consultar_cargar_deb.php" "Mozilla/5.0 (Windows NT 10.0; Win64; x64) AppleWebKit/537.36 (KHTML, like Gecko) Chrome/148.0.0.0 Safari/537.36"
190.85.87.250 - - [12/May/2026:07:55:34 -0500] "POST /acobranzas/seguimiento_cobranza_captura_vigentes.php?id=94514012&tipo=COA01&carpeta=14956 HTTP/1.1" 200 14151 "http://www.asjudinet.com/acobranzas/seguimiento_cobranza_captura_vigentes.php?id=94514012&tipo=COA01&carpeta=14956" "Mozilla/5.0 (Windows NT 10.0; Win64; x64) AppleWebKit/537.36 (KHTML, like Gecko) Chrome/148.0.0.0 Safari/537.36"
190.85.87.250 - - [12/May/2026:07:55:34 -0500] "GET /acobranzas/consultar_cobranzas_vigentes.php?ced2=94514012&numcon=22096 HTTP/1.1" 200 27335 "http://www.asjudinet.com/acobranzas/seguimiento_cobranza_captura_vigentes.php?id=94514012&tipo=COA01&carpeta=14956" "Mozilla/5.0 (Windows NT 10.0; Win64; x64) AppleWebKit/537.36 (KHTML, like Gecko) Chrome/148.0.0.0 Safari/537.36"
190.85.87.250 - - [12/May/2026:07:55:46 -0500] "POST /acobranzas/cobranzas_consulta_cartera1.php HTTP/1.1" 200 6888 "http://www.asjudinet.com/acobranzas/cobranzas_consulta_cartera1.php" "Mozilla/5.0 (Windows NT 10.0; Win64; x64) AppleWebKit/537.36 (KHTML, like Gecko) Chrome/148.0.0.0 Safari/537.36"
190.85.87.250 - - [12/May/2026:07:55:49 -0500] "GET /acobranzas/cobranzas_serviasju1.php?ced2=91275149&numcon=7042B HTTP/1.1" 200 16884 "http://www.asjudinet.com/acobranzas/cobranzas_consulta_cartera1.php" "Mozilla/5.0 (Windows NT 10.0; Win64; x64) AppleWebKit/537.36 (KHTML, like Gecko) Chrome/148.0.0.0 Safari/537.36"
190.85.87.250 - - [12/May/2026:07:55:50 -0500] "GET /acobranzas/cobranzas_serviasju1.php?ced2=91275149&numcon=7042B HTTP/1.1" 200 16884 "http://www.asjudinet.com/acobranzas/cobranzas_consulta_cartera1.php" "Mozilla/5.0 (Windows NT 10.0; Win64; x64) AppleWebKit/537.36 (KHTML, like Gecko) Chrome/148.0.0.0 Safari/537.36"
190.85.87.250 - - [12/May/2026:07:55:56 -0500] "POST /acobranzas/consulta_ced_cob_estado_1da.php HTTP/1.1" 200 6777 "http://www.asjudinet.com/acobranzas/consulta_ced_cob_estado_1da.php" "Mozilla/5.0 (Windows NT 10.0; Win64; x64) AppleWebKit/537.36 (KHTML, like Gecko) Chrome/148.0.0.0 Safari/537.36"
190.85.87.250 - - [12/May/2026:07:55:57 -0500] "GET /acobranzas/consultar_cobranzas_vigentes.php?id=91275149&carpeta=17108&tipo=INT03 HTTP/1.1" 200 42915 "http://www.asjudinet.com/acobranzas/consulta_ced_cob_estado_1da.php" "Mozilla/5.0 (Windows NT 10.0; Win64; x64) AppleWebKit/537.36 (KHTML, like Gecko) Chrome/148.0.0.0 Safari/537.36"
190.85.87.250 - - [12/May/2026:07:56:02 -0500] "GET /acobranzas/seguimiento_cobranza_captura_vigentes.php?id=91275149&tipo=INT03&carpeta=17108 HTTP/1.1" 200 14017 "http://www.asjudinet.com/acobranzas/consultar_cobranzas_vigentes.php?id=91275149&carpeta=17108&tipo=INT03" "Mozilla/5.0 (Windows NT 10.0; Win64; x64) AppleWebKit/537.36 (KHTML, like Gecko) Chrome/148.0.0.0 Safari/537.36"
181.61.205.27 - - [12/May/2026:07:56:06 -0500] "GET /cartera_consulta_titu_usuario.php?ced2=1110488663&numcon=11143 HTTP/1.1" 200 276842 "http://www.asjudinet.com/consulta_ced_info_servi.php" "Mozilla/5.0 (Windows NT 10.0; Win64; x64) AppleWebKit/537.36 (KHTML, like Gecko) Chrome/147.0.0.0 Safari/537.36"
190.85.87.250 - - [12/May/2026:07:56:12 -0500] "POST /afinanciera/cartera_cargar_manual_deb.php?ced2=1069872442&numcon=24330 HTTP/1.1" 200 252949 "http://www.asjudinet.com/afinanciera/cartera_cargar_manual_deb.php?ced2=1069872442&numcon=24330" "Mozilla/5.0 (Windows NT 10.0; Win64; x64) AppleWebKit/537.36 (KHTML, like Gecko) Chrome/148.0.0.0 Safari/537.36"
114.119.130.177 - - [12/May/2026:07:56:16 -0500] "GET /index.php/zzztvsa/39aayzpksh_liqzne72382/principal/principal/ELEMENTS/otros/principal/pages/principal/testimonios.php HTTP/1.1" 200 54693 "http://www.asjudinet.com/index.php/zzztvsa/39aayzpksh_liqzne72382/principal/principal/ELEMENTS/otros/principal/pages/menu_creditos_rotativos.php" "Mozilla/5.0 (Linux; Android 7.0;) AppleWebKit/537.36 (KHTML, like Gecko) Mobile Safari/537.36 (compatible; PetalBot;+https://webmaster.petalsearch.com/site/petalbot)"
190.85.87.250 - - [12/May/2026:07:56:27 -0500] "POST /afinanciera/cartera_consultar_cargar_deb.php HTTP/1.1" 200 6063 "http://www.asjudinet.com/afinanciera/cartera_consultar_cargar_deb.php" "Mozilla/5.0 (Windows NT 10.0; Win64; x64) AppleWebKit/537.36 (KHTML, like Gecko) Chrome/148.0.0.0 Safari/537.36"
190.85.87.250 - - [12/May/2026:07:56:28 -0500] "GET /afinanciera/cartera_cargar_manual_deb.php?ced2=1030543023&numcon=14570 HTTP/1.1" 200 249453 "http://www.asjudinet.com/afinanciera/cartera_consultar_cargar_deb.php" "Mozilla/5.0 (Windows NT 10.0; Win64; x64) AppleWebKit/537.36 (KHTML, like Gecko) Chrome/148.0.0.0 Safari/537.36"
190.85.87.250 - - [12/May/2026:07:56:38 -0500] "POST /acobranzas/seguimiento_cobranza_captura_vigentes.php?id=91275149&tipo=INT03&carpeta=17108 HTTP/1.1" 200 14137 "http://www.asjudinet.com/acobranzas/seguimiento_cobranza_captura_vigentes.php?id=91275149&tipo=INT03&carpeta=17108" "Mozilla/5.0 (Windows NT 10.0; Win64; x64) AppleWebKit/537.36 (KHTML, like Gecko) Chrome/148.0.0.0 Safari/537.36"
190.85.87.250 - - [12/May/2026:07:56:39 -0500] "GET /acobranzas/consultar_cobranzas_vigentes.php?ced2=91275149&numcon=7042 HTTP/1.1" 200 27335 "http://www.asjudinet.com/acobranzas/seguimiento_cobranza_captura_vigentes.php?id=91275149&tipo=INT03&carpeta=17108" "Mozilla/5.0 (Windows NT 10.0; Win64; x64) AppleWebKit/537.36 (KHTML, like Gecko) Chrome/148.0.0.0 Safari/537.36"
