File: /home/asjudine/statistics/logs/access_log~
190.24.223.78 - - [18/Nov/2009:12:31:50 -0600] "POST /consulta_gen_ced_cobranzas.php HTTP/1.1" 200 6363 "http://www.asjudinet.com/consulta_gen_ced_cobranzas.php" "Mozilla/4.0 (compatible; MSIE 6.0; Windows NT 5.1; SV1)"
190.99.160.153 - - [18/Nov/2009:12:31:51 -0600] "POST /chat/chat.php HTTP/1.1" 200 17 "-" "Mozilla/4.0 (Windows XP 5.1) Java/1.6.0_15"
190.90.239.144 - - [18/Nov/2009:12:31:51 -0600] "POST /chat/chat.php HTTP/1.1" 200 17 "-" "Mozilla/4.0 (Windows XP 5.1) Java/1.6.0_15"
190.157.32.99 - - [18/Nov/2009:12:31:51 -0600] "POST /chat/chat.php HTTP/1.1" 200 17 "-" "Mozilla/4.0 (Windows XP 5.1) Java/1.6.0_16"
190.255.173.67 - - [18/Nov/2009:12:31:51 -0600] "POST /chat/chat.php HTTP/1.1" 200 17 "-" "Mozilla/4.0 (Windows XP 5.1) Java/1.6.0_11"
190.24.223.78 - - [18/Nov/2009:12:31:51 -0600] "POST /chat/chat.php HTTP/1.1" 200 17 "-" "Mozilla/4.0 (Windows XP 5.1) Java/1.6.0_17"
200.11.45.150 - - [18/Nov/2009:12:31:51 -0600] "POST /chat/chat.php HTTP/1.1" 200 17 "-" "Mozilla/4.0 (Windows XP 5.1) Java/1.6.0_16"
190.255.251.154 - - [18/Nov/2009:12:31:52 -0600] "POST /chat/chat.php HTTP/1.1" 200 17 "-" "Mozilla/4.0 (Windows XP 5.1) Java/1.6.0_11"
201.228.40.146 - - [18/Nov/2009:12:31:52 -0600] "POST /chat/chat.php HTTP/1.1" 200 17 "-" "Mozilla/4.0 (Windows XP 5.1) Java/1.6.0_11"
190.24.223.78 - - [18/Nov/2009:12:31:53 -0600] "GET /consultar_cobranzas.php?id=5880514&carpeta=239 HTTP/1.1" 200 14019 "http://www.asjudinet.com/consulta_gen_ced_cobranzas.php" "Mozilla/4.0 (compatible; MSIE 6.0; Windows NT 5.1; SV1)"
190.99.160.153 - - [18/Nov/2009:12:31:56 -0600] "POST /chat/chat.php HTTP/1.1" 200 17 "-" "Mozilla/4.0 (Windows XP 5.1) Java/1.6.0_15"
190.90.239.144 - - [18/Nov/2009:12:31:56 -0600] "POST /chat/chat.php HTTP/1.1" 200 17 "-" "Mozilla/4.0 (Windows XP 5.1) Java/1.6.0_15"
190.157.32.99 - - [18/Nov/2009:12:31:56 -0600] "POST /chat/chat.php HTTP/1.1" 200 17 "-" "Mozilla/4.0 (Windows XP 5.1) Java/1.6.0_16"
190.255.173.67 - - [18/Nov/2009:12:31:56 -0600] "POST /chat/chat.php HTTP/1.1" 200 17 "-" "Mozilla/4.0 (Windows XP 5.1) Java/1.6.0_11"
190.24.223.78 - - [18/Nov/2009:12:31:56 -0600] "POST /chat/chat.php HTTP/1.1" 200 17 "-" "Mozilla/4.0 (Windows XP 5.1) Java/1.6.0_17"
200.11.45.150 - - [18/Nov/2009:12:31:56 -0600] "POST /chat/chat.php HTTP/1.1" 200 17 "-" "Mozilla/4.0 (Windows XP 5.1) Java/1.6.0_16"
190.255.251.154 - - [18/Nov/2009:12:31:57 -0600] "POST /chat/chat.php HTTP/1.1" 200 17 "-" "Mozilla/4.0 (Windows XP 5.1) Java/1.6.0_11"
201.228.40.146 - - [18/Nov/2009:12:31:57 -0600] "POST /chat/chat.php HTTP/1.1" 200 17 "-" "Mozilla/4.0 (Windows XP 5.1) Java/1.6.0_11"
190.99.160.153 - - [18/Nov/2009:12:32:01 -0600] "POST /chat/chat.php HTTP/1.1" 200 17 "-" "Mozilla/4.0 (Windows XP 5.1) Java/1.6.0_15"
190.90.239.144 - - [18/Nov/2009:12:32:01 -0600] "POST /chat/chat.php HTTP/1.1" 200 17 "-" "Mozilla/4.0 (Windows XP 5.1) Java/1.6.0_15"
190.157.32.99 - - [18/Nov/2009:12:32:01 -0600] "POST /chat/chat.php HTTP/1.1" 200 17 "-" "Mozilla/4.0 (Windows XP 5.1) Java/1.6.0_16"
190.255.173.67 - - [18/Nov/2009:12:32:01 -0600] "POST /chat/chat.php HTTP/1.1" 200 17 "-" "Mozilla/4.0 (Windows XP 5.1) Java/1.6.0_11"
190.24.223.78 - - [18/Nov/2009:12:32:01 -0600] "POST /chat/chat.php HTTP/1.1" 200 17 "-" "Mozilla/4.0 (Windows XP 5.1) Java/1.6.0_17"
200.11.45.150 - - [18/Nov/2009:12:32:01 -0600] "POST /chat/chat.php HTTP/1.1" 200 17 "-" "Mozilla/4.0 (Windows XP 5.1) Java/1.6.0_16"
190.255.251.154 - - [18/Nov/2009:12:32:02 -0600] "POST /chat/chat.php HTTP/1.1" 200 17 "-" "Mozilla/4.0 (Windows XP 5.1) Java/1.6.0_11"
201.228.40.146 - - [18/Nov/2009:12:32:02 -0600] "POST /chat/chat.php HTTP/1.1" 200 17 "-" "Mozilla/4.0 (Windows XP 5.1) Java/1.6.0_11"
190.99.160.153 - - [18/Nov/2009:12:32:06 -0600] "POST /chat/chat.php HTTP/1.1" 200 17 "-" "Mozilla/4.0 (Windows XP 5.1) Java/1.6.0_15"
190.90.239.144 - - [18/Nov/2009:12:32:06 -0600] "POST /chat/chat.php HTTP/1.1" 200 17 "-" "Mozilla/4.0 (Windows XP 5.1) Java/1.6.0_15"
190.157.32.99 - - [18/Nov/2009:12:32:06 -0600] "POST /chat/chat.php HTTP/1.1" 200 17 "-" "Mozilla/4.0 (Windows XP 5.1) Java/1.6.0_16"
190.255.173.67 - - [18/Nov/2009:12:32:06 -0600] "POST /chat/chat.php HTTP/1.1" 200 17 "-" "Mozilla/4.0 (Windows XP 5.1) Java/1.6.0_11"
190.24.223.78 - - [18/Nov/2009:12:32:06 -0600] "POST /chat/chat.php HTTP/1.1" 200 17 "-" "Mozilla/4.0 (Windows XP 5.1) Java/1.6.0_17"
190.255.251.154 - - [18/Nov/2009:12:32:08 -0600] "POST /chat/chat.php HTTP/1.1" 200 17 "-" "Mozilla/4.0 (Windows XP 5.1) Java/1.6.0_11"
201.228.40.146 - - [18/Nov/2009:12:32:08 -0600] "POST /chat/chat.php HTTP/1.1" 200 17 "-" "Mozilla/4.0 (Windows XP 5.1) Java/1.6.0_11"
200.11.45.150 - - [18/Nov/2009:12:32:08 -0600] "POST /chat/chat.php HTTP/1.1" 200 17 "-" "Mozilla/4.0 (Windows XP 5.1) Java/1.6.0_16"
190.99.160.153 - - [18/Nov/2009:12:32:11 -0600] "POST /chat/chat.php HTTP/1.1" 200 17 "-" "Mozilla/4.0 (Windows XP 5.1) Java/1.6.0_15"
190.90.239.144 - - [18/Nov/2009:12:32:11 -0600] "POST /chat/chat.php HTTP/1.1" 200 17 "-" "Mozilla/4.0 (Windows XP 5.1) Java/1.6.0_15"
190.157.32.99 - - [18/Nov/2009:12:32:11 -0600] "POST /chat/chat.php HTTP/1.1" 200 17 "-" "Mozilla/4.0 (Windows XP 5.1) Java/1.6.0_16"
190.255.173.67 - - [18/Nov/2009:12:32:11 -0600] "POST /chat/chat.php HTTP/1.1" 200 17 "-" "Mozilla/4.0 (Windows XP 5.1) Java/1.6.0_11"
190.24.223.78 - - [18/Nov/2009:12:32:12 -0600] "POST /chat/chat.php HTTP/1.1" 200 17 "-" "Mozilla/4.0 (Windows XP 5.1) Java/1.6.0_17"
190.255.251.154 - - [18/Nov/2009:12:32:13 -0600] "POST /chat/chat.php HTTP/1.1" 200 17 "-" "Mozilla/4.0 (Windows XP 5.1) Java/1.6.0_11"
200.11.45.150 - - [18/Nov/2009:12:32:13 -0600] "POST /chat/chat.php HTTP/1.1" 200 17 "-" "Mozilla/4.0 (Windows XP 5.1) Java/1.6.0_16"
190.99.160.153 - - [18/Nov/2009:12:32:16 -0600] "POST /chat/chat.php HTTP/1.1" 200 17 "-" "Mozilla/4.0 (Windows XP 5.1) Java/1.6.0_15"
190.90.239.144 - - [18/Nov/2009:12:32:16 -0600] "POST /chat/chat.php HTTP/1.1" 200 17 "-" "Mozilla/4.0 (Windows XP 5.1) Java/1.6.0_15"
190.157.32.99 - - [18/Nov/2009:12:32:17 -0600] "POST /chat/chat.php HTTP/1.1" 200 17 "-" "Mozilla/4.0 (Windows XP 5.1) Java/1.6.0_16"
190.255.173.67 - - [18/Nov/2009:12:32:17 -0600] "POST /chat/chat.php HTTP/1.1" 200 17 "-" "Mozilla/4.0 (Windows XP 5.1) Java/1.6.0_11"
190.24.223.78 - - [18/Nov/2009:12:32:17 -0600] "POST /chat/chat.php HTTP/1.1" 200 17 "-" "Mozilla/4.0 (Windows XP 5.1) Java/1.6.0_17"
201.228.40.146 - - [18/Nov/2009:12:32:18 -0600] "POST /chat/chat.php HTTP/1.1" 200 17 "-" "Mozilla/4.0 (Windows XP 5.1) Java/1.6.0_11"
190.255.251.154 - - [18/Nov/2009:12:32:18 -0600] "POST /chat/chat.php HTTP/1.1" 200 17 "-" "Mozilla/4.0 (Windows XP 5.1) Java/1.6.0_11"
200.11.45.150 - - [18/Nov/2009:12:32:18 -0600] "POST /chat/chat.php HTTP/1.1" 200 17 "-" "Mozilla/4.0 (Windows XP 5.1) Java/1.6.0_16"
190.24.223.78 - - [18/Nov/2009:12:32:18 -0600] "POST /cartera_bene_ingresar.php?ced2=12209625&numcon=8246 HTTP/1.1" 200 16727 "http://www.asjudinet.com/cartera_bene_ingresar.php?ced2=12209625&numcon=8246" "Mozilla/4.0 (compatible; MSIE 6.0; Windows NT 5.1; SV1; InfoPath.1)"
190.99.160.153 - - [18/Nov/2009:12:32:21 -0600] "POST /chat/chat.php HTTP/1.1" 200 17 "-" "Mozilla/4.0 (Windows XP 5.1) Java/1.6.0_15"
190.90.239.144 - - [18/Nov/2009:12:32:21 -0600] "POST /chat/chat.php HTTP/1.1" 200 17 "-" "Mozilla/4.0 (Windows XP 5.1) Java/1.6.0_15"
190.24.223.78 - - [18/Nov/2009:12:32:22 -0600] "GET / HTTP/1.1" 200 6256 "-" "Mozilla/4.0 (compatible; MSIE 6.0; Windows NT 5.1; SV1)"
190.255.173.67 - - [18/Nov/2009:12:32:22 -0600] "POST /chat/chat.php HTTP/1.1" 200 17 "-" "Mozilla/4.0 (Windows XP 5.1) Java/1.6.0_11"
190.157.32.99 - - [18/Nov/2009:12:32:22 -0600] "POST /chat/chat.php HTTP/1.1" 200 17 "-" "Mozilla/4.0 (Windows XP 5.1) Java/1.6.0_16"
190.24.223.78 - - [18/Nov/2009:12:32:22 -0600] "POST /chat/chat.php HTTP/1.1" 200 17 "-" "Mozilla/4.0 (Windows XP 5.1) Java/1.6.0_17"
190.24.223.78 - - [18/Nov/2009:12:32:23 -0600] "GET /menu_datos_cartera_servi.php HTTP/1.1" 200 6922 "-" "Mozilla/4.0 (compatible; MSIE 6.0; Windows NT 5.1; SV1; InfoPath.1)"
190.24.223.78 - - [18/Nov/2009:12:32:23 -0600] "GET /AC_RunActiveContent.js HTTP/1.1" 304 - "http://www.asjudinet.com/" "Mozilla/4.0 (compatible; MSIE 6.0; Windows NT 5.1; SV1)"
190.24.223.78 - - [18/Nov/2009:12:32:23 -0600] "GET /ELEMENTOS/fondo_argollado.gif HTTP/1.1" 304 - "http://www.asjudinet.com/menu_datos_cartera_servi.php" "Mozilla/4.0 (compatible; MSIE 6.0; Windows NT 5.1; SV1; InfoPath.1)"
190.24.223.78 - - [18/Nov/2009:12:32:23 -0600] "GET /fondopagina.gif HTTP/1.1" 304 - "http://www.asjudinet.com/" "Mozilla/4.0 (compatible; MSIE 6.0; Windows NT 5.1; SV1)"
201.228.40.146 - - [18/Nov/2009:12:32:23 -0600] "POST /chat/chat.php HTTP/1.1" 200 17 "-" "Mozilla/4.0 (Windows XP 5.1) Java/1.6.0_11"
190.24.223.78 - - [18/Nov/2009:12:32:23 -0600] "GET /milonic_src.js HTTP/1.1" 304 - "http://www.asjudinet.com/" "Mozilla/4.0 (compatible; MSIE 6.0; Windows NT 5.1; SV1)"
190.255.251.154 - - [18/Nov/2009:12:32:23 -0600] "POST /chat/chat.php HTTP/1.1" 200 17 "-" "Mozilla/4.0 (Windows XP 5.1) Java/1.6.0_11"
200.11.45.150 - - [18/Nov/2009:12:32:24 -0600] "POST /chat/chat.php HTTP/1.1" 200 17 "-" "Mozilla/4.0 (Windows XP 5.1) Java/1.6.0_16"
190.24.223.78 - - [18/Nov/2009:12:32:24 -0600] "GET /mmenudom.js HTTP/1.1" 304 - "http://www.asjudinet.com/" "Mozilla/4.0 (compatible; MSIE 6.0; Windows NT 5.1; SV1)"
190.24.223.78 - - [18/Nov/2009:12:32:24 -0600] "GET /cartera_bene_cons_ingre.php HTTP/1.1" 200 4463 "http://www.asjudinet.com/menu_datos_cartera_servi.php" "Mozilla/4.0 (compatible; MSIE 6.0; Windows NT 5.1; SV1; InfoPath.1)"
190.24.223.78 - - [18/Nov/2009:12:32:25 -0600] "GET /menu_data.js HTTP/1.1" 304 - "http://www.asjudinet.com/" "Mozilla/4.0 (compatible; MSIE 6.0; Windows NT 5.1; SV1)"
190.24.223.78 - - [18/Nov/2009:12:32:26 -0600] "GET /index.swf HTTP/1.1" 304 - "http://www.asjudinet.com/" "Mozilla/4.0 (compatible; MSIE 6.0; Windows NT 5.1; SV1)"
190.24.223.78 - - [18/Nov/2009:12:32:26 -0600] "GET /ELEMENTOS/servicio.png HTTP/1.1" 304 - "http://www.asjudinet.com/" "Mozilla/4.0 (compatible; MSIE 6.0; Windows NT 5.1; SV1)"
190.99.160.153 - - [18/Nov/2009:12:32:27 -0600] "POST /chat/chat.php HTTP/1.1" 200 17 "-" "Mozilla/4.0 (Windows XP 5.1) Java/1.6.0_15"
190.90.239.144 - - [18/Nov/2009:12:32:27 -0600] "POST /chat/chat.php HTTP/1.1" 200 17 "-" "Mozilla/4.0 (Windows XP 5.1) Java/1.6.0_15"
190.24.223.78 - - [18/Nov/2009:12:32:27 -0600] "GET /carrusel.swf HTTP/1.1" 304 - "http://www.asjudinet.com/index.swf" "Mozilla/4.0 (compatible; MSIE 6.0; Windows NT 5.1; SV1)"
190.255.173.67 - - [18/Nov/2009:12:32:27 -0600] "POST /chat/chat.php HTTP/1.1" 200 17 "-" "Mozilla/4.0 (Windows XP 5.1) Java/1.6.0_11"
190.157.32.99 - - [18/Nov/2009:12:32:27 -0600] "POST /chat/chat.php HTTP/1.1" 200 17 "-" "Mozilla/4.0 (Windows XP 5.1) Java/1.6.0_16"
190.24.223.78 - - [18/Nov/2009:12:32:27 -0600] "POST /chat/chat.php HTTP/1.1" 200 17 "-" "Mozilla/4.0 (Windows XP 5.1) Java/1.6.0_17"
190.24.223.78 - - [18/Nov/2009:12:32:27 -0600] "GET /photos.xml HTTP/1.1" 304 - "http://www.asjudinet.com/carrusel.swf" "Mozilla/4.0 (compatible; MSIE 6.0; Windows NT 5.1; SV1)"
201.228.40.146 - - [18/Nov/2009:12:32:28 -0600] "POST /chat/chat.php HTTP/1.1" 200 17 "-" "Mozilla/4.0 (Windows XP 5.1) Java/1.6.0_11"
190.255.251.154 - - [18/Nov/2009:12:32:28 -0600] "POST /chat/chat.php HTTP/1.1" 200 17 "-" "Mozilla/4.0 (Windows XP 5.1) Java/1.6.0_11"
200.11.45.150 - - [18/Nov/2009:12:32:29 -0600] "POST /chat/chat.php HTTP/1.1" 200 17 "-" "Mozilla/4.0 (Windows XP 5.1) Java/1.6.0_16"
190.99.160.153 - - [18/Nov/2009:12:32:32 -0600] "POST /chat/chat.php HTTP/1.1" 200 17 "-" "Mozilla/4.0 (Windows XP 5.1) Java/1.6.0_15"
190.90.239.144 - - [18/Nov/2009:12:32:32 -0600] "POST /chat/chat.php HTTP/1.1" 200 17 "-" "Mozilla/4.0 (Windows XP 5.1) Java/1.6.0_15"
190.255.173.67 - - [18/Nov/2009:12:32:32 -0600] "POST /chat/chat.php HTTP/1.1" 200 17 "-" "Mozilla/4.0 (Windows XP 5.1) Java/1.6.0_11"
190.157.32.99 - - [18/Nov/2009:12:32:32 -0600] "POST /chat/chat.php HTTP/1.1" 200 17 "-" "Mozilla/4.0 (Windows XP 5.1) Java/1.6.0_16"
190.24.223.78 - - [18/Nov/2009:12:32:32 -0600] "POST /chat/chat.php HTTP/1.1" 200 17 "-" "Mozilla/4.0 (Windows XP 5.1) Java/1.6.0_17"
190.24.223.78 - - [18/Nov/2009:12:32:33 -0600] "POST /cartera_bene_cons_ingre.php HTTP/1.1" 200 5930 "http://www.asjudinet.com/cartera_bene_cons_ingre.php" "Mozilla/4.0 (compatible; MSIE 6.0; Windows NT 5.1; SV1; InfoPath.1)"
201.228.40.146 - - [18/Nov/2009:12:32:33 -0600] "POST /chat/chat.php HTTP/1.1" 200 17 "-" "Mozilla/4.0 (Windows XP 5.1) Java/1.6.0_11"
190.255.251.154 - - [18/Nov/2009:12:32:34 -0600] "POST /chat/chat.php HTTP/1.1" 200 17 "-" "Mozilla/4.0 (Windows XP 5.1) Java/1.6.0_11"
200.11.45.150 - - [18/Nov/2009:12:32:35 -0600] "POST /chat/chat.php HTTP/1.1" 200 17 "-" "Mozilla/4.0 (Windows XP 5.1) Java/1.6.0_16"
190.24.223.78 - - [18/Nov/2009:12:32:35 -0600] "GET /cartera_bene_ingresar.php?ced2=12209625&numcon=8246 HTTP/1.1" 200 16636 "-" "Mozilla/4.0 (compatible; MSIE 6.0; Windows NT 5.1; SV1; InfoPath.1)"
190.99.160.153 - - [18/Nov/2009:12:32:37 -0600] "POST /chat/chat.php HTTP/1.1" 200 17 "-" "Mozilla/4.0 (Windows XP 5.1) Java/1.6.0_15"
190.90.239.144 - - [18/Nov/2009:12:32:37 -0600] "POST /chat/chat.php HTTP/1.1" 200 17 "-" "Mozilla/4.0 (Windows XP 5.1) Java/1.6.0_15"
190.255.173.67 - - [18/Nov/2009:12:32:37 -0600] "POST /chat/chat.php HTTP/1.1" 200 17 "-" "Mozilla/4.0 (Windows XP 5.1) Java/1.6.0_11"
190.157.32.99 - - [18/Nov/2009:12:32:37 -0600] "POST /chat/chat.php HTTP/1.1" 200 17 "-" "Mozilla/4.0 (Windows XP 5.1) Java/1.6.0_16"
190.24.223.78 - - [18/Nov/2009:12:32:37 -0600] "POST /chat/chat.php HTTP/1.1" 200 17 "-" "Mozilla/4.0 (Windows XP 5.1) Java/1.6.0_17"
201.228.40.146 - - [18/Nov/2009:12:32:39 -0600] "POST /chat/chat.php HTTP/1.1" 200 17 "-" "Mozilla/4.0 (Windows XP 5.1) Java/1.6.0_11"
190.255.251.154 - - [18/Nov/2009:12:32:39 -0600] "POST /chat/chat.php HTTP/1.1" 200 17 "-" "Mozilla/4.0 (Windows XP 5.1) Java/1.6.0_11"
200.11.45.150 - - [18/Nov/2009:12:32:41 -0600] "POST /chat/chat.php HTTP/1.1" 200 17 "-" "Mozilla/4.0 (Windows XP 5.1) Java/1.6.0_16"
190.99.160.153 - - [18/Nov/2009:12:32:42 -0600] "POST /chat/chat.php HTTP/1.1" 200 17 "-" "Mozilla/4.0 (Windows XP 5.1) Java/1.6.0_15"
190.90.239.144 - - [18/Nov/2009:12:32:42 -0600] "POST /chat/chat.php HTTP/1.1" 200 17 "-" "Mozilla/4.0 (Windows XP 5.1) Java/1.6.0_15"
190.255.173.67 - - [18/Nov/2009:12:32:42 -0600] "POST /chat/chat.php HTTP/1.1" 200 17 "-" "Mozilla/4.0 (Windows XP 5.1) Java/1.6.0_11"
190.157.32.99 - - [18/Nov/2009:12:32:42 -0600] "POST /chat/chat.php HTTP/1.1" 200 17 "-" "Mozilla/4.0 (Windows XP 5.1) Java/1.6.0_16"
190.24.223.78 - - [18/Nov/2009:12:32:43 -0600] "POST /chat/chat.php HTTP/1.1" 200 17 "-" "Mozilla/4.0 (Windows XP 5.1) Java/1.6.0_17"
201.228.40.146 - - [18/Nov/2009:12:32:44 -0600] "POST /chat/chat.php HTTP/1.1" 200 17 "-" "Mozilla/4.0 (Windows XP 5.1) Java/1.6.0_11"
190.255.251.154 - - [18/Nov/2009:12:32:44 -0600] "POST /chat/chat.php HTTP/1.1" 200 17 "-" "Mozilla/4.0 (Windows XP 5.1) Java/1.6.0_11"
200.11.45.150 - - [18/Nov/2009:12:32:46 -0600] "POST /chat/chat.php HTTP/1.1" 200 17 "-" "Mozilla/4.0 (Windows XP 5.1) Java/1.6.0_16"
190.99.160.153 - - [18/Nov/2009:12:32:47 -0600] "POST /chat/chat.php HTTP/1.1" 200 17 "-" "Mozilla/4.0 (Windows XP 5.1) Java/1.6.0_15"
190.90.239.144 - - [18/Nov/2009:12:32:47 -0600] "POST /chat/chat.php HTTP/1.1" 200 17 "-" "Mozilla/4.0 (Windows XP 5.1) Java/1.6.0_15"
190.255.173.67 - - [18/Nov/2009:12:32:47 -0600] "POST /chat/chat.php HTTP/1.1" 200 17 "-" "Mozilla/4.0 (Windows XP 5.1) Java/1.6.0_11"
190.157.32.99 - - [18/Nov/2009:12:32:47 -0600] "POST /chat/chat.php HTTP/1.1" 200 17 "-" "Mozilla/4.0 (Windows XP 5.1) Java/1.6.0_16"
190.24.223.78 - - [18/Nov/2009:12:32:48 -0600] "POST /chat/chat.php HTTP/1.1" 200 17 "-" "Mozilla/4.0 (Windows XP 5.1) Java/1.6.0_17"
201.228.40.146 - - [18/Nov/2009:12:32:49 -0600] "POST /chat/chat.php HTTP/1.1" 200 17 "-" "Mozilla/4.0 (Windows XP 5.1) Java/1.6.0_11"
190.255.251.154 - - [18/Nov/2009:12:32:50 -0600] "POST /chat/chat.php HTTP/1.1" 200 17 "-" "Mozilla/4.0 (Windows XP 5.1) Java/1.6.0_11"
190.99.160.153 - - [18/Nov/2009:12:32:52 -0600] "POST /chat/chat.php HTTP/1.1" 200 17 "-" "Mozilla/4.0 (Windows XP 5.1) Java/1.6.0_15"
190.90.239.144 - - [18/Nov/2009:12:32:52 -0600] "POST /chat/chat.php HTTP/1.1" 200 17 "-" "Mozilla/4.0 (Windows XP 5.1) Java/1.6.0_15"
190.255.173.67 - - [18/Nov/2009:12:32:52 -0600] "POST /chat/chat.php HTTP/1.1" 200 17 "-" "Mozilla/4.0 (Windows XP 5.1) Java/1.6.0_11"
190.157.32.99 - - [18/Nov/2009:12:32:53 -0600] "POST /chat/chat.php HTTP/1.1" 200 17 "-" "Mozilla/4.0 (Windows XP 5.1) Java/1.6.0_16"
190.24.223.78 - - [18/Nov/2009:12:32:53 -0600] "POST /chat/chat.php HTTP/1.1" 200 17 "-" "Mozilla/4.0 (Windows XP 5.1) Java/1.6.0_17"
190.255.251.154 - - [18/Nov/2009:12:32:55 -0600] "POST /chat/chat.php HTTP/1.1" 200 17 "-" "Mozilla/4.0 (Windows XP 5.1) Java/1.6.0_11"
190.99.160.153 - - [18/Nov/2009:12:32:57 -0600] "POST /chat/chat.php HTTP/1.1" 200 17 "-" "Mozilla/4.0 (Windows XP 5.1) Java/1.6.0_15"
190.90.239.144 - - [18/Nov/2009:12:32:57 -0600] "POST /chat/chat.php HTTP/1.1" 200 17 "-" "Mozilla/4.0 (Windows XP 5.1) Java/1.6.0_15"
190.255.173.67 - - [18/Nov/2009:12:32:58 -0600] "POST /chat/chat.php HTTP/1.1" 200 17 "-" "Mozilla/4.0 (Windows XP 5.1) Java/1.6.0_11"
190.157.32.99 - - [18/Nov/2009:12:32:58 -0600] "POST /chat/chat.php HTTP/1.1" 200 17 "-" "Mozilla/4.0 (Windows XP 5.1) Java/1.6.0_16"
190.24.223.78 - - [18/Nov/2009:12:32:58 -0600] "POST /chat/chat.php HTTP/1.1" 200 17 "-" "Mozilla/4.0 (Windows XP 5.1) Java/1.6.0_17"
201.228.40.146 - - [18/Nov/2009:12:32:59 -0600] "POST /chat/chat.php HTTP/1.1" 200 17 "-" "Mozilla/4.0 (Windows XP 5.1) Java/1.6.0_11"
200.11.45.150 - - [18/Nov/2009:12:33:00 -0600] "POST /chat/chat.php HTTP/1.1" 200 17 "-" "Mozilla/4.0 (Windows XP 5.1) Java/1.6.0_16"
190.255.251.154 - - [18/Nov/2009:12:33:00 -0600] "POST /chat/chat.php HTTP/1.1" 200 17 "-" "Mozilla/4.0 (Windows XP 5.1) Java/1.6.0_11"
190.99.160.153 - - [18/Nov/2009:12:33:02 -0600] "POST /chat/chat.php HTTP/1.1" 200 17 "-" "Mozilla/4.0 (Windows XP 5.1) Java/1.6.0_15"
190.90.239.144 - - [18/Nov/2009:12:33:02 -0600] "POST /chat/chat.php HTTP/1.1" 200 17 "-" "Mozilla/4.0 (Windows XP 5.1) Java/1.6.0_15"
190.255.173.67 - - [18/Nov/2009:12:33:03 -0600] "POST /chat/chat.php HTTP/1.1" 200 17 "-" "Mozilla/4.0 (Windows XP 5.1) Java/1.6.0_11"
190.157.32.99 - - [18/Nov/2009:12:33:03 -0600] "POST /chat/chat.php HTTP/1.1" 200 17 "-" "Mozilla/4.0 (Windows XP 5.1) Java/1.6.0_16"
190.24.223.78 - - [18/Nov/2009:12:33:03 -0600] "POST /chat/chat.php HTTP/1.1" 200 17 "-" "Mozilla/4.0 (Windows XP 5.1) Java/1.6.0_17"
201.228.40.146 - - [18/Nov/2009:12:33:04 -0600] "POST /chat/chat.php HTTP/1.1" 200 17 "-" "Mozilla/4.0 (Windows XP 5.1) Java/1.6.0_11"
190.255.251.154 - - [18/Nov/2009:12:33:05 -0600] "POST /chat/chat.php HTTP/1.1" 200 17 "-" "Mozilla/4.0 (Windows XP 5.1) Java/1.6.0_11"
190.24.223.78 - - [18/Nov/2009:12:33:06 -0600] "POST /cartera_bene_ingresar.php?ced2=12209625&numcon=8246 HTTP/1.1" 200 16726 "http://www.asjudinet.com/cartera_bene_ingresar.php?ced2=12209625&numcon=8246" "Mozilla/4.0 (compatible; MSIE 6.0; Windows NT 5.1; SV1; InfoPath.1)"
190.99.160.153 - - [18/Nov/2009:12:33:08 -0600] "POST /chat/chat.php HTTP/1.1" 200 17 "-" "Mozilla/4.0 (Windows XP 5.1) Java/1.6.0_15"
190.90.239.144 - - [18/Nov/2009:12:33:08 -0600] "POST /chat/chat.php HTTP/1.1" 200 17 "-" "Mozilla/4.0 (Windows XP 5.1) Java/1.6.0_15"
190.255.173.67 - - [18/Nov/2009:12:33:08 -0600] "POST /chat/chat.php HTTP/1.1" 200 17 "-" "Mozilla/4.0 (Windows XP 5.1) Java/1.6.0_11"
200.11.45.150 - - [18/Nov/2009:12:33:08 -0600] "POST /chat/chat.php HTTP/1.1" 200 17 "-" "Mozilla/4.0 (Windows XP 5.1) Java/1.6.0_16"
190.157.32.99 - - [18/Nov/2009:12:33:08 -0600] "POST /chat/chat.php HTTP/1.1" 200 17 "-" "Mozilla/4.0 (Windows XP 5.1) Java/1.6.0_16"
190.24.223.78 - - [18/Nov/2009:12:33:08 -0600] "POST /chat/chat.php HTTP/1.1" 200 17 "-" "Mozilla/4.0 (Windows XP 5.1) Java/1.6.0_17"
201.228.40.146 - - [18/Nov/2009:12:33:09 -0600] "POST /chat/chat.php HTTP/1.1" 200 17 "-" "Mozilla/4.0 (Windows XP 5.1) Java/1.6.0_11"
190.24.223.78 - - [18/Nov/2009:12:33:09 -0600] "GET /menu_datos_cartera_servi.php HTTP/1.1" 200 6922 "-" "Mozilla/4.0 (compatible; MSIE 6.0; Windows NT 5.1; SV1; InfoPath.1)"
190.24.223.78 - - [18/Nov/2009:12:33:10 -0600] "GET /ELEMENTOS/fondo_argollado.gif HTTP/1.1" 304 - "http://www.asjudinet.com/menu_datos_cartera_servi.php" "Mozilla/4.0 (compatible; MSIE 6.0; Windows NT 5.1; SV1; InfoPath.1)"
190.255.251.154 - - [18/Nov/2009:12:33:11 -0600] "POST /chat/chat.php HTTP/1.1" 200 17 "-" "Mozilla/4.0 (Windows XP 5.1) Java/1.6.0_11"
190.24.223.78 - - [18/Nov/2009:12:33:11 -0600] "GET /cartera_consul_titu.php HTTP/1.1" 200 4417 "http://www.asjudinet.com/menu_datos_cartera_servi.php" "Mozilla/4.0 (compatible; MSIE 6.0; Windows NT 5.1; SV1; InfoPath.1)"
190.99.160.153 - - [18/Nov/2009:12:33:13 -0600] "POST /chat/chat.php HTTP/1.1" 200 17 "-" "Mozilla/4.0 (Windows XP 5.1) Java/1.6.0_15"
190.90.239.144 - - [18/Nov/2009:12:33:13 -0600] "POST /chat/chat.php HTTP/1.1" 200 17 "-" "Mozilla/4.0 (Windows XP 5.1) Java/1.6.0_15"
190.255.173.67 - - [18/Nov/2009:12:33:13 -0600] "POST /chat/chat.php HTTP/1.1" 200 17 "-" "Mozilla/4.0 (Windows XP 5.1) Java/1.6.0_11"
200.11.45.150 - - [18/Nov/2009:12:33:13 -0600] "POST /chat/chat.php HTTP/1.1" 200 17 "-" "Mozilla/4.0 (Windows XP 5.1) Java/1.6.0_16"
190.157.32.99 - - [18/Nov/2009:12:33:13 -0600] "POST /chat/chat.php HTTP/1.1" 200 17 "-" "Mozilla/4.0 (Windows XP 5.1) Java/1.6.0_16"
190.24.223.78 - - [18/Nov/2009:12:33:14 -0600] "POST /chat/chat.php HTTP/1.1" 200 17 "-" "Mozilla/4.0 (Windows XP 5.1) Java/1.6.0_17"
201.228.40.146 - - [18/Nov/2009:12:33:14 -0600] "POST /chat/chat.php HTTP/1.1" 200 17 "-" "Mozilla/4.0 (Windows XP 5.1) Java/1.6.0_11"
190.255.251.154 - - [18/Nov/2009:12:33:16 -0600] "POST /chat/chat.php HTTP/1.1" 200 17 "-" "Mozilla/4.0 (Windows XP 5.1) Java/1.6.0_11"
190.24.223.78 - - [18/Nov/2009:12:33:17 -0600] "GET /menu_cobranzas_jur.php HTTP/1.1" 200 6888 "-" "Mozilla/4.0 (compatible; MSIE 6.0; Windows NT 5.1; SV1)"
190.99.160.153 - - [18/Nov/2009:12:33:18 -0600] "POST /chat/chat.php HTTP/1.1" 200 17 "-" "Mozilla/4.0 (Windows XP 5.1) Java/1.6.0_15"
190.90.239.144 - - [18/Nov/2009:12:33:18 -0600] "POST /chat/chat.php HTTP/1.1" 200 17 "-" "Mozilla/4.0 (Windows XP 5.1) Java/1.6.0_15"
190.24.223.78 - - [18/Nov/2009:12:33:18 -0600] "POST /cartera_consul_titu.php HTTP/1.1" 200 6012 "http://www.asjudinet.com/cartera_consul_titu.php" "Mozilla/4.0 (compatible; MSIE 6.0; Windows NT 5.1; SV1; InfoPath.1)"
190.255.173.67 - - [18/Nov/2009:12:33:18 -0600] "POST /chat/chat.php HTTP/1.1" 200 17 "-" "Mozilla/4.0 (Windows XP 5.1) Java/1.6.0_11"
200.11.45.150 - - [18/Nov/2009:12:33:18 -0600] "POST /chat/chat.php HTTP/1.1" 200 17 "-" "Mozilla/4.0 (Windows XP 5.1) Java/1.6.0_16"
190.157.32.99 - - [18/Nov/2009:12:33:18 -0600] "POST /chat/chat.php HTTP/1.1" 200 17 "-" "Mozilla/4.0 (Windows XP 5.1) Java/1.6.0_16"
190.24.223.78 - - [18/Nov/2009:12:33:19 -0600] "POST /chat/chat.php HTTP/1.1" 200 17 "-" "Mozilla/4.0 (Windows XP 5.1) Java/1.6.0_17"
201.228.40.146 - - [18/Nov/2009:12:33:19 -0600] "POST /chat/chat.php HTTP/1.1" 200 17 "-" "Mozilla/4.0 (Windows XP 5.1) Java/1.6.0_11"
190.255.251.154 - - [18/Nov/2009:12:33:21 -0600] "POST /chat/chat.php HTTP/1.1" 200 17 "-" "Mozilla/4.0 (Windows XP 5.1) Java/1.6.0_11"
190.24.223.78 - - [18/Nov/2009:12:33:19 -0600] "GET /cartera_consulta_titular.php?ced2=12209625&numcon=8246 HTTP/1.1" 200 19633 "-" "Mozilla/4.0 (compatible; MSIE 6.0; Windows NT 5.1; SV1; InfoPath.1)"
190.24.223.78 - - [18/Nov/2009:12:33:21 -0600] "GET /cobranzas_captura_datos.php HTTP/1.1" 200 4409 "http://www.asjudinet.com/menu_cobranzas_jur.php" "Mozilla/4.0 (compatible; MSIE 6.0; Windows NT 5.1; SV1)"
190.99.160.153 - - [18/Nov/2009:12:33:23 -0600] "POST /chat/chat.php HTTP/1.1" 200 17 "-" "Mozilla/4.0 (Windows XP 5.1) Java/1.6.0_15"
190.90.239.144 - - [18/Nov/2009:12:33:23 -0600] "POST /chat/chat.php HTTP/1.1" 200 17 "-" "Mozilla/4.0 (Windows XP 5.1) Java/1.6.0_15"
190.255.173.67 - - [18/Nov/2009:12:33:23 -0600] "POST /chat/chat.php HTTP/1.1" 200 17 "-" "Mozilla/4.0 (Windows XP 5.1) Java/1.6.0_11"
190.157.32.99 - - [18/Nov/2009:12:33:23 -0600] "POST /chat/chat.php HTTP/1.1" 200 17 "-" "Mozilla/4.0 (Windows XP 5.1) Java/1.6.0_16"
200.11.45.150 - - [18/Nov/2009:12:33:24 -0600] "POST /chat/chat.php HTTP/1.1" 200 17 "-" "Mozilla/4.0 (Windows XP 5.1) Java/1.6.0_16"
190.24.223.78 - - [18/Nov/2009:12:33:24 -0600] "POST /chat/chat.php HTTP/1.1" 200 17 "-" "Mozilla/4.0 (Windows XP 5.1) Java/1.6.0_17"
201.228.40.146 - - [18/Nov/2009:12:33:24 -0600] "POST /chat/chat.php HTTP/1.1" 200 17 "-" "Mozilla/4.0 (Windows XP 5.1) Java/1.6.0_11"
190.24.223.78 - - [18/Nov/2009:12:33:23 -0600] "POST /cartera_consulta_titular.php?ced2=12209625&numcon=8246 HTTP/1.1" 200 19759 "http://www.asjudinet.com/cartera_consulta_titular.php?ced2=12209625&numcon=8246" "Mozilla/4.0 (compatible; MSIE 6.0; Windows NT 5.1; SV1; InfoPath.1)"
190.24.223.78 - - [18/Nov/2009:12:33:25 -0600] "GET /consulta_titu_benefi.php?ced2=12209625&cedb=26503650&numcon=8246 HTTP/1.1" 200 7344 "-" "Mozilla/4.0 (compatible; MSIE 6.0; Windows NT 5.1; SV1; InfoPath.1)"
190.255.251.154 - - [18/Nov/2009:12:33:26 -0600] "POST /chat/chat.php HTTP/1.1" 200 17 "-" "Mozilla/4.0 (Windows XP 5.1) Java/1.6.0_11"
190.99.160.153 - - [18/Nov/2009:12:33:28 -0600] "POST /chat/chat.php HTTP/1.1" 200 17 "-" "Mozilla/4.0 (Windows XP 5.1) Java/1.6.0_15"
190.90.239.144 - - [18/Nov/2009:12:33:28 -0600] "POST /chat/chat.php HTTP/1.1" 200 17 "-" "Mozilla/4.0 (Windows XP 5.1) Java/1.6.0_15"
190.24.223.78 - - [18/Nov/2009:12:33:28 -0600] "POST /cobranzas_captura_datos.php HTTP/1.1" 200 5997 "http://www.asjudinet.com/cobranzas_captura_datos.php" "Mozilla/4.0 (compatible; MSIE 6.0; Windows NT 5.1; SV1)"
190.255.173.67 - - [18/Nov/2009:12:33:28 -0600] "POST /chat/chat.php HTTP/1.1" 200 17 "-" "Mozilla/4.0 (Windows XP 5.1) Java/1.6.0_11"
190.157.32.99 - - [18/Nov/2009:12:33:29 -0600] "POST /chat/chat.php HTTP/1.1" 200 17 "-" "Mozilla/4.0 (Windows XP 5.1) Java/1.6.0_16"
200.11.45.150 - - [18/Nov/2009:12:33:29 -0600] "POST /chat/chat.php HTTP/1.1" 200 17 "-" "Mozilla/4.0 (Windows XP 5.1) Java/1.6.0_16"
190.24.223.78 - - [18/Nov/2009:12:33:29 -0600] "POST /chat/chat.php HTTP/1.1" 200 17 "-" "Mozilla/4.0 (Windows XP 5.1) Java/1.6.0_17"
201.228.40.146 - - [18/Nov/2009:12:33:30 -0600] "POST /chat/chat.php HTTP/1.1" 200 17 "-" "Mozilla/4.0 (Windows XP 5.1) Java/1.6.0_11"
190.24.223.78 - - [18/Nov/2009:12:33:30 -0600] "GET /ingresar_cobranzas.php?ced2=5880514&numcon=1285 HTTP/1.1" 200 13508 "-" "Mozilla/4.0 (compatible; MSIE 6.0; Windows NT 5.1; SV1)"
190.255.251.154 - - [18/Nov/2009:12:33:31 -0600] "POST /chat/chat.php HTTP/1.1" 200 17 "-" "Mozilla/4.0 (Windows XP 5.1) Java/1.6.0_11"
190.99.160.153 - - [18/Nov/2009:12:33:33 -0600] "POST /chat/chat.php HTTP/1.1" 200 17 "-" "Mozilla/4.0 (Windows XP 5.1) Java/1.6.0_15"
190.90.239.144 - - [18/Nov/2009:12:33:33 -0600] "POST /chat/chat.php HTTP/1.1" 200 17 "-" "Mozilla/4.0 (Windows XP 5.1) Java/1.6.0_15"
190.255.173.67 - - [18/Nov/2009:12:33:34 -0600] "POST /chat/chat.php HTTP/1.1" 200 17 "-" "Mozilla/4.0 (Windows XP 5.1) Java/1.6.0_11"
190.157.32.99 - - [18/Nov/2009:12:33:34 -0600] "POST /chat/chat.php HTTP/1.1" 200 17 "-" "Mozilla/4.0 (Windows XP 5.1) Java/1.6.0_16"
200.11.45.150 - - [18/Nov/2009:12:33:34 -0600] "POST /chat/chat.php HTTP/1.1" 200 17 "-" "Mozilla/4.0 (Windows XP 5.1) Java/1.6.0_16"
190.24.223.78 - - [18/Nov/2009:12:33:34 -0600] "POST /chat/chat.php HTTP/1.1" 200 17 "-" "Mozilla/4.0 (Windows XP 5.1) Java/1.6.0_17"
190.255.251.154 - - [18/Nov/2009:12:33:37 -0600] "POST /chat/chat.php HTTP/1.1" 200 17 "-" "Mozilla/4.0 (Windows XP 5.1) Java/1.6.0_11"
190.99.160.153 - - [18/Nov/2009:12:33:38 -0600] "POST /chat/chat.php HTTP/1.1" 200 17 "-" "Mozilla/4.0 (Windows XP 5.1) Java/1.6.0_15"
190.90.239.144 - - [18/Nov/2009:12:33:38 -0600] "POST /chat/chat.php HTTP/1.1" 200 17 "-" "Mozilla/4.0 (Windows XP 5.1) Java/1.6.0_15"
190.255.173.67 - - [18/Nov/2009:12:33:39 -0600] "POST /chat/chat.php HTTP/1.1" 200 17 "-" "Mozilla/4.0 (Windows XP 5.1) Java/1.6.0_11"
190.157.32.99 - - [18/Nov/2009:12:33:39 -0600] "POST /chat/chat.php HTTP/1.1" 200 17 "-" "Mozilla/4.0 (Windows XP 5.1) Java/1.6.0_16"
200.11.45.150 - - [18/Nov/2009:12:33:39 -0600] "POST /chat/chat.php HTTP/1.1" 200 17 "-" "Mozilla/4.0 (Windows XP 5.1) Java/1.6.0_16"
190.24.223.78 - - [18/Nov/2009:12:33:39 -0600] "POST /chat/chat.php HTTP/1.1" 200 17 "-" "Mozilla/4.0 (Windows XP 5.1) Java/1.6.0_17"
201.228.40.146 - - [18/Nov/2009:12:33:40 -0600] "POST /chat/chat.php HTTP/1.1" 200 17 "-" "Mozilla/4.0 (Windows XP 5.1) Java/1.6.0_11"
190.255.251.154 - - [18/Nov/2009:12:33:42 -0600] "POST /chat/chat.php HTTP/1.1" 200 17 "-" "Mozilla/4.0 (Windows XP 5.1) Java/1.6.0_11"
190.99.160.153 - - [18/Nov/2009:12:33:43 -0600] "POST /chat/chat.php HTTP/1.1" 200 17 "-" "Mozilla/4.0 (Windows XP 5.1) Java/1.6.0_15"
190.90.239.144 - - [18/Nov/2009:12:33:43 -0600] "POST /chat/chat.php HTTP/1.1" 200 17 "-" "Mozilla/4.0 (Windows XP 5.1) Java/1.6.0_15"
190.255.173.67 - - [18/Nov/2009:12:33:44 -0600] "POST /chat/chat.php HTTP/1.1" 200 17 "-" "Mozilla/4.0 (Windows XP 5.1) Java/1.6.0_11"
190.157.32.99 - - [18/Nov/2009:12:33:44 -0600] "POST /chat/chat.php HTTP/1.1" 200 17 "-" "Mozilla/4.0 (Windows XP 5.1) Java/1.6.0_16"
200.11.45.150 - - [18/Nov/2009:12:33:44 -0600] "POST /chat/chat.php HTTP/1.1" 200 17 "-" "Mozilla/4.0 (Windows XP 5.1) Java/1.6.0_16"
190.24.223.78 - - [18/Nov/2009:12:33:45 -0600] "POST /chat/chat.php HTTP/1.1" 200 17 "-" "Mozilla/4.0 (Windows XP 5.1) Java/1.6.0_17"
201.228.40.146 - - [18/Nov/2009:12:33:45 -0600] "POST /chat/chat.php HTTP/1.1" 200 17 "-" "Mozilla/4.0 (Windows XP 5.1) Java/1.6.0_11"
190.255.251.154 - - [18/Nov/2009:12:33:47 -0600] "POST /chat/chat.php HTTP/1.1" 200 17 "-" "Mozilla/4.0 (Windows XP 5.1) Java/1.6.0_11"
190.99.160.153 - - [18/Nov/2009:12:33:49 -0600] "POST /chat/chat.php HTTP/1.1" 200 17 "-" "Mozilla/4.0 (Windows XP 5.1) Java/1.6.0_15"
190.90.239.144 - - [18/Nov/2009:12:33:49 -0600] "POST /chat/chat.php HTTP/1.1" 200 17 "-" "Mozilla/4.0 (Windows XP 5.1) Java/1.6.0_15"
190.255.173.67 - - [18/Nov/2009:12:33:49 -0600] "POST /chat/chat.php HTTP/1.1" 200 17 "-" "Mozilla/4.0 (Windows XP 5.1) Java/1.6.0_11"
190.157.32.99 - - [18/Nov/2009:12:33:49 -0600] "POST /chat/chat.php HTTP/1.1" 200 17 "-" "Mozilla/4.0 (Windows XP 5.1) Java/1.6.0_16"
200.11.45.150 - - [18/Nov/2009:12:33:49 -0600] "POST /chat/chat.php HTTP/1.1" 200 17 "-" "Mozilla/4.0 (Windows XP 5.1) Java/1.6.0_16"
190.24.223.78 - - [18/Nov/2009:12:33:50 -0600] "POST /chat/chat.php HTTP/1.1" 200 17 "-" "Mozilla/4.0 (Windows XP 5.1) Java/1.6.0_17"
201.228.40.146 - - [18/Nov/2009:12:33:50 -0600] "POST /chat/chat.php HTTP/1.1" 200 17 "-" "Mozilla/4.0 (Windows XP 5.1) Java/1.6.0_11"
190.255.251.154 - - [18/Nov/2009:12:33:52 -0600] "POST /chat/chat.php HTTP/1.1" 200 17 "-" "Mozilla/4.0 (Windows XP 5.1) Java/1.6.0_11"
190.99.160.153 - - [18/Nov/2009:12:33:54 -0600] "POST /chat/chat.php HTTP/1.1" 200 17 "-" "Mozilla/4.0 (Windows XP 5.1) Java/1.6.0_15"
190.90.239.144 - - [18/Nov/2009:12:33:54 -0600] "POST /chat/chat.php HTTP/1.1" 200 17 "-" "Mozilla/4.0 (Windows XP 5.1) Java/1.6.0_15"
190.255.173.67 - - [18/Nov/2009:12:33:54 -0600] "POST /chat/chat.php HTTP/1.1" 200 17 "-" "Mozilla/4.0 (Windows XP 5.1) Java/1.6.0_11"
190.157.32.99 - - [18/Nov/2009:12:33:54 -0600] "POST /chat/chat.php HTTP/1.1" 200 17 "-" "Mozilla/4.0 (Windows XP 5.1) Java/1.6.0_16"
190.24.223.78 - - [18/Nov/2009:12:33:55 -0600] "POST /chat/chat.php HTTP/1.1" 200 17 "-" "Mozilla/4.0 (Windows XP 5.1) Java/1.6.0_17"
201.228.40.146 - - [18/Nov/2009:12:33:55 -0600] "POST /chat/chat.php HTTP/1.1" 200 17 "-" "Mozilla/4.0 (Windows XP 5.1) Java/1.6.0_11"
190.255.173.67 - - [18/Nov/2009:12:33:59 -0600] "POST /chat/chat.php HTTP/1.1" 200 17 "-" "Mozilla/4.0 (Windows XP 5.1) Java/1.6.0_11"
190.157.32.99 - - [18/Nov/2009:12:33:59 -0600] "POST /chat/chat.php HTTP/1.1" 200 17 "-" "Mozilla/4.0 (Windows XP 5.1) Java/1.6.0_16"
200.11.45.150 - - [18/Nov/2009:12:33:55 -0600] "POST /chat/chat.php HTTP/1.1" 200 17 "-" "Mozilla/4.0 (Windows XP 5.1) Java/1.6.0_16"
190.255.251.154 - - [18/Nov/2009:12:33:58 -0600] "POST /chat/chat.php HTTP/1.1" 200 17 "-" "Mozilla/4.0 (Windows XP 5.1) Java/1.6.0_11"
190.99.160.153 - - [18/Nov/2009:12:33:59 -0600] "POST /chat/chat.php HTTP/1.1" 200 17 "-" "Mozilla/4.0 (Windows XP 5.1) Java/1.6.0_15"
190.90.239.144 - - [18/Nov/2009:12:33:59 -0600] "POST /chat/chat.php HTTP/1.1" 200 17 "-" "Mozilla/4.0 (Windows XP 5.1) Java/1.6.0_15"
190.24.223.78 - - [18/Nov/2009:12:34:00 -0600] "POST /chat/chat.php HTTP/1.1" 200 17 "-" "Mozilla/4.0 (Windows XP 5.1) Java/1.6.0_17"
190.255.173.67 - - [18/Nov/2009:12:34:05 -0600] "POST /chat/chat.php HTTP/1.1" 200 17 "-" "Mozilla/4.0 (Windows XP 5.1) Java/1.6.0_11"
190.157.32.99 - - [18/Nov/2009:12:34:05 -0600] "POST /chat/chat.php HTTP/1.1" 200 17 "-" "Mozilla/4.0 (Windows XP 5.1) Java/1.6.0_16"
201.228.40.146 - - [18/Nov/2009:12:34:05 -0600] "POST /chat/chat.php HTTP/1.1" 200 17 "-" "Mozilla/4.0 (Windows XP 5.1) Java/1.6.0_11"
190.99.160.153 - - [18/Nov/2009:12:34:05 -0600] "POST /chat/chat.php HTTP/1.1" 200 17 "-" "Mozilla/4.0 (Windows XP 5.1) Java/1.6.0_15"
190.90.239.144 - - [18/Nov/2009:12:34:05 -0600] "POST /chat/chat.php HTTP/1.1" 200 17 "-" "Mozilla/4.0 (Windows XP 5.1) Java/1.6.0_15"
190.24.223.78 - - [18/Nov/2009:12:34:05 -0600] "POST /chat/chat.php HTTP/1.1" 200 17 "-" "Mozilla/4.0 (Windows XP 5.1) Java/1.6.0_17"
190.255.251.154 - - [18/Nov/2009:12:34:05 -0600] "POST /chat/chat.php HTTP/1.1" 200 17 "-" "Mozilla/4.0 (Windows XP 5.1) Java/1.6.0_11"
190.24.223.78 - - [18/Nov/2009:12:34:06 -0600] "POST /consulta_titu_benefi.php?ced2=12209625&cedb=26503650&numcon=8246 HTTP/1.1" 200 7460 "http://www.asjudinet.com/consulta_titu_benefi.php?ced2=12209625&cedb=26503650&numcon=8246" "Mozilla/4.0 (compatible; MSIE 6.0; Windows NT 5.1; SV1; InfoPath.1)"
190.24.223.78 - - [18/Nov/2009:12:34:07 -0600] "GET /cartera_consulta_titular.php?ced2=12209625&numcon=8246 HTTP/1.1" 200 19633 "-" "Mozilla/4.0 (compatible; MSIE 6.0; Windows NT 5.1; SV1; InfoPath.1)"
190.255.173.67 - - [18/Nov/2009:12:34:10 -0600] "POST /chat/chat.php HTTP/1.1" 200 17 "-" "Mozilla/4.0 (Windows XP 5.1) Java/1.6.0_11"
190.99.160.153 - - [18/Nov/2009:12:34:10 -0600] "POST /chat/chat.php HTTP/1.1" 200 17 "-" "Mozilla/4.0 (Windows XP 5.1) Java/1.6.0_15"
190.157.32.99 - - [18/Nov/2009:12:34:10 -0600] "POST /chat/chat.php HTTP/1.1" 200 17 "-" "Mozilla/4.0 (Windows XP 5.1) Java/1.6.0_16"
190.90.239.144 - - [18/Nov/2009:12:34:10 -0600] "POST /chat/chat.php HTTP/1.1" 200 17 "-" "Mozilla/4.0 (Windows XP 5.1) Java/1.6.0_15"
201.228.40.146 - - [18/Nov/2009:12:34:10 -0600] "POST /chat/chat.php HTTP/1.1" 200 17 "-" "Mozilla/4.0 (Windows XP 5.1) Java/1.6.0_11"
190.24.223.78 - - [18/Nov/2009:12:34:10 -0600] "POST /chat/chat.php HTTP/1.1" 200 17 "-" "Mozilla/4.0 (Windows XP 5.1) Java/1.6.0_17"
190.255.251.154 - - [18/Nov/2009:12:34:11 -0600] "POST /chat/chat.php HTTP/1.1" 200 17 "-" "Mozilla/4.0 (Windows XP 5.1) Java/1.6.0_11"
190.255.173.67 - - [18/Nov/2009:12:34:15 -0600] "POST /chat/chat.php HTTP/1.1" 200 17 "-" "Mozilla/4.0 (Windows XP 5.1) Java/1.6.0_11"
190.99.160.153 - - [18/Nov/2009:12:34:16 -0600] "POST /chat/chat.php HTTP/1.1" 200 17 "-" "Mozilla/4.0 (Windows XP 5.1) Java/1.6.0_15"
190.90.239.144 - - [18/Nov/2009:12:34:16 -0600] "POST /chat/chat.php HTTP/1.1" 200 17 "-" "Mozilla/4.0 (Windows XP 5.1) Java/1.6.0_15"
190.157.32.99 - - [18/Nov/2009:12:34:16 -0600] "POST /chat/chat.php HTTP/1.1" 200 17 "-" "Mozilla/4.0 (Windows XP 5.1) Java/1.6.0_16"
201.228.40.146 - - [18/Nov/2009:12:34:16 -0600] "POST /chat/chat.php HTTP/1.1" 200 17 "-" "Mozilla/4.0 (Windows XP 5.1) Java/1.6.0_11"
190.24.223.78 - - [18/Nov/2009:12:34:16 -0600] "POST /chat/chat.php HTTP/1.1" 200 17 "-" "Mozilla/4.0 (Windows XP 5.1) Java/1.6.0_17"
190.255.251.154 - - [18/Nov/2009:12:34:16 -0600] "POST /chat/chat.php HTTP/1.1" 200 17 "-" "Mozilla/4.0 (Windows XP 5.1) Java/1.6.0_11"
190.255.173.67 - - [18/Nov/2009:12:34:21 -0600] "POST /chat/chat.php HTTP/1.1" 200 17 "-" "Mozilla/4.0 (Windows XP 5.1) Java/1.6.0_11"
190.99.160.153 - - [18/Nov/2009:12:34:21 -0600] "POST /chat/chat.php HTTP/1.1" 200 17 "-" "Mozilla/4.0 (Windows XP 5.1) Java/1.6.0_15"
190.90.239.144 - - [18/Nov/2009:12:34:21 -0600] "POST /chat/chat.php HTTP/1.1" 200 17 "-" "Mozilla/4.0 (Windows XP 5.1) Java/1.6.0_15"
190.157.32.99 - - [18/Nov/2009:12:34:21 -0600] "POST /chat/chat.php HTTP/1.1" 200 17 "-" "Mozilla/4.0 (Windows XP 5.1) Java/1.6.0_16"
190.24.223.78 - - [18/Nov/2009:12:34:21 -0600] "POST /chat/chat.php HTTP/1.1" 200 17 "-" "Mozilla/4.0 (Windows XP 5.1) Java/1.6.0_17"
190.255.251.154 - - [18/Nov/2009:12:34:21 -0600] "POST /chat/chat.php HTTP/1.1" 200 17 "-" "Mozilla/4.0 (Windows XP 5.1) Java/1.6.0_11"
190.99.160.153 - - [18/Nov/2009:12:34:26 -0600] "POST /chat/chat.php HTTP/1.1" 200 17 "-" "Mozilla/4.0 (Windows XP 5.1) Java/1.6.0_15"
190.255.173.67 - - [18/Nov/2009:12:34:26 -0600] "POST /chat/chat.php HTTP/1.1" 200 17 "-" "Mozilla/4.0 (Windows XP 5.1) Java/1.6.0_11"
190.90.239.144 - - [18/Nov/2009:12:34:26 -0600] "POST /chat/chat.php HTTP/1.1" 200 17 "-" "Mozilla/4.0 (Windows XP 5.1) Java/1.6.0_15"
201.228.40.146 - - [18/Nov/2009:12:34:26 -0600] "POST /chat/chat.php HTTP/1.1" 200 17 "-" "Mozilla/4.0 (Windows XP 5.1) Java/1.6.0_11"
190.157.32.99 - - [18/Nov/2009:12:34:26 -0600] "POST /chat/chat.php HTTP/1.1" 200 17 "-" "Mozilla/4.0 (Windows XP 5.1) Java/1.6.0_16"
190.24.223.78 - - [18/Nov/2009:12:34:26 -0600] "POST /chat/chat.php HTTP/1.1" 200 17 "-" "Mozilla/4.0 (Windows XP 5.1) Java/1.6.0_17"
190.255.251.154 - - [18/Nov/2009:12:34:26 -0600] "POST /chat/chat.php HTTP/1.1" 200 17 "-" "Mozilla/4.0 (Windows XP 5.1) Java/1.6.0_11"
201.228.40.146 - - [18/Nov/2009:12:34:32 -0600] "POST /chat/chat.php HTTP/1.1" 200 17 "-" "Mozilla/4.0 (Windows XP 5.1) Java/1.6.0_11"
190.99.160.153 - - [18/Nov/2009:12:34:32 -0600] "POST /chat/chat.php HTTP/1.1" 200 17 "-" "Mozilla/4.0 (Windows XP 5.1) Java/1.6.0_15"
190.90.239.144 - - [18/Nov/2009:12:34:32 -0600] "POST /chat/chat.php HTTP/1.1" 200 17 "-" "Mozilla/4.0 (Windows XP 5.1) Java/1.6.0_15"
190.255.173.67 - - [18/Nov/2009:12:34:32 -0600] "POST /chat/chat.php HTTP/1.1" 200 17 "-" "Mozilla/4.0 (Windows XP 5.1) Java/1.6.0_11"
190.157.32.99 - - [18/Nov/2009:12:34:32 -0600] "POST /chat/chat.php HTTP/1.1" 200 17 "-" "Mozilla/4.0 (Windows XP 5.1) Java/1.6.0_16"
190.24.223.78 - - [18/Nov/2009:12:34:32 -0600] "POST /chat/chat.php HTTP/1.1" 200 17 "-" "Mozilla/4.0 (Windows XP 5.1) Java/1.6.0_17"
190.255.251.154 - - [18/Nov/2009:12:34:33 -0600] "POST /chat/chat.php HTTP/1.1" 200 17 "-" "Mozilla/4.0 (Windows XP 5.1) Java/1.6.0_11"
190.99.160.153 - - [18/Nov/2009:12:34:38 -0600] "POST /chat/chat.php HTTP/1.1" 200 17 "-" "Mozilla/4.0 (Windows XP 5.1) Java/1.6.0_15"
190.90.239.144 - - [18/Nov/2009:12:34:38 -0600] "POST /chat/chat.php HTTP/1.1" 200 17 "-" "Mozilla/4.0 (Windows XP 5.1) Java/1.6.0_15"
190.255.173.67 - - [18/Nov/2009:12:34:38 -0600] "POST /chat/chat.php HTTP/1.1" 200 17 "-" "Mozilla/4.0 (Windows XP 5.1) Java/1.6.0_11"
190.157.32.99 - - [18/Nov/2009:12:34:38 -0600] "POST /chat/chat.php HTTP/1.1" 200 17 "-" "Mozilla/4.0 (Windows XP 5.1) Java/1.6.0_16"
201.228.40.146 - - [18/Nov/2009:12:34:38 -0600] "POST /chat/chat.php HTTP/1.1" 200 17 "-" "Mozilla/4.0 (Windows XP 5.1) Java/1.6.0_11"
190.24.223.78 - - [18/Nov/2009:12:34:38 -0600] "POST /chat/chat.php HTTP/1.1" 200 17 "-" "Mozilla/4.0 (Windows XP 5.1) Java/1.6.0_17"
190.255.251.154 - - [18/Nov/2009:12:34:38 -0600] "POST /chat/chat.php HTTP/1.1" 200 17 "-" "Mozilla/4.0 (Windows XP 5.1) Java/1.6.0_11"
190.99.160.153 - - [18/Nov/2009:12:34:43 -0600] "POST /chat/chat.php HTTP/1.1" 200 17 "-" "Mozilla/4.0 (Windows XP 5.1) Java/1.6.0_15"
190.90.239.144 - - [18/Nov/2009:12:34:43 -0600] "POST /chat/chat.php HTTP/1.1" 200 17 "-" "Mozilla/4.0 (Windows XP 5.1) Java/1.6.0_15"
190.255.173.67 - - [18/Nov/2009:12:34:43 -0600] "POST /chat/chat.php HTTP/1.1" 200 17 "-" "Mozilla/4.0 (Windows XP 5.1) Java/1.6.0_11"
201.228.40.146 - - [18/Nov/2009:12:34:43 -0600] "POST /chat/chat.php HTTP/1.1" 200 17 "-" "Mozilla/4.0 (Windows XP 5.1) Java/1.6.0_11"
190.157.32.99 - - [18/Nov/2009:12:34:43 -0600] "POST /chat/chat.php HTTP/1.1" 200 17 "-" "Mozilla/4.0 (Windows XP 5.1) Java/1.6.0_16"
190.24.223.78 - - [18/Nov/2009:12:34:43 -0600] "POST /chat/chat.php HTTP/1.1" 200 17 "-" "Mozilla/4.0 (Windows XP 5.1) Java/1.6.0_17"
190.255.251.154 - - [18/Nov/2009:12:34:43 -0600] "POST /chat/chat.php HTTP/1.1" 200 17 "-" "Mozilla/4.0 (Windows XP 5.1) Java/1.6.0_11"
190.99.160.153 - - [18/Nov/2009:12:34:48 -0600] "POST /chat/chat.php HTTP/1.1" 200 17 "-" "Mozilla/4.0 (Windows XP 5.1) Java/1.6.0_15"
190.90.239.144 - - [18/Nov/2009:12:34:48 -0600] "POST /chat/chat.php HTTP/1.1" 200 17 "-" "Mozilla/4.0 (Windows XP 5.1) Java/1.6.0_15"
190.255.173.67 - - [18/Nov/2009:12:34:48 -0600] "POST /chat/chat.php HTTP/1.1" 200 17 "-" "Mozilla/4.0 (Windows XP 5.1) Java/1.6.0_11"
201.228.40.146 - - [18/Nov/2009:12:34:48 -0600] "POST /chat/chat.php HTTP/1.1" 200 17 "-" "Mozilla/4.0 (Windows XP 5.1) Java/1.6.0_11"
190.157.32.99 - - [18/Nov/2009:12:34:48 -0600] "POST /chat/chat.php HTTP/1.1" 200 17 "-" "Mozilla/4.0 (Windows XP 5.1) Java/1.6.0_16"
190.24.223.78 - - [18/Nov/2009:12:34:48 -0600] "POST /chat/chat.php HTTP/1.1" 200 17 "-" "Mozilla/4.0 (Windows XP 5.1) Java/1.6.0_17"
190.255.251.154 - - [18/Nov/2009:12:34:48 -0600] "POST /chat/chat.php HTTP/1.1" 200 17 "-" "Mozilla/4.0 (Windows XP 5.1) Java/1.6.0_11"
190.24.223.78 - - [18/Nov/2009:12:34:53 -0600] "POST /listar_carpetas.php HTTP/1.1" 200 6398 "http://www.asjudinet.com/listar_carpetas.php" "Mozilla/4.0 (compatible; MSIE 6.0; Windows NT 5.1; SV1)"
190.99.160.153 - - [18/Nov/2009:12:34:53 -0600] "POST /chat/chat.php HTTP/1.1" 200 17 "-" "Mozilla/4.0 (Windows XP 5.1) Java/1.6.0_15"
190.90.239.144 - - [18/Nov/2009:12:34:53 -0600] "POST /chat/chat.php HTTP/1.1" 200 17 "-" "Mozilla/4.0 (Windows XP 5.1) Java/1.6.0_15"
190.255.173.67 - - [18/Nov/2009:12:34:53 -0600] "POST /chat/chat.php HTTP/1.1" 200 17 "-" "Mozilla/4.0 (Windows XP 5.1) Java/1.6.0_11"
190.157.32.99 - - [18/Nov/2009:12:34:53 -0600] "POST /chat/chat.php HTTP/1.1" 200 17 "-" "Mozilla/4.0 (Windows XP 5.1) Java/1.6.0_16"
190.24.223.78 - - [18/Nov/2009:12:34:53 -0600] "POST /chat/chat.php HTTP/1.1" 200 17 "-" "Mozilla/4.0 (Windows XP 5.1) Java/1.6.0_17"
190.255.251.154 - - [18/Nov/2009:12:34:54 -0600] "POST /chat/chat.php HTTP/1.1" 200 17 "-" "Mozilla/4.0 (Windows XP 5.1) Java/1.6.0_11"
190.24.223.78 - - [18/Nov/2009:12:34:55 -0600] "GET /seguimiento_cobranza.php?id=5880514&carpeta=239&ced= HTTP/1.1" 200 11972 "http://www.asjudinet.com/listar_carpetas.php" "Mozilla/4.0 (compatible; MSIE 6.0; Windows NT 5.1; SV1)"
190.99.160.153 - - [18/Nov/2009:12:34:58 -0600] "POST /chat/chat.php HTTP/1.1" 200 17 "-" "Mozilla/4.0 (Windows XP 5.1) Java/1.6.0_15"
190.255.173.67 - - [18/Nov/2009:12:34:58 -0600] "POST /chat/chat.php HTTP/1.1" 200 17 "-" "Mozilla/4.0 (Windows XP 5.1) Java/1.6.0_11"
190.157.32.99 - - [18/Nov/2009:12:34:58 -0600] "POST /chat/chat.php HTTP/1.1" 200 17 "-" "Mozilla/4.0 (Windows XP 5.1) Java/1.6.0_16"
190.24.223.78 - - [18/Nov/2009:12:34:58 -0600] "POST /chat/chat.php HTTP/1.1" 200 17 "-" "Mozilla/4.0 (Windows XP 5.1) Java/1.6.0_17"
201.228.40.146 - - [18/Nov/2009:12:34:58 -0600] "POST /chat/chat.php HTTP/1.1" 200 17 "-" "Mozilla/4.0 (Windows XP 5.1) Java/1.6.0_11"
190.90.239.144 - - [18/Nov/2009:12:34:59 -0600] "POST /chat/chat.php HTTP/1.1" 200 17 "-" "Mozilla/4.0 (Windows XP 5.1) Java/1.6.0_15"
190.255.251.154 - - [18/Nov/2009:12:34:59 -0600] "POST /chat/chat.php HTTP/1.1" 200 17 "-" "Mozilla/4.0 (Windows XP 5.1) Java/1.6.0_11"
190.99.160.153 - - [18/Nov/2009:12:35:03 -0600] "POST /chat/chat.php HTTP/1.1" 200 17 "-" "Mozilla/4.0 (Windows XP 5.1) Java/1.6.0_15"
190.255.173.67 - - [18/Nov/2009:12:35:03 -0600] "POST /chat/chat.php HTTP/1.1" 200 17 "-" "Mozilla/4.0 (Windows XP 5.1) Java/1.6.0_11"
190.157.32.99 - - [18/Nov/2009:12:35:03 -0600] "POST /chat/chat.php HTTP/1.1" 200 17 "-" "Mozilla/4.0 (Windows XP 5.1) Java/1.6.0_16"
190.24.223.78 - - [18/Nov/2009:12:35:03 -0600] "POST /chat/chat.php HTTP/1.1" 200 17 "-" "Mozilla/4.0 (Windows XP 5.1) Java/1.6.0_17"
201.228.40.146 - - [18/Nov/2009:12:35:04 -0600] "POST /chat/chat.php HTTP/1.1" 200 17 "-" "Mozilla/4.0 (Windows XP 5.1) Java/1.6.0_11"
190.90.239.144 - - [18/Nov/2009:12:35:04 -0600] "POST /chat/chat.php HTTP/1.1" 200 17 "-" "Mozilla/4.0 (Windows XP 5.1) Java/1.6.0_15"
190.255.251.154 - - [18/Nov/2009:12:35:04 -0600] "POST /chat/chat.php HTTP/1.1" 200 17 "-" "Mozilla/4.0 (Windows XP 5.1) Java/1.6.0_11"
190.99.160.153 - - [18/Nov/2009:12:35:08 -0600] "POST /chat/chat.php HTTP/1.1" 200 17 "-" "Mozilla/4.0 (Windows XP 5.1) Java/1.6.0_15"
190.255.173.67 - - [18/Nov/2009:12:35:08 -0600] "POST /chat/chat.php HTTP/1.1" 200 17 "-" "Mozilla/4.0 (Windows XP 5.1) Java/1.6.0_11"
190.157.32.99 - - [18/Nov/2009:12:35:08 -0600] "POST /chat/chat.php HTTP/1.1" 200 17 "-" "Mozilla/4.0 (Windows XP 5.1) Java/1.6.0_16"
190.24.223.78 - - [18/Nov/2009:12:35:09 -0600] "POST /chat/chat.php HTTP/1.1" 200 17 "-" "Mozilla/4.0 (Windows XP 5.1) Java/1.6.0_17"
201.228.40.146 - - [18/Nov/2009:12:35:09 -0600] "POST /chat/chat.php HTTP/1.1" 200 17 "-" "Mozilla/4.0 (Windows XP 5.1) Java/1.6.0_11"
190.90.239.144 - - [18/Nov/2009:12:35:09 -0600] "POST /chat/chat.php HTTP/1.1" 200 17 "-" "Mozilla/4.0 (Windows XP 5.1) Java/1.6.0_15"
190.255.251.154 - - [18/Nov/2009:12:35:09 -0600] "POST /chat/chat.php HTTP/1.1" 200 17 "-" "Mozilla/4.0 (Windows XP 5.1) Java/1.6.0_11"
190.99.160.153 - - [18/Nov/2009:12:35:13 -0600] "POST /chat/chat.php HTTP/1.1" 200 17 "-" "Mozilla/4.0 (Windows XP 5.1) Java/1.6.0_15"
190.255.173.67 - - [18/Nov/2009:12:35:14 -0600] "POST /chat/chat.php HTTP/1.1" 200 17 "-" "Mozilla/4.0 (Windows XP 5.1) Java/1.6.0_11"
190.157.32.99 - - [18/Nov/2009:12:35:14 -0600] "POST /chat/chat.php HTTP/1.1" 200 17 "-" "Mozilla/4.0 (Windows XP 5.1) Java/1.6.0_16"
190.24.223.78 - - [18/Nov/2009:12:35:14 -0600] "POST /chat/chat.php HTTP/1.1" 200 17 "-" "Mozilla/4.0 (Windows XP 5.1) Java/1.6.0_17"
201.228.40.146 - - [18/Nov/2009:12:35:14 -0600] "POST /chat/chat.php HTTP/1.1" 200 17 "-" "Mozilla/4.0 (Windows XP 5.1) Java/1.6.0_11"
190.90.239.144 - - [18/Nov/2009:12:35:14 -0600] "POST /chat/chat.php HTTP/1.1" 200 17 "-" "Mozilla/4.0 (Windows XP 5.1) Java/1.6.0_15"
190.255.251.154 - - [18/Nov/2009:12:35:14 -0600] "POST /chat/chat.php HTTP/1.1" 200 17 "-" "Mozilla/4.0 (Windows XP 5.1) Java/1.6.0_11"
190.99.160.153 - - [18/Nov/2009:12:35:19 -0600] "POST /chat/chat.php HTTP/1.1" 200 17 "-" "Mozilla/4.0 (Windows XP 5.1) Java/1.6.0_15"
190.255.173.67 - - [18/Nov/2009:12:35:19 -0600] "POST /chat/chat.php HTTP/1.1" 200 17 "-" "Mozilla/4.0 (Windows XP 5.1) Java/1.6.0_11"
190.157.32.99 - - [18/Nov/2009:12:35:19 -0600] "POST /chat/chat.php HTTP/1.1" 200 17 "-" "Mozilla/4.0 (Windows XP 5.1) Java/1.6.0_16"
190.24.223.78 - - [18/Nov/2009:12:35:19 -0600] "POST /chat/chat.php HTTP/1.1" 200 17 "-" "Mozilla/4.0 (Windows XP 5.1) Java/1.6.0_17"
201.228.40.146 - - [18/Nov/2009:12:35:19 -0600] "POST /chat/chat.php HTTP/1.1" 200 17 "-" "Mozilla/4.0 (Windows XP 5.1) Java/1.6.0_11"
190.90.239.144 - - [18/Nov/2009:12:35:19 -0600] "POST /chat/chat.php HTTP/1.1" 200 17 "-" "Mozilla/4.0 (Windows XP 5.1) Java/1.6.0_15"
190.255.251.154 - - [18/Nov/2009:12:35:20 -0600] "POST /chat/chat.php HTTP/1.1" 200 17 "-" "Mozilla/4.0 (Windows XP 5.1) Java/1.6.0_11"
190.99.160.153 - - [18/Nov/2009:12:35:24 -0600] "POST /chat/chat.php HTTP/1.1" 200 17 "-" "Mozilla/4.0 (Windows XP 5.1) Java/1.6.0_15"
190.255.173.67 - - [18/Nov/2009:12:35:24 -0600] "POST /chat/chat.php HTTP/1.1" 200 17 "-" "Mozilla/4.0 (Windows XP 5.1) Java/1.6.0_11"
190.157.32.99 - - [18/Nov/2009:12:35:24 -0600] "POST /chat/chat.php HTTP/1.1" 200 17 "-" "Mozilla/4.0 (Windows XP 5.1) Java/1.6.0_16"
190.24.223.78 - - [18/Nov/2009:12:35:24 -0600] "POST /chat/chat.php HTTP/1.1" 200 17 "-" "Mozilla/4.0 (Windows XP 5.1) Java/1.6.0_17"
190.90.239.144 - - [18/Nov/2009:12:35:24 -0600] "POST /chat/chat.php HTTP/1.1" 200 17 "-" "Mozilla/4.0 (Windows XP 5.1) Java/1.6.0_15"
190.255.251.154 - - [18/Nov/2009:12:35:25 -0600] "POST /chat/chat.php HTTP/1.1" 200 17 "-" "Mozilla/4.0 (Windows XP 5.1) Java/1.6.0_11"
190.99.160.153 - - [18/Nov/2009:12:35:29 -0600] "POST /chat/chat.php HTTP/1.1" 200 17 "-" "Mozilla/4.0 (Windows XP 5.1) Java/1.6.0_15"
190.255.173.67 - - [18/Nov/2009:12:35:29 -0600] "POST /chat/chat.php HTTP/1.1" 200 17 "-" "Mozilla/4.0 (Windows XP 5.1) Java/1.6.0_11"
190.157.32.99 - - [18/Nov/2009:12:35:29 -0600] "POST /chat/chat.php HTTP/1.1" 200 17 "-" "Mozilla/4.0 (Windows XP 5.1) Java/1.6.0_16"
190.24.223.78 - - [18/Nov/2009:12:35:29 -0600] "POST /chat/chat.php HTTP/1.1" 200 17 "-" "Mozilla/4.0 (Windows XP 5.1) Java/1.6.0_17"
201.228.40.146 - - [18/Nov/2009:12:35:29 -0600] "POST /chat/chat.php HTTP/1.1" 200 17 "-" "Mozilla/4.0 (Windows XP 5.1) Java/1.6.0_11"
190.90.239.144 - - [18/Nov/2009:12:35:29 -0600] "POST /chat/chat.php HTTP/1.1" 200 17 "-" "Mozilla/4.0 (Windows XP 5.1) Java/1.6.0_15"
190.255.251.154 - - [18/Nov/2009:12:35:30 -0600] "POST /chat/chat.php HTTP/1.1" 200 17 "-" "Mozilla/4.0 (Windows XP 5.1) Java/1.6.0_11"
190.99.160.153 - - [18/Nov/2009:12:35:34 -0600] "POST /chat/chat.php HTTP/1.1" 200 17 "-" "Mozilla/4.0 (Windows XP 5.1) Java/1.6.0_15"
190.255.173.67 - - [18/Nov/2009:12:35:34 -0600] "POST /chat/chat.php HTTP/1.1" 200 17 "-" "Mozilla/4.0 (Windows XP 5.1) Java/1.6.0_11"
190.157.32.99 - - [18/Nov/2009:12:35:34 -0600] "POST /chat/chat.php HTTP/1.1" 200 17 "-" "Mozilla/4.0 (Windows XP 5.1) Java/1.6.0_16"
