190.3.196.140 - - [18/Nov/2009:12:47:29 -0600] "GET /fondotabla.jpg HTTP/1.1" 200 2845 "http://www.asjudinet.com/servicio_cliente.php" "Mozilla/5.0 (Windows; U; Windows NT 5.1; en-US) AppleWebKit/532.0 (KHTML, like Gecko) Chrome/3.0.195.33 Safari/532.0"
190.3.196.140 - - [18/Nov/2009:12:47:30 -0600] "GET /ELEMENTOS/solicitud.jpg HTTP/1.1" 200 3833 "http://www.asjudinet.com/servicio_cliente.php" "Mozilla/5.0 (Windows; U; Windows NT 5.1; en-US) AppleWebKit/532.0 (KHTML, like Gecko) Chrome/3.0.195.33 Safari/532.0"
190.3.196.140 - - [18/Nov/2009:12:47:30 -0600] "GET /ELEMENTOS/actualice.jpg HTTP/1.1" 200 3784 "http://www.asjudinet.com/servicio_cliente.php" "Mozilla/5.0 (Windows; U; Windows NT 5.1; en-US) AppleWebKit/532.0 (KHTML, like Gecko) Chrome/3.0.195.33 Safari/532.0"
190.3.196.140 - - [18/Nov/2009:12:47:30 -0600] "GET /ELEMENTOS/respuesta.jpg HTTP/1.1" 200 3972 "http://www.asjudinet.com/servicio_cliente.php" "Mozilla/5.0 (Windows; U; Windows NT 5.1; en-US) AppleWebKit/532.0 (KHTML, like Gecko) Chrome/3.0.195.33 Safari/532.0"
190.255.251.154 - - [18/Nov/2009:12:47:30 -0600] "POST /chat/chat.php HTTP/1.1" 200 17 "-" "Mozilla/4.0 (Windows XP 5.1) Java/1.6.0_11"
190.24.223.78 - - [18/Nov/2009:12:47:30 -0600] "POST /chat/chat.php HTTP/1.1" 200 17 "-" "Mozilla/4.0 (Windows XP 5.1) Java/1.6.0_17"
190.3.196.140 - - [18/Nov/2009:12:47:30 -0600] "GET /ELEMENTOS/proceso.jpg HTTP/1.1" 200 3585 "http://www.asjudinet.com/servicio_cliente.php" "Mozilla/5.0 (Windows; U; Windows NT 5.1; en-US) AppleWebKit/532.0 (KHTML, like Gecko) Chrome/3.0.195.33 Safari/532.0"
190.3.196.140 - - [18/Nov/2009:12:47:30 -0600] "GET /ELEMENTOS/facturacion.jpg HTTP/1.1" 200 2952 "http://www.asjudinet.com/servicio_cliente.php" "Mozilla/5.0 (Windows; U; Windows NT 5.1; en-US) AppleWebKit/532.0 (KHTML, like Gecko) Chrome/3.0.195.33 Safari/532.0"
200.11.45.150 - - [18/Nov/2009:12:47:30 -0600] "GET /carrusel.swf HTTP/1.1" 304 - "http://www.asjudinet.com/index.swf" "Mozilla/4.0 (compatible; MSIE 7.0; Windows NT 5.1; InfoPath.1)"
190.3.196.140 - - [18/Nov/2009:12:47:30 -0600] "GET /ELEMENTOS/sucursal.jpg HTTP/1.1" 200 3179 "http://www.asjudinet.com/servicio_cliente.php" "Mozilla/5.0 (Windows; U; Windows NT 5.1; en-US) AppleWebKit/532.0 (KHTML, like Gecko) Chrome/3.0.195.33 Safari/532.0"
190.3.196.140 - - [18/Nov/2009:12:47:30 -0600] "GET /ELEMENTOS/disciplinarios.jpg HTTP/1.1" 200 3334 "http://www.asjudinet.com/servicio_cliente.php" "Mozilla/5.0 (Windows; U; Windows NT 5.1; en-US) AppleWebKit/532.0 (KHTML, like Gecko) Chrome/3.0.195.33 Safari/532.0"
190.3.196.140 - - [18/Nov/2009:12:47:30 -0600] "GET /index_interno.swf HTTP/1.1" 200 17461 "http://www.asjudinet.com/servicio_cliente.php" "Mozilla/5.0 (Windows; U; Windows NT 5.1; en-US) AppleWebKit/532.0 (KHTML, like Gecko) Chrome/3.0.195.33 Safari/532.0"
200.11.45.150 - - [18/Nov/2009:12:47:31 -0600] "GET /photos.xml HTTP/1.1" 304 - "http://www.asjudinet.com/carrusel.swf" "Mozilla/4.0 (compatible; MSIE 7.0; Windows NT 5.1; InfoPath.1)"
190.3.196.140 - - [18/Nov/2009:12:47:31 -0600] "GET /ELEMENTOS/viedoconferencia.jpg HTTP/1.1" 200 18296 "http://www.asjudinet.com/servicio_cliente.php" "Mozilla/5.0 (Windows; U; Windows NT 5.1; en-US) AppleWebKit/532.0 (KHTML, like Gecko) Chrome/3.0.195.33 Safari/532.0"
190.3.196.140 - - [18/Nov/2009:12:47:31 -0600] "GET /ELEMENTOS/correo.jpg HTTP/1.1" 200 3979 "http://www.asjudinet.com/servicio_cliente.php" "Mozilla/5.0 (Windows; U; Windows NT 5.1; en-US) AppleWebKit/532.0 (KHTML, like Gecko) Chrome/3.0.195.33 Safari/532.0"
190.3.196.140 - - [18/Nov/2009:12:47:30 -0600] "GET /ELEMENTOS/mision.jpg HTTP/1.1" 200 15024 "http://www.asjudinet.com/servicio_cliente.php" "Mozilla/5.0 (Windows; U; Windows NT 5.1; en-US) AppleWebKit/532.0 (KHTML, like Gecko) Chrome/3.0.195.33 Safari/532.0"
190.3.196.140 - - [18/Nov/2009:12:47:32 -0600] "GET /ELEMENTOS/contrato.jpg HTTP/1.1" 200 3692 "http://www.asjudinet.com/servicio_cliente.php" "Mozilla/5.0 (Windows; U; Windows NT 5.1; en-US) AppleWebKit/532.0 (KHTML, like Gecko) Chrome/3.0.195.33 Safari/532.0"
190.3.196.140 - - [18/Nov/2009:12:47:30 -0600] "GET /ELEMENTOS/vision.jpg HTTP/1.1" 200 19262 "http://www.asjudinet.com/servicio_cliente.php" "Mozilla/5.0 (Windows; U; Windows NT 5.1; en-US) AppleWebKit/532.0 (KHTML, like Gecko) Chrome/3.0.195.33 Safari/532.0"
190.90.239.144 - - [18/Nov/2009:12:47:32 -0600] "POST /chat/chat.php HTTP/1.1" 200 17 "-" "Mozilla/4.0 (Windows XP 5.1) Java/1.6.0_15"
190.99.160.153 - - [18/Nov/2009:12:47:32 -0600] "POST /chat/chat.php HTTP/1.1" 200 17 "-" "Mozilla/4.0 (Windows XP 5.1) Java/1.6.0_15"
190.255.173.67 - - [18/Nov/2009:12:47:32 -0600] "POST /chat/chat.php HTTP/1.1" 200 17 "-" "Mozilla/4.0 (Windows XP 5.1) Java/1.6.0_11"
190.3.196.140 - - [18/Nov/2009:12:47:33 -0600] "GET /imagedos/menu_r3_c1_f2.gif HTTP/1.1" 200 397 "http://www.asjudinet.com/servicio_cliente.php" "Mozilla/5.0 (Windows; U; Windows NT 5.1; en-US) AppleWebKit/532.0 (KHTML, like Gecko) Chrome/3.0.195.33 Safari/532.0"
190.3.196.140 - - [18/Nov/2009:12:47:33 -0600] "GET /imagedos/menu_r3_c2_f2.gif HTTP/1.1" 200 377 "http://www.asjudinet.com/servicio_cliente.php" "Mozilla/5.0 (Windows; U; Windows NT 5.1; en-US) AppleWebKit/532.0 (KHTML, like Gecko) Chrome/3.0.195.33 Safari/532.0"
190.3.196.140 - - [18/Nov/2009:12:47:33 -0600] "GET /imagedos/menu_r3_c3_f2.gif HTTP/1.1" 200 342 "http://www.asjudinet.com/servicio_cliente.php" "Mozilla/5.0 (Windows; U; Windows NT 5.1; en-US) AppleWebKit/532.0 (KHTML, like Gecko) Chrome/3.0.195.33 Safari/532.0"
190.3.196.140 - - [18/Nov/2009:12:47:33 -0600] "GET /imagedos/menu_r3_c4_f2.gif HTTP/1.1" 200 400 "http://www.asjudinet.com/servicio_cliente.php" "Mozilla/5.0 (Windows; U; Windows NT 5.1; en-US) AppleWebKit/532.0 (KHTML, like Gecko) Chrome/3.0.195.33 Safari/532.0"
190.3.196.140 - - [18/Nov/2009:12:47:30 -0600] "GET /index_left.swf HTTP/1.1" 200 58760 "http://www.asjudinet.com/servicio_cliente.php" "Mozilla/5.0 (Windows; U; Windows NT 5.1; en-US) AppleWebKit/532.0 (KHTML, like Gecko) Chrome/3.0.195.33 Safari/532.0"
190.157.32.99 - - [18/Nov/2009:12:47:33 -0600] "POST /chat/chat.php HTTP/1.1" 200 17 "-" "Mozilla/4.0 (Windows XP 5.1) Java/1.6.0_16"
190.3.196.140 - - [18/Nov/2009:12:47:33 -0600] "GET /imagedos/menu_r3_c5_f2.gif HTTP/1.1" 200 369 "http://www.asjudinet.com/servicio_cliente.php" "Mozilla/5.0 (Windows; U; Windows NT 5.1; en-US) AppleWebKit/532.0 (KHTML, like Gecko) Chrome/3.0.195.33 Safari/532.0"
190.3.196.140 - - [18/Nov/2009:12:47:33 -0600] "GET /imagedos/menu_r3_c6_f2.gif HTTP/1.1" 200 306 "http://www.asjudinet.com/servicio_cliente.php" "Mozilla/5.0 (Windows; U; Windows NT 5.1; en-US) AppleWebKit/532.0 (KHTML, like Gecko) Chrome/3.0.195.33 Safari/532.0"
190.3.196.140 - - [18/Nov/2009:12:47:33 -0600] "GET /imagedos/menu_r3_c7_f2.gif HTTP/1.1" 200 309 "http://www.asjudinet.com/servicio_cliente.php" "Mozilla/5.0 (Windows; U; Windows NT 5.1; en-US) AppleWebKit/532.0 (KHTML, like Gecko) Chrome/3.0.195.33 Safari/532.0"
201.228.40.146 - - [18/Nov/2009:12:47:33 -0600] "POST /chat/chat.php HTTP/1.1" 200 17 "-" "Mozilla/4.0 (Windows XP 5.1) Java/1.6.0_11"
190.3.196.140 - - [18/Nov/2009:12:47:34 -0600] "GET /favicon.ico HTTP/1.1" 404 278 "-" "Mozilla/5.0 (Windows; U; Windows NT 5.1; en-US) AppleWebKit/532.0 (KHTML, like Gecko) Chrome/3.0.195.33 Safari/532.0"
190.24.223.78 - - [18/Nov/2009:12:47:35 -0600] "POST /chat/chat.php HTTP/1.1" 200 17 "-" "Mozilla/4.0 (Windows XP 5.1) Java/1.6.0_17"
200.11.45.150 - - [18/Nov/2009:12:47:34 -0600] "GET /entrachat.php HTTP/1.1" 200 22261 "http://www.asjudinet.com/index.swf" "Mozilla/4.0 (compatible; MSIE 7.0; Windows NT 5.1; InfoPath.1)"
190.255.251.154 - - [18/Nov/2009:12:47:35 -0600] "POST /chat/chat.php HTTP/1.1" 200 17 "-" "Mozilla/4.0 (Windows XP 5.1) Java/1.6.0_11"
200.11.45.150 - - [18/Nov/2009:12:47:37 -0600] "GET /themes//style/style.css HTTP/1.1" 404 290 "http://www.asjudinet.com/index.swf" "Mozilla/4.0 (compatible; MSIE 7.0; Windows NT 5.1; InfoPath.1)"
200.11.45.150 - - [18/Nov/2009:12:47:37 -0600] "GET /mm_menu.js HTTP/1.1" 304 - "http://www.asjudinet.com/index.swf" "Mozilla/4.0 (compatible; MSIE 7.0; Windows NT 5.1; InfoPath.1)"
190.90.239.144 - - [18/Nov/2009:12:47:37 -0600] "POST /chat/chat.php HTTP/1.1" 200 17 "-" "Mozilla/4.0 (Windows XP 5.1) Java/1.6.0_15"
190.99.160.153 - - [18/Nov/2009:12:47:37 -0600] "POST /chat/chat.php HTTP/1.1" 200 17 "-" "Mozilla/4.0 (Windows XP 5.1) Java/1.6.0_15"
200.11.45.150 - - [18/Nov/2009:12:47:37 -0600] "GET /ELEMENTOS/fondocuadritosgrises.gif HTTP/1.1" 304 - "http://www.asjudinet.com/index.swf" "Mozilla/4.0 (compatible; MSIE 7.0; Windows NT 5.1; InfoPath.1)"
190.255.173.67 - - [18/Nov/2009:12:47:37 -0600] "POST /chat/chat.php HTTP/1.1" 200 17 "-" "Mozilla/4.0 (Windows XP 5.1) Java/1.6.0_11"
200.11.45.150 - - [18/Nov/2009:12:47:37 -0600] "GET /imagedos/spacer.gif HTTP/1.1" 304 - "http://www.asjudinet.com/index.swf" "Mozilla/4.0 (compatible; MSIE 7.0; Windows NT 5.1; InfoPath.1)"
200.11.45.150 - - [18/Nov/2009:12:47:37 -0600] "GET /index_interno.swf HTTP/1.1" 304 - "http://www.asjudinet.com/entrachat.php" "Mozilla/4.0 (compatible; MSIE 7.0; Windows NT 5.1; InfoPath.1)"
200.11.45.150 - - [18/Nov/2009:12:47:38 -0600] "GET /index_left.swf HTTP/1.1" 304 - "http://www.asjudinet.com/entrachat.php" "Mozilla/4.0 (compatible; MSIE 7.0; Windows NT 5.1; InfoPath.1)"
200.11.45.150 - - [18/Nov/2009:12:47:38 -0600] "GET /fondotabla.jpg HTTP/1.1" 304 - "http://www.asjudinet.com/index.swf" "Mozilla/4.0 (compatible; MSIE 7.0; Windows NT 5.1; InfoPath.1)"
200.11.45.150 - - [18/Nov/2009:12:47:38 -0600] "GET /ELEMENTOS/textoatencion.gif HTTP/1.1" 304 - "http://www.asjudinet.com/index.swf" "Mozilla/4.0 (compatible; MSIE 7.0; Windows NT 5.1; InfoPath.1)"
190.157.32.99 - - [18/Nov/2009:12:47:38 -0600] "POST /chat/chat.php HTTP/1.1" 200 17 "-" "Mozilla/4.0 (Windows XP 5.1) Java/1.6.0_16"
201.228.40.146 - - [18/Nov/2009:12:47:38 -0600] "POST /chat/chat.php HTTP/1.1" 200 17 "-" "Mozilla/4.0 (Windows XP 5.1) Java/1.6.0_11"
200.11.45.150 - - [18/Nov/2009:12:47:38 -0600] "GET /imagedos/menu_r3_c1_f2.gif HTTP/1.1" 304 - "http://www.asjudinet.com/index.swf" "Mozilla/4.0 (compatible; MSIE 7.0; Windows NT 5.1; InfoPath.1)"
200.11.45.150 - - [18/Nov/2009:12:47:38 -0600] "GET /imagedos/menu_r3_c2_f2.gif HTTP/1.1" 304 - "http://www.asjudinet.com/index.swf" "Mozilla/4.0 (compatible; MSIE 7.0; Windows NT 5.1; InfoPath.1)"
200.11.45.150 - - [18/Nov/2009:12:47:39 -0600] "GET /imagedos/menu_r3_c3_f2.gif HTTP/1.1" 304 - "http://www.asjudinet.com/index.swf" "Mozilla/4.0 (compatible; MSIE 7.0; Windows NT 5.1; InfoPath.1)"
200.11.45.150 - - [18/Nov/2009:12:47:39 -0600] "GET /imagedos/menu_r3_c4_f2.gif HTTP/1.1" 304 - "http://www.asjudinet.com/index.swf" "Mozilla/4.0 (compatible; MSIE 7.0; Windows NT 5.1; InfoPath.1)"
200.11.45.150 - - [18/Nov/2009:12:47:39 -0600] "GET /imagedos/menu_r3_c5_f2.gif HTTP/1.1" 304 - "http://www.asjudinet.com/index.swf" "Mozilla/4.0 (compatible; MSIE 7.0; Windows NT 5.1; InfoPath.1)"
200.11.45.150 - - [18/Nov/2009:12:47:39 -0600] "GET /imagedos/menu_r3_c6_f2.gif HTTP/1.1" 304 - "http://www.asjudinet.com/index.swf" "Mozilla/4.0 (compatible; MSIE 7.0; Windows NT 5.1; InfoPath.1)"
200.11.45.150 - - [18/Nov/2009:12:47:39 -0600] "GET /imagedos/menu_r3_c7_f2.gif HTTP/1.1" 304 - "http://www.asjudinet.com/index.swf" "Mozilla/4.0 (compatible; MSIE 7.0; Windows NT 5.1; InfoPath.1)"
190.24.223.78 - - [18/Nov/2009:12:47:40 -0600] "GET /consulta_ced_info_servi.php HTTP/1.1" 200 4457 "http://www.asjudinet.com/consulta_cartera.php" "Mozilla/4.0 (compatible; MSIE 6.0; Windows NT 5.1; SV1)"
190.24.223.78 - - [18/Nov/2009:12:47:40 -0600] "POST /chat/chat.php HTTP/1.1" 200 17 "-" "Mozilla/4.0 (Windows XP 5.1) Java/1.6.0_17"
190.255.251.154 - - [18/Nov/2009:12:47:40 -0600] "POST /chat/chat.php HTTP/1.1" 200 17 "-" "Mozilla/4.0 (Windows XP 5.1) Java/1.6.0_11"
190.90.239.144 - - [18/Nov/2009:12:47:42 -0600] "POST /chat/chat.php HTTP/1.1" 200 17 "-" "Mozilla/4.0 (Windows XP 5.1) Java/1.6.0_15"
190.99.160.153 - - [18/Nov/2009:12:47:42 -0600] "POST /chat/chat.php HTTP/1.1" 200 17 "-" "Mozilla/4.0 (Windows XP 5.1) Java/1.6.0_15"
190.255.173.67 - - [18/Nov/2009:12:47:42 -0600] "POST /chat/chat.php HTTP/1.1" 200 17 "-" "Mozilla/4.0 (Windows XP 5.1) Java/1.6.0_11"
190.157.32.99 - - [18/Nov/2009:12:47:43 -0600] "POST /chat/chat.php HTTP/1.1" 200 17 "-" "Mozilla/4.0 (Windows XP 5.1) Java/1.6.0_16"
201.228.40.146 - - [18/Nov/2009:12:47:44 -0600] "POST /chat/chat.php HTTP/1.1" 200 17 "-" "Mozilla/4.0 (Windows XP 5.1) Java/1.6.0_11"
190.24.223.78 - - [18/Nov/2009:12:47:45 -0600] "POST /chat/chat.php HTTP/1.1" 200 17 "-" "Mozilla/4.0 (Windows XP 5.1) Java/1.6.0_17"
190.24.223.78 - - [18/Nov/2009:12:47:45 -0600] "GET /menu_admin.php HTTP/1.1" 200 2975 "-" "Mozilla/4.0 (compatible; MSIE 6.0; Windows NT 5.1; SV1; InfoPath.1)"
190.255.251.154 - - [18/Nov/2009:12:47:45 -0600] "POST /chat/chat.php HTTP/1.1" 200 17 "-" "Mozilla/4.0 (Windows XP 5.1) Java/1.6.0_11"
190.24.223.78 - - [18/Nov/2009:12:47:46 -0600] "GET /menuweb.files/dmenu.js HTTP/1.1" 304 - "http://www.asjudinet.com/menu_admin.php" "Mozilla/4.0 (compatible; MSIE 6.0; Windows NT 5.1; SV1; InfoPath.1)"
200.11.45.150 - - [18/Nov/2009:12:47:47 -0600] "GET /themes//style/style.css HTTP/1.1" 404 290 "http://www.asjudinet.com/entrachat.php" "Mozilla/4.0 (compatible; MSIE 7.0; Windows NT 5.1; InfoPath.1)"
190.24.223.78 - - [18/Nov/2009:12:47:47 -0600] "GET /ELEMENTOS/Logito22.JPG HTTP/1.1" 304 - "http://www.asjudinet.com/menu_admin.php" "Mozilla/4.0 (compatible; MSIE 6.0; Windows NT 5.1; SV1; InfoPath.1)"
200.11.45.150 - - [18/Nov/2009:12:47:45 -0600] "POST /entrachat.php HTTP/1.1" 200 22348 "http://www.asjudinet.com/entrachat.php" "Mozilla/4.0 (compatible; MSIE 7.0; Windows NT 5.1; InfoPath.1)"
190.24.223.78 - - [18/Nov/2009:12:47:47 -0600] "GET /menuweb.js HTTP/1.1" 304 - "http://www.asjudinet.com/menu_admin.php" "Mozilla/4.0 (compatible; MSIE 6.0; Windows NT 5.1; SV1; InfoPath.1)"
190.24.223.78 - - [18/Nov/2009:12:47:47 -0600] "GET /menuweb.files/icon_win98_7.gif HTTP/1.1" 304 - "http://www.asjudinet.com/menu_admin.php" "Mozilla/4.0 (compatible; MSIE 6.0; Windows NT 5.1; SV1; InfoPath.1)"
190.24.223.78 - - [18/Nov/2009:12:47:47 -0600] "GET /menuweb.files/arr_black_2.gif HTTP/1.1" 304 - "http://www.asjudinet.com/menu_admin.php" "Mozilla/4.0 (compatible; MSIE 6.0; Windows NT 5.1; SV1; InfoPath.1)"
190.24.223.78 - - [18/Nov/2009:12:47:47 -0600] "GET /menuweb.files/icon_xp_7.gif HTTP/1.1" 304 - "http://www.asjudinet.com/menu_admin.php" "Mozilla/4.0 (compatible; MSIE 6.0; Windows NT 5.1; SV1; InfoPath.1)"
190.24.223.78 - - [18/Nov/2009:12:47:47 -0600] "GET /menuweb.files/icon_xp2_1o.gif HTTP/1.1" 304 - "http://www.asjudinet.com/menu_admin.php" "Mozilla/4.0 (compatible; MSIE 6.0; Windows NT 5.1; SV1; InfoPath.1)"
190.90.239.144 - - [18/Nov/2009:12:47:47 -0600] "POST /chat/chat.php HTTP/1.1" 200 17 "-" "Mozilla/4.0 (Windows XP 5.1) Java/1.6.0_15"
190.24.223.78 - - [18/Nov/2009:12:47:47 -0600] "GET /menuweb.files/Gota1.png HTTP/1.1" 304 - "http://www.asjudinet.com/menu_admin.php" "Mozilla/4.0 (compatible; MSIE 6.0; Windows NT 5.1; SV1; InfoPath.1)"
190.24.223.78 - - [18/Nov/2009:12:47:47 -0600] "GET /menuweb.files/mac_pic1.gif HTTP/1.1" 304 - "http://www.asjudinet.com/menu_admin.php" "Mozilla/4.0 (compatible; MSIE 6.0; Windows NT 5.1; SV1; InfoPath.1)"
190.99.160.153 - - [18/Nov/2009:12:47:47 -0600] "POST /chat/chat.php HTTP/1.1" 200 17 "-" "Mozilla/4.0 (Windows XP 5.1) Java/1.6.0_15"
190.24.223.78 - - [18/Nov/2009:12:47:47 -0600] "GET /menuweb.files/icon_office_list.gif HTTP/1.1" 304 - "http://www.asjudinet.com/menu_admin.php" "Mozilla/4.0 (compatible; MSIE 6.0; Windows NT 5.1; SV1; InfoPath.1)"
190.24.223.78 - - [18/Nov/2009:12:47:48 -0600] "GET /menuweb.files/afiliado.PNG HTTP/1.1" 304 - "http://www.asjudinet.com/menu_admin.php" "Mozilla/4.0 (compatible; MSIE 6.0; Windows NT 5.1; SV1; InfoPath.1)"
190.255.173.67 - - [18/Nov/2009:12:47:48 -0600] "POST /chat/chat.php HTTP/1.1" 200 17 "-" "Mozilla/4.0 (Windows XP 5.1) Java/1.6.0_11"
190.24.223.78 - - [18/Nov/2009:12:47:48 -0600] "GET /menuweb.files/icon_office_pen2.gif HTTP/1.1" 304 - "http://www.asjudinet.com/menu_admin.php" "Mozilla/4.0 (compatible; MSIE 6.0; Windows NT 5.1; SV1; InfoPath.1)"
190.24.223.78 - - [18/Nov/2009:12:47:48 -0600] "GET /menuweb.files/icon_xp3_8.gif HTTP/1.1" 304 - "http://www.asjudinet.com/menu_admin.php" "Mozilla/4.0 (compatible; MSIE 6.0; Windows NT 5.1; SV1; InfoPath.1)"
200.11.45.150 - - [18/Nov/2009:12:47:48 -0600] "GET /chat/?user=BELTRAN%20SIMON HTTP/1.1" 304 - "-" "Mozilla/4.0 (compatible; MSIE 7.0; Windows NT 5.1; InfoPath.1)"
190.24.223.78 - - [18/Nov/2009:12:47:48 -0600] "GET /menuweb.files/icon_xp3_12.gif HTTP/1.1" 304 - "http://www.asjudinet.com/menu_admin.php" "Mozilla/4.0 (compatible; MSIE 6.0; Windows NT 5.1; SV1; InfoPath.1)"
190.24.223.78 - - [18/Nov/2009:12:47:48 -0600] "GET /menuweb.files/icon_xp2_7o.gif HTTP/1.1" 304 - "http://www.asjudinet.com/menu_admin.php" "Mozilla/4.0 (compatible; MSIE 6.0; Windows NT 5.1; SV1; InfoPath.1)"
190.24.223.78 - - [18/Nov/2009:12:47:48 -0600] "GET /menuweb.files/mac_pic2.gif HTTP/1.1" 304 - "http://www.asjudinet.com/menu_admin.php" "Mozilla/4.0 (compatible; MSIE 6.0; Windows NT 5.1; SV1; InfoPath.1)"
190.24.223.78 - - [18/Nov/2009:12:47:48 -0600] "GET /menuweb.files/icons_xp_tuner.gif HTTP/1.1" 304 - "http://www.asjudinet.com/menu_admin.php" "Mozilla/4.0 (compatible; MSIE 6.0; Windows NT 5.1; SV1; InfoPath.1)"
200.11.45.150 - - [18/Nov/2009:12:47:48 -0600] "GET /chat/CABEZOTE%20SERVIASJUDINET.jpg HTTP/1.1" 304 - "http://www.asjudinet.com/chat/?user=BELTRAN SIMON" "Mozilla/4.0 (compatible; MSIE 7.0; Windows NT 5.1; InfoPath.1)"
190.157.32.99 - - [18/Nov/2009:12:47:48 -0600] "POST /chat/chat.php HTTP/1.1" 200 17 "-" "Mozilla/4.0 (Windows XP 5.1) Java/1.6.0_16"
190.24.223.78 - - [18/Nov/2009:12:47:48 -0600] "GET /menuweb.files/sm_back_xp.gif HTTP/1.1" 304 - "http://www.asjudinet.com/menu_admin.php" "Mozilla/4.0 (compatible; MSIE 6.0; Windows NT 5.1; SV1; InfoPath.1)"
190.24.223.78 - - [18/Nov/2009:12:47:48 -0600] "GET /menuweb.files/sm_back_xp2.gif HTTP/1.1" 304 - "http://www.asjudinet.com/menu_admin.php" "Mozilla/4.0 (compatible; MSIE 6.0; Windows NT 5.1; SV1; InfoPath.1)"
190.24.223.78 - - [18/Nov/2009:12:47:48 -0600] "GET /menuweb.files/arr_white_2.gif HTTP/1.1" 304 - "http://www.asjudinet.com/menu_admin.php" "Mozilla/4.0 (compatible; MSIE 6.0; Windows NT 5.1; SV1; InfoPath.1)"
190.24.223.78 - - [18/Nov/2009:12:47:48 -0600] "GET /menuweb.files/arr_black_2.gif HTTP/1.1" 304 - "http://www.asjudinet.com/menu_admin.php" "Mozilla/4.0 (compatible; MSIE 6.0; Windows NT 5.1; SV1; InfoPath.1)"
190.24.223.78 - - [18/Nov/2009:12:47:48 -0600] "GET /menuweb.files/llave.gif HTTP/1.1" 304 - "http://www.asjudinet.com/menu_admin.php" "Mozilla/4.0 (compatible; MSIE 6.0; Windows NT 5.1; SV1; InfoPath.1)"
190.24.223.78 - - [18/Nov/2009:12:47:48 -0600] "GET /menuweb.files/icon_win98_5.gif HTTP/1.1" 304 - "http://www.asjudinet.com/menu_admin.php" "Mozilla/4.0 (compatible; MSIE 6.0; Windows NT 5.1; SV1; InfoPath.1)"
190.24.223.78 - - [18/Nov/2009:12:47:49 -0600] "GET /menuweb.files/arr_black_2.gif HTTP/1.1" 304 - "http://www.asjudinet.com/menu_admin.php" "Mozilla/4.0 (compatible; MSIE 6.0; Windows NT 5.1; SV1; InfoPath.1)"
190.24.223.78 - - [18/Nov/2009:12:47:49 -0600] "GET /menuweb.files/Gota1.png HTTP/1.1" 304 - "http://www.asjudinet.com/menu_admin.php" "Mozilla/4.0 (compatible; MSIE 6.0; Windows NT 5.1; SV1; InfoPath.1)"
201.228.40.146 - - [18/Nov/2009:12:47:49 -0600] "POST /chat/chat.php HTTP/1.1" 200 17 "-" "Mozilla/4.0 (Windows XP 5.1) Java/1.6.0_11"
190.24.223.78 - - [18/Nov/2009:12:47:48 -0600] "POST /consulta_ced_info_servi.php HTTP/1.1" 200 5863 "http://www.asjudinet.com/consulta_ced_info_servi.php" "Mozilla/4.0 (compatible; MSIE 6.0; Windows NT 5.1; SV1)"
190.24.223.78 - - [18/Nov/2009:12:47:49 -0600] "GET /menuweb.files/arr_black_2.gif HTTP/1.1" 304 - "http://www.asjudinet.com/menu_admin.php" "Mozilla/4.0 (compatible; MSIE 6.0; Windows NT 5.1; SV1; InfoPath.1)"
190.24.223.78 - - [18/Nov/2009:12:47:49 -0600] "GET /menuweb.files/arr_white_2.gif HTTP/1.1" 304 - "http://www.asjudinet.com/menu_admin.php" "Mozilla/4.0 (compatible; MSIE 6.0; Windows NT 5.1; SV1; InfoPath.1)"
190.24.223.78 - - [18/Nov/2009:12:47:49 -0600] "GET /menuweb.files/icon_win98_5.gif HTTP/1.1" 304 - "http://www.asjudinet.com/menu_admin.php" "Mozilla/4.0 (compatible; MSIE 6.0; Windows NT 5.1; SV1; InfoPath.1)"
190.24.223.78 - - [18/Nov/2009:12:47:49 -0600] "GET /menuweb.files/arr_white_2.gif HTTP/1.1" 304 - "http://www.asjudinet.com/menu_admin.php" "Mozilla/4.0 (compatible; MSIE 6.0; Windows NT 5.1; SV1; InfoPath.1)"
190.24.223.78 - - [18/Nov/2009:12:47:49 -0600] "GET /menuweb.files/arr_white_2.gif HTTP/1.1" 304 - "http://www.asjudinet.com/menu_admin.php" "Mozilla/4.0 (compatible; MSIE 6.0; Windows NT 5.1; SV1; InfoPath.1)"
190.24.223.78 - - [18/Nov/2009:12:47:49 -0600] "GET /menuweb.files/icon_xp2_tunero.gif HTTP/1.1" 304 - "http://www.asjudinet.com/menu_admin.php" "Mozilla/4.0 (compatible; MSIE 6.0; Windows NT 5.1; SV1; InfoPath.1)"
190.24.223.78 - - [18/Nov/2009:12:47:49 -0600] "GET /menuweb.files/icon_xp2_tunero.gif HTTP/1.1" 304 - "http://www.asjudinet.com/menu_admin.php" "Mozilla/4.0 (compatible; MSIE 6.0; Windows NT 5.1; SV1; InfoPath.1)"
190.24.223.78 - - [18/Nov/2009:12:47:49 -0600] "GET /menuweb.files/icon_xp2_tunero.gif HTTP/1.1" 304 - "http://www.asjudinet.com/menu_admin.php" "Mozilla/4.0 (compatible; MSIE 6.0; Windows NT 5.1; SV1; InfoPath.1)"
190.24.223.78 - - [18/Nov/2009:12:47:49 -0600] "GET /menuweb.files/icon_xp2_tunero.gif HTTP/1.1" 304 - "http://www.asjudinet.com/menu_admin.php" "Mozilla/4.0 (compatible; MSIE 6.0; Windows NT 5.1; SV1; InfoPath.1)"
190.24.223.78 - - [18/Nov/2009:12:47:49 -0600] "GET /menuweb.files/icon_xp2_tunero.gif HTTP/1.1" 304 - "http://www.asjudinet.com/menu_admin.php" "Mozilla/4.0 (compatible; MSIE 6.0; Windows NT 5.1; SV1; InfoPath.1)"
190.24.223.78 - - [18/Nov/2009:12:47:50 -0600] "GET /menuweb.files/icon_xp2_tunero.gif HTTP/1.1" 304 - "http://www.asjudinet.com/menu_admin.php" "Mozilla/4.0 (compatible; MSIE 6.0; Windows NT 5.1; SV1; InfoPath.1)"
190.24.223.78 - - [18/Nov/2009:12:47:50 -0600] "GET /menuweb.files/icon_xp2_tunero.gif HTTP/1.1" 304 - "http://www.asjudinet.com/menu_admin.php" "Mozilla/4.0 (compatible; MSIE 6.0; Windows NT 5.1; SV1; InfoPath.1)"
190.24.223.78 - - [18/Nov/2009:12:47:50 -0600] "GET /menuweb.files/icon_xp2_tunero.gif HTTP/1.1" 304 - "http://www.asjudinet.com/menu_admin.php" "Mozilla/4.0 (compatible; MSIE 6.0; Windows NT 5.1; SV1; InfoPath.1)"
190.24.223.78 - - [18/Nov/2009:12:47:50 -0600] "GET /menuweb.files/arr_white_2.gif HTTP/1.1" 304 - "http://www.asjudinet.com/menu_admin.php" "Mozilla/4.0 (compatible; MSIE 6.0; Windows NT 5.1; SV1; InfoPath.1)"
190.24.223.78 - - [18/Nov/2009:12:47:50 -0600] "GET /menuweb.files/arr_white_2.gif HTTP/1.1" 304 - "http://www.asjudinet.com/menu_admin.php" "Mozilla/4.0 (compatible; MSIE 6.0; Windows NT 5.1; SV1; InfoPath.1)"
190.24.223.78 - - [18/Nov/2009:12:47:50 -0600] "GET /menuweb.files/icon_xp2_tunero.gif HTTP/1.1" 304 - "http://www.asjudinet.com/menu_admin.php" "Mozilla/4.0 (compatible; MSIE 6.0; Windows NT 5.1; SV1; InfoPath.1)"
190.24.223.78 - - [18/Nov/2009:12:47:50 -0600] "GET /menuweb.files/icon_xp2_tunero.gif HTTP/1.1" 304 - "http://www.asjudinet.com/menu_admin.php" "Mozilla/4.0 (compatible; MSIE 6.0; Windows NT 5.1; SV1; InfoPath.1)"
190.24.223.78 - - [18/Nov/2009:12:47:50 -0600] "GET /menuweb.files/icon_xp2_tunero.gif HTTP/1.1" 304 - "http://www.asjudinet.com/menu_admin.php" "Mozilla/4.0 (compatible; MSIE 6.0; Windows NT 5.1; SV1; InfoPath.1)"
190.24.223.78 - - [18/Nov/2009:12:47:50 -0600] "GET /menuweb.files/icon_xp2_tunero.gif HTTP/1.1" 304 - "http://www.asjudinet.com/menu_admin.php" "Mozilla/4.0 (compatible; MSIE 6.0; Windows NT 5.1; SV1; InfoPath.1)"
190.24.223.78 - - [18/Nov/2009:12:47:50 -0600] "GET /menuweb.files/icon_xp2_tunero.gif HTTP/1.1" 304 - "http://www.asjudinet.com/menu_admin.php" "Mozilla/4.0 (compatible; MSIE 6.0; Windows NT 5.1; SV1; InfoPath.1)"
190.24.223.78 - - [18/Nov/2009:12:47:51 -0600] "GET /menuweb.files/icon_xp2_tunero.gif HTTP/1.1" 304 - "http://www.asjudinet.com/menu_admin.php" "Mozilla/4.0 (compatible; MSIE 6.0; Windows NT 5.1; SV1; InfoPath.1)"
190.24.223.78 - - [18/Nov/2009:12:47:51 -0600] "GET /menuweb.files/icon_xp2_tunero.gif HTTP/1.1" 304 - "http://www.asjudinet.com/menu_admin.php" "Mozilla/4.0 (compatible; MSIE 6.0; Windows NT 5.1; SV1; InfoPath.1)"
190.24.223.78 - - [18/Nov/2009:12:47:51 -0600] "GET /menuweb.files/sm_back_xp2.gif HTTP/1.1" 304 - "http://www.asjudinet.com/menu_admin.php" "Mozilla/4.0 (compatible; MSIE 6.0; Windows NT 5.1; SV1; InfoPath.1)"
190.24.223.78 - - [18/Nov/2009:12:47:51 -0600] "GET /menuweb.files/arr_white_2.gif HTTP/1.1" 304 - "http://www.asjudinet.com/menu_admin.php" "Mozilla/4.0 (compatible; MSIE 6.0; Windows NT 5.1; SV1; InfoPath.1)"
190.24.223.78 - - [18/Nov/2009:12:47:51 -0600] "POST /chat/chat.php HTTP/1.1" 200 17 "-" "Mozilla/4.0 (Windows XP 5.1) Java/1.6.0_17"
190.255.251.154 - - [18/Nov/2009:12:47:51 -0600] "POST /chat/chat.php HTTP/1.1" 200 17 "-" "Mozilla/4.0 (Windows XP 5.1) Java/1.6.0_11"
190.24.223.78 - - [18/Nov/2009:12:47:51 -0600] "GET /menuweb.files/sm_back_xp.gif HTTP/1.1" 304 - "http://www.asjudinet.com/menu_admin.php" "Mozilla/4.0 (compatible; MSIE 6.0; Windows NT 5.1; SV1; InfoPath.1)"
190.24.223.78 - - [18/Nov/2009:12:47:51 -0600] "GET /menuweb.files/sm_back_xp.gif HTTP/1.1" 304 - "http://www.asjudinet.com/menu_admin.php" "Mozilla/4.0 (compatible; MSIE 6.0; Windows NT 5.1; SV1; InfoPath.1)"
190.24.223.78 - - [18/Nov/2009:12:47:52 -0600] "GET /menuweb.files/sm_back_xp.gif HTTP/1.1" 304 - "http://www.asjudinet.com/menu_admin.php" "Mozilla/4.0 (compatible; MSIE 6.0; Windows NT 5.1; SV1; InfoPath.1)"
190.24.223.78 - - [18/Nov/2009:12:47:52 -0600] "GET /menuweb.files/sm_back_xp.gif HTTP/1.1" 304 - "http://www.asjudinet.com/menu_admin.php" "Mozilla/4.0 (compatible; MSIE 6.0; Windows NT 5.1; SV1; InfoPath.1)"
190.24.223.78 - - [18/Nov/2009:12:47:52 -0600] "GET /menuweb.files/sm_back_xp.gif HTTP/1.1" 304 - "http://www.asjudinet.com/menu_admin.php" "Mozilla/4.0 (compatible; MSIE 6.0; Windows NT 5.1; SV1; InfoPath.1)"
190.24.223.78 - - [18/Nov/2009:12:47:52 -0600] "GET /menuweb.files/sm_back_xp2.gif HTTP/1.1" 304 - "http://www.asjudinet.com/menu_admin.php" "Mozilla/4.0 (compatible; MSIE 6.0; Windows NT 5.1; SV1; InfoPath.1)"
190.24.223.78 - - [18/Nov/2009:12:47:52 -0600] "GET /menuweb.files/sm_back_xp2.gif HTTP/1.1" 304 - "http://www.asjudinet.com/menu_admin.php" "Mozilla/4.0 (compatible; MSIE 6.0; Windows NT 5.1; SV1; InfoPath.1)"
190.24.223.78 - - [18/Nov/2009:12:47:52 -0600] "GET /menuweb.files/sm_back_xp.gif HTTP/1.1" 304 - "http://www.asjudinet.com/menu_admin.php" "Mozilla/4.0 (compatible; MSIE 6.0; Windows NT 5.1; SV1; InfoPath.1)"
190.24.223.78 - - [18/Nov/2009:12:47:52 -0600] "GET /menuweb.files/sm_back_xp.gif HTTP/1.1" 304 - "http://www.asjudinet.com/menu_admin.php" "Mozilla/4.0 (compatible; MSIE 6.0; Windows NT 5.1; SV1; InfoPath.1)"
190.24.223.78 - - [18/Nov/2009:12:47:52 -0600] "GET /menuweb.files/arr_black_2.gif HTTP/1.1" 304 - "http://www.asjudinet.com/menu_admin.php" "Mozilla/4.0 (compatible; MSIE 6.0; Windows NT 5.1; SV1; InfoPath.1)"
190.24.223.78 - - [18/Nov/2009:12:47:50 -0600] "GET /cartera_consulta_titu_usuario.php?ced2=93434317&numcon=585 HTTP/1.1" 200 43374 "-" "Mozilla/4.0 (compatible; MSIE 6.0; Windows NT 5.1; SV1)"
190.24.223.78 - - [18/Nov/2009:12:47:52 -0600] "GET /menuweb.files/sm_back_xp.gif HTTP/1.1" 304 - "http://www.asjudinet.com/menu_admin.php" "Mozilla/4.0 (compatible; MSIE 6.0; Windows NT 5.1; SV1; InfoPath.1)"
190.24.223.78 - - [18/Nov/2009:12:47:52 -0600] "GET /menuweb.files/sm_back_xp.gif HTTP/1.1" 304 - "http://www.asjudinet.com/menu_admin.php" "Mozilla/4.0 (compatible; MSIE 6.0; Windows NT 5.1; SV1; InfoPath.1)"
190.90.239.144 - - [18/Nov/2009:12:47:52 -0600] "POST /chat/chat.php HTTP/1.1" 200 17 "-" "Mozilla/4.0 (Windows XP 5.1) Java/1.6.0_15"
190.24.223.78 - - [18/Nov/2009:12:47:52 -0600] "GET /menuweb.files/sm_back_xp.gif HTTP/1.1" 304 - "http://www.asjudinet.com/menu_admin.php" "Mozilla/4.0 (compatible; MSIE 6.0; Windows NT 5.1; SV1; InfoPath.1)"
190.99.160.153 - - [18/Nov/2009:12:47:52 -0600] "POST /chat/chat.php HTTP/1.1" 200 17 "-" "Mozilla/4.0 (Windows XP 5.1) Java/1.6.0_15"
190.24.223.78 - - [18/Nov/2009:12:47:52 -0600] "GET /menuweb.files/sm_back_xp.gif HTTP/1.1" 304 - "http://www.asjudinet.com/menu_admin.php" "Mozilla/4.0 (compatible; MSIE 6.0; Windows NT 5.1; SV1; InfoPath.1)"
190.24.223.78 - - [18/Nov/2009:12:47:52 -0600] "GET /menuweb.files/sm_back_xp.gif HTTP/1.1" 304 - "http://www.asjudinet.com/menu_admin.php" "Mozilla/4.0 (compatible; MSIE 6.0; Windows NT 5.1; SV1; InfoPath.1)"
190.255.173.67 - - [18/Nov/2009:12:47:53 -0600] "POST /chat/chat.php HTTP/1.1" 200 17 "-" "Mozilla/4.0 (Windows XP 5.1) Java/1.6.0_11"
190.24.223.78 - - [18/Nov/2009:12:47:53 -0600] "GET /menuweb.files/sm_back_xp2.gif HTTP/1.1" 304 - "http://www.asjudinet.com/menu_admin.php" "Mozilla/4.0 (compatible; MSIE 6.0; Windows NT 5.1; SV1; InfoPath.1)"
190.24.223.78 - - [18/Nov/2009:12:47:53 -0600] "GET /menuweb.files/sm_back_xp2.gif HTTP/1.1" 304 - "http://www.asjudinet.com/menu_admin.php" "Mozilla/4.0 (compatible; MSIE 6.0; Windows NT 5.1; SV1; InfoPath.1)"
190.24.223.78 - - [18/Nov/2009:12:47:53 -0600] "GET /menuweb.files/sm_back_xp.gif HTTP/1.1" 304 - "http://www.asjudinet.com/menu_admin.php" "Mozilla/4.0 (compatible; MSIE 6.0; Windows NT 5.1; SV1; InfoPath.1)"
190.24.223.78 - - [18/Nov/2009:12:47:53 -0600] "GET /consulta_resputas_pendientes_fun.php HTTP/1.1" 200 10414 "-" "Mozilla/4.0 (compatible; MSIE 6.0; Windows NT 5.1; SV1; InfoPath.1)"
190.24.223.78 - - [18/Nov/2009:12:47:53 -0600] "GET /menuweb.files/sm_back_xp.gif HTTP/1.1" 304 - "http://www.asjudinet.com/menu_admin.php" "Mozilla/4.0 (compatible; MSIE 6.0; Windows NT 5.1; SV1; InfoPath.1)"
190.24.223.78 - - [18/Nov/2009:12:47:53 -0600] "GET /menuweb.files/sm_back_xp.gif HTTP/1.1" 304 - "http://www.asjudinet.com/menu_admin.php" "Mozilla/4.0 (compatible; MSIE 6.0; Windows NT 5.1; SV1; InfoPath.1)"
190.157.32.99 - - [18/Nov/2009:12:47:53 -0600] "POST /chat/chat.php HTTP/1.1" 200 17 "-" "Mozilla/4.0 (Windows XP 5.1) Java/1.6.0_16"
190.24.223.78 - - [18/Nov/2009:12:47:53 -0600] "GET /menuweb.files/sm_back_xp.gif HTTP/1.1" 304 - "http://www.asjudinet.com/menu_admin.php" "Mozilla/4.0 (compatible; MSIE 6.0; Windows NT 5.1; SV1; InfoPath.1)"
190.24.223.78 - - [18/Nov/2009:12:47:53 -0600] "GET /menuweb.files/sm_back_xp.gif HTTP/1.1" 304 - "http://www.asjudinet.com/menu_admin.php" "Mozilla/4.0 (compatible; MSIE 6.0; Windows NT 5.1; SV1; InfoPath.1)"
190.24.223.78 - - [18/Nov/2009:12:47:56 -0600] "POST /chat/chat.php HTTP/1.1" 200 17 "-" "Mozilla/4.0 (Windows XP 5.1) Java/1.6.0_17"
190.255.251.154 - - [18/Nov/2009:12:47:57 -0600] "POST /chat/chat.php HTTP/1.1" 200 17 "-" "Mozilla/4.0 (Windows XP 5.1) Java/1.6.0_11"
190.90.239.144 - - [18/Nov/2009:12:47:57 -0600] "POST /chat/chat.php HTTP/1.1" 200 17 "-" "Mozilla/4.0 (Windows XP 5.1) Java/1.6.0_15"
190.99.160.153 - - [18/Nov/2009:12:47:58 -0600] "POST /chat/chat.php HTTP/1.1" 200 17 "-" "Mozilla/4.0 (Windows XP 5.1) Java/1.6.0_15"
190.255.173.67 - - [18/Nov/2009:12:47:58 -0600] "POST /chat/chat.php HTTP/1.1" 200 17 "-" "Mozilla/4.0 (Windows XP 5.1) Java/1.6.0_11"
190.157.32.99 - - [18/Nov/2009:12:47:58 -0600] "POST /chat/chat.php HTTP/1.1" 200 17 "-" "Mozilla/4.0 (Windows XP 5.1) Java/1.6.0_16"
201.228.40.146 - - [18/Nov/2009:12:47:59 -0600] "POST /chat/chat.php HTTP/1.1" 200 17 "-" "Mozilla/4.0 (Windows XP 5.1) Java/1.6.0_11"
190.24.223.78 - - [18/Nov/2009:12:48:00 -0600] "GET /consulta_resputas_pendientes_fun.php?criterio=ORDO%D1EZ+GONZALEZ+ANYI+MILENA HTTP/1.1" 200 10414 "http://www.asjudinet.com/consulta_resputas_pendientes_fun.php" "Mozilla/4.0 (compatible; MSIE 6.0; Windows NT 5.1; SV1; InfoPath.1)"
190.24.223.78 - - [18/Nov/2009:12:48:02 -0600] "POST /chat/chat.php HTTP/1.1" 200 17 "-" "Mozilla/4.0 (Windows XP 5.1) Java/1.6.0_17"
190.255.251.154 - - [18/Nov/2009:12:48:02 -0600] "POST /chat/chat.php HTTP/1.1" 200 17 "-" "Mozilla/4.0 (Windows XP 5.1) Java/1.6.0_11"
190.90.239.144 - - [18/Nov/2009:12:48:03 -0600] "POST /chat/chat.php HTTP/1.1" 200 17 "-" "Mozilla/4.0 (Windows XP 5.1) Java/1.6.0_15"
190.99.160.153 - - [18/Nov/2009:12:48:03 -0600] "POST /chat/chat.php HTTP/1.1" 200 17 "-" "Mozilla/4.0 (Windows XP 5.1) Java/1.6.0_15"
190.255.173.67 - - [18/Nov/2009:12:48:03 -0600] "POST /chat/chat.php HTTP/1.1" 200 17 "-" "Mozilla/4.0 (Windows XP 5.1) Java/1.6.0_11"
190.157.32.99 - - [18/Nov/2009:12:48:04 -0600] "POST /chat/chat.php HTTP/1.1" 200 17 "-" "Mozilla/4.0 (Windows XP 5.1) Java/1.6.0_16"
190.24.223.78 - - [18/Nov/2009:12:48:04 -0600] "GET /menu_admin.php HTTP/1.1" 200 2975 "-" "Mozilla/4.0 (compatible; MSIE 6.0; Windows NT 5.1; SV1; InfoPath.1)"
201.228.40.146 - - [18/Nov/2009:12:48:04 -0600] "POST /chat/chat.php HTTP/1.1" 200 17 "-" "Mozilla/4.0 (Windows XP 5.1) Java/1.6.0_11"
190.24.223.78 - - [18/Nov/2009:12:48:04 -0600] "GET /menuweb.files/dmenu.js HTTP/1.1" 304 - "http://www.asjudinet.com/menu_admin.php" "Mozilla/4.0 (compatible; MSIE 6.0; Windows NT 5.1; SV1; InfoPath.1)"
190.24.223.78 - - [18/Nov/2009:12:48:04 -0600] "GET /ELEMENTOS/Logito22.JPG HTTP/1.1" 304 - "http://www.asjudinet.com/menu_admin.php" "Mozilla/4.0 (compatible; MSIE 6.0; Windows NT 5.1; SV1; InfoPath.1)"
190.24.223.78 - - [18/Nov/2009:12:48:04 -0600] "GET /menuweb.js HTTP/1.1" 304 - "http://www.asjudinet.com/menu_admin.php" "Mozilla/4.0 (compatible; MSIE 6.0; Windows NT 5.1; SV1; InfoPath.1)"
190.24.223.78 - - [18/Nov/2009:12:48:05 -0600] "GET /menuweb.files/icon_win98_7.gif HTTP/1.1" 304 - "http://www.asjudinet.com/menu_admin.php" "Mozilla/4.0 (compatible; MSIE 6.0; Windows NT 5.1; SV1; InfoPath.1)"
190.24.223.78 - - [18/Nov/2009:12:48:05 -0600] "GET /menuweb.files/icon_xp_7.gif HTTP/1.1" 304 - "http://www.asjudinet.com/menu_admin.php" "Mozilla/4.0 (compatible; MSIE 6.0; Windows NT 5.1; SV1; InfoPath.1)"
190.24.223.78 - - [18/Nov/2009:12:48:05 -0600] "GET /menuweb.files/arr_black_2.gif HTTP/1.1" 304 - "http://www.asjudinet.com/menu_admin.php" "Mozilla/4.0 (compatible; MSIE 6.0; Windows NT 5.1; SV1; InfoPath.1)"
190.24.223.78 - - [18/Nov/2009:12:48:05 -0600] "GET /menuweb.files/icon_xp2_1o.gif HTTP/1.1" 304 - "http://www.asjudinet.com/menu_admin.php" "Mozilla/4.0 (compatible; MSIE 6.0; Windows NT 5.1; SV1; InfoPath.1)"
190.24.223.78 - - [18/Nov/2009:12:48:05 -0600] "GET /menuweb.files/Gota1.png HTTP/1.1" 304 - "http://www.asjudinet.com/menu_admin.php" "Mozilla/4.0 (compatible; MSIE 6.0; Windows NT 5.1; SV1; InfoPath.1)"
190.24.223.78 - - [18/Nov/2009:12:48:05 -0600] "GET /menuweb.files/mac_pic1.gif HTTP/1.1" 304 - "http://www.asjudinet.com/menu_admin.php" "Mozilla/4.0 (compatible; MSIE 6.0; Windows NT 5.1; SV1; InfoPath.1)"
190.24.223.78 - - [18/Nov/2009:12:48:05 -0600] "GET /menuweb.files/icon_office_list.gif HTTP/1.1" 304 - "http://www.asjudinet.com/menu_admin.php" "Mozilla/4.0 (compatible; MSIE 6.0; Windows NT 5.1; SV1; InfoPath.1)"
190.24.223.78 - - [18/Nov/2009:12:48:05 -0600] "GET /menuweb.files/afiliado.PNG HTTP/1.1" 304 - "http://www.asjudinet.com/menu_admin.php" "Mozilla/4.0 (compatible; MSIE 6.0; Windows NT 5.1; SV1; InfoPath.1)"
190.24.223.78 - - [18/Nov/2009:12:48:05 -0600] "GET /menuweb.files/icon_office_pen2.gif HTTP/1.1" 304 - "http://www.asjudinet.com/menu_admin.php" "Mozilla/4.0 (compatible; MSIE 6.0; Windows NT 5.1; SV1; InfoPath.1)"
190.24.223.78 - - [18/Nov/2009:12:48:05 -0600] "GET /menuweb.files/icon_xp3_8.gif HTTP/1.1" 304 - "http://www.asjudinet.com/menu_admin.php" "Mozilla/4.0 (compatible; MSIE 6.0; Windows NT 5.1; SV1; InfoPath.1)"
190.24.223.78 - - [18/Nov/2009:12:48:05 -0600] "GET /menuweb.files/icon_xp3_12.gif HTTP/1.1" 304 - "http://www.asjudinet.com/menu_admin.php" "Mozilla/4.0 (compatible; MSIE 6.0; Windows NT 5.1; SV1; InfoPath.1)"
190.24.223.78 - - [18/Nov/2009:12:48:06 -0600] "GET /menuweb.files/icon_xp2_7o.gif HTTP/1.1" 304 - "http://www.asjudinet.com/menu_admin.php" "Mozilla/4.0 (compatible; MSIE 6.0; Windows NT 5.1; SV1; InfoPath.1)"
190.24.223.78 - - [18/Nov/2009:12:48:06 -0600] "GET /menuweb.files/mac_pic2.gif HTTP/1.1" 304 - "http://www.asjudinet.com/menu_admin.php" "Mozilla/4.0 (compatible; MSIE 6.0; Windows NT 5.1; SV1; InfoPath.1)"
190.24.223.78 - - [18/Nov/2009:12:48:06 -0600] "GET /menuweb.files/icons_xp_tuner.gif HTTP/1.1" 304 - "http://www.asjudinet.com/menu_admin.php" "Mozilla/4.0 (compatible; MSIE 6.0; Windows NT 5.1; SV1; InfoPath.1)"
190.24.223.78 - - [18/Nov/2009:12:48:06 -0600] "GET /menuweb.files/sm_back_xp.gif HTTP/1.1" 304 - "http://www.asjudinet.com/menu_admin.php" "Mozilla/4.0 (compatible; MSIE 6.0; Windows NT 5.1; SV1; InfoPath.1)"
190.24.223.78 - - [18/Nov/2009:12:48:06 -0600] "GET /menuweb.files/sm_back_xp2.gif HTTP/1.1" 304 - "http://www.asjudinet.com/menu_admin.php" "Mozilla/4.0 (compatible; MSIE 6.0; Windows NT 5.1; SV1; InfoPath.1)"
190.24.223.78 - - [18/Nov/2009:12:48:06 -0600] "GET /menuweb.files/cuadrado.gif HTTP/1.1" 304 - "http://www.asjudinet.com/menu_admin.php" "Mozilla/4.0 (compatible; MSIE 6.0; Windows NT 5.1; SV1; InfoPath.1)"
190.24.223.78 - - [18/Nov/2009:12:48:06 -0600] "GET /menuweb.files/arr_black_2.gif HTTP/1.1" 304 - "http://www.asjudinet.com/menu_admin.php" "Mozilla/4.0 (compatible; MSIE 6.0; Windows NT 5.1; SV1; InfoPath.1)"
190.24.223.78 - - [18/Nov/2009:12:48:06 -0600] "GET /menuweb.files/llave.gif HTTP/1.1" 304 - "http://www.asjudinet.com/menu_admin.php" "Mozilla/4.0 (compatible; MSIE 6.0; Windows NT 5.1; SV1; InfoPath.1)"
190.24.223.78 - - [18/Nov/2009:12:48:06 -0600] "GET /menuweb.files/icon_win98_5.gif HTTP/1.1" 304 - "http://www.asjudinet.com/menu_admin.php" "Mozilla/4.0 (compatible; MSIE 6.0; Windows NT 5.1; SV1; InfoPath.1)"
190.24.223.78 - - [18/Nov/2009:12:48:06 -0600] "GET /menuweb.files/arr_black_2.gif HTTP/1.1" 304 - "http://www.asjudinet.com/menu_admin.php" "Mozilla/4.0 (compatible; MSIE 6.0; Windows NT 5.1; SV1; InfoPath.1)"
190.24.223.78 - - [18/Nov/2009:12:48:06 -0600] "GET /menuweb.files/Gota1.png HTTP/1.1" 304 - "http://www.asjudinet.com/menu_admin.php" "Mozilla/4.0 (compatible; MSIE 6.0; Windows NT 5.1; SV1; InfoPath.1)"
190.24.223.78 - - [18/Nov/2009:12:48:06 -0600] "GET /menuweb.files/icon_win98_5.gif HTTP/1.1" 304 - "http://www.asjudinet.com/menu_admin.php" "Mozilla/4.0 (compatible; MSIE 6.0; Windows NT 5.1; SV1; InfoPath.1)"
190.24.223.78 - - [18/Nov/2009:12:48:06 -0600] "GET /menuweb.files/arr_black_2.gif HTTP/1.1" 304 - "http://www.asjudinet.com/menu_admin.php" "Mozilla/4.0 (compatible; MSIE 6.0; Windows NT 5.1; SV1; InfoPath.1)"
190.24.223.78 - - [18/Nov/2009:12:48:07 -0600] "GET /menuweb.files/arr_white_2.gif HTTP/1.1" 304 - "http://www.asjudinet.com/menu_admin.php" "Mozilla/4.0 (compatible; MSIE 6.0; Windows NT 5.1; SV1; InfoPath.1)"
190.24.223.78 - - [18/Nov/2009:12:48:07 -0600] "GET /menuweb.files/icon_clear_1red.gif HTTP/1.1" 304 - "http://www.asjudinet.com/menu_admin.php" "Mozilla/4.0 (compatible; MSIE 6.0; Windows NT 5.1; SV1; InfoPath.1)"
190.24.223.78 - - [18/Nov/2009:12:48:07 -0600] "POST /chat/chat.php HTTP/1.1" 200 17 "-" "Mozilla/4.0 (Windows XP 5.1) Java/1.6.0_17"
190.24.223.78 - - [18/Nov/2009:12:48:07 -0600] "GET /menuweb.files/icon_xp2_tunero.gif HTTP/1.1" 304 - "http://www.asjudinet.com/menu_admin.php" "Mozilla/4.0 (compatible; MSIE 6.0; Windows NT 5.1; SV1; InfoPath.1)"
190.24.223.78 - - [18/Nov/2009:12:48:07 -0600] "GET /menuweb.files/icon_xp2_tunero.gif HTTP/1.1" 304 - "http://www.asjudinet.com/menu_admin.php" "Mozilla/4.0 (compatible; MSIE 6.0; Windows NT 5.1; SV1; InfoPath.1)"
190.255.251.154 - - [18/Nov/2009:12:48:07 -0600] "POST /chat/chat.php HTTP/1.1" 200 17 "-" "Mozilla/4.0 (Windows XP 5.1) Java/1.6.0_11"
190.24.223.78 - - [18/Nov/2009:12:48:07 -0600] "GET /menuweb.files/icon_xp2_tunero.gif HTTP/1.1" 304 - "http://www.asjudinet.com/menu_admin.php" "Mozilla/4.0 (compatible; MSIE 6.0; Windows NT 5.1; SV1; InfoPath.1)"
190.24.223.78 - - [18/Nov/2009:12:48:07 -0600] "GET /menuweb.files/icon_xp2_tunero.gif HTTP/1.1" 304 - "http://www.asjudinet.com/menu_admin.php" "Mozilla/4.0 (compatible; MSIE 6.0; Windows NT 5.1; SV1; InfoPath.1)"
190.24.223.78 - - [18/Nov/2009:12:48:07 -0600] "GET /menuweb.files/icon_xp2_tunero.gif HTTP/1.1" 304 - "http://www.asjudinet.com/menu_admin.php" "Mozilla/4.0 (compatible; MSIE 6.0; Windows NT 5.1; SV1; InfoPath.1)"
190.24.223.78 - - [18/Nov/2009:12:48:07 -0600] "GET /menuweb.files/icon_xp2_tunero.gif HTTP/1.1" 304 - "http://www.asjudinet.com/menu_admin.php" "Mozilla/4.0 (compatible; MSIE 6.0; Windows NT 5.1; SV1; InfoPath.1)"
190.24.223.78 - - [18/Nov/2009:12:48:07 -0600] "GET /menuweb.files/icon_xp2_tunero.gif HTTP/1.1" 304 - "http://www.asjudinet.com/menu_admin.php" "Mozilla/4.0 (compatible; MSIE 6.0; Windows NT 5.1; SV1; InfoPath.1)"
190.24.223.78 - - [18/Nov/2009:12:48:07 -0600] "GET /menuweb.files/icon_xp2_tunero.gif HTTP/1.1" 304 - "http://www.asjudinet.com/menu_admin.php" "Mozilla/4.0 (compatible; MSIE 6.0; Windows NT 5.1; SV1; InfoPath.1)"
190.24.223.78 - - [18/Nov/2009:12:48:08 -0600] "GET /menuweb.files/arr_black_2.gif HTTP/1.1" 304 - "http://www.asjudinet.com/menu_admin.php" "Mozilla/4.0 (compatible; MSIE 6.0; Windows NT 5.1; SV1; InfoPath.1)"
190.24.223.78 - - [18/Nov/2009:12:48:08 -0600] "GET /menuweb.files/arr_white_2.gif HTTP/1.1" 304 - "http://www.asjudinet.com/menu_admin.php" "Mozilla/4.0 (compatible; MSIE 6.0; Windows NT 5.1; SV1; InfoPath.1)"
190.90.239.144 - - [18/Nov/2009:12:48:08 -0600] "POST /chat/chat.php HTTP/1.1" 200 17 "-" "Mozilla/4.0 (Windows XP 5.1) Java/1.6.0_15"
190.99.160.153 - - [18/Nov/2009:12:48:08 -0600] "POST /chat/chat.php HTTP/1.1" 200 17 "-" "Mozilla/4.0 (Windows XP 5.1) Java/1.6.0_15"
190.24.223.78 - - [18/Nov/2009:12:48:08 -0600] "GET /menuweb.files/sm_back_xp.gif HTTP/1.1" 304 - "http://www.asjudinet.com/menu_admin.php" "Mozilla/4.0 (compatible; MSIE 6.0; Windows NT 5.1; SV1; InfoPath.1)"
190.24.223.78 - - [18/Nov/2009:12:48:08 -0600] "GET /menuweb.files/arr_black_2.gif HTTP/1.1" 304 - "http://www.asjudinet.com/menu_admin.php" "Mozilla/4.0 (compatible; MSIE 6.0; Windows NT 5.1; SV1; InfoPath.1)"
190.255.173.67 - - [18/Nov/2009:12:48:08 -0600] "POST /chat/chat.php HTTP/1.1" 200 17 "-" "Mozilla/4.0 (Windows XP 5.1) Java/1.6.0_11"
190.24.223.78 - - [18/Nov/2009:12:48:08 -0600] "GET /menuweb.files/sm_back_xp.gif HTTP/1.1" 304 - "http://www.asjudinet.com/menu_admin.php" "Mozilla/4.0 (compatible; MSIE 6.0; Windows NT 5.1; SV1; InfoPath.1)"
190.24.223.78 - - [18/Nov/2009:12:48:08 -0600] "GET /menuweb.files/sm_back_xp2.gif HTTP/1.1" 304 - "http://www.asjudinet.com/menu_admin.php" "Mozilla/4.0 (compatible; MSIE 6.0; Windows NT 5.1; SV1; InfoPath.1)"
190.24.223.78 - - [18/Nov/2009:12:48:08 -0600] "GET /menuweb.files/sm_back_xp.gif HTTP/1.1" 304 - "http://www.asjudinet.com/menu_admin.php" "Mozilla/4.0 (compatible; MSIE 6.0; Windows NT 5.1; SV1; InfoPath.1)"
190.24.223.78 - - [18/Nov/2009:12:48:09 -0600] "GET /menuweb.files/sm_back_xp.gif HTTP/1.1" 304 - "http://www.asjudinet.com/menu_admin.php" "Mozilla/4.0 (compatible; MSIE 6.0; Windows NT 5.1; SV1; InfoPath.1)"
190.157.32.99 - - [18/Nov/2009:12:48:09 -0600] "POST /chat/chat.php HTTP/1.1" 200 17 "-" "Mozilla/4.0 (Windows XP 5.1) Java/1.6.0_16"
190.24.223.78 - - [18/Nov/2009:12:48:09 -0600] "GET /menuweb.files/sm_back_xp.gif HTTP/1.1" 304 - "http://www.asjudinet.com/menu_admin.php" "Mozilla/4.0 (compatible; MSIE 6.0; Windows NT 5.1; SV1; InfoPath.1)"
190.24.223.78 - - [18/Nov/2009:12:48:09 -0600] "GET /menuweb.files/sm_back_xp.gif HTTP/1.1" 304 - "http://www.asjudinet.com/menu_admin.php" "Mozilla/4.0 (compatible; MSIE 6.0; Windows NT 5.1; SV1; InfoPath.1)"
190.24.223.78 - - [18/Nov/2009:12:48:09 -0600] "GET /menuweb.files/sm_back_xp.gif HTTP/1.1" 304 - "http://www.asjudinet.com/menu_admin.php" "Mozilla/4.0 (compatible; MSIE 6.0; Windows NT 5.1; SV1; InfoPath.1)"
201.228.40.146 - - [18/Nov/2009:12:48:09 -0600] "POST /chat/chat.php HTTP/1.1" 200 17 "-" "Mozilla/4.0 (Windows XP 5.1) Java/1.6.0_11"
190.24.223.78 - - [18/Nov/2009:12:48:08 -0600] "GET /listado_general_respuesta_pen.php HTTP/1.1" 200 45415 "-" "Mozilla/4.0 (compatible; MSIE 6.0; Windows NT 5.1; SV1; InfoPath.1)"
190.24.223.78 - - [18/Nov/2009:12:48:12 -0600] "POST /chat/chat.php HTTP/1.1" 200 17 "-" "Mozilla/4.0 (Windows XP 5.1) Java/1.6.0_17"
190.255.251.154 - - [18/Nov/2009:12:48:12 -0600] "POST /chat/chat.php HTTP/1.1" 200 17 "-" "Mozilla/4.0 (Windows XP 5.1) Java/1.6.0_11"
190.90.239.144 - - [18/Nov/2009:12:48:13 -0600] "POST /chat/chat.php HTTP/1.1" 200 17 "-" "Mozilla/4.0 (Windows XP 5.1) Java/1.6.0_15"
190.99.160.153 - - [18/Nov/2009:12:48:13 -0600] "POST /chat/chat.php HTTP/1.1" 200 17 "-" "Mozilla/4.0 (Windows XP 5.1) Java/1.6.0_15"
190.255.173.67 - - [18/Nov/2009:12:48:13 -0600] "POST /chat/chat.php HTTP/1.1" 200 17 "-" "Mozilla/4.0 (Windows XP 5.1) Java/1.6.0_11"
190.157.32.99 - - [18/Nov/2009:12:48:14 -0600] "POST /chat/chat.php HTTP/1.1" 200 17 "-" "Mozilla/4.0 (Windows XP 5.1) Java/1.6.0_16"
201.228.40.146 - - [18/Nov/2009:12:48:14 -0600] "POST /chat/chat.php HTTP/1.1" 200 17 "-" "Mozilla/4.0 (Windows XP 5.1) Java/1.6.0_11"
190.24.223.78 - - [18/Nov/2009:12:48:17 -0600] "POST /chat/chat.php HTTP/1.1" 200 17 "-" "Mozilla/4.0 (Windows XP 5.1) Java/1.6.0_17"
190.255.251.154 - - [18/Nov/2009:12:48:17 -0600] "POST /chat/chat.php HTTP/1.1" 200 17 "-" "Mozilla/4.0 (Windows XP 5.1) Java/1.6.0_11"
190.90.239.144 - - [18/Nov/2009:12:48:18 -0600] "POST /chat/chat.php HTTP/1.1" 200 17 "-" "Mozilla/4.0 (Windows XP 5.1) Java/1.6.0_15"
190.99.160.153 - - [18/Nov/2009:12:48:18 -0600] "POST /chat/chat.php HTTP/1.1" 200 17 "-" "Mozilla/4.0 (Windows XP 5.1) Java/1.6.0_15"
190.255.173.67 - - [18/Nov/2009:12:48:18 -0600] "POST /chat/chat.php HTTP/1.1" 200 17 "-" "Mozilla/4.0 (Windows XP 5.1) Java/1.6.0_11"
190.157.32.99 - - [18/Nov/2009:12:48:19 -0600] "POST /chat/chat.php HTTP/1.1" 200 17 "-" "Mozilla/4.0 (Windows XP 5.1) Java/1.6.0_16"
201.228.40.146 - - [18/Nov/2009:12:48:19 -0600] "POST /chat/chat.php HTTP/1.1" 200 17 "-" "Mozilla/4.0 (Windows XP 5.1) Java/1.6.0_11"
190.24.223.78 - - [18/Nov/2009:12:48:20 -0600] "POST /listar_carpetas.php HTTP/1.1" 200 5324 "http://www.asjudinet.com/listar_carpetas.php" "Mozilla/4.0 (compatible; MSIE 6.0; Windows NT 5.1; SV1)"
190.24.223.78 - - [18/Nov/2009:12:48:22 -0600] "POST /chat/chat.php HTTP/1.1" 200 17 "-" "Mozilla/4.0 (Windows XP 5.1) Java/1.6.0_17"
190.3.196.140 - - [18/Nov/2009:12:48:22 -0600] "GET /modificar_dir_index.php HTTP/1.1" 200 3981 "http://www.asjudinet.com/servicio_cliente.php" "Mozilla/5.0 (Windows; U; Windows NT 5.1; en-US) AppleWebKit/532.0 (KHTML, like Gecko) Chrome/3.0.195.33 Safari/532.0"
190.3.196.140 - - [18/Nov/2009:12:48:22 -0600] "GET /modificar_dir_index.php HTTP/1.1" 200 3981 "http://www.asjudinet.com/servicio_cliente.php" "Mozilla/5.0 (Windows; U; Windows NT 5.1; en-US) AppleWebKit/532.0 (KHTML, like Gecko) Chrome/3.0.195.33 Safari/532.0"
190.255.251.154 - - [18/Nov/2009:12:48:23 -0600] "POST /chat/chat.php HTTP/1.1" 200 17 "-" "Mozilla/4.0 (Windows XP 5.1) Java/1.6.0_11"
190.3.196.140 - - [18/Nov/2009:12:48:23 -0600] "GET /modificar_dir_index.php HTTP/1.1" 200 3981 "http://www.asjudinet.com/modificar_dir_index.php" "Mozilla/5.0 (Windows; U; Windows NT 5.1; en-US) AppleWebKit/532.0 (KHTML, like Gecko) Chrome/3.0.195.33 Safari/532.0"
190.3.196.140 - - [18/Nov/2009:12:48:23 -0600] "GET /favicon.ico HTTP/1.1" 404 278 "-" "Mozilla/5.0 (Windows; U; Windows NT 5.1; en-US) AppleWebKit/532.0 (KHTML, like Gecko) Chrome/3.0.195.33 Safari/532.0"
190.90.239.144 - - [18/Nov/2009:12:48:23 -0600] "POST /chat/chat.php HTTP/1.1" 200 17 "-" "Mozilla/4.0 (Windows XP 5.1) Java/1.6.0_15"
190.99.160.153 - - [18/Nov/2009:12:48:23 -0600] "POST /chat/chat.php HTTP/1.1" 200 17 "-" "Mozilla/4.0 (Windows XP 5.1) Java/1.6.0_15"
190.255.173.67 - - [18/Nov/2009:12:48:24 -0600] "POST /chat/chat.php HTTP/1.1" 200 17 "-" "Mozilla/4.0 (Windows XP 5.1) Java/1.6.0_11"
190.157.32.99 - - [18/Nov/2009:12:48:24 -0600] "POST /chat/chat.php HTTP/1.1" 200 17 "-" "Mozilla/4.0 (Windows XP 5.1) Java/1.6.0_16"
201.228.40.146 - - [18/Nov/2009:12:48:25 -0600] "POST /chat/chat.php HTTP/1.1" 200 17 "-" "Mozilla/4.0 (Windows XP 5.1) Java/1.6.0_11"
200.11.45.150 - - [18/Nov/2009:12:48:25 -0600] "GET /chat/chat.jar HTTP/1.1" 304 - "-" "Mozilla/4.0 (Windows XP 5.1) Java/1.6.0_16"
200.11.45.150 - - [18/Nov/2009:12:48:26 -0600] "GET /chat/config.txt HTTP/1.1" 304 - "-" "Mozilla/4.0 (Windows XP 5.1) Java/1.6.0_16"
190.24.223.78 - - [18/Nov/2009:12:48:27 -0600] "POST /chat/chat.php HTTP/1.1" 200 17 "-" "Mozilla/4.0 (Windows XP 5.1) Java/1.6.0_17"
190.255.251.154 - - [18/Nov/2009:12:48:28 -0600] "POST /chat/chat.php HTTP/1.1" 200 17 "-" "Mozilla/4.0 (Windows XP 5.1) Java/1.6.0_11"
190.90.239.144 - - [18/Nov/2009:12:48:28 -0600] "POST /chat/chat.php HTTP/1.1" 200 17 "-" "Mozilla/4.0 (Windows XP 5.1) Java/1.6.0_15"
190.99.160.153 - - [18/Nov/2009:12:48:28 -0600] "POST /chat/chat.php HTTP/1.1" 200 17 "-" "Mozilla/4.0 (Windows XP 5.1) Java/1.6.0_15"
190.255.173.67 - - [18/Nov/2009:12:48:29 -0600] "POST /chat/chat.php HTTP/1.1" 200 17 "-" "Mozilla/4.0 (Windows XP 5.1) Java/1.6.0_11"
200.11.45.150 - - [18/Nov/2009:12:48:29 -0600] "GET /chat/smiles.gif HTTP/1.1" 304 - "-" "Mozilla/4.0 (Windows XP 5.1) Java/1.6.0_16"
190.157.32.99 - - [18/Nov/2009:12:48:29 -0600] "POST /chat/chat.php HTTP/1.1" 200 17 "-" "Mozilla/4.0 (Windows XP 5.1) Java/1.6.0_16"
190.24.223.78 - - [18/Nov/2009:12:48:29 -0600] "GET /menu_cobranzas_jur.php HTTP/1.1" 200 6888 "-" "Mozilla/4.0 (compatible; MSIE 6.0; Windows NT 5.1; SV1)"
200.11.45.150 - - [18/Nov/2009:12:48:30 -0600] "GET /chat/rooms.txt HTTP/1.1" 304 - "-" "Mozilla/4.0 (Windows XP 5.1) Java/1.6.0_16"
