190.255.251.154 - - [18/Nov/2009:12:44:11 -0600] "POST /chat/chat.php HTTP/1.1" 200 17 "-" "Mozilla/4.0 (Windows XP 5.1) Java/1.6.0_11"
190.99.160.153 - - [18/Nov/2009:12:44:11 -0600] "POST /chat/chat.php HTTP/1.1" 200 17 "-" "Mozilla/4.0 (Windows XP 5.1) Java/1.6.0_15"
190.90.239.144 - - [18/Nov/2009:12:44:11 -0600] "POST /chat/chat.php HTTP/1.1" 200 17 "-" "Mozilla/4.0 (Windows XP 5.1) Java/1.6.0_15"
201.228.40.146 - - [18/Nov/2009:12:44:12 -0600] "POST /chat/chat.php HTTP/1.1" 200 17 "-" "Mozilla/4.0 (Windows XP 5.1) Java/1.6.0_11"
190.255.173.67 - - [18/Nov/2009:12:44:12 -0600] "POST /chat/chat.php HTTP/1.1" 200 17 "-" "Mozilla/4.0 (Windows XP 5.1) Java/1.6.0_11"
190.157.32.99 - - [18/Nov/2009:12:44:12 -0600] "POST /chat/chat.php HTTP/1.1" 200 17 "-" "Mozilla/4.0 (Windows XP 5.1) Java/1.6.0_16"
190.24.223.78 - - [18/Nov/2009:12:44:12 -0600] "POST /consulta_ced_enviar_correo_afi.php HTTP/1.1" 200 5253 "http://www.asjudinet.com/consulta_ced_enviar_correo_afi.php" "Mozilla/4.0 (compatible; MSIE 6.0; Windows NT 5.1; SV1; InfoPath.1)"
190.24.223.78 - - [18/Nov/2009:12:44:13 -0600] "POST /chat/chat.php HTTP/1.1" 200 17 "-" "Mozilla/4.0 (Windows XP 5.1) Java/1.6.0_17"
190.24.223.78 - - [18/Nov/2009:12:44:14 -0600] "GET /Enviar_Respuestas_correo_afiliados.php?cedula=11442668&radica=3424&id=14711 HTTP/1.1" 200 14141 "-" "Mozilla/4.0 (compatible; MSIE 6.0; Windows NT 5.1; SV1; InfoPath.1)"
190.255.251.154 - - [18/Nov/2009:12:44:16 -0600] "POST /chat/chat.php HTTP/1.1" 200 17 "-" "Mozilla/4.0 (Windows XP 5.1) Java/1.6.0_11"
190.99.160.153 - - [18/Nov/2009:12:44:17 -0600] "POST /chat/chat.php HTTP/1.1" 200 17 "-" "Mozilla/4.0 (Windows XP 5.1) Java/1.6.0_15"
190.90.239.144 - - [18/Nov/2009:12:44:17 -0600] "POST /chat/chat.php HTTP/1.1" 200 17 "-" "Mozilla/4.0 (Windows XP 5.1) Java/1.6.0_15"
190.255.173.67 - - [18/Nov/2009:12:44:17 -0600] "POST /chat/chat.php HTTP/1.1" 200 17 "-" "Mozilla/4.0 (Windows XP 5.1) Java/1.6.0_11"
190.157.32.99 - - [18/Nov/2009:12:44:17 -0600] "POST /chat/chat.php HTTP/1.1" 200 17 "-" "Mozilla/4.0 (Windows XP 5.1) Java/1.6.0_16"
190.24.223.78 - - [18/Nov/2009:12:44:19 -0600] "POST /chat/chat.php HTTP/1.1" 200 17 "-" "Mozilla/4.0 (Windows XP 5.1) Java/1.6.0_17"
190.255.251.154 - - [18/Nov/2009:12:44:21 -0600] "POST /chat/chat.php HTTP/1.1" 200 17 "-" "Mozilla/4.0 (Windows XP 5.1) Java/1.6.0_11"
201.228.40.146 - - [18/Nov/2009:12:44:22 -0600] "POST /chat/chat.php HTTP/1.1" 200 17 "-" "Mozilla/4.0 (Windows XP 5.1) Java/1.6.0_11"
190.99.160.153 - - [18/Nov/2009:12:44:22 -0600] "POST /chat/chat.php HTTP/1.1" 200 17 "-" "Mozilla/4.0 (Windows XP 5.1) Java/1.6.0_15"
190.90.239.144 - - [18/Nov/2009:12:44:22 -0600] "POST /chat/chat.php HTTP/1.1" 200 17 "-" "Mozilla/4.0 (Windows XP 5.1) Java/1.6.0_15"
190.255.173.67 - - [18/Nov/2009:12:44:22 -0600] "POST /chat/chat.php HTTP/1.1" 200 17 "-" "Mozilla/4.0 (Windows XP 5.1) Java/1.6.0_11"
190.157.32.99 - - [18/Nov/2009:12:44:22 -0600] "POST /chat/chat.php HTTP/1.1" 200 17 "-" "Mozilla/4.0 (Windows XP 5.1) Java/1.6.0_16"
190.24.223.78 - - [18/Nov/2009:12:44:24 -0600] "POST /chat/chat.php HTTP/1.1" 200 17 "-" "Mozilla/4.0 (Windows XP 5.1) Java/1.6.0_17"
190.255.251.154 - - [18/Nov/2009:12:44:26 -0600] "POST /chat/chat.php HTTP/1.1" 200 17 "-" "Mozilla/4.0 (Windows XP 5.1) Java/1.6.0_11"
190.99.160.153 - - [18/Nov/2009:12:44:27 -0600] "POST /chat/chat.php HTTP/1.1" 200 17 "-" "Mozilla/4.0 (Windows XP 5.1) Java/1.6.0_15"
190.90.239.144 - - [18/Nov/2009:12:44:27 -0600] "POST /chat/chat.php HTTP/1.1" 200 17 "-" "Mozilla/4.0 (Windows XP 5.1) Java/1.6.0_15"
190.255.173.67 - - [18/Nov/2009:12:44:27 -0600] "POST /chat/chat.php HTTP/1.1" 200 17 "-" "Mozilla/4.0 (Windows XP 5.1) Java/1.6.0_11"
190.157.32.99 - - [18/Nov/2009:12:44:27 -0600] "POST /chat/chat.php HTTP/1.1" 200 17 "-" "Mozilla/4.0 (Windows XP 5.1) Java/1.6.0_16"
190.24.223.78 - - [18/Nov/2009:12:44:29 -0600] "POST /chat/chat.php HTTP/1.1" 200 17 "-" "Mozilla/4.0 (Windows XP 5.1) Java/1.6.0_17"
190.255.251.154 - - [18/Nov/2009:12:44:32 -0600] "POST /chat/chat.php HTTP/1.1" 200 17 "-" "Mozilla/4.0 (Windows XP 5.1) Java/1.6.0_11"
190.99.160.153 - - [18/Nov/2009:12:44:32 -0600] "POST /chat/chat.php HTTP/1.1" 200 17 "-" "Mozilla/4.0 (Windows XP 5.1) Java/1.6.0_15"
190.90.239.144 - - [18/Nov/2009:12:44:32 -0600] "POST /chat/chat.php HTTP/1.1" 200 17 "-" "Mozilla/4.0 (Windows XP 5.1) Java/1.6.0_15"
190.255.173.67 - - [18/Nov/2009:12:44:32 -0600] "POST /chat/chat.php HTTP/1.1" 200 17 "-" "Mozilla/4.0 (Windows XP 5.1) Java/1.6.0_11"
190.157.32.99 - - [18/Nov/2009:12:44:33 -0600] "POST /chat/chat.php HTTP/1.1" 200 17 "-" "Mozilla/4.0 (Windows XP 5.1) Java/1.6.0_16"
201.228.40.146 - - [18/Nov/2009:12:44:34 -0600] "POST /chat/chat.php HTTP/1.1" 200 17 "-" "Mozilla/4.0 (Windows XP 5.1) Java/1.6.0_11"
190.24.223.78 - - [18/Nov/2009:12:44:34 -0600] "POST /chat/chat.php HTTP/1.1" 200 17 "-" "Mozilla/4.0 (Windows XP 5.1) Java/1.6.0_17"
190.255.251.154 - - [18/Nov/2009:12:44:37 -0600] "POST /chat/chat.php HTTP/1.1" 200 17 "-" "Mozilla/4.0 (Windows XP 5.1) Java/1.6.0_11"
190.99.160.153 - - [18/Nov/2009:12:44:37 -0600] "POST /chat/chat.php HTTP/1.1" 200 17 "-" "Mozilla/4.0 (Windows XP 5.1) Java/1.6.0_15"
190.90.239.144 - - [18/Nov/2009:12:44:37 -0600] "POST /chat/chat.php HTTP/1.1" 200 17 "-" "Mozilla/4.0 (Windows XP 5.1) Java/1.6.0_15"
190.255.173.67 - - [18/Nov/2009:12:44:37 -0600] "POST /chat/chat.php HTTP/1.1" 200 17 "-" "Mozilla/4.0 (Windows XP 5.1) Java/1.6.0_11"
190.157.32.99 - - [18/Nov/2009:12:44:38 -0600] "POST /chat/chat.php HTTP/1.1" 200 17 "-" "Mozilla/4.0 (Windows XP 5.1) Java/1.6.0_16"
201.228.40.146 - - [18/Nov/2009:12:44:39 -0600] "POST /chat/chat.php HTTP/1.1" 200 17 "-" "Mozilla/4.0 (Windows XP 5.1) Java/1.6.0_11"
190.24.223.78 - - [18/Nov/2009:12:44:39 -0600] "POST /chat/chat.php HTTP/1.1" 200 17 "-" "Mozilla/4.0 (Windows XP 5.1) Java/1.6.0_17"
190.255.251.154 - - [18/Nov/2009:12:44:42 -0600] "POST /chat/chat.php HTTP/1.1" 200 17 "-" "Mozilla/4.0 (Windows XP 5.1) Java/1.6.0_11"
190.99.160.153 - - [18/Nov/2009:12:44:42 -0600] "POST /chat/chat.php HTTP/1.1" 200 17 "-" "Mozilla/4.0 (Windows XP 5.1) Java/1.6.0_15"
190.90.239.144 - - [18/Nov/2009:12:44:42 -0600] "POST /chat/chat.php HTTP/1.1" 200 17 "-" "Mozilla/4.0 (Windows XP 5.1) Java/1.6.0_15"
190.255.173.67 - - [18/Nov/2009:12:44:43 -0600] "POST /chat/chat.php HTTP/1.1" 200 17 "-" "Mozilla/4.0 (Windows XP 5.1) Java/1.6.0_11"
190.157.32.99 - - [18/Nov/2009:12:44:43 -0600] "POST /chat/chat.php HTTP/1.1" 200 17 "-" "Mozilla/4.0 (Windows XP 5.1) Java/1.6.0_16"
201.228.40.146 - - [18/Nov/2009:12:44:44 -0600] "POST /chat/chat.php HTTP/1.1" 200 17 "-" "Mozilla/4.0 (Windows XP 5.1) Java/1.6.0_11"
190.24.223.78 - - [18/Nov/2009:12:44:44 -0600] "POST /chat/chat.php HTTP/1.1" 200 17 "-" "Mozilla/4.0 (Windows XP 5.1) Java/1.6.0_17"
190.255.251.154 - - [18/Nov/2009:12:44:47 -0600] "POST /chat/chat.php HTTP/1.1" 200 17 "-" "Mozilla/4.0 (Windows XP 5.1) Java/1.6.0_11"
190.99.160.153 - - [18/Nov/2009:12:44:47 -0600] "POST /chat/chat.php HTTP/1.1" 200 17 "-" "Mozilla/4.0 (Windows XP 5.1) Java/1.6.0_15"
190.90.239.144 - - [18/Nov/2009:12:44:47 -0600] "POST /chat/chat.php HTTP/1.1" 200 17 "-" "Mozilla/4.0 (Windows XP 5.1) Java/1.6.0_15"
190.255.173.67 - - [18/Nov/2009:12:44:48 -0600] "POST /chat/chat.php HTTP/1.1" 200 17 "-" "Mozilla/4.0 (Windows XP 5.1) Java/1.6.0_11"
190.157.32.99 - - [18/Nov/2009:12:44:48 -0600] "POST /chat/chat.php HTTP/1.1" 200 17 "-" "Mozilla/4.0 (Windows XP 5.1) Java/1.6.0_16"
190.24.223.78 - - [18/Nov/2009:12:44:50 -0600] "POST /chat/chat.php HTTP/1.1" 200 17 "-" "Mozilla/4.0 (Windows XP 5.1) Java/1.6.0_17"
190.255.251.154 - - [18/Nov/2009:12:44:52 -0600] "POST /chat/chat.php HTTP/1.1" 200 17 "-" "Mozilla/4.0 (Windows XP 5.1) Java/1.6.0_11"
190.90.239.144 - - [18/Nov/2009:12:44:53 -0600] "POST /chat/chat.php HTTP/1.1" 200 17 "-" "Mozilla/4.0 (Windows XP 5.1) Java/1.6.0_15"
190.99.160.153 - - [18/Nov/2009:12:44:53 -0600] "POST /chat/chat.php HTTP/1.1" 200 17 "-" "Mozilla/4.0 (Windows XP 5.1) Java/1.6.0_15"
190.255.173.67 - - [18/Nov/2009:12:44:53 -0600] "POST /chat/chat.php HTTP/1.1" 200 17 "-" "Mozilla/4.0 (Windows XP 5.1) Java/1.6.0_11"
190.157.32.99 - - [18/Nov/2009:12:44:53 -0600] "POST /chat/chat.php HTTP/1.1" 200 17 "-" "Mozilla/4.0 (Windows XP 5.1) Java/1.6.0_16"
190.24.223.78 - - [18/Nov/2009:12:44:55 -0600] "POST /chat/chat.php HTTP/1.1" 200 17 "-" "Mozilla/4.0 (Windows XP 5.1) Java/1.6.0_17"
201.228.40.146 - - [18/Nov/2009:12:44:56 -0600] "POST /chat/chat.php HTTP/1.1" 200 17 "-" "Mozilla/4.0 (Windows XP 5.1) Java/1.6.0_11"
190.90.239.144 - - [18/Nov/2009:12:44:58 -0600] "POST /chat/chat.php HTTP/1.1" 200 17 "-" "Mozilla/4.0 (Windows XP 5.1) Java/1.6.0_15"
190.99.160.153 - - [18/Nov/2009:12:44:58 -0600] "POST /chat/chat.php HTTP/1.1" 200 17 "-" "Mozilla/4.0 (Windows XP 5.1) Java/1.6.0_15"
190.255.251.154 - - [18/Nov/2009:12:44:58 -0600] "POST /chat/chat.php HTTP/1.1" 200 17 "-" "Mozilla/4.0 (Windows XP 5.1) Java/1.6.0_11"
190.255.173.67 - - [18/Nov/2009:12:44:58 -0600] "POST /chat/chat.php HTTP/1.1" 200 17 "-" "Mozilla/4.0 (Windows XP 5.1) Java/1.6.0_11"
190.157.32.99 - - [18/Nov/2009:12:44:58 -0600] "POST /chat/chat.php HTTP/1.1" 200 17 "-" "Mozilla/4.0 (Windows XP 5.1) Java/1.6.0_16"
190.24.223.78 - - [18/Nov/2009:12:45:00 -0600] "POST /chat/chat.php HTTP/1.1" 200 17 "-" "Mozilla/4.0 (Windows XP 5.1) Java/1.6.0_17"
201.228.40.146 - - [18/Nov/2009:12:45:02 -0600] "POST /chat/chat.php HTTP/1.1" 200 17 "-" "Mozilla/4.0 (Windows XP 5.1) Java/1.6.0_11"
190.99.160.153 - - [18/Nov/2009:12:45:03 -0600] "POST /chat/chat.php HTTP/1.1" 200 17 "-" "Mozilla/4.0 (Windows XP 5.1) Java/1.6.0_15"
190.255.251.154 - - [18/Nov/2009:12:45:03 -0600] "POST /chat/chat.php HTTP/1.1" 200 17 "-" "Mozilla/4.0 (Windows XP 5.1) Java/1.6.0_11"
190.255.173.67 - - [18/Nov/2009:12:45:03 -0600] "POST /chat/chat.php HTTP/1.1" 200 17 "-" "Mozilla/4.0 (Windows XP 5.1) Java/1.6.0_11"
190.90.239.144 - - [18/Nov/2009:12:45:03 -0600] "POST /chat/chat.php HTTP/1.1" 200 17 "-" "Mozilla/4.0 (Windows XP 5.1) Java/1.6.0_15"
190.157.32.99 - - [18/Nov/2009:12:45:03 -0600] "POST /chat/chat.php HTTP/1.1" 200 17 "-" "Mozilla/4.0 (Windows XP 5.1) Java/1.6.0_16"
190.24.223.78 - - [18/Nov/2009:12:45:05 -0600] "POST /chat/chat.php HTTP/1.1" 200 17 "-" "Mozilla/4.0 (Windows XP 5.1) Java/1.6.0_17"
201.228.40.146 - - [18/Nov/2009:12:45:07 -0600] "POST /chat/chat.php HTTP/1.1" 200 17 "-" "Mozilla/4.0 (Windows XP 5.1) Java/1.6.0_11"
190.99.160.153 - - [18/Nov/2009:12:45:08 -0600] "POST /chat/chat.php HTTP/1.1" 200 17 "-" "Mozilla/4.0 (Windows XP 5.1) Java/1.6.0_15"
190.255.251.154 - - [18/Nov/2009:12:45:08 -0600] "POST /chat/chat.php HTTP/1.1" 200 17 "-" "Mozilla/4.0 (Windows XP 5.1) Java/1.6.0_11"
190.255.173.67 - - [18/Nov/2009:12:45:08 -0600] "POST /chat/chat.php HTTP/1.1" 200 17 "-" "Mozilla/4.0 (Windows XP 5.1) Java/1.6.0_11"
190.90.239.144 - - [18/Nov/2009:12:45:08 -0600] "POST /chat/chat.php HTTP/1.1" 200 17 "-" "Mozilla/4.0 (Windows XP 5.1) Java/1.6.0_15"
190.157.32.99 - - [18/Nov/2009:12:45:09 -0600] "POST /chat/chat.php HTTP/1.1" 200 17 "-" "Mozilla/4.0 (Windows XP 5.1) Java/1.6.0_16"
190.24.223.78 - - [18/Nov/2009:12:45:10 -0600] "POST /chat/chat.php HTTP/1.1" 200 17 "-" "Mozilla/4.0 (Windows XP 5.1) Java/1.6.0_17"
190.99.160.153 - - [18/Nov/2009:12:45:13 -0600] "POST /chat/chat.php HTTP/1.1" 200 17 "-" "Mozilla/4.0 (Windows XP 5.1) Java/1.6.0_15"
190.255.251.154 - - [18/Nov/2009:12:45:13 -0600] "POST /chat/chat.php HTTP/1.1" 200 17 "-" "Mozilla/4.0 (Windows XP 5.1) Java/1.6.0_11"
190.255.173.67 - - [18/Nov/2009:12:45:13 -0600] "POST /chat/chat.php HTTP/1.1" 200 17 "-" "Mozilla/4.0 (Windows XP 5.1) Java/1.6.0_11"
190.90.239.144 - - [18/Nov/2009:12:45:13 -0600] "POST /chat/chat.php HTTP/1.1" 200 17 "-" "Mozilla/4.0 (Windows XP 5.1) Java/1.6.0_15"
190.157.32.99 - - [18/Nov/2009:12:45:14 -0600] "POST /chat/chat.php HTTP/1.1" 200 17 "-" "Mozilla/4.0 (Windows XP 5.1) Java/1.6.0_16"
190.24.223.78 - - [18/Nov/2009:12:45:16 -0600] "POST /chat/chat.php HTTP/1.1" 200 17 "-" "Mozilla/4.0 (Windows XP 5.1) Java/1.6.0_17"
201.228.40.146 - - [18/Nov/2009:12:45:17 -0600] "POST /chat/chat.php HTTP/1.1" 200 17 "-" "Mozilla/4.0 (Windows XP 5.1) Java/1.6.0_11"
190.99.160.153 - - [18/Nov/2009:12:45:18 -0600] "POST /chat/chat.php HTTP/1.1" 200 17 "-" "Mozilla/4.0 (Windows XP 5.1) Java/1.6.0_15"
190.255.173.67 - - [18/Nov/2009:12:45:19 -0600] "POST /chat/chat.php HTTP/1.1" 200 17 "-" "Mozilla/4.0 (Windows XP 5.1) Java/1.6.0_11"
190.90.239.144 - - [18/Nov/2009:12:45:19 -0600] "POST /chat/chat.php HTTP/1.1" 200 17 "-" "Mozilla/4.0 (Windows XP 5.1) Java/1.6.0_15"
190.255.251.154 - - [18/Nov/2009:12:45:19 -0600] "POST /chat/chat.php HTTP/1.1" 200 17 "-" "Mozilla/4.0 (Windows XP 5.1) Java/1.6.0_11"
190.157.32.99 - - [18/Nov/2009:12:45:19 -0600] "POST /chat/chat.php HTTP/1.1" 200 17 "-" "Mozilla/4.0 (Windows XP 5.1) Java/1.6.0_16"
190.24.223.78 - - [18/Nov/2009:12:45:21 -0600] "POST /chat/chat.php HTTP/1.1" 200 17 "-" "Mozilla/4.0 (Windows XP 5.1) Java/1.6.0_17"
201.228.40.146 - - [18/Nov/2009:12:45:23 -0600] "POST /chat/chat.php HTTP/1.1" 200 17 "-" "Mozilla/4.0 (Windows XP 5.1) Java/1.6.0_11"
190.99.160.153 - - [18/Nov/2009:12:45:23 -0600] "POST /chat/chat.php HTTP/1.1" 200 17 "-" "Mozilla/4.0 (Windows XP 5.1) Java/1.6.0_15"
190.255.173.67 - - [18/Nov/2009:12:45:24 -0600] "POST /chat/chat.php HTTP/1.1" 200 17 "-" "Mozilla/4.0 (Windows XP 5.1) Java/1.6.0_11"
190.90.239.144 - - [18/Nov/2009:12:45:24 -0600] "POST /chat/chat.php HTTP/1.1" 200 17 "-" "Mozilla/4.0 (Windows XP 5.1) Java/1.6.0_15"
190.255.251.154 - - [18/Nov/2009:12:45:24 -0600] "POST /chat/chat.php HTTP/1.1" 200 17 "-" "Mozilla/4.0 (Windows XP 5.1) Java/1.6.0_11"
190.157.32.99 - - [18/Nov/2009:12:45:24 -0600] "POST /chat/chat.php HTTP/1.1" 200 17 "-" "Mozilla/4.0 (Windows XP 5.1) Java/1.6.0_16"
190.24.223.78 - - [18/Nov/2009:12:45:26 -0600] "POST /chat/chat.php HTTP/1.1" 200 17 "-" "Mozilla/4.0 (Windows XP 5.1) Java/1.6.0_17"
190.24.223.78 - - [18/Nov/2009:12:45:27 -0600] "POST /seguimiento_cobranza.php?id=5880514&carpeta=239&ced= HTTP/1.1" 200 12027 "http://www.asjudinet.com/seguimiento_cobranza.php?id=5880514&carpeta=239&ced=" "Mozilla/4.0 (compatible; MSIE 6.0; Windows NT 5.1; SV1)"
201.228.40.146 - - [18/Nov/2009:12:45:28 -0600] "POST /chat/chat.php HTTP/1.1" 200 17 "-" "Mozilla/4.0 (Windows XP 5.1) Java/1.6.0_11"
190.99.160.153 - - [18/Nov/2009:12:45:28 -0600] "POST /chat/chat.php HTTP/1.1" 200 17 "-" "Mozilla/4.0 (Windows XP 5.1) Java/1.6.0_15"
190.255.173.67 - - [18/Nov/2009:12:45:29 -0600] "POST /chat/chat.php HTTP/1.1" 200 17 "-" "Mozilla/4.0 (Windows XP 5.1) Java/1.6.0_11"
190.90.239.144 - - [18/Nov/2009:12:45:29 -0600] "POST /chat/chat.php HTTP/1.1" 200 17 "-" "Mozilla/4.0 (Windows XP 5.1) Java/1.6.0_15"
190.255.251.154 - - [18/Nov/2009:12:45:29 -0600] "POST /chat/chat.php HTTP/1.1" 200 17 "-" "Mozilla/4.0 (Windows XP 5.1) Java/1.6.0_11"
190.157.32.99 - - [18/Nov/2009:12:45:29 -0600] "POST /chat/chat.php HTTP/1.1" 200 17 "-" "Mozilla/4.0 (Windows XP 5.1) Java/1.6.0_16"
190.24.223.78 - - [18/Nov/2009:12:45:31 -0600] "POST /chat/chat.php HTTP/1.1" 200 17 "-" "Mozilla/4.0 (Windows XP 5.1) Java/1.6.0_17"
201.228.40.146 - - [18/Nov/2009:12:45:33 -0600] "POST /chat/chat.php HTTP/1.1" 200 17 "-" "Mozilla/4.0 (Windows XP 5.1) Java/1.6.0_11"
190.99.160.153 - - [18/Nov/2009:12:45:34 -0600] "POST /chat/chat.php HTTP/1.1" 200 17 "-" "Mozilla/4.0 (Windows XP 5.1) Java/1.6.0_15"
190.255.173.67 - - [18/Nov/2009:12:45:34 -0600] "POST /chat/chat.php HTTP/1.1" 200 17 "-" "Mozilla/4.0 (Windows XP 5.1) Java/1.6.0_11"
190.90.239.144 - - [18/Nov/2009:12:45:34 -0600] "POST /chat/chat.php HTTP/1.1" 200 17 "-" "Mozilla/4.0 (Windows XP 5.1) Java/1.6.0_15"
190.157.32.99 - - [18/Nov/2009:12:45:34 -0600] "POST /chat/chat.php HTTP/1.1" 200 17 "-" "Mozilla/4.0 (Windows XP 5.1) Java/1.6.0_16"
190.255.251.154 - - [18/Nov/2009:12:45:34 -0600] "POST /chat/chat.php HTTP/1.1" 200 17 "-" "Mozilla/4.0 (Windows XP 5.1) Java/1.6.0_11"
190.24.223.78 - - [18/Nov/2009:12:45:36 -0600] "POST /chat/chat.php HTTP/1.1" 200 17 "-" "Mozilla/4.0 (Windows XP 5.1) Java/1.6.0_17"
201.228.40.146 - - [18/Nov/2009:12:45:38 -0600] "POST /chat/chat.php HTTP/1.1" 200 17 "-" "Mozilla/4.0 (Windows XP 5.1) Java/1.6.0_11"
190.99.160.153 - - [18/Nov/2009:12:45:39 -0600] "POST /chat/chat.php HTTP/1.1" 200 17 "-" "Mozilla/4.0 (Windows XP 5.1) Java/1.6.0_15"
190.255.173.67 - - [18/Nov/2009:12:45:39 -0600] "POST /chat/chat.php HTTP/1.1" 200 17 "-" "Mozilla/4.0 (Windows XP 5.1) Java/1.6.0_11"
190.90.239.144 - - [18/Nov/2009:12:45:39 -0600] "POST /chat/chat.php HTTP/1.1" 200 17 "-" "Mozilla/4.0 (Windows XP 5.1) Java/1.6.0_15"
190.157.32.99 - - [18/Nov/2009:12:45:39 -0600] "POST /chat/chat.php HTTP/1.1" 200 17 "-" "Mozilla/4.0 (Windows XP 5.1) Java/1.6.0_16"
190.255.251.154 - - [18/Nov/2009:12:45:40 -0600] "POST /chat/chat.php HTTP/1.1" 200 17 "-" "Mozilla/4.0 (Windows XP 5.1) Java/1.6.0_11"
190.24.223.78 - - [18/Nov/2009:12:45:41 -0600] "POST /chat/chat.php HTTP/1.1" 200 17 "-" "Mozilla/4.0 (Windows XP 5.1) Java/1.6.0_17"
201.228.40.146 - - [18/Nov/2009:12:45:43 -0600] "POST /chat/chat.php HTTP/1.1" 200 17 "-" "Mozilla/4.0 (Windows XP 5.1) Java/1.6.0_11"
190.99.160.153 - - [18/Nov/2009:12:45:44 -0600] "POST /chat/chat.php HTTP/1.1" 200 17 "-" "Mozilla/4.0 (Windows XP 5.1) Java/1.6.0_15"
190.90.239.144 - - [18/Nov/2009:12:45:44 -0600] "POST /chat/chat.php HTTP/1.1" 200 17 "-" "Mozilla/4.0 (Windows XP 5.1) Java/1.6.0_15"
190.255.173.67 - - [18/Nov/2009:12:45:44 -0600] "POST /chat/chat.php HTTP/1.1" 200 17 "-" "Mozilla/4.0 (Windows XP 5.1) Java/1.6.0_11"
190.157.32.99 - - [18/Nov/2009:12:45:45 -0600] "POST /chat/chat.php HTTP/1.1" 200 17 "-" "Mozilla/4.0 (Windows XP 5.1) Java/1.6.0_16"
190.255.251.154 - - [18/Nov/2009:12:45:45 -0600] "POST /chat/chat.php HTTP/1.1" 200 17 "-" "Mozilla/4.0 (Windows XP 5.1) Java/1.6.0_11"
190.24.223.78 - - [18/Nov/2009:12:45:47 -0600] "POST /chat/chat.php HTTP/1.1" 200 17 "-" "Mozilla/4.0 (Windows XP 5.1) Java/1.6.0_17"
201.228.40.146 - - [18/Nov/2009:12:45:48 -0600] "POST /chat/chat.php HTTP/1.1" 200 17 "-" "Mozilla/4.0 (Windows XP 5.1) Java/1.6.0_11"
190.99.160.153 - - [18/Nov/2009:12:45:49 -0600] "POST /chat/chat.php HTTP/1.1" 200 17 "-" "Mozilla/4.0 (Windows XP 5.1) Java/1.6.0_15"
190.90.239.144 - - [18/Nov/2009:12:45:49 -0600] "POST /chat/chat.php HTTP/1.1" 200 17 "-" "Mozilla/4.0 (Windows XP 5.1) Java/1.6.0_15"
190.255.173.67 - - [18/Nov/2009:12:45:49 -0600] "POST /chat/chat.php HTTP/1.1" 200 17 "-" "Mozilla/4.0 (Windows XP 5.1) Java/1.6.0_11"
190.157.32.99 - - [18/Nov/2009:12:45:50 -0600] "POST /chat/chat.php HTTP/1.1" 200 17 "-" "Mozilla/4.0 (Windows XP 5.1) Java/1.6.0_16"
190.255.251.154 - - [18/Nov/2009:12:45:50 -0600] "POST /chat/chat.php HTTP/1.1" 200 17 "-" "Mozilla/4.0 (Windows XP 5.1) Java/1.6.0_11"
190.24.223.78 - - [18/Nov/2009:12:45:52 -0600] "POST /chat/chat.php HTTP/1.1" 200 17 "-" "Mozilla/4.0 (Windows XP 5.1) Java/1.6.0_17"
190.90.239.144 - - [18/Nov/2009:12:45:54 -0600] "POST /chat/chat.php HTTP/1.1" 200 17 "-" "Mozilla/4.0 (Windows XP 5.1) Java/1.6.0_15"
190.255.173.67 - - [18/Nov/2009:12:45:55 -0600] "POST /chat/chat.php HTTP/1.1" 200 17 "-" "Mozilla/4.0 (Windows XP 5.1) Java/1.6.0_11"
190.99.160.153 - - [18/Nov/2009:12:45:55 -0600] "POST /chat/chat.php HTTP/1.1" 200 17 "-" "Mozilla/4.0 (Windows XP 5.1) Java/1.6.0_15"
200.11.45.150 - - [18/Nov/2009:12:45:55 -0600] "GET / HTTP/1.1" 200 6256 "-" "Mozilla/4.0 (compatible; MSIE 7.0; Windows NT 5.1; InfoPath.1)"
190.157.32.99 - - [18/Nov/2009:12:45:55 -0600] "POST /chat/chat.php HTTP/1.1" 200 17 "-" "Mozilla/4.0 (Windows XP 5.1) Java/1.6.0_16"
200.11.45.150 - - [18/Nov/2009:12:45:55 -0600] "GET /AC_RunActiveContent.js HTTP/1.1" 304 - "http://www.asjudinet.com/" "Mozilla/4.0 (compatible; MSIE 7.0; Windows NT 5.1; InfoPath.1)"
190.255.251.154 - - [18/Nov/2009:12:45:55 -0600] "POST /chat/chat.php HTTP/1.1" 200 17 "-" "Mozilla/4.0 (Windows XP 5.1) Java/1.6.0_11"
200.11.45.150 - - [18/Nov/2009:12:45:56 -0600] "GET /fondopagina.gif HTTP/1.1" 304 - "http://www.asjudinet.com/" "Mozilla/4.0 (compatible; MSIE 7.0; Windows NT 5.1; InfoPath.1)"
200.11.45.150 - - [18/Nov/2009:12:45:56 -0600] "GET /milonic_src.js HTTP/1.1" 304 - "http://www.asjudinet.com/" "Mozilla/4.0 (compatible; MSIE 7.0; Windows NT 5.1; InfoPath.1)"
200.11.45.150 - - [18/Nov/2009:12:45:56 -0600] "GET /mmenudom.js HTTP/1.1" 304 - "http://www.asjudinet.com/" "Mozilla/4.0 (compatible; MSIE 7.0; Windows NT 5.1; InfoPath.1)"
200.11.45.150 - - [18/Nov/2009:12:45:57 -0600] "GET /menu_data.js HTTP/1.1" 304 - "http://www.asjudinet.com/" "Mozilla/4.0 (compatible; MSIE 7.0; Windows NT 5.1; InfoPath.1)"
190.24.223.78 - - [18/Nov/2009:12:45:57 -0600] "POST /chat/chat.php HTTP/1.1" 200 17 "-" "Mozilla/4.0 (Windows XP 5.1) Java/1.6.0_17"
200.11.45.150 - - [18/Nov/2009:12:45:58 -0600] "GET /index.swf HTTP/1.1" 304 - "http://www.asjudinet.com/" "Mozilla/4.0 (compatible; MSIE 7.0; Windows NT 5.1; InfoPath.1)"
200.11.45.150 - - [18/Nov/2009:12:45:58 -0600] "GET /ELEMENTOS/servicio.png HTTP/1.1" 304 - "http://www.asjudinet.com/" "Mozilla/4.0 (compatible; MSIE 7.0; Windows NT 5.1; InfoPath.1)"
200.11.45.150 - - [18/Nov/2009:12:45:59 -0600] "GET /carrusel.swf HTTP/1.1" 304 - "http://www.asjudinet.com/index.swf" "Mozilla/4.0 (compatible; MSIE 7.0; Windows NT 5.1; InfoPath.1)"
190.90.239.144 - - [18/Nov/2009:12:46:00 -0600] "POST /chat/chat.php HTTP/1.1" 200 17 "-" "Mozilla/4.0 (Windows XP 5.1) Java/1.6.0_15"
190.255.173.67 - - [18/Nov/2009:12:46:00 -0600] "POST /chat/chat.php HTTP/1.1" 200 17 "-" "Mozilla/4.0 (Windows XP 5.1) Java/1.6.0_11"
190.99.160.153 - - [18/Nov/2009:12:46:00 -0600] "POST /chat/chat.php HTTP/1.1" 200 17 "-" "Mozilla/4.0 (Windows XP 5.1) Java/1.6.0_15"
190.157.32.99 - - [18/Nov/2009:12:46:00 -0600] "POST /chat/chat.php HTTP/1.1" 200 17 "-" "Mozilla/4.0 (Windows XP 5.1) Java/1.6.0_16"
190.255.251.154 - - [18/Nov/2009:12:46:01 -0600] "POST /chat/chat.php HTTP/1.1" 200 17 "-" "Mozilla/4.0 (Windows XP 5.1) Java/1.6.0_11"
200.11.45.150 - - [18/Nov/2009:12:46:01 -0600] "GET /photos.xml HTTP/1.1" 304 - "http://www.asjudinet.com/carrusel.swf" "Mozilla/4.0 (compatible; MSIE 7.0; Windows NT 5.1; InfoPath.1)"
201.228.40.146 - - [18/Nov/2009:12:46:01 -0600] "POST /chat/chat.php HTTP/1.1" 200 17 "-" "Mozilla/4.0 (Windows XP 5.1) Java/1.6.0_11"
190.24.223.78 - - [18/Nov/2009:12:46:02 -0600] "POST /chat/chat.php HTTP/1.1" 200 17 "-" "Mozilla/4.0 (Windows XP 5.1) Java/1.6.0_17"
200.11.45.150 - - [18/Nov/2009:12:46:04 -0600] "GET /Validacion_Usuarios.php HTTP/1.1" 200 23317 "http://www.asjudinet.com/index.swf" "Mozilla/4.0 (compatible; MSIE 7.0; Windows NT 5.1; InfoPath.1)"
190.90.239.144 - - [18/Nov/2009:12:46:05 -0600] "POST /chat/chat.php HTTP/1.1" 200 17 "-" "Mozilla/4.0 (Windows XP 5.1) Java/1.6.0_15"
190.255.173.67 - - [18/Nov/2009:12:46:05 -0600] "POST /chat/chat.php HTTP/1.1" 200 17 "-" "Mozilla/4.0 (Windows XP 5.1) Java/1.6.0_11"
190.99.160.153 - - [18/Nov/2009:12:46:05 -0600] "POST /chat/chat.php HTTP/1.1" 200 17 "-" "Mozilla/4.0 (Windows XP 5.1) Java/1.6.0_15"
190.157.32.99 - - [18/Nov/2009:12:46:05 -0600] "POST /chat/chat.php HTTP/1.1" 200 17 "-" "Mozilla/4.0 (Windows XP 5.1) Java/1.6.0_16"
200.11.45.150 - - [18/Nov/2009:12:46:05 -0600] "GET /themes//style/style.css HTTP/1.1" 404 290 "http://www.asjudinet.com/index.swf" "Mozilla/4.0 (compatible; MSIE 7.0; Windows NT 5.1; InfoPath.1)"
200.11.45.150 - - [18/Nov/2009:12:46:06 -0600] "GET /mm_menu.js HTTP/1.1" 304 - "http://www.asjudinet.com/index.swf" "Mozilla/4.0 (compatible; MSIE 7.0; Windows NT 5.1; InfoPath.1)"
190.255.251.154 - - [18/Nov/2009:12:46:06 -0600] "POST /chat/chat.php HTTP/1.1" 200 17 "-" "Mozilla/4.0 (Windows XP 5.1) Java/1.6.0_11"
200.11.45.150 - - [18/Nov/2009:12:46:06 -0600] "GET /ELEMENTOS/fondocuadritosgrises.gif HTTP/1.1" 304 - "http://www.asjudinet.com/index.swf" "Mozilla/4.0 (compatible; MSIE 7.0; Windows NT 5.1; InfoPath.1)"
201.228.40.146 - - [18/Nov/2009:12:46:06 -0600] "POST /chat/chat.php HTTP/1.1" 200 17 "-" "Mozilla/4.0 (Windows XP 5.1) Java/1.6.0_11"
200.11.45.150 - - [18/Nov/2009:12:46:07 -0600] "GET /imagedos/spacer.gif HTTP/1.1" 304 - "http://www.asjudinet.com/index.swf" "Mozilla/4.0 (compatible; MSIE 7.0; Windows NT 5.1; InfoPath.1)"
190.24.223.78 - - [18/Nov/2009:12:46:07 -0600] "GET / HTTP/1.1" 200 6256 "-" "Mozilla/4.0 (compatible; MSIE 7.0; Windows NT 5.1; GTB6)"
200.11.45.150 - - [18/Nov/2009:12:46:07 -0600] "GET /index_interno.swf HTTP/1.1" 304 - "http://www.asjudinet.com/Validacion_Usuarios.php" "Mozilla/4.0 (compatible; MSIE 7.0; Windows NT 5.1; InfoPath.1)"
200.11.45.150 - - [18/Nov/2009:12:46:07 -0600] "GET /fondotabla.jpg HTTP/1.1" 304 - "http://www.asjudinet.com/index.swf" "Mozilla/4.0 (compatible; MSIE 7.0; Windows NT 5.1; InfoPath.1)"
200.11.45.150 - - [18/Nov/2009:12:46:07 -0600] "GET /index_left.swf HTTP/1.1" 304 - "http://www.asjudinet.com/Validacion_Usuarios.php" "Mozilla/4.0 (compatible; MSIE 7.0; Windows NT 5.1; InfoPath.1)"
190.24.223.78 - - [18/Nov/2009:12:46:07 -0600] "POST /chat/chat.php HTTP/1.1" 200 17 "-" "Mozilla/4.0 (Windows XP 5.1) Java/1.6.0_17"
200.11.45.150 - - [18/Nov/2009:12:46:07 -0600] "GET /Anterior.png HTTP/1.1" 304 - "http://www.asjudinet.com/index.swf" "Mozilla/4.0 (compatible; MSIE 7.0; Windows NT 5.1; InfoPath.1)"
190.24.223.78 - - [18/Nov/2009:12:46:08 -0600] "GET /AC_RunActiveContent.js HTTP/1.1" 304 - "http://www.asjudinet.com/" "Mozilla/4.0 (compatible; MSIE 7.0; Windows NT 5.1; GTB6)"
190.24.223.78 - - [18/Nov/2009:12:46:08 -0600] "GET /fondopagina.gif HTTP/1.1" 304 - "http://www.asjudinet.com/" "Mozilla/4.0 (compatible; MSIE 7.0; Windows NT 5.1; GTB6)"
190.24.223.78 - - [18/Nov/2009:12:46:08 -0600] "GET /milonic_src.js HTTP/1.1" 304 - "http://www.asjudinet.com/" "Mozilla/4.0 (compatible; MSIE 7.0; Windows NT 5.1; GTB6)"
190.24.223.78 - - [18/Nov/2009:12:46:08 -0600] "GET /mmenudom.js HTTP/1.1" 304 - "http://www.asjudinet.com/" "Mozilla/4.0 (compatible; MSIE 7.0; Windows NT 5.1; GTB6)"
190.24.223.78 - - [18/Nov/2009:12:46:08 -0600] "GET /menu_data.js HTTP/1.1" 304 - "http://www.asjudinet.com/" "Mozilla/4.0 (compatible; MSIE 7.0; Windows NT 5.1; GTB6)"
190.24.223.78 - - [18/Nov/2009:12:46:09 -0600] "GET /index.swf HTTP/1.1" 304 - "http://www.asjudinet.com/" "Mozilla/4.0 (compatible; MSIE 7.0; Windows NT 5.1; GTB6)"
190.24.223.78 - - [18/Nov/2009:12:46:09 -0600] "GET /ELEMENTOS/servicio.png HTTP/1.1" 304 - "http://www.asjudinet.com/" "Mozilla/4.0 (compatible; MSIE 7.0; Windows NT 5.1; GTB6)"
190.24.223.78 - - [18/Nov/2009:12:46:09 -0600] "GET /carrusel.swf HTTP/1.1" 304 - "http://www.asjudinet.com/index.swf" "Mozilla/4.0 (compatible; MSIE 7.0; Windows NT 5.1; GTB6)"
190.24.223.78 - - [18/Nov/2009:12:46:10 -0600] "GET /photos.xml HTTP/1.1" 304 - "http://www.asjudinet.com/carrusel.swf" "Mozilla/4.0 (compatible; MSIE 7.0; Windows NT 5.1; GTB6)"
190.24.223.78 - - [18/Nov/2009:12:46:09 -0600] "POST /inserts1.php HTTP/1.1" 200 140 "http://www.asjudinet.com/Enviar_Respuestas_correo_afiliados.php?cedula=11442668&radica=3424&id=14711" "Mozilla/4.0 (compatible; MSIE 6.0; Windows NT 5.1; SV1; InfoPath.1)"
200.11.45.150 - - [18/Nov/2009:12:46:10 -0600] "GET /imagedos/menu_r3_c1_f2.gif HTTP/1.1" 304 - "http://www.asjudinet.com/index.swf" "Mozilla/4.0 (compatible; MSIE 7.0; Windows NT 5.1; InfoPath.1)"
200.11.45.150 - - [18/Nov/2009:12:46:10 -0600] "GET /imagedos/menu_r3_c2_f2.gif HTTP/1.1" 304 - "http://www.asjudinet.com/index.swf" "Mozilla/4.0 (compatible; MSIE 7.0; Windows NT 5.1; InfoPath.1)"
200.11.45.150 - - [18/Nov/2009:12:46:10 -0600] "GET /imagedos/menu_r3_c3_f2.gif HTTP/1.1" 304 - "http://www.asjudinet.com/index.swf" "Mozilla/4.0 (compatible; MSIE 7.0; Windows NT 5.1; InfoPath.1)"
200.11.45.150 - - [18/Nov/2009:12:46:10 -0600] "GET /imagedos/menu_r3_c4_f2.gif HTTP/1.1" 304 - "http://www.asjudinet.com/index.swf" "Mozilla/4.0 (compatible; MSIE 7.0; Windows NT 5.1; InfoPath.1)"
190.90.239.144 - - [18/Nov/2009:12:46:10 -0600] "POST /chat/chat.php HTTP/1.1" 200 17 "-" "Mozilla/4.0 (Windows XP 5.1) Java/1.6.0_15"
200.11.45.150 - - [18/Nov/2009:12:46:10 -0600] "GET /imagedos/menu_r3_c5_f2.gif HTTP/1.1" 304 - "http://www.asjudinet.com/index.swf" "Mozilla/4.0 (compatible; MSIE 7.0; Windows NT 5.1; InfoPath.1)"
190.255.173.67 - - [18/Nov/2009:12:46:10 -0600] "POST /chat/chat.php HTTP/1.1" 200 17 "-" "Mozilla/4.0 (Windows XP 5.1) Java/1.6.0_11"
190.99.160.153 - - [18/Nov/2009:12:46:10 -0600] "POST /chat/chat.php HTTP/1.1" 200 17 "-" "Mozilla/4.0 (Windows XP 5.1) Java/1.6.0_15"
200.11.45.150 - - [18/Nov/2009:12:46:10 -0600] "GET /imagedos/menu_r3_c6_f2.gif HTTP/1.1" 304 - "http://www.asjudinet.com/index.swf" "Mozilla/4.0 (compatible; MSIE 7.0; Windows NT 5.1; InfoPath.1)"
200.11.45.150 - - [18/Nov/2009:12:46:10 -0600] "GET /imagedos/menu_r3_c7_f2.gif HTTP/1.1" 304 - "http://www.asjudinet.com/index.swf" "Mozilla/4.0 (compatible; MSIE 7.0; Windows NT 5.1; InfoPath.1)"
190.24.223.78 - - [18/Nov/2009:12:46:10 -0600] "GET /menu_admin.php HTTP/1.1" 200 2975 "-" "Mozilla/4.0 (compatible; MSIE 6.0; Windows NT 5.1; SV1; InfoPath.1)"
190.157.32.99 - - [18/Nov/2009:12:46:10 -0600] "POST /chat/chat.php HTTP/1.1" 200 17 "-" "Mozilla/4.0 (Windows XP 5.1) Java/1.6.0_16"
190.24.223.78 - - [18/Nov/2009:12:46:11 -0600] "GET /menuweb.files/dmenu.js HTTP/1.1" 304 - "http://www.asjudinet.com/menu_admin.php" "Mozilla/4.0 (compatible; MSIE 6.0; Windows NT 5.1; SV1; InfoPath.1)"
190.24.223.78 - - [18/Nov/2009:12:46:11 -0600] "GET /ELEMENTOS/Logito22.JPG HTTP/1.1" 304 - "http://www.asjudinet.com/menu_admin.php" "Mozilla/4.0 (compatible; MSIE 6.0; Windows NT 5.1; SV1; InfoPath.1)"
190.24.223.78 - - [18/Nov/2009:12:46:11 -0600] "GET /menuweb.js HTTP/1.1" 304 - "http://www.asjudinet.com/menu_admin.php" "Mozilla/4.0 (compatible; MSIE 6.0; Windows NT 5.1; SV1; InfoPath.1)"
190.255.251.154 - - [18/Nov/2009:12:46:11 -0600] "POST /chat/chat.php HTTP/1.1" 200 17 "-" "Mozilla/4.0 (Windows XP 5.1) Java/1.6.0_11"
190.24.223.78 - - [18/Nov/2009:12:46:11 -0600] "GET /menuweb.files/icon_win98_7.gif HTTP/1.1" 304 - "http://www.asjudinet.com/menu_admin.php" "Mozilla/4.0 (compatible; MSIE 6.0; Windows NT 5.1; SV1; InfoPath.1)"
190.24.223.78 - - [18/Nov/2009:12:46:11 -0600] "GET /menuweb.files/arr_black_2.gif HTTP/1.1" 304 - "http://www.asjudinet.com/menu_admin.php" "Mozilla/4.0 (compatible; MSIE 6.0; Windows NT 5.1; SV1; InfoPath.1)"
201.228.40.146 - - [18/Nov/2009:12:46:11 -0600] "POST /chat/chat.php HTTP/1.1" 200 17 "-" "Mozilla/4.0 (Windows XP 5.1) Java/1.6.0_11"
190.24.223.78 - - [18/Nov/2009:12:46:11 -0600] "GET /menuweb.files/icon_xp_7.gif HTTP/1.1" 304 - "http://www.asjudinet.com/menu_admin.php" "Mozilla/4.0 (compatible; MSIE 6.0; Windows NT 5.1; SV1; InfoPath.1)"
190.24.223.78 - - [18/Nov/2009:12:46:11 -0600] "GET /menuweb.files/icon_xp2_1o.gif HTTP/1.1" 304 - "http://www.asjudinet.com/menu_admin.php" "Mozilla/4.0 (compatible; MSIE 6.0; Windows NT 5.1; SV1; InfoPath.1)"
190.24.223.78 - - [18/Nov/2009:12:46:12 -0600] "GET /menuweb.files/Gota1.png HTTP/1.1" 304 - "http://www.asjudinet.com/menu_admin.php" "Mozilla/4.0 (compatible; MSIE 6.0; Windows NT 5.1; SV1; InfoPath.1)"
190.24.223.78 - - [18/Nov/2009:12:46:12 -0600] "GET /menuweb.files/mac_pic1.gif HTTP/1.1" 304 - "http://www.asjudinet.com/menu_admin.php" "Mozilla/4.0 (compatible; MSIE 6.0; Windows NT 5.1; SV1; InfoPath.1)"
190.24.223.78 - - [18/Nov/2009:12:46:12 -0600] "GET /menuweb.files/icon_office_list.gif HTTP/1.1" 304 - "http://www.asjudinet.com/menu_admin.php" "Mozilla/4.0 (compatible; MSIE 6.0; Windows NT 5.1; SV1; InfoPath.1)"
190.24.223.78 - - [18/Nov/2009:12:46:12 -0600] "GET /menuweb.files/afiliado.PNG HTTP/1.1" 304 - "http://www.asjudinet.com/menu_admin.php" "Mozilla/4.0 (compatible; MSIE 6.0; Windows NT 5.1; SV1; InfoPath.1)"
190.24.223.78 - - [18/Nov/2009:12:46:12 -0600] "GET /menuweb.files/icon_office_pen2.gif HTTP/1.1" 304 - "http://www.asjudinet.com/menu_admin.php" "Mozilla/4.0 (compatible; MSIE 6.0; Windows NT 5.1; SV1; InfoPath.1)"
190.24.223.78 - - [18/Nov/2009:12:46:12 -0600] "GET /menuweb.files/icon_xp3_8.gif HTTP/1.1" 304 - "http://www.asjudinet.com/menu_admin.php" "Mozilla/4.0 (compatible; MSIE 6.0; Windows NT 5.1; SV1; InfoPath.1)"
190.24.223.78 - - [18/Nov/2009:12:46:12 -0600] "GET /menuweb.files/arr_black_2.gif HTTP/1.1" 304 - "http://www.asjudinet.com/menu_admin.php" "Mozilla/4.0 (compatible; MSIE 6.0; Windows NT 5.1; SV1; InfoPath.1)"
190.24.223.78 - - [18/Nov/2009:12:46:12 -0600] "GET /menuweb.files/arr_black_2.gif HTTP/1.1" 304 - "http://www.asjudinet.com/menu_admin.php" "Mozilla/4.0 (compatible; MSIE 6.0; Windows NT 5.1; SV1; InfoPath.1)"
190.24.223.78 - - [18/Nov/2009:12:46:12 -0600] "GET /menuweb.files/arr_black_2.gif HTTP/1.1" 304 - "http://www.asjudinet.com/menu_admin.php" "Mozilla/4.0 (compatible; MSIE 6.0; Windows NT 5.1; SV1; InfoPath.1)"
190.24.223.78 - - [18/Nov/2009:12:46:12 -0600] "GET /menuweb.files/sm_back_xp2.gif HTTP/1.1" 304 - "http://www.asjudinet.com/menu_admin.php" "Mozilla/4.0 (compatible; MSIE 6.0; Windows NT 5.1; SV1; InfoPath.1)"
190.24.223.78 - - [18/Nov/2009:12:46:12 -0600] "POST /chat/chat.php HTTP/1.1" 200 17 "-" "Mozilla/4.0 (Windows XP 5.1) Java/1.6.0_17"
190.24.223.78 - - [18/Nov/2009:12:46:12 -0600] "GET /menuweb.files/arr_white_2.gif HTTP/1.1" 304 - "http://www.asjudinet.com/menu_admin.php" "Mozilla/4.0 (compatible; MSIE 6.0; Windows NT 5.1; SV1; InfoPath.1)"
190.24.223.78 - - [18/Nov/2009:12:46:12 -0600] "GET /menuweb.files/icon_xp3_12.gif HTTP/1.1" 304 - "http://www.asjudinet.com/menu_admin.php" "Mozilla/4.0 (compatible; MSIE 6.0; Windows NT 5.1; SV1; InfoPath.1)"
190.24.223.78 - - [18/Nov/2009:12:46:13 -0600] "GET /menuweb.files/mac_pic2.gif HTTP/1.1" 304 - "http://www.asjudinet.com/menu_admin.php" "Mozilla/4.0 (compatible; MSIE 6.0; Windows NT 5.1; SV1; InfoPath.1)"
190.24.223.78 - - [18/Nov/2009:12:46:13 -0600] "GET /menuweb.files/icon_xp2_7o.gif HTTP/1.1" 304 - "http://www.asjudinet.com/menu_admin.php" "Mozilla/4.0 (compatible; MSIE 6.0; Windows NT 5.1; SV1; InfoPath.1)"
190.24.223.78 - - [18/Nov/2009:12:46:13 -0600] "GET /menuweb.files/sm_back_xp.gif HTTP/1.1" 304 - "http://www.asjudinet.com/menu_admin.php" "Mozilla/4.0 (compatible; MSIE 6.0; Windows NT 5.1; SV1; InfoPath.1)"
190.24.223.78 - - [18/Nov/2009:12:46:13 -0600] "GET /menuweb.files/icon_win98_5.gif HTTP/1.1" 304 - "http://www.asjudinet.com/menu_admin.php" "Mozilla/4.0 (compatible; MSIE 6.0; Windows NT 5.1; SV1; InfoPath.1)"
190.24.223.78 - - [18/Nov/2009:12:46:13 -0600] "GET /menuweb.files/llave.gif HTTP/1.1" 304 - "http://www.asjudinet.com/menu_admin.php" "Mozilla/4.0 (compatible; MSIE 6.0; Windows NT 5.1; SV1; InfoPath.1)"
190.24.223.78 - - [18/Nov/2009:12:46:13 -0600] "GET /menuweb.files/arr_black_2.gif HTTP/1.1" 304 - "http://www.asjudinet.com/menu_admin.php" "Mozilla/4.0 (compatible; MSIE 6.0; Windows NT 5.1; SV1; InfoPath.1)"
190.24.223.78 - - [18/Nov/2009:12:46:13 -0600] "GET /menuweb.files/Gota1.png HTTP/1.1" 304 - "http://www.asjudinet.com/menu_admin.php" "Mozilla/4.0 (compatible; MSIE 6.0; Windows NT 5.1; SV1; InfoPath.1)"
190.24.223.78 - - [18/Nov/2009:12:46:13 -0600] "GET /menuweb.files/icon_win98_5.gif HTTP/1.1" 304 - "http://www.asjudinet.com/menu_admin.php" "Mozilla/4.0 (compatible; MSIE 6.0; Windows NT 5.1; SV1; InfoPath.1)"
190.24.223.78 - - [18/Nov/2009:12:46:13 -0600] "GET /menuweb.files/arr_white_2.gif HTTP/1.1" 304 - "http://www.asjudinet.com/menu_admin.php" "Mozilla/4.0 (compatible; MSIE 6.0; Windows NT 5.1; SV1; InfoPath.1)"
190.24.223.78 - - [18/Nov/2009:12:46:13 -0600] "GET /menuweb.files/icons_xp_tuner.gif HTTP/1.1" 304 - "http://www.asjudinet.com/menu_admin.php" "Mozilla/4.0 (compatible; MSIE 6.0; Windows NT 5.1; SV1; InfoPath.1)"
190.24.223.78 - - [18/Nov/2009:12:46:13 -0600] "GET /menuweb.files/icon_xp2_tunero.gif HTTP/1.1" 304 - "http://www.asjudinet.com/menu_admin.php" "Mozilla/4.0 (compatible; MSIE 6.0; Windows NT 5.1; SV1; InfoPath.1)"
190.24.223.78 - - [18/Nov/2009:12:46:14 -0600] "GET /menuweb.files/icon_xp2_tunero.gif HTTP/1.1" 304 - "http://www.asjudinet.com/menu_admin.php" "Mozilla/4.0 (compatible; MSIE 6.0; Windows NT 5.1; SV1; InfoPath.1)"
190.24.223.78 - - [18/Nov/2009:12:46:14 -0600] "GET /menuweb.files/icon_xp2_tunero.gif HTTP/1.1" 304 - "http://www.asjudinet.com/menu_admin.php" "Mozilla/4.0 (compatible; MSIE 6.0; Windows NT 5.1; SV1; InfoPath.1)"
190.24.223.78 - - [18/Nov/2009:12:46:14 -0600] "GET /menuweb.files/icon_xp2_tunero.gif HTTP/1.1" 304 - "http://www.asjudinet.com/menu_admin.php" "Mozilla/4.0 (compatible; MSIE 6.0; Windows NT 5.1; SV1; InfoPath.1)"
190.24.223.78 - - [18/Nov/2009:12:46:14 -0600] "GET /menuweb.files/icon_xp2_tunero.gif HTTP/1.1" 304 - "http://www.asjudinet.com/menu_admin.php" "Mozilla/4.0 (compatible; MSIE 6.0; Windows NT 5.1; SV1; InfoPath.1)"
190.24.223.78 - - [18/Nov/2009:12:46:14 -0600] "GET /menuweb.files/icon_xp2_tunero.gif HTTP/1.1" 304 - "http://www.asjudinet.com/menu_admin.php" "Mozilla/4.0 (compatible; MSIE 6.0; Windows NT 5.1; SV1; InfoPath.1)"
190.24.223.78 - - [18/Nov/2009:12:46:14 -0600] "GET /menuweb.files/icon_xp2_tunero.gif HTTP/1.1" 304 - "http://www.asjudinet.com/menu_admin.php" "Mozilla/4.0 (compatible; MSIE 6.0; Windows NT 5.1; SV1; InfoPath.1)"
190.24.223.78 - - [18/Nov/2009:12:46:14 -0600] "GET /menuweb.files/arr_black_2.gif HTTP/1.1" 304 - "http://www.asjudinet.com/menu_admin.php" "Mozilla/4.0 (compatible; MSIE 6.0; Windows NT 5.1; SV1; InfoPath.1)"
190.24.223.78 - - [18/Nov/2009:12:46:14 -0600] "GET /Consultar_Respuestas.php HTTP/1.1" 200 4575 "-" "Mozilla/4.0 (compatible; MSIE 6.0; Windows NT 5.1; SV1; InfoPath.1)"
190.24.223.78 - - [18/Nov/2009:12:46:14 -0600] "GET /Validacion_Usuarios.php HTTP/1.1" 200 23317 "http://www.asjudinet.com/index.swf" "Mozilla/4.0 (compatible; MSIE 7.0; Windows NT 5.1; GTB6)"
190.24.223.78 - - [18/Nov/2009:12:46:15 -0600] "GET /ELEMENTOS/cabezote_servi.jpg HTTP/1.1" 304 - "http://www.asjudinet.com/Consultar_Respuestas.php" "Mozilla/4.0 (compatible; MSIE 6.0; Windows NT 5.1; SV1; InfoPath.1)"
190.24.223.78 - - [18/Nov/2009:12:46:15 -0600] "GET /themes//style/style.css HTTP/1.1" 404 290 "http://www.asjudinet.com/index.swf" "Mozilla/4.0 (compatible; MSIE 7.0; Windows NT 5.1; GTB6)"
190.90.239.144 - - [18/Nov/2009:12:46:15 -0600] "POST /chat/chat.php HTTP/1.1" 200 17 "-" "Mozilla/4.0 (Windows XP 5.1) Java/1.6.0_15"
190.255.173.67 - - [18/Nov/2009:12:46:15 -0600] "POST /chat/chat.php HTTP/1.1" 200 17 "-" "Mozilla/4.0 (Windows XP 5.1) Java/1.6.0_11"
190.24.223.78 - - [18/Nov/2009:12:46:15 -0600] "GET /mm_menu.js HTTP/1.1" 304 - "http://www.asjudinet.com/index.swf" "Mozilla/4.0 (compatible; MSIE 7.0; Windows NT 5.1; GTB6)"
190.99.160.153 - - [18/Nov/2009:12:46:15 -0600] "POST /chat/chat.php HTTP/1.1" 200 17 "-" "Mozilla/4.0 (Windows XP 5.1) Java/1.6.0_15"
190.24.223.78 - - [18/Nov/2009:12:46:15 -0600] "GET /ELEMENTOS/fondocuadritosgrises.gif HTTP/1.1" 304 - "http://www.asjudinet.com/index.swf" "Mozilla/4.0 (compatible; MSIE 7.0; Windows NT 5.1; GTB6)"
190.24.223.78 - - [18/Nov/2009:12:46:15 -0600] "GET /imagedos/spacer.gif HTTP/1.1" 304 - "http://www.asjudinet.com/index.swf" "Mozilla/4.0 (compatible; MSIE 7.0; Windows NT 5.1; GTB6)"
190.157.32.99 - - [18/Nov/2009:12:46:15 -0600] "POST /chat/chat.php HTTP/1.1" 200 17 "-" "Mozilla/4.0 (Windows XP 5.1) Java/1.6.0_16"
190.255.251.154 - - [18/Nov/2009:12:46:16 -0600] "POST /chat/chat.php HTTP/1.1" 200 17 "-" "Mozilla/4.0 (Windows XP 5.1) Java/1.6.0_11"
201.228.40.146 - - [18/Nov/2009:12:46:16 -0600] "POST /chat/chat.php HTTP/1.1" 200 17 "-" "Mozilla/4.0 (Windows XP 5.1) Java/1.6.0_11"
190.24.223.78 - - [18/Nov/2009:12:46:17 -0600] "GET /index_interno.swf HTTP/1.1" 304 - "http://www.asjudinet.com/Validacion_Usuarios.php" "Mozilla/4.0 (compatible; MSIE 7.0; Windows NT 5.1; GTB6)"
190.24.223.78 - - [18/Nov/2009:12:46:17 -0600] "GET /fondotabla.jpg HTTP/1.1" 304 - "http://www.asjudinet.com/index.swf" "Mozilla/4.0 (compatible; MSIE 7.0; Windows NT 5.1; GTB6)"
190.24.223.78 - - [18/Nov/2009:12:46:17 -0600] "GET /Anterior.png HTTP/1.1" 304 - "http://www.asjudinet.com/index.swf" "Mozilla/4.0 (compatible; MSIE 7.0; Windows NT 5.1; GTB6)"
190.24.223.78 - - [18/Nov/2009:12:46:17 -0600] "GET /index_left.swf HTTP/1.1" 304 - "http://www.asjudinet.com/Validacion_Usuarios.php" "Mozilla/4.0 (compatible; MSIE 7.0; Windows NT 5.1; GTB6)"
190.24.223.78 - - [18/Nov/2009:12:46:17 -0600] "GET /imagedos/menu_r3_c1_f2.gif HTTP/1.1" 304 - "http://www.asjudinet.com/index.swf" "Mozilla/4.0 (compatible; MSIE 7.0; Windows NT 5.1; GTB6)"
190.24.223.78 - - [18/Nov/2009:12:46:17 -0600] "GET /imagedos/menu_r3_c2_f2.gif HTTP/1.1" 304 - "http://www.asjudinet.com/index.swf" "Mozilla/4.0 (compatible; MSIE 7.0; Windows NT 5.1; GTB6)"
190.24.223.78 - - [18/Nov/2009:12:46:17 -0600] "GET /imagedos/menu_r3_c4_f2.gif HTTP/1.1" 304 - "http://www.asjudinet.com/index.swf" "Mozilla/4.0 (compatible; MSIE 7.0; Windows NT 5.1; GTB6)"
190.24.223.78 - - [18/Nov/2009:12:46:17 -0600] "GET /imagedos/menu_r3_c3_f2.gif HTTP/1.1" 304 - "http://www.asjudinet.com/index.swf" "Mozilla/4.0 (compatible; MSIE 7.0; Windows NT 5.1; GTB6)"
190.24.223.78 - - [18/Nov/2009:12:46:17 -0600] "POST /chat/chat.php HTTP/1.1" 200 17 "-" "Mozilla/4.0 (Windows XP 5.1) Java/1.6.0_17"
190.24.223.78 - - [18/Nov/2009:12:46:18 -0600] "GET /imagedos/menu_r3_c5_f2.gif HTTP/1.1" 304 - "http://www.asjudinet.com/index.swf" "Mozilla/4.0 (compatible; MSIE 7.0; Windows NT 5.1; GTB6)"
190.24.223.78 - - [18/Nov/2009:12:46:18 -0600] "GET /imagedos/menu_r3_c6_f2.gif HTTP/1.1" 304 - "http://www.asjudinet.com/index.swf" "Mozilla/4.0 (compatible; MSIE 7.0; Windows NT 5.1; GTB6)"
190.24.223.78 - - [18/Nov/2009:12:46:18 -0600] "GET /imagedos/menu_r3_c7_f2.gif HTTP/1.1" 304 - "http://www.asjudinet.com/index.swf" "Mozilla/4.0 (compatible; MSIE 7.0; Windows NT 5.1; GTB6)"
190.24.223.78 - - [18/Nov/2009:12:46:18 -0600] "GET /Consultar_Respuestas.php?Identificacion=11442668&submit=CONSULTAR HTTP/1.1" 200 8309 "http://www.asjudinet.com/Consultar_Respuestas.php" "Mozilla/4.0 (compatible; MSIE 6.0; Windows NT 5.1; SV1; InfoPath.1)"
190.24.223.78 - - [18/Nov/2009:12:46:18 -0600] "GET /ELEMENTOS/cabezote_servi.jpg HTTP/1.1" 304 - "http://www.asjudinet.com/Consultar_Respuestas.php?Identificacion=11442668&submit=CONSULTAR" "Mozilla/4.0 (compatible; MSIE 6.0; Windows NT 5.1; SV1; InfoPath.1)"
190.90.239.144 - - [18/Nov/2009:12:46:20 -0600] "POST /chat/chat.php HTTP/1.1" 200 17 "-" "Mozilla/4.0 (Windows XP 5.1) Java/1.6.0_15"
190.255.173.67 - - [18/Nov/2009:12:46:20 -0600] "POST /chat/chat.php HTTP/1.1" 200 17 "-" "Mozilla/4.0 (Windows XP 5.1) Java/1.6.0_11"
190.99.160.153 - - [18/Nov/2009:12:46:20 -0600] "POST /chat/chat.php HTTP/1.1" 200 17 "-" "Mozilla/4.0 (Windows XP 5.1) Java/1.6.0_15"
190.157.32.99 - - [18/Nov/2009:12:46:21 -0600] "POST /chat/chat.php HTTP/1.1" 200 17 "-" "Mozilla/4.0 (Windows XP 5.1) Java/1.6.0_16"
190.29.38.242 - - [18/Nov/2009:12:46:21 -0600] "GET /menuweb.files/icon_xp3_5o.gif HTTP/1.1" 200 640 "http://www.asjudinet.com/menu_admin.php?ced=19434568&nom=MONTES GUTIERREZ JOSE NORBERTO" "Mozilla/4.0 (compatible; MSIE 8.0; Windows NT 5.1; Trident/4.0; GTB6; InfoPath.2; .NET CLR 1.1.4322; .NET CLR 2.0.50727; msn OptimizedIE8;ESCO)"
201.228.40.146 - - [18/Nov/2009:12:46:22 -0600] "POST /chat/chat.php HTTP/1.1" 200 17 "-" "Mozilla/4.0 (Windows XP 5.1) Java/1.6.0_11"
190.255.251.154 - - [18/Nov/2009:12:46:22 -0600] "POST /chat/chat.php HTTP/1.1" 200 17 "-" "Mozilla/4.0 (Windows XP 5.1) Java/1.6.0_11"
190.29.38.242 - - [18/Nov/2009:12:46:22 -0600] "GET /menuweb.files/icon_office_op2.gif HTTP/1.1" 200 1017 "http://www.asjudinet.com/menu_admin.php?ced=19434568&nom=MONTES GUTIERREZ JOSE NORBERTO" "Mozilla/4.0 (compatible; MSIE 8.0; Windows NT 5.1; Trident/4.0; GTB6; InfoPath.2; .NET CLR 1.1.4322; .NET CLR 2.0.50727; msn OptimizedIE8;ESCO)"
190.24.223.78 - - [18/Nov/2009:12:46:23 -0600] "POST /chat/chat.php HTTP/1.1" 200 17 "-" "Mozilla/4.0 (Windows XP 5.1) Java/1.6.0_17"
200.11.45.150 - - [18/Nov/2009:12:46:23 -0600] "POST /Validacion_Usuarios.php HTTP/1.1" 200 20322 "http://www.asjudinet.com/Validacion_Usuarios.php" "Mozilla/4.0 (compatible; MSIE 7.0; Windows NT 5.1; InfoPath.1)"
200.11.45.150 - - [18/Nov/2009:12:46:24 -0600] "GET /themes//style/style.css HTTP/1.1" 404 290 "http://www.asjudinet.com/Validacion_Usuarios.php" "Mozilla/4.0 (compatible; MSIE 7.0; Windows NT 5.1; InfoPath.1)"
190.24.223.78 - - [18/Nov/2009:12:46:24 -0600] "POST /Validacion_Usuarios.php HTTP/1.1" 200 20315 "http://www.asjudinet.com/Validacion_Usuarios.php" "Mozilla/4.0 (compatible; MSIE 7.0; Windows NT 5.1; GTB6)"
200.11.45.150 - - [18/Nov/2009:12:46:24 -0600] "GET /menu_admin.php?ced=40341071&nom=GONDOLLEZ%20VELASQUEZ%20YUDI%20YADITH HTTP/1.1" 200 3006 "-" "Mozilla/4.0 (compatible; MSIE 7.0; Windows NT 5.1; InfoPath.1)"
190.24.223.78 - - [18/Nov/2009:12:46:24 -0600] "GET /themes//style/style.css HTTP/1.1" 404 290 "http://www.asjudinet.com/Validacion_Usuarios.php" "Mozilla/4.0 (compatible; MSIE 7.0; Windows NT 5.1; GTB6)"
200.11.45.150 - - [18/Nov/2009:12:46:25 -0600] "GET /menuweb.files/dmenu.js HTTP/1.1" 304 - "http://www.asjudinet.com/menu_admin.php?ced=40341071&nom=GONDOLLEZ VELASQUEZ YUDI YADITH" "Mozilla/4.0 (compatible; MSIE 7.0; Windows NT 5.1; InfoPath.1)"
190.24.223.78 - - [18/Nov/2009:12:46:25 -0600] "GET /menu_admin.php?ced=79277541&nom=HUERTAS%20TENJO%20JOSE%20FREDY HTTP/1.1" 200 2999 "-" "Mozilla/4.0 (compatible; MSIE 7.0; Windows NT 5.1; GTB6)"
190.24.223.78 - - [18/Nov/2009:12:46:25 -0600] "GET /menuweb.files/dmenu.js HTTP/1.1" 304 - "http://www.asjudinet.com/menu_admin.php?ced=79277541&nom=HUERTAS TENJO JOSE FREDY" "Mozilla/4.0 (compatible; MSIE 7.0; Windows NT 5.1; GTB6)"
190.90.239.144 - - [18/Nov/2009:12:46:25 -0600] "POST /chat/chat.php HTTP/1.1" 200 17 "-" "Mozilla/4.0 (Windows XP 5.1) Java/1.6.0_15"
190.24.223.78 - - [18/Nov/2009:12:46:25 -0600] "GET /ELEMENTOS/Logito22.JPG HTTP/1.1" 304 - "http://www.asjudinet.com/menu_admin.php?ced=79277541&nom=HUERTAS TENJO JOSE FREDY" "Mozilla/4.0 (compatible; MSIE 7.0; Windows NT 5.1; GTB6)"
190.24.223.78 - - [18/Nov/2009:12:46:25 -0600] "GET /menuweb.js HTTP/1.1" 304 - "http://www.asjudinet.com/menu_admin.php?ced=79277541&nom=HUERTAS TENJO JOSE FREDY" "Mozilla/4.0 (compatible; MSIE 7.0; Windows NT 5.1; GTB6)"
190.255.173.67 - - [18/Nov/2009:12:46:25 -0600] "POST /chat/chat.php HTTP/1.1" 200 17 "-" "Mozilla/4.0 (Windows XP 5.1) Java/1.6.0_11"
190.99.160.153 - - [18/Nov/2009:12:46:25 -0600] "POST /chat/chat.php HTTP/1.1" 200 17 "-" "Mozilla/4.0 (Windows XP 5.1) Java/1.6.0_15"
200.11.45.150 - - [18/Nov/2009:12:46:25 -0600] "GET /menuweb.js HTTP/1.1" 304 - "http://www.asjudinet.com/menu_admin.php?ced=40341071&nom=GONDOLLEZ VELASQUEZ YUDI YADITH" "Mozilla/4.0 (compatible; MSIE 7.0; Windows NT 5.1; InfoPath.1)"
200.11.45.150 - - [18/Nov/2009:12:46:25 -0600] "GET /ELEMENTOS/Logito22.JPG HTTP/1.1" 304 - "http://www.asjudinet.com/menu_admin.php?ced=40341071&nom=GONDOLLEZ VELASQUEZ YUDI YADITH" "Mozilla/4.0 (compatible; MSIE 7.0; Windows NT 5.1; InfoPath.1)"
190.24.223.78 - - [18/Nov/2009:12:46:26 -0600] "GET /menuweb.files/icon_win98_7.gif HTTP/1.1" 304 - "http://www.asjudinet.com/menu_admin.php?ced=79277541&nom=HUERTAS TENJO JOSE FREDY" "Mozilla/4.0 (compatible; MSIE 7.0; Windows NT 5.1; GTB6)"
190.24.223.78 - - [18/Nov/2009:12:46:26 -0600] "GET /menuweb.files/arr_black_2.gif HTTP/1.1" 304 - "http://www.asjudinet.com/menu_admin.php?ced=79277541&nom=HUERTAS TENJO JOSE FREDY" "Mozilla/4.0 (compatible; MSIE 7.0; Windows NT 5.1; GTB6)"
190.157.32.99 - - [18/Nov/2009:12:46:26 -0600] "POST /chat/chat.php HTTP/1.1" 200 17 "-" "Mozilla/4.0 (Windows XP 5.1) Java/1.6.0_16"
190.24.223.78 - - [18/Nov/2009:12:46:26 -0600] "GET /menuweb.files/icon_xp_7.gif HTTP/1.1" 304 - "http://www.asjudinet.com/menu_admin.php?ced=79277541&nom=HUERTAS TENJO JOSE FREDY" "Mozilla/4.0 (compatible; MSIE 7.0; Windows NT 5.1; GTB6)"
190.24.223.78 - - [18/Nov/2009:12:46:26 -0600] "GET /menuweb.files/icon_xp2_1o.gif HTTP/1.1" 304 - "http://www.asjudinet.com/menu_admin.php?ced=79277541&nom=HUERTAS TENJO JOSE FREDY" "Mozilla/4.0 (compatible; MSIE 7.0; Windows NT 5.1; GTB6)"
200.11.45.150 - - [18/Nov/2009:12:46:26 -0600] "GET /menuweb.files/icon_win98_7.gif HTTP/1.1" 304 - "http://www.asjudinet.com/menu_admin.php?ced=40341071&nom=GONDOLLEZ VELASQUEZ YUDI YADITH" "Mozilla/4.0 (compatible; MSIE 7.0; Windows NT 5.1; InfoPath.1)"
190.24.223.78 - - [18/Nov/2009:12:46:26 -0600] "GET /menuweb.files/Gota1.png HTTP/1.1" 304 - "http://www.asjudinet.com/menu_admin.php?ced=79277541&nom=HUERTAS TENJO JOSE FREDY" "Mozilla/4.0 (compatible; MSIE 7.0; Windows NT 5.1; GTB6)"
190.24.223.78 - - [18/Nov/2009:12:46:26 -0600] "GET /menuweb.files/mac_pic1.gif HTTP/1.1" 304 - "http://www.asjudinet.com/menu_admin.php?ced=79277541&nom=HUERTAS TENJO JOSE FREDY" "Mozilla/4.0 (compatible; MSIE 7.0; Windows NT 5.1; GTB6)"
200.11.45.150 - - [18/Nov/2009:12:46:26 -0600] "GET /menuweb.files/arr_black_2.gif HTTP/1.1" 304 - "http://www.asjudinet.com/menu_admin.php?ced=40341071&nom=GONDOLLEZ VELASQUEZ YUDI YADITH" "Mozilla/4.0 (compatible; MSIE 7.0; Windows NT 5.1; InfoPath.1)"
200.11.45.150 - - [18/Nov/2009:12:46:26 -0600] "GET /menuweb.files/icon_xp_7.gif HTTP/1.1" 304 - "http://www.asjudinet.com/menu_admin.php?ced=40341071&nom=GONDOLLEZ VELASQUEZ YUDI YADITH" "Mozilla/4.0 (compatible; MSIE 7.0; Windows NT 5.1; InfoPath.1)"
200.11.45.150 - - [18/Nov/2009:12:46:26 -0600] "GET /menuweb.files/icon_xp2_1o.gif HTTP/1.1" 304 - "http://www.asjudinet.com/menu_admin.php?ced=40341071&nom=GONDOLLEZ VELASQUEZ YUDI YADITH" "Mozilla/4.0 (compatible; MSIE 7.0; Windows NT 5.1; InfoPath.1)"
190.24.223.78 - - [18/Nov/2009:12:46:26 -0600] "GET /menuweb.files/icon_office_list.gif HTTP/1.1" 304 - "http://www.asjudinet.com/menu_admin.php?ced=79277541&nom=HUERTAS TENJO JOSE FREDY" "Mozilla/4.0 (compatible; MSIE 7.0; Windows NT 5.1; GTB6)"
