190.24.223.78 - - [18/Nov/2009:12:35:34 -0600] "POST /chat/chat.php HTTP/1.1" 200 17 "-" "Mozilla/4.0 (Windows XP 5.1) Java/1.6.0_17"
201.228.40.146 - - [18/Nov/2009:12:35:34 -0600] "POST /chat/chat.php HTTP/1.1" 200 17 "-" "Mozilla/4.0 (Windows XP 5.1) Java/1.6.0_11"
190.90.239.144 - - [18/Nov/2009:12:35:35 -0600] "POST /chat/chat.php HTTP/1.1" 200 17 "-" "Mozilla/4.0 (Windows XP 5.1) Java/1.6.0_15"
190.255.251.154 - - [18/Nov/2009:12:35:37 -0600] "POST /chat/chat.php HTTP/1.1" 200 17 "-" "Mozilla/4.0 (Windows XP 5.1) Java/1.6.0_11"
190.99.160.153 - - [18/Nov/2009:12:35:39 -0600] "POST /chat/chat.php HTTP/1.1" 200 17 "-" "Mozilla/4.0 (Windows XP 5.1) Java/1.6.0_15"
190.255.173.67 - - [18/Nov/2009:12:35:39 -0600] "POST /chat/chat.php HTTP/1.1" 200 17 "-" "Mozilla/4.0 (Windows XP 5.1) Java/1.6.0_11"
190.157.32.99 - - [18/Nov/2009:12:35:39 -0600] "POST /chat/chat.php HTTP/1.1" 200 17 "-" "Mozilla/4.0 (Windows XP 5.1) Java/1.6.0_16"
190.24.223.78 - - [18/Nov/2009:12:35:40 -0600] "POST /chat/chat.php HTTP/1.1" 200 17 "-" "Mozilla/4.0 (Windows XP 5.1) Java/1.6.0_17"
201.228.40.146 - - [18/Nov/2009:12:35:40 -0600] "POST /chat/chat.php HTTP/1.1" 200 17 "-" "Mozilla/4.0 (Windows XP 5.1) Java/1.6.0_11"
190.90.239.144 - - [18/Nov/2009:12:35:40 -0600] "POST /chat/chat.php HTTP/1.1" 200 17 "-" "Mozilla/4.0 (Windows XP 5.1) Java/1.6.0_15"
190.24.223.78 - - [18/Nov/2009:12:35:41 -0600] "POST /consulta_ced_info_servi.php HTTP/1.1" 200 5881 "http://www.asjudinet.com/consulta_ced_info_servi.php" "Mozilla/4.0 (compatible; MSIE 6.0; Windows NT 5.1; SV1)"
190.255.251.154 - - [18/Nov/2009:12:35:43 -0600] "POST /chat/chat.php HTTP/1.1" 200 17 "-" "Mozilla/4.0 (Windows XP 5.1) Java/1.6.0_11"
190.99.160.153 - - [18/Nov/2009:12:35:44 -0600] "POST /chat/chat.php HTTP/1.1" 200 17 "-" "Mozilla/4.0 (Windows XP 5.1) Java/1.6.0_15"
190.255.173.67 - - [18/Nov/2009:12:35:44 -0600] "POST /chat/chat.php HTTP/1.1" 200 17 "-" "Mozilla/4.0 (Windows XP 5.1) Java/1.6.0_11"
190.157.32.99 - - [18/Nov/2009:12:35:44 -0600] "POST /chat/chat.php HTTP/1.1" 200 17 "-" "Mozilla/4.0 (Windows XP 5.1) Java/1.6.0_16"
190.24.223.78 - - [18/Nov/2009:12:35:45 -0600] "POST /chat/chat.php HTTP/1.1" 200 17 "-" "Mozilla/4.0 (Windows XP 5.1) Java/1.6.0_17"
201.228.40.146 - - [18/Nov/2009:12:35:45 -0600] "POST /chat/chat.php HTTP/1.1" 200 17 "-" "Mozilla/4.0 (Windows XP 5.1) Java/1.6.0_11"
190.90.239.144 - - [18/Nov/2009:12:35:45 -0600] "POST /chat/chat.php HTTP/1.1" 200 17 "-" "Mozilla/4.0 (Windows XP 5.1) Java/1.6.0_15"
190.255.251.154 - - [18/Nov/2009:12:35:48 -0600] "POST /chat/chat.php HTTP/1.1" 200 17 "-" "Mozilla/4.0 (Windows XP 5.1) Java/1.6.0_11"
190.24.223.78 - - [18/Nov/2009:12:35:47 -0600] "GET /cartera_consulta_titu_usuario.php?ced2=1022331733&numcon=669 HTTP/1.1" 200 60133 "-" "Mozilla/4.0 (compatible; MSIE 6.0; Windows NT 5.1; SV1)"
190.255.173.67 - - [18/Nov/2009:12:35:49 -0600] "POST /chat/chat.php HTTP/1.1" 200 17 "-" "Mozilla/4.0 (Windows XP 5.1) Java/1.6.0_11"
190.157.32.99 - - [18/Nov/2009:12:35:50 -0600] "POST /chat/chat.php HTTP/1.1" 200 17 "-" "Mozilla/4.0 (Windows XP 5.1) Java/1.6.0_16"
190.99.160.153 - - [18/Nov/2009:12:35:50 -0600] "POST /chat/chat.php HTTP/1.1" 200 17 "-" "Mozilla/4.0 (Windows XP 5.1) Java/1.6.0_15"
190.24.223.78 - - [18/Nov/2009:12:35:50 -0600] "POST /chat/chat.php HTTP/1.1" 200 17 "-" "Mozilla/4.0 (Windows XP 5.1) Java/1.6.0_17"
201.228.40.146 - - [18/Nov/2009:12:35:50 -0600] "POST /chat/chat.php HTTP/1.1" 200 17 "-" "Mozilla/4.0 (Windows XP 5.1) Java/1.6.0_11"
190.90.239.144 - - [18/Nov/2009:12:35:50 -0600] "POST /chat/chat.php HTTP/1.1" 200 17 "-" "Mozilla/4.0 (Windows XP 5.1) Java/1.6.0_15"
190.255.251.154 - - [18/Nov/2009:12:35:53 -0600] "POST /chat/chat.php HTTP/1.1" 200 17 "-" "Mozilla/4.0 (Windows XP 5.1) Java/1.6.0_11"
190.99.160.153 - - [18/Nov/2009:12:35:55 -0600] "POST /chat/chat.php HTTP/1.1" 200 17 "-" "Mozilla/4.0 (Windows XP 5.1) Java/1.6.0_15"
201.228.40.146 - - [18/Nov/2009:12:35:55 -0600] "POST /chat/chat.php HTTP/1.1" 200 17 "-" "Mozilla/4.0 (Windows XP 5.1) Java/1.6.0_11"
190.24.223.78 - - [18/Nov/2009:12:35:55 -0600] "POST /chat/chat.php HTTP/1.1" 200 17 "-" "Mozilla/4.0 (Windows XP 5.1) Java/1.6.0_17"
190.90.239.144 - - [18/Nov/2009:12:35:55 -0600] "POST /chat/chat.php HTTP/1.1" 200 17 "-" "Mozilla/4.0 (Windows XP 5.1) Java/1.6.0_15"
190.157.32.99 - - [18/Nov/2009:12:35:55 -0600] "POST /chat/chat.php HTTP/1.1" 200 17 "-" "Mozilla/4.0 (Windows XP 5.1) Java/1.6.0_16"
190.255.173.67 - - [18/Nov/2009:12:35:55 -0600] "POST /chat/chat.php HTTP/1.1" 200 17 "-" "Mozilla/4.0 (Windows XP 5.1) Java/1.6.0_11"
190.255.251.154 - - [18/Nov/2009:12:35:58 -0600] "POST /chat/chat.php HTTP/1.1" 200 17 "-" "Mozilla/4.0 (Windows XP 5.1) Java/1.6.0_11"
190.99.160.153 - - [18/Nov/2009:12:36:00 -0600] "POST /chat/chat.php HTTP/1.1" 200 17 "-" "Mozilla/4.0 (Windows XP 5.1) Java/1.6.0_15"
190.90.239.144 - - [18/Nov/2009:12:36:00 -0600] "POST /chat/chat.php HTTP/1.1" 200 17 "-" "Mozilla/4.0 (Windows XP 5.1) Java/1.6.0_15"
201.228.40.146 - - [18/Nov/2009:12:36:00 -0600] "POST /chat/chat.php HTTP/1.1" 200 17 "-" "Mozilla/4.0 (Windows XP 5.1) Java/1.6.0_11"
190.255.173.67 - - [18/Nov/2009:12:36:00 -0600] "POST /chat/chat.php HTTP/1.1" 200 17 "-" "Mozilla/4.0 (Windows XP 5.1) Java/1.6.0_11"
190.157.32.99 - - [18/Nov/2009:12:36:01 -0600] "POST /chat/chat.php HTTP/1.1" 200 17 "-" "Mozilla/4.0 (Windows XP 5.1) Java/1.6.0_16"
190.24.223.78 - - [18/Nov/2009:12:36:01 -0600] "POST /chat/chat.php HTTP/1.1" 200 17 "-" "Mozilla/4.0 (Windows XP 5.1) Java/1.6.0_17"
190.255.251.154 - - [18/Nov/2009:12:36:03 -0600] "POST /chat/chat.php HTTP/1.1" 200 17 "-" "Mozilla/4.0 (Windows XP 5.1) Java/1.6.0_11"
190.99.160.153 - - [18/Nov/2009:12:36:06 -0600] "POST /chat/chat.php HTTP/1.1" 200 17 "-" "Mozilla/4.0 (Windows XP 5.1) Java/1.6.0_15"
190.90.239.144 - - [18/Nov/2009:12:36:06 -0600] "POST /chat/chat.php HTTP/1.1" 200 17 "-" "Mozilla/4.0 (Windows XP 5.1) Java/1.6.0_15"
190.255.173.67 - - [18/Nov/2009:12:36:06 -0600] "POST /chat/chat.php HTTP/1.1" 200 17 "-" "Mozilla/4.0 (Windows XP 5.1) Java/1.6.0_11"
190.157.32.99 - - [18/Nov/2009:12:36:06 -0600] "POST /chat/chat.php HTTP/1.1" 200 17 "-" "Mozilla/4.0 (Windows XP 5.1) Java/1.6.0_16"
190.24.223.78 - - [18/Nov/2009:12:36:06 -0600] "POST /chat/chat.php HTTP/1.1" 200 17 "-" "Mozilla/4.0 (Windows XP 5.1) Java/1.6.0_17"
190.255.251.154 - - [18/Nov/2009:12:36:09 -0600] "POST /chat/chat.php HTTP/1.1" 200 17 "-" "Mozilla/4.0 (Windows XP 5.1) Java/1.6.0_11"
190.99.160.153 - - [18/Nov/2009:12:36:11 -0600] "POST /chat/chat.php HTTP/1.1" 200 17 "-" "Mozilla/4.0 (Windows XP 5.1) Java/1.6.0_15"
190.90.239.144 - - [18/Nov/2009:12:36:11 -0600] "POST /chat/chat.php HTTP/1.1" 200 17 "-" "Mozilla/4.0 (Windows XP 5.1) Java/1.6.0_15"
190.255.173.67 - - [18/Nov/2009:12:36:11 -0600] "POST /chat/chat.php HTTP/1.1" 200 17 "-" "Mozilla/4.0 (Windows XP 5.1) Java/1.6.0_11"
190.157.32.99 - - [18/Nov/2009:12:36:11 -0600] "POST /chat/chat.php HTTP/1.1" 200 17 "-" "Mozilla/4.0 (Windows XP 5.1) Java/1.6.0_16"
190.24.223.78 - - [18/Nov/2009:12:36:11 -0600] "POST /chat/chat.php HTTP/1.1" 200 17 "-" "Mozilla/4.0 (Windows XP 5.1) Java/1.6.0_17"
201.228.40.146 - - [18/Nov/2009:12:36:11 -0600] "POST /chat/chat.php HTTP/1.1" 200 17 "-" "Mozilla/4.0 (Windows XP 5.1) Java/1.6.0_11"
190.255.251.154 - - [18/Nov/2009:12:36:14 -0600] "POST /chat/chat.php HTTP/1.1" 200 17 "-" "Mozilla/4.0 (Windows XP 5.1) Java/1.6.0_11"
190.99.160.153 - - [18/Nov/2009:12:36:16 -0600] "POST /chat/chat.php HTTP/1.1" 200 17 "-" "Mozilla/4.0 (Windows XP 5.1) Java/1.6.0_15"
190.90.239.144 - - [18/Nov/2009:12:36:16 -0600] "POST /chat/chat.php HTTP/1.1" 200 17 "-" "Mozilla/4.0 (Windows XP 5.1) Java/1.6.0_15"
190.255.173.67 - - [18/Nov/2009:12:36:16 -0600] "POST /chat/chat.php HTTP/1.1" 200 17 "-" "Mozilla/4.0 (Windows XP 5.1) Java/1.6.0_11"
190.157.32.99 - - [18/Nov/2009:12:36:16 -0600] "POST /chat/chat.php HTTP/1.1" 200 17 "-" "Mozilla/4.0 (Windows XP 5.1) Java/1.6.0_16"
190.24.223.78 - - [18/Nov/2009:12:36:16 -0600] "POST /chat/chat.php HTTP/1.1" 200 17 "-" "Mozilla/4.0 (Windows XP 5.1) Java/1.6.0_17"
201.228.40.146 - - [18/Nov/2009:12:36:16 -0600] "POST /chat/chat.php HTTP/1.1" 200 17 "-" "Mozilla/4.0 (Windows XP 5.1) Java/1.6.0_11"
190.255.251.154 - - [18/Nov/2009:12:36:19 -0600] "POST /chat/chat.php HTTP/1.1" 200 17 "-" "Mozilla/4.0 (Windows XP 5.1) Java/1.6.0_11"
190.99.160.153 - - [18/Nov/2009:12:36:21 -0600] "POST /chat/chat.php HTTP/1.1" 200 17 "-" "Mozilla/4.0 (Windows XP 5.1) Java/1.6.0_15"
190.90.239.144 - - [18/Nov/2009:12:36:21 -0600] "POST /chat/chat.php HTTP/1.1" 200 17 "-" "Mozilla/4.0 (Windows XP 5.1) Java/1.6.0_15"
190.255.173.67 - - [18/Nov/2009:12:36:21 -0600] "POST /chat/chat.php HTTP/1.1" 200 17 "-" "Mozilla/4.0 (Windows XP 5.1) Java/1.6.0_11"
190.157.32.99 - - [18/Nov/2009:12:36:21 -0600] "POST /chat/chat.php HTTP/1.1" 200 17 "-" "Mozilla/4.0 (Windows XP 5.1) Java/1.6.0_16"
190.24.223.78 - - [18/Nov/2009:12:36:21 -0600] "POST /chat/chat.php HTTP/1.1" 200 17 "-" "Mozilla/4.0 (Windows XP 5.1) Java/1.6.0_17"
201.228.40.146 - - [18/Nov/2009:12:36:21 -0600] "POST /chat/chat.php HTTP/1.1" 200 17 "-" "Mozilla/4.0 (Windows XP 5.1) Java/1.6.0_11"
190.255.251.154 - - [18/Nov/2009:12:36:25 -0600] "POST /chat/chat.php HTTP/1.1" 200 17 "-" "Mozilla/4.0 (Windows XP 5.1) Java/1.6.0_11"
190.99.160.153 - - [18/Nov/2009:12:36:26 -0600] "POST /chat/chat.php HTTP/1.1" 200 17 "-" "Mozilla/4.0 (Windows XP 5.1) Java/1.6.0_15"
190.90.239.144 - - [18/Nov/2009:12:36:26 -0600] "POST /chat/chat.php HTTP/1.1" 200 17 "-" "Mozilla/4.0 (Windows XP 5.1) Java/1.6.0_15"
190.255.173.67 - - [18/Nov/2009:12:36:26 -0600] "POST /chat/chat.php HTTP/1.1" 200 17 "-" "Mozilla/4.0 (Windows XP 5.1) Java/1.6.0_11"
190.157.32.99 - - [18/Nov/2009:12:36:26 -0600] "POST /chat/chat.php HTTP/1.1" 200 17 "-" "Mozilla/4.0 (Windows XP 5.1) Java/1.6.0_16"
190.24.223.78 - - [18/Nov/2009:12:36:26 -0600] "POST /chat/chat.php HTTP/1.1" 200 17 "-" "Mozilla/4.0 (Windows XP 5.1) Java/1.6.0_17"
201.228.40.146 - - [18/Nov/2009:12:36:27 -0600] "POST /chat/chat.php HTTP/1.1" 200 17 "-" "Mozilla/4.0 (Windows XP 5.1) Java/1.6.0_11"
190.255.251.154 - - [18/Nov/2009:12:36:30 -0600] "POST /chat/chat.php HTTP/1.1" 200 17 "-" "Mozilla/4.0 (Windows XP 5.1) Java/1.6.0_11"
190.99.160.153 - - [18/Nov/2009:12:36:31 -0600] "POST /chat/chat.php HTTP/1.1" 200 17 "-" "Mozilla/4.0 (Windows XP 5.1) Java/1.6.0_15"
190.90.239.144 - - [18/Nov/2009:12:36:31 -0600] "POST /chat/chat.php HTTP/1.1" 200 17 "-" "Mozilla/4.0 (Windows XP 5.1) Java/1.6.0_15"
190.255.173.67 - - [18/Nov/2009:12:36:31 -0600] "POST /chat/chat.php HTTP/1.1" 200 17 "-" "Mozilla/4.0 (Windows XP 5.1) Java/1.6.0_11"
190.157.32.99 - - [18/Nov/2009:12:36:31 -0600] "POST /chat/chat.php HTTP/1.1" 200 17 "-" "Mozilla/4.0 (Windows XP 5.1) Java/1.6.0_16"
190.24.223.78 - - [18/Nov/2009:12:36:32 -0600] "POST /chat/chat.php HTTP/1.1" 200 17 "-" "Mozilla/4.0 (Windows XP 5.1) Java/1.6.0_17"
201.228.40.146 - - [18/Nov/2009:12:36:32 -0600] "POST /chat/chat.php HTTP/1.1" 200 17 "-" "Mozilla/4.0 (Windows XP 5.1) Java/1.6.0_11"
190.255.251.154 - - [18/Nov/2009:12:36:35 -0600] "POST /chat/chat.php HTTP/1.1" 200 17 "-" "Mozilla/4.0 (Windows XP 5.1) Java/1.6.0_11"
190.99.160.153 - - [18/Nov/2009:12:36:36 -0600] "POST /chat/chat.php HTTP/1.1" 200 17 "-" "Mozilla/4.0 (Windows XP 5.1) Java/1.6.0_15"
190.90.239.144 - - [18/Nov/2009:12:36:36 -0600] "POST /chat/chat.php HTTP/1.1" 200 17 "-" "Mozilla/4.0 (Windows XP 5.1) Java/1.6.0_15"
190.255.173.67 - - [18/Nov/2009:12:36:36 -0600] "POST /chat/chat.php HTTP/1.1" 200 17 "-" "Mozilla/4.0 (Windows XP 5.1) Java/1.6.0_11"
190.157.32.99 - - [18/Nov/2009:12:36:37 -0600] "POST /chat/chat.php HTTP/1.1" 200 17 "-" "Mozilla/4.0 (Windows XP 5.1) Java/1.6.0_16"
190.24.223.78 - - [18/Nov/2009:12:36:37 -0600] "POST /chat/chat.php HTTP/1.1" 200 17 "-" "Mozilla/4.0 (Windows XP 5.1) Java/1.6.0_17"
190.255.251.154 - - [18/Nov/2009:12:36:40 -0600] "POST /chat/chat.php HTTP/1.1" 200 17 "-" "Mozilla/4.0 (Windows XP 5.1) Java/1.6.0_11"
190.90.239.144 - - [18/Nov/2009:12:36:41 -0600] "POST /chat/chat.php HTTP/1.1" 200 17 "-" "Mozilla/4.0 (Windows XP 5.1) Java/1.6.0_15"
190.99.160.153 - - [18/Nov/2009:12:36:42 -0600] "POST /chat/chat.php HTTP/1.1" 200 17 "-" "Mozilla/4.0 (Windows XP 5.1) Java/1.6.0_15"
190.255.173.67 - - [18/Nov/2009:12:36:42 -0600] "POST /chat/chat.php HTTP/1.1" 200 17 "-" "Mozilla/4.0 (Windows XP 5.1) Java/1.6.0_11"
190.157.32.99 - - [18/Nov/2009:12:36:42 -0600] "POST /chat/chat.php HTTP/1.1" 200 17 "-" "Mozilla/4.0 (Windows XP 5.1) Java/1.6.0_16"
190.24.223.78 - - [18/Nov/2009:12:36:42 -0600] "POST /chat/chat.php HTTP/1.1" 200 17 "-" "Mozilla/4.0 (Windows XP 5.1) Java/1.6.0_17"
201.228.40.146 - - [18/Nov/2009:12:36:42 -0600] "POST /chat/chat.php HTTP/1.1" 200 17 "-" "Mozilla/4.0 (Windows XP 5.1) Java/1.6.0_11"
190.255.251.154 - - [18/Nov/2009:12:36:45 -0600] "POST /chat/chat.php HTTP/1.1" 200 17 "-" "Mozilla/4.0 (Windows XP 5.1) Java/1.6.0_11"
190.90.239.144 - - [18/Nov/2009:12:36:47 -0600] "POST /chat/chat.php HTTP/1.1" 200 17 "-" "Mozilla/4.0 (Windows XP 5.1) Java/1.6.0_15"
190.99.160.153 - - [18/Nov/2009:12:36:47 -0600] "POST /chat/chat.php HTTP/1.1" 200 17 "-" "Mozilla/4.0 (Windows XP 5.1) Java/1.6.0_15"
190.255.173.67 - - [18/Nov/2009:12:36:47 -0600] "POST /chat/chat.php HTTP/1.1" 200 17 "-" "Mozilla/4.0 (Windows XP 5.1) Java/1.6.0_11"
190.157.32.99 - - [18/Nov/2009:12:36:47 -0600] "POST /chat/chat.php HTTP/1.1" 200 17 "-" "Mozilla/4.0 (Windows XP 5.1) Java/1.6.0_16"
190.24.223.78 - - [18/Nov/2009:12:36:47 -0600] "POST /chat/chat.php HTTP/1.1" 200 17 "-" "Mozilla/4.0 (Windows XP 5.1) Java/1.6.0_17"
201.228.40.146 - - [18/Nov/2009:12:36:47 -0600] "POST /chat/chat.php HTTP/1.1" 200 17 "-" "Mozilla/4.0 (Windows XP 5.1) Java/1.6.0_11"
190.255.251.154 - - [18/Nov/2009:12:36:51 -0600] "POST /chat/chat.php HTTP/1.1" 200 17 "-" "Mozilla/4.0 (Windows XP 5.1) Java/1.6.0_11"
190.90.239.144 - - [18/Nov/2009:12:36:52 -0600] "POST /chat/chat.php HTTP/1.1" 200 17 "-" "Mozilla/4.0 (Windows XP 5.1) Java/1.6.0_15"
190.99.160.153 - - [18/Nov/2009:12:36:52 -0600] "POST /chat/chat.php HTTP/1.1" 200 17 "-" "Mozilla/4.0 (Windows XP 5.1) Java/1.6.0_15"
190.255.173.67 - - [18/Nov/2009:12:36:52 -0600] "POST /chat/chat.php HTTP/1.1" 200 17 "-" "Mozilla/4.0 (Windows XP 5.1) Java/1.6.0_11"
190.157.32.99 - - [18/Nov/2009:12:36:52 -0600] "POST /chat/chat.php HTTP/1.1" 200 17 "-" "Mozilla/4.0 (Windows XP 5.1) Java/1.6.0_16"
190.24.223.78 - - [18/Nov/2009:12:36:52 -0600] "POST /chat/chat.php HTTP/1.1" 200 17 "-" "Mozilla/4.0 (Windows XP 5.1) Java/1.6.0_17"
201.228.40.146 - - [18/Nov/2009:12:36:52 -0600] "POST /chat/chat.php HTTP/1.1" 200 17 "-" "Mozilla/4.0 (Windows XP 5.1) Java/1.6.0_11"
190.255.251.154 - - [18/Nov/2009:12:36:56 -0600] "POST /chat/chat.php HTTP/1.1" 200 17 "-" "Mozilla/4.0 (Windows XP 5.1) Java/1.6.0_11"
190.90.239.144 - - [18/Nov/2009:12:36:57 -0600] "POST /chat/chat.php HTTP/1.1" 200 17 "-" "Mozilla/4.0 (Windows XP 5.1) Java/1.6.0_15"
190.99.160.153 - - [18/Nov/2009:12:36:57 -0600] "POST /chat/chat.php HTTP/1.1" 200 17 "-" "Mozilla/4.0 (Windows XP 5.1) Java/1.6.0_15"
190.255.173.67 - - [18/Nov/2009:12:36:57 -0600] "POST /chat/chat.php HTTP/1.1" 200 17 "-" "Mozilla/4.0 (Windows XP 5.1) Java/1.6.0_11"
190.157.32.99 - - [18/Nov/2009:12:36:57 -0600] "POST /chat/chat.php HTTP/1.1" 200 17 "-" "Mozilla/4.0 (Windows XP 5.1) Java/1.6.0_16"
201.228.40.146 - - [18/Nov/2009:12:36:57 -0600] "POST /chat/chat.php HTTP/1.1" 200 17 "-" "Mozilla/4.0 (Windows XP 5.1) Java/1.6.0_11"
190.24.223.78 - - [18/Nov/2009:12:36:57 -0600] "POST /chat/chat.php HTTP/1.1" 200 17 "-" "Mozilla/4.0 (Windows XP 5.1) Java/1.6.0_17"
190.255.251.154 - - [18/Nov/2009:12:37:01 -0600] "POST /chat/chat.php HTTP/1.1" 200 17 "-" "Mozilla/4.0 (Windows XP 5.1) Java/1.6.0_11"
190.90.239.144 - - [18/Nov/2009:12:37:02 -0600] "POST /chat/chat.php HTTP/1.1" 200 17 "-" "Mozilla/4.0 (Windows XP 5.1) Java/1.6.0_15"
190.99.160.153 - - [18/Nov/2009:12:37:02 -0600] "POST /chat/chat.php HTTP/1.1" 200 17 "-" "Mozilla/4.0 (Windows XP 5.1) Java/1.6.0_15"
190.255.173.67 - - [18/Nov/2009:12:37:02 -0600] "POST /chat/chat.php HTTP/1.1" 200 17 "-" "Mozilla/4.0 (Windows XP 5.1) Java/1.6.0_11"
190.157.32.99 - - [18/Nov/2009:12:37:02 -0600] "POST /chat/chat.php HTTP/1.1" 200 17 "-" "Mozilla/4.0 (Windows XP 5.1) Java/1.6.0_16"
201.228.40.146 - - [18/Nov/2009:12:37:03 -0600] "POST /chat/chat.php HTTP/1.1" 200 17 "-" "Mozilla/4.0 (Windows XP 5.1) Java/1.6.0_11"
190.24.223.78 - - [18/Nov/2009:12:37:03 -0600] "POST /chat/chat.php HTTP/1.1" 200 17 "-" "Mozilla/4.0 (Windows XP 5.1) Java/1.6.0_17"
190.255.251.154 - - [18/Nov/2009:12:37:06 -0600] "POST /chat/chat.php HTTP/1.1" 200 17 "-" "Mozilla/4.0 (Windows XP 5.1) Java/1.6.0_11"
190.90.239.144 - - [18/Nov/2009:12:37:07 -0600] "POST /chat/chat.php HTTP/1.1" 200 17 "-" "Mozilla/4.0 (Windows XP 5.1) Java/1.6.0_15"
190.99.160.153 - - [18/Nov/2009:12:37:07 -0600] "POST /chat/chat.php HTTP/1.1" 200 17 "-" "Mozilla/4.0 (Windows XP 5.1) Java/1.6.0_15"
190.255.173.67 - - [18/Nov/2009:12:37:07 -0600] "POST /chat/chat.php HTTP/1.1" 200 17 "-" "Mozilla/4.0 (Windows XP 5.1) Java/1.6.0_11"
190.157.32.99 - - [18/Nov/2009:12:37:07 -0600] "POST /chat/chat.php HTTP/1.1" 200 17 "-" "Mozilla/4.0 (Windows XP 5.1) Java/1.6.0_16"
190.24.223.78 - - [18/Nov/2009:12:37:08 -0600] "POST /chat/chat.php HTTP/1.1" 200 17 "-" "Mozilla/4.0 (Windows XP 5.1) Java/1.6.0_17"
190.255.251.154 - - [18/Nov/2009:12:37:12 -0600] "POST /chat/chat.php HTTP/1.1" 200 17 "-" "Mozilla/4.0 (Windows XP 5.1) Java/1.6.0_11"
190.90.239.144 - - [18/Nov/2009:12:37:12 -0600] "POST /chat/chat.php HTTP/1.1" 200 17 "-" "Mozilla/4.0 (Windows XP 5.1) Java/1.6.0_15"
190.99.160.153 - - [18/Nov/2009:12:37:12 -0600] "POST /chat/chat.php HTTP/1.1" 200 17 "-" "Mozilla/4.0 (Windows XP 5.1) Java/1.6.0_15"
190.255.173.67 - - [18/Nov/2009:12:37:12 -0600] "POST /chat/chat.php HTTP/1.1" 200 17 "-" "Mozilla/4.0 (Windows XP 5.1) Java/1.6.0_11"
190.157.32.99 - - [18/Nov/2009:12:37:13 -0600] "POST /chat/chat.php HTTP/1.1" 200 17 "-" "Mozilla/4.0 (Windows XP 5.1) Java/1.6.0_16"
190.24.223.78 - - [18/Nov/2009:12:37:13 -0600] "POST /chat/chat.php HTTP/1.1" 200 17 "-" "Mozilla/4.0 (Windows XP 5.1) Java/1.6.0_17"
201.228.40.146 - - [18/Nov/2009:12:37:13 -0600] "POST /chat/chat.php HTTP/1.1" 200 17 "-" "Mozilla/4.0 (Windows XP 5.1) Java/1.6.0_11"
190.255.251.154 - - [18/Nov/2009:12:37:17 -0600] "POST /chat/chat.php HTTP/1.1" 200 17 "-" "Mozilla/4.0 (Windows XP 5.1) Java/1.6.0_11"
190.90.239.144 - - [18/Nov/2009:12:37:17 -0600] "POST /chat/chat.php HTTP/1.1" 200 17 "-" "Mozilla/4.0 (Windows XP 5.1) Java/1.6.0_15"
190.99.160.153 - - [18/Nov/2009:12:37:17 -0600] "POST /chat/chat.php HTTP/1.1" 200 17 "-" "Mozilla/4.0 (Windows XP 5.1) Java/1.6.0_15"
190.255.173.67 - - [18/Nov/2009:12:37:18 -0600] "POST /chat/chat.php HTTP/1.1" 200 17 "-" "Mozilla/4.0 (Windows XP 5.1) Java/1.6.0_11"
190.157.32.99 - - [18/Nov/2009:12:37:18 -0600] "POST /chat/chat.php HTTP/1.1" 200 17 "-" "Mozilla/4.0 (Windows XP 5.1) Java/1.6.0_16"
190.24.223.78 - - [18/Nov/2009:12:37:18 -0600] "POST /chat/chat.php HTTP/1.1" 200 17 "-" "Mozilla/4.0 (Windows XP 5.1) Java/1.6.0_17"
201.228.40.146 - - [18/Nov/2009:12:37:18 -0600] "POST /chat/chat.php HTTP/1.1" 200 17 "-" "Mozilla/4.0 (Windows XP 5.1) Java/1.6.0_11"
190.157.32.99 - - [18/Nov/2009:12:37:23 -0600] "POST /chat/chat.php HTTP/1.1" 200 17 "-" "Mozilla/4.0 (Windows XP 5.1) Java/1.6.0_16"
190.255.251.154 - - [18/Nov/2009:12:37:22 -0600] "POST /chat/chat.php HTTP/1.1" 200 17 "-" "Mozilla/4.0 (Windows XP 5.1) Java/1.6.0_11"
190.90.239.144 - - [18/Nov/2009:12:37:22 -0600] "POST /chat/chat.php HTTP/1.1" 200 17 "-" "Mozilla/4.0 (Windows XP 5.1) Java/1.6.0_15"
190.99.160.153 - - [18/Nov/2009:12:37:23 -0600] "POST /chat/chat.php HTTP/1.1" 200 17 "-" "Mozilla/4.0 (Windows XP 5.1) Java/1.6.0_15"
190.255.173.67 - - [18/Nov/2009:12:37:23 -0600] "POST /chat/chat.php HTTP/1.1" 200 17 "-" "Mozilla/4.0 (Windows XP 5.1) Java/1.6.0_11"
190.24.223.78 - - [18/Nov/2009:12:37:23 -0600] "POST /chat/chat.php HTTP/1.1" 200 17 "-" "Mozilla/4.0 (Windows XP 5.1) Java/1.6.0_17"
201.228.40.146 - - [18/Nov/2009:12:37:23 -0600] "POST /chat/chat.php HTTP/1.1" 200 17 "-" "Mozilla/4.0 (Windows XP 5.1) Java/1.6.0_11"
190.99.160.153 - - [18/Nov/2009:12:37:28 -0600] "POST /chat/chat.php HTTP/1.1" 200 17 "-" "Mozilla/4.0 (Windows XP 5.1) Java/1.6.0_15"
190.90.239.144 - - [18/Nov/2009:12:37:28 -0600] "POST /chat/chat.php HTTP/1.1" 200 17 "-" "Mozilla/4.0 (Windows XP 5.1) Java/1.6.0_15"
190.255.173.67 - - [18/Nov/2009:12:37:28 -0600] "POST /chat/chat.php HTTP/1.1" 200 17 "-" "Mozilla/4.0 (Windows XP 5.1) Java/1.6.0_11"
190.157.32.99 - - [18/Nov/2009:12:37:28 -0600] "POST /chat/chat.php HTTP/1.1" 200 17 "-" "Mozilla/4.0 (Windows XP 5.1) Java/1.6.0_16"
190.24.223.78 - - [18/Nov/2009:12:37:28 -0600] "POST /chat/chat.php HTTP/1.1" 200 17 "-" "Mozilla/4.0 (Windows XP 5.1) Java/1.6.0_17"
190.255.251.154 - - [18/Nov/2009:12:37:28 -0600] "POST /chat/chat.php HTTP/1.1" 200 17 "-" "Mozilla/4.0 (Windows XP 5.1) Java/1.6.0_11"
201.228.40.146 - - [18/Nov/2009:12:37:28 -0600] "POST /chat/chat.php HTTP/1.1" 200 17 "-" "Mozilla/4.0 (Windows XP 5.1) Java/1.6.0_11"
190.90.239.144 - - [18/Nov/2009:12:37:33 -0600] "POST /chat/chat.php HTTP/1.1" 200 17 "-" "Mozilla/4.0 (Windows XP 5.1) Java/1.6.0_15"
190.255.173.67 - - [18/Nov/2009:12:37:33 -0600] "POST /chat/chat.php HTTP/1.1" 200 17 "-" "Mozilla/4.0 (Windows XP 5.1) Java/1.6.0_11"
190.157.32.99 - - [18/Nov/2009:12:37:33 -0600] "POST /chat/chat.php HTTP/1.1" 200 17 "-" "Mozilla/4.0 (Windows XP 5.1) Java/1.6.0_16"
190.255.251.154 - - [18/Nov/2009:12:37:34 -0600] "POST /chat/chat.php HTTP/1.1" 200 17 "-" "Mozilla/4.0 (Windows XP 5.1) Java/1.6.0_11"
201.228.40.146 - - [18/Nov/2009:12:37:34 -0600] "POST /chat/chat.php HTTP/1.1" 200 17 "-" "Mozilla/4.0 (Windows XP 5.1) Java/1.6.0_11"
190.99.160.153 - - [18/Nov/2009:12:37:33 -0600] "POST /chat/chat.php HTTP/1.1" 200 17 "-" "Mozilla/4.0 (Windows XP 5.1) Java/1.6.0_15"
190.24.223.78 - - [18/Nov/2009:12:37:34 -0600] "POST /chat/chat.php HTTP/1.1" 200 17 "-" "Mozilla/4.0 (Windows XP 5.1) Java/1.6.0_17"
190.90.239.144 - - [18/Nov/2009:12:37:39 -0600] "POST /chat/chat.php HTTP/1.1" 200 17 "-" "Mozilla/4.0 (Windows XP 5.1) Java/1.6.0_15"
190.255.173.67 - - [18/Nov/2009:12:37:39 -0600] "POST /chat/chat.php HTTP/1.1" 200 17 "-" "Mozilla/4.0 (Windows XP 5.1) Java/1.6.0_11"
190.157.32.99 - - [18/Nov/2009:12:37:39 -0600] "POST /chat/chat.php HTTP/1.1" 200 17 "-" "Mozilla/4.0 (Windows XP 5.1) Java/1.6.0_16"
201.228.40.146 - - [18/Nov/2009:12:37:39 -0600] "POST /chat/chat.php HTTP/1.1" 200 17 "-" "Mozilla/4.0 (Windows XP 5.1) Java/1.6.0_11"
190.255.251.154 - - [18/Nov/2009:12:37:39 -0600] "POST /chat/chat.php HTTP/1.1" 200 17 "-" "Mozilla/4.0 (Windows XP 5.1) Java/1.6.0_11"
190.99.160.153 - - [18/Nov/2009:12:37:39 -0600] "POST /chat/chat.php HTTP/1.1" 200 17 "-" "Mozilla/4.0 (Windows XP 5.1) Java/1.6.0_15"
190.24.223.78 - - [18/Nov/2009:12:37:39 -0600] "POST /chat/chat.php HTTP/1.1" 200 17 "-" "Mozilla/4.0 (Windows XP 5.1) Java/1.6.0_17"
190.90.239.144 - - [18/Nov/2009:12:37:44 -0600] "POST /chat/chat.php HTTP/1.1" 200 17 "-" "Mozilla/4.0 (Windows XP 5.1) Java/1.6.0_15"
190.255.173.67 - - [18/Nov/2009:12:37:44 -0600] "POST /chat/chat.php HTTP/1.1" 200 17 "-" "Mozilla/4.0 (Windows XP 5.1) Java/1.6.0_11"
190.157.32.99 - - [18/Nov/2009:12:37:44 -0600] "POST /chat/chat.php HTTP/1.1" 200 17 "-" "Mozilla/4.0 (Windows XP 5.1) Java/1.6.0_16"
201.228.40.146 - - [18/Nov/2009:12:37:44 -0600] "POST /chat/chat.php HTTP/1.1" 200 17 "-" "Mozilla/4.0 (Windows XP 5.1) Java/1.6.0_11"
190.255.251.154 - - [18/Nov/2009:12:37:44 -0600] "POST /chat/chat.php HTTP/1.1" 200 17 "-" "Mozilla/4.0 (Windows XP 5.1) Java/1.6.0_11"
190.99.160.153 - - [18/Nov/2009:12:37:44 -0600] "POST /chat/chat.php HTTP/1.1" 200 17 "-" "Mozilla/4.0 (Windows XP 5.1) Java/1.6.0_15"
190.24.223.78 - - [18/Nov/2009:12:37:44 -0600] "POST /chat/chat.php HTTP/1.1" 200 17 "-" "Mozilla/4.0 (Windows XP 5.1) Java/1.6.0_17"
190.255.173.67 - - [18/Nov/2009:12:37:49 -0600] "POST /chat/chat.php HTTP/1.1" 200 17 "-" "Mozilla/4.0 (Windows XP 5.1) Java/1.6.0_11"
190.90.239.144 - - [18/Nov/2009:12:37:49 -0600] "POST /chat/chat.php HTTP/1.1" 200 17 "-" "Mozilla/4.0 (Windows XP 5.1) Java/1.6.0_15"
190.24.223.78 - - [18/Nov/2009:12:37:46 -0600] "GET /cartera_consulta_titular.php?ced2=12209625&numcon=8246 HTTP/1.1" 200 19633 "-" "Mozilla/4.0 (compatible; MSIE 6.0; Windows NT 5.1; SV1; InfoPath.1)"
190.157.32.99 - - [18/Nov/2009:12:37:49 -0600] "POST /chat/chat.php HTTP/1.1" 200 17 "-" "Mozilla/4.0 (Windows XP 5.1) Java/1.6.0_16"
190.255.251.154 - - [18/Nov/2009:12:37:49 -0600] "POST /chat/chat.php HTTP/1.1" 200 17 "-" "Mozilla/4.0 (Windows XP 5.1) Java/1.6.0_11"
190.99.160.153 - - [18/Nov/2009:12:37:49 -0600] "POST /chat/chat.php HTTP/1.1" 200 17 "-" "Mozilla/4.0 (Windows XP 5.1) Java/1.6.0_15"
190.24.223.78 - - [18/Nov/2009:12:37:50 -0600] "POST /chat/chat.php HTTP/1.1" 200 17 "-" "Mozilla/4.0 (Windows XP 5.1) Java/1.6.0_17"
190.24.223.78 - - [18/Nov/2009:12:37:50 -0600] "GET /menu_datos_cartera_servi.php HTTP/1.1" 200 6922 "-" "Mozilla/4.0 (compatible; MSIE 6.0; Windows NT 5.1; SV1; InfoPath.1)"
190.24.223.78 - - [18/Nov/2009:12:37:50 -0600] "GET /ELEMENTOS/fondo_argollado.gif HTTP/1.1" 304 - "http://www.asjudinet.com/menu_datos_cartera_servi.php" "Mozilla/4.0 (compatible; MSIE 6.0; Windows NT 5.1; SV1; InfoPath.1)"
190.24.223.78 - - [18/Nov/2009:12:37:52 -0600] "GET /cartera_consul_titu.php HTTP/1.1" 200 4417 "http://www.asjudinet.com/menu_datos_cartera_servi.php" "Mozilla/4.0 (compatible; MSIE 6.0; Windows NT 5.1; SV1; InfoPath.1)"
201.228.40.146 - - [18/Nov/2009:12:37:54 -0600] "POST /chat/chat.php HTTP/1.1" 200 17 "-" "Mozilla/4.0 (Windows XP 5.1) Java/1.6.0_11"
190.90.239.144 - - [18/Nov/2009:12:37:54 -0600] "POST /chat/chat.php HTTP/1.1" 200 17 "-" "Mozilla/4.0 (Windows XP 5.1) Java/1.6.0_15"
190.255.173.67 - - [18/Nov/2009:12:37:54 -0600] "POST /chat/chat.php HTTP/1.1" 200 17 "-" "Mozilla/4.0 (Windows XP 5.1) Java/1.6.0_11"
190.157.32.99 - - [18/Nov/2009:12:37:54 -0600] "POST /chat/chat.php HTTP/1.1" 200 17 "-" "Mozilla/4.0 (Windows XP 5.1) Java/1.6.0_16"
190.99.160.153 - - [18/Nov/2009:12:37:55 -0600] "POST /chat/chat.php HTTP/1.1" 200 17 "-" "Mozilla/4.0 (Windows XP 5.1) Java/1.6.0_15"
190.255.251.154 - - [18/Nov/2009:12:37:55 -0600] "POST /chat/chat.php HTTP/1.1" 200 17 "-" "Mozilla/4.0 (Windows XP 5.1) Java/1.6.0_11"
190.24.223.78 - - [18/Nov/2009:12:37:55 -0600] "POST /chat/chat.php HTTP/1.1" 200 17 "-" "Mozilla/4.0 (Windows XP 5.1) Java/1.6.0_17"
190.24.223.78 - - [18/Nov/2009:12:37:57 -0600] "POST /cartera_consul_titu.php HTTP/1.1" 200 6015 "http://www.asjudinet.com/cartera_consul_titu.php" "Mozilla/4.0 (compatible; MSIE 6.0; Windows NT 5.1; SV1; InfoPath.1)"
201.228.40.146 - - [18/Nov/2009:12:37:59 -0600] "POST /chat/chat.php HTTP/1.1" 200 17 "-" "Mozilla/4.0 (Windows XP 5.1) Java/1.6.0_11"
190.90.239.144 - - [18/Nov/2009:12:37:59 -0600] "POST /chat/chat.php HTTP/1.1" 200 17 "-" "Mozilla/4.0 (Windows XP 5.1) Java/1.6.0_15"
190.255.173.67 - - [18/Nov/2009:12:37:59 -0600] "POST /chat/chat.php HTTP/1.1" 200 17 "-" "Mozilla/4.0 (Windows XP 5.1) Java/1.6.0_11"
190.157.32.99 - - [18/Nov/2009:12:37:59 -0600] "POST /chat/chat.php HTTP/1.1" 200 17 "-" "Mozilla/4.0 (Windows XP 5.1) Java/1.6.0_16"
190.99.160.153 - - [18/Nov/2009:12:38:00 -0600] "POST /chat/chat.php HTTP/1.1" 200 17 "-" "Mozilla/4.0 (Windows XP 5.1) Java/1.6.0_15"
190.255.251.154 - - [18/Nov/2009:12:38:00 -0600] "POST /chat/chat.php HTTP/1.1" 200 17 "-" "Mozilla/4.0 (Windows XP 5.1) Java/1.6.0_11"
190.24.223.78 - - [18/Nov/2009:12:38:00 -0600] "POST /chat/chat.php HTTP/1.1" 200 17 "-" "Mozilla/4.0 (Windows XP 5.1) Java/1.6.0_17"
190.24.223.78 - - [18/Nov/2009:12:37:58 -0600] "GET /cartera_consulta_titular.php?ced2=41522062&numcon=1310 HTTP/1.1" 200 19607 "-" "Mozilla/4.0 (compatible; MSIE 6.0; Windows NT 5.1; SV1; InfoPath.1)"
201.228.40.146 - - [18/Nov/2009:12:38:04 -0600] "POST /chat/chat.php HTTP/1.1" 200 17 "-" "Mozilla/4.0 (Windows XP 5.1) Java/1.6.0_11"
190.90.239.144 - - [18/Nov/2009:12:38:04 -0600] "POST /chat/chat.php HTTP/1.1" 200 17 "-" "Mozilla/4.0 (Windows XP 5.1) Java/1.6.0_15"
190.255.173.67 - - [18/Nov/2009:12:38:04 -0600] "POST /chat/chat.php HTTP/1.1" 200 17 "-" "Mozilla/4.0 (Windows XP 5.1) Java/1.6.0_11"
190.157.32.99 - - [18/Nov/2009:12:38:04 -0600] "POST /chat/chat.php HTTP/1.1" 200 17 "-" "Mozilla/4.0 (Windows XP 5.1) Java/1.6.0_16"
190.99.160.153 - - [18/Nov/2009:12:38:05 -0600] "POST /chat/chat.php HTTP/1.1" 200 17 "-" "Mozilla/4.0 (Windows XP 5.1) Java/1.6.0_15"
190.255.251.154 - - [18/Nov/2009:12:38:05 -0600] "POST /chat/chat.php HTTP/1.1" 200 17 "-" "Mozilla/4.0 (Windows XP 5.1) Java/1.6.0_11"
190.24.223.78 - - [18/Nov/2009:12:38:05 -0600] "POST /chat/chat.php HTTP/1.1" 200 17 "-" "Mozilla/4.0 (Windows XP 5.1) Java/1.6.0_17"
190.255.173.67 - - [18/Nov/2009:12:38:09 -0600] "POST /chat/chat.php HTTP/1.1" 200 17 "-" "Mozilla/4.0 (Windows XP 5.1) Java/1.6.0_11"
190.90.239.144 - - [18/Nov/2009:12:38:09 -0600] "POST /chat/chat.php HTTP/1.1" 200 17 "-" "Mozilla/4.0 (Windows XP 5.1) Java/1.6.0_15"
201.228.40.146 - - [18/Nov/2009:12:38:09 -0600] "POST /chat/chat.php HTTP/1.1" 200 17 "-" "Mozilla/4.0 (Windows XP 5.1) Java/1.6.0_11"
190.157.32.99 - - [18/Nov/2009:12:38:09 -0600] "POST /chat/chat.php HTTP/1.1" 200 17 "-" "Mozilla/4.0 (Windows XP 5.1) Java/1.6.0_16"
190.99.160.153 - - [18/Nov/2009:12:38:10 -0600] "POST /chat/chat.php HTTP/1.1" 200 17 "-" "Mozilla/4.0 (Windows XP 5.1) Java/1.6.0_15"
190.24.223.78 - - [18/Nov/2009:12:38:10 -0600] "POST /chat/chat.php HTTP/1.1" 200 17 "-" "Mozilla/4.0 (Windows XP 5.1) Java/1.6.0_17"
190.255.251.154 - - [18/Nov/2009:12:38:10 -0600] "POST /chat/chat.php HTTP/1.1" 200 17 "-" "Mozilla/4.0 (Windows XP 5.1) Java/1.6.0_11"
190.90.239.144 - - [18/Nov/2009:12:38:15 -0600] "POST /chat/chat.php HTTP/1.1" 200 17 "-" "Mozilla/4.0 (Windows XP 5.1) Java/1.6.0_15"
190.255.173.67 - - [18/Nov/2009:12:38:15 -0600] "POST /chat/chat.php HTTP/1.1" 200 17 "-" "Mozilla/4.0 (Windows XP 5.1) Java/1.6.0_11"
201.228.40.146 - - [18/Nov/2009:12:38:15 -0600] "POST /chat/chat.php HTTP/1.1" 200 17 "-" "Mozilla/4.0 (Windows XP 5.1) Java/1.6.0_11"
190.157.32.99 - - [18/Nov/2009:12:38:15 -0600] "POST /chat/chat.php HTTP/1.1" 200 17 "-" "Mozilla/4.0 (Windows XP 5.1) Java/1.6.0_16"
190.99.160.153 - - [18/Nov/2009:12:38:15 -0600] "POST /chat/chat.php HTTP/1.1" 200 17 "-" "Mozilla/4.0 (Windows XP 5.1) Java/1.6.0_15"
190.24.223.78 - - [18/Nov/2009:12:38:15 -0600] "POST /chat/chat.php HTTP/1.1" 200 17 "-" "Mozilla/4.0 (Windows XP 5.1) Java/1.6.0_17"
190.255.251.154 - - [18/Nov/2009:12:38:16 -0600] "POST /chat/chat.php HTTP/1.1" 200 17 "-" "Mozilla/4.0 (Windows XP 5.1) Java/1.6.0_11"
190.90.239.144 - - [18/Nov/2009:12:38:20 -0600] "POST /chat/chat.php HTTP/1.1" 200 17 "-" "Mozilla/4.0 (Windows XP 5.1) Java/1.6.0_15"
190.255.173.67 - - [18/Nov/2009:12:38:20 -0600] "POST /chat/chat.php HTTP/1.1" 200 17 "-" "Mozilla/4.0 (Windows XP 5.1) Java/1.6.0_11"
190.157.32.99 - - [18/Nov/2009:12:38:20 -0600] "POST /chat/chat.php HTTP/1.1" 200 17 "-" "Mozilla/4.0 (Windows XP 5.1) Java/1.6.0_16"
201.228.40.146 - - [18/Nov/2009:12:38:20 -0600] "POST /chat/chat.php HTTP/1.1" 200 17 "-" "Mozilla/4.0 (Windows XP 5.1) Java/1.6.0_11"
190.99.160.153 - - [18/Nov/2009:12:38:20 -0600] "POST /chat/chat.php HTTP/1.1" 200 17 "-" "Mozilla/4.0 (Windows XP 5.1) Java/1.6.0_15"
190.24.223.78 - - [18/Nov/2009:12:38:21 -0600] "POST /chat/chat.php HTTP/1.1" 200 17 "-" "Mozilla/4.0 (Windows XP 5.1) Java/1.6.0_17"
190.255.251.154 - - [18/Nov/2009:12:38:21 -0600] "POST /chat/chat.php HTTP/1.1" 200 17 "-" "Mozilla/4.0 (Windows XP 5.1) Java/1.6.0_11"
190.90.239.144 - - [18/Nov/2009:12:38:25 -0600] "POST /chat/chat.php HTTP/1.1" 200 17 "-" "Mozilla/4.0 (Windows XP 5.1) Java/1.6.0_15"
190.255.173.67 - - [18/Nov/2009:12:38:25 -0600] "POST /chat/chat.php HTTP/1.1" 200 17 "-" "Mozilla/4.0 (Windows XP 5.1) Java/1.6.0_11"
190.157.32.99 - - [18/Nov/2009:12:38:25 -0600] "POST /chat/chat.php HTTP/1.1" 200 17 "-" "Mozilla/4.0 (Windows XP 5.1) Java/1.6.0_16"
201.228.40.146 - - [18/Nov/2009:12:38:25 -0600] "POST /chat/chat.php HTTP/1.1" 200 17 "-" "Mozilla/4.0 (Windows XP 5.1) Java/1.6.0_11"
190.99.160.153 - - [18/Nov/2009:12:38:25 -0600] "POST /chat/chat.php HTTP/1.1" 200 17 "-" "Mozilla/4.0 (Windows XP 5.1) Java/1.6.0_15"
190.24.223.78 - - [18/Nov/2009:12:38:26 -0600] "POST /chat/chat.php HTTP/1.1" 200 17 "-" "Mozilla/4.0 (Windows XP 5.1) Java/1.6.0_17"
190.255.251.154 - - [18/Nov/2009:12:38:26 -0600] "POST /chat/chat.php HTTP/1.1" 200 17 "-" "Mozilla/4.0 (Windows XP 5.1) Java/1.6.0_11"
190.90.239.144 - - [18/Nov/2009:12:38:30 -0600] "POST /chat/chat.php HTTP/1.1" 200 17 "-" "Mozilla/4.0 (Windows XP 5.1) Java/1.6.0_15"
190.255.173.67 - - [18/Nov/2009:12:38:30 -0600] "POST /chat/chat.php HTTP/1.1" 200 17 "-" "Mozilla/4.0 (Windows XP 5.1) Java/1.6.0_11"
190.157.32.99 - - [18/Nov/2009:12:38:30 -0600] "POST /chat/chat.php HTTP/1.1" 200 17 "-" "Mozilla/4.0 (Windows XP 5.1) Java/1.6.0_16"
190.99.160.153 - - [18/Nov/2009:12:38:30 -0600] "POST /chat/chat.php HTTP/1.1" 200 17 "-" "Mozilla/4.0 (Windows XP 5.1) Java/1.6.0_15"
190.24.223.78 - - [18/Nov/2009:12:38:31 -0600] "POST /chat/chat.php HTTP/1.1" 200 17 "-" "Mozilla/4.0 (Windows XP 5.1) Java/1.6.0_17"
190.255.251.154 - - [18/Nov/2009:12:38:31 -0600] "POST /chat/chat.php HTTP/1.1" 200 17 "-" "Mozilla/4.0 (Windows XP 5.1) Java/1.6.0_11"
201.228.40.146 - - [18/Nov/2009:12:38:35 -0600] "POST /chat/chat.php HTTP/1.1" 200 17 "-" "Mozilla/4.0 (Windows XP 5.1) Java/1.6.0_11"
190.90.239.144 - - [18/Nov/2009:12:38:35 -0600] "POST /chat/chat.php HTTP/1.1" 200 17 "-" "Mozilla/4.0 (Windows XP 5.1) Java/1.6.0_15"
190.255.173.67 - - [18/Nov/2009:12:38:35 -0600] "POST /chat/chat.php HTTP/1.1" 200 17 "-" "Mozilla/4.0 (Windows XP 5.1) Java/1.6.0_11"
190.157.32.99 - - [18/Nov/2009:12:38:35 -0600] "POST /chat/chat.php HTTP/1.1" 200 17 "-" "Mozilla/4.0 (Windows XP 5.1) Java/1.6.0_16"
190.99.160.153 - - [18/Nov/2009:12:38:36 -0600] "POST /chat/chat.php HTTP/1.1" 200 17 "-" "Mozilla/4.0 (Windows XP 5.1) Java/1.6.0_15"
190.24.223.78 - - [18/Nov/2009:12:38:36 -0600] "POST /chat/chat.php HTTP/1.1" 200 17 "-" "Mozilla/4.0 (Windows XP 5.1) Java/1.6.0_17"
190.255.251.154 - - [18/Nov/2009:12:38:37 -0600] "POST /chat/chat.php HTTP/1.1" 200 17 "-" "Mozilla/4.0 (Windows XP 5.1) Java/1.6.0_11"
201.228.40.146 - - [18/Nov/2009:12:38:40 -0600] "POST /chat/chat.php HTTP/1.1" 200 17 "-" "Mozilla/4.0 (Windows XP 5.1) Java/1.6.0_11"
190.90.239.144 - - [18/Nov/2009:12:38:40 -0600] "POST /chat/chat.php HTTP/1.1" 200 17 "-" "Mozilla/4.0 (Windows XP 5.1) Java/1.6.0_15"
190.255.173.67 - - [18/Nov/2009:12:38:40 -0600] "POST /chat/chat.php HTTP/1.1" 200 17 "-" "Mozilla/4.0 (Windows XP 5.1) Java/1.6.0_11"
190.157.32.99 - - [18/Nov/2009:12:38:40 -0600] "POST /chat/chat.php HTTP/1.1" 200 17 "-" "Mozilla/4.0 (Windows XP 5.1) Java/1.6.0_16"
190.99.160.153 - - [18/Nov/2009:12:38:41 -0600] "POST /chat/chat.php HTTP/1.1" 200 17 "-" "Mozilla/4.0 (Windows XP 5.1) Java/1.6.0_15"
190.24.223.78 - - [18/Nov/2009:12:38:41 -0600] "POST /chat/chat.php HTTP/1.1" 200 17 "-" "Mozilla/4.0 (Windows XP 5.1) Java/1.6.0_17"
190.255.251.154 - - [18/Nov/2009:12:38:42 -0600] "POST /chat/chat.php HTTP/1.1" 200 17 "-" "Mozilla/4.0 (Windows XP 5.1) Java/1.6.0_11"
190.90.239.144 - - [18/Nov/2009:12:38:45 -0600] "POST /chat/chat.php HTTP/1.1" 200 17 "-" "Mozilla/4.0 (Windows XP 5.1) Java/1.6.0_15"
201.228.40.146 - - [18/Nov/2009:12:38:45 -0600] "POST /chat/chat.php HTTP/1.1" 200 17 "-" "Mozilla/4.0 (Windows XP 5.1) Java/1.6.0_11"
190.255.173.67 - - [18/Nov/2009:12:38:45 -0600] "POST /chat/chat.php HTTP/1.1" 200 17 "-" "Mozilla/4.0 (Windows XP 5.1) Java/1.6.0_11"
190.157.32.99 - - [18/Nov/2009:12:38:45 -0600] "POST /chat/chat.php HTTP/1.1" 200 17 "-" "Mozilla/4.0 (Windows XP 5.1) Java/1.6.0_16"
190.99.160.153 - - [18/Nov/2009:12:38:46 -0600] "POST /chat/chat.php HTTP/1.1" 200 17 "-" "Mozilla/4.0 (Windows XP 5.1) Java/1.6.0_15"
190.24.223.78 - - [18/Nov/2009:12:38:46 -0600] "POST /chat/chat.php HTTP/1.1" 200 17 "-" "Mozilla/4.0 (Windows XP 5.1) Java/1.6.0_17"
190.255.251.154 - - [18/Nov/2009:12:38:47 -0600] "POST /chat/chat.php HTTP/1.1" 200 17 "-" "Mozilla/4.0 (Windows XP 5.1) Java/1.6.0_11"
190.90.239.144 - - [18/Nov/2009:12:38:50 -0600] "POST /chat/chat.php HTTP/1.1" 200 17 "-" "Mozilla/4.0 (Windows XP 5.1) Java/1.6.0_15"
201.228.40.146 - - [18/Nov/2009:12:38:50 -0600] "POST /chat/chat.php HTTP/1.1" 200 17 "-" "Mozilla/4.0 (Windows XP 5.1) Java/1.6.0_11"
190.255.173.67 - - [18/Nov/2009:12:38:51 -0600] "POST /chat/chat.php HTTP/1.1" 200 17 "-" "Mozilla/4.0 (Windows XP 5.1) Java/1.6.0_11"
190.157.32.99 - - [18/Nov/2009:12:38:51 -0600] "POST /chat/chat.php HTTP/1.1" 200 17 "-" "Mozilla/4.0 (Windows XP 5.1) Java/1.6.0_16"
190.99.160.153 - - [18/Nov/2009:12:38:51 -0600] "POST /chat/chat.php HTTP/1.1" 200 17 "-" "Mozilla/4.0 (Windows XP 5.1) Java/1.6.0_15"
190.24.223.78 - - [18/Nov/2009:12:38:52 -0600] "POST /chat/chat.php HTTP/1.1" 200 17 "-" "Mozilla/4.0 (Windows XP 5.1) Java/1.6.0_17"
190.255.251.154 - - [18/Nov/2009:12:38:52 -0600] "POST /chat/chat.php HTTP/1.1" 200 17 "-" "Mozilla/4.0 (Windows XP 5.1) Java/1.6.0_11"
190.90.239.144 - - [18/Nov/2009:12:38:56 -0600] "POST /chat/chat.php HTTP/1.1" 200 17 "-" "Mozilla/4.0 (Windows XP 5.1) Java/1.6.0_15"
190.255.173.67 - - [18/Nov/2009:12:38:56 -0600] "POST /chat/chat.php HTTP/1.1" 200 17 "-" "Mozilla/4.0 (Windows XP 5.1) Java/1.6.0_11"
201.228.40.146 - - [18/Nov/2009:12:38:56 -0600] "POST /chat/chat.php HTTP/1.1" 200 17 "-" "Mozilla/4.0 (Windows XP 5.1) Java/1.6.0_11"
190.157.32.99 - - [18/Nov/2009:12:38:56 -0600] "POST /chat/chat.php HTTP/1.1" 200 17 "-" "Mozilla/4.0 (Windows XP 5.1) Java/1.6.0_16"
190.99.160.153 - - [18/Nov/2009:12:38:56 -0600] "POST /chat/chat.php HTTP/1.1" 200 17 "-" "Mozilla/4.0 (Windows XP 5.1) Java/1.6.0_15"
190.24.223.78 - - [18/Nov/2009:12:38:57 -0600] "POST /chat/chat.php HTTP/1.1" 200 17 "-" "Mozilla/4.0 (Windows XP 5.1) Java/1.6.0_17"
190.255.251.154 - - [18/Nov/2009:12:38:58 -0600] "POST /chat/chat.php HTTP/1.1" 200 17 "-" "Mozilla/4.0 (Windows XP 5.1) Java/1.6.0_11"
190.90.239.144 - - [18/Nov/2009:12:39:01 -0600] "POST /chat/chat.php HTTP/1.1" 200 17 "-" "Mozilla/4.0 (Windows XP 5.1) Java/1.6.0_15"
190.255.173.67 - - [18/Nov/2009:12:39:01 -0600] "POST /chat/chat.php HTTP/1.1" 200 17 "-" "Mozilla/4.0 (Windows XP 5.1) Java/1.6.0_11"
190.157.32.99 - - [18/Nov/2009:12:39:01 -0600] "POST /chat/chat.php HTTP/1.1" 200 17 "-" "Mozilla/4.0 (Windows XP 5.1) Java/1.6.0_16"
190.99.160.153 - - [18/Nov/2009:12:39:01 -0600] "POST /chat/chat.php HTTP/1.1" 200 17 "-" "Mozilla/4.0 (Windows XP 5.1) Java/1.6.0_15"
190.24.223.78 - - [18/Nov/2009:12:39:02 -0600] "POST /chat/chat.php HTTP/1.1" 200 17 "-" "Mozilla/4.0 (Windows XP 5.1) Java/1.6.0_17"
190.255.251.154 - - [18/Nov/2009:12:39:03 -0600] "POST /chat/chat.php HTTP/1.1" 200 17 "-" "Mozilla/4.0 (Windows XP 5.1) Java/1.6.0_11"
190.90.239.144 - - [18/Nov/2009:12:39:06 -0600] "POST /chat/chat.php HTTP/1.1" 200 17 "-" "Mozilla/4.0 (Windows XP 5.1) Java/1.6.0_15"
201.228.40.146 - - [18/Nov/2009:12:39:06 -0600] "POST /chat/chat.php HTTP/1.1" 200 17 "-" "Mozilla/4.0 (Windows XP 5.1) Java/1.6.0_11"
190.255.173.67 - - [18/Nov/2009:12:39:06 -0600] "POST /chat/chat.php HTTP/1.1" 200 17 "-" "Mozilla/4.0 (Windows XP 5.1) Java/1.6.0_11"
190.157.32.99 - - [18/Nov/2009:12:39:06 -0600] "POST /chat/chat.php HTTP/1.1" 200 17 "-" "Mozilla/4.0 (Windows XP 5.1) Java/1.6.0_16"
190.99.160.153 - - [18/Nov/2009:12:39:06 -0600] "POST /chat/chat.php HTTP/1.1" 200 17 "-" "Mozilla/4.0 (Windows XP 5.1) Java/1.6.0_15"
190.24.223.78 - - [18/Nov/2009:12:39:07 -0600] "POST /chat/chat.php HTTP/1.1" 200 17 "-" "Mozilla/4.0 (Windows XP 5.1) Java/1.6.0_17"
190.255.251.154 - - [18/Nov/2009:12:39:08 -0600] "POST /chat/chat.php HTTP/1.1" 200 17 "-" "Mozilla/4.0 (Windows XP 5.1) Java/1.6.0_11"
190.90.239.144 - - [18/Nov/2009:12:39:11 -0600] "POST /chat/chat.php HTTP/1.1" 200 17 "-" "Mozilla/4.0 (Windows XP 5.1) Java/1.6.0_15"
201.228.40.146 - - [18/Nov/2009:12:39:11 -0600] "POST /chat/chat.php HTTP/1.1" 200 17 "-" "Mozilla/4.0 (Windows XP 5.1) Java/1.6.0_11"
190.255.173.67 - - [18/Nov/2009:12:39:11 -0600] "POST /chat/chat.php HTTP/1.1" 200 17 "-" "Mozilla/4.0 (Windows XP 5.1) Java/1.6.0_11"
190.157.32.99 - - [18/Nov/2009:12:39:11 -0600] "POST /chat/chat.php HTTP/1.1" 200 17 "-" "Mozilla/4.0 (Windows XP 5.1) Java/1.6.0_16"
190.99.160.153 - - [18/Nov/2009:12:39:11 -0600] "POST /chat/chat.php HTTP/1.1" 200 17 "-" "Mozilla/4.0 (Windows XP 5.1) Java/1.6.0_15"
190.24.223.78 - - [18/Nov/2009:12:39:12 -0600] "POST /chat/chat.php HTTP/1.1" 200 17 "-" "Mozilla/4.0 (Windows XP 5.1) Java/1.6.0_17"
190.255.251.154 - - [18/Nov/2009:12:39:13 -0600] "POST /chat/chat.php HTTP/1.1" 200 17 "-" "Mozilla/4.0 (Windows XP 5.1) Java/1.6.0_11"
190.90.239.144 - - [18/Nov/2009:12:39:16 -0600] "POST /chat/chat.php HTTP/1.1" 200 17 "-" "Mozilla/4.0 (Windows XP 5.1) Java/1.6.0_15"
201.228.40.146 - - [18/Nov/2009:12:39:16 -0600] "POST /chat/chat.php HTTP/1.1" 200 17 "-" "Mozilla/4.0 (Windows XP 5.1) Java/1.6.0_11"
190.255.173.67 - - [18/Nov/2009:12:39:16 -0600] "POST /chat/chat.php HTTP/1.1" 200 17 "-" "Mozilla/4.0 (Windows XP 5.1) Java/1.6.0_11"
190.157.32.99 - - [18/Nov/2009:12:39:16 -0600] "POST /chat/chat.php HTTP/1.1" 200 17 "-" "Mozilla/4.0 (Windows XP 5.1) Java/1.6.0_16"
190.99.160.153 - - [18/Nov/2009:12:39:17 -0600] "POST /chat/chat.php HTTP/1.1" 200 17 "-" "Mozilla/4.0 (Windows XP 5.1) Java/1.6.0_15"
190.24.223.78 - - [18/Nov/2009:12:39:19 -0600] "POST /chat/chat.php HTTP/1.1" 200 17 "-" "Mozilla/4.0 (Windows XP 5.1) Java/1.6.0_17"
190.255.251.154 - - [18/Nov/2009:12:39:19 -0600] "POST /chat/chat.php HTTP/1.1" 200 17 "-" "Mozilla/4.0 (Windows XP 5.1) Java/1.6.0_11"
190.90.239.144 - - [18/Nov/2009:12:39:21 -0600] "POST /chat/chat.php HTTP/1.1" 200 17 "-" "Mozilla/4.0 (Windows XP 5.1) Java/1.6.0_15"
201.228.40.146 - - [18/Nov/2009:12:39:21 -0600] "POST /chat/chat.php HTTP/1.1" 200 17 "-" "Mozilla/4.0 (Windows XP 5.1) Java/1.6.0_11"
190.255.173.67 - - [18/Nov/2009:12:39:21 -0600] "POST /chat/chat.php HTTP/1.1" 200 17 "-" "Mozilla/4.0 (Windows XP 5.1) Java/1.6.0_11"
190.157.32.99 - - [18/Nov/2009:12:39:21 -0600] "POST /chat/chat.php HTTP/1.1" 200 17 "-" "Mozilla/4.0 (Windows XP 5.1) Java/1.6.0_16"
190.99.160.153 - - [18/Nov/2009:12:39:22 -0600] "POST /chat/chat.php HTTP/1.1" 200 17 "-" "Mozilla/4.0 (Windows XP 5.1) Java/1.6.0_15"
190.29.38.242 - - [18/Nov/2009:12:39:23 -0600] "GET / HTTP/1.1" 200 6256 "-" "Mozilla/4.0 (compatible; MSIE 8.0; Windows NT 5.1; Trident/4.0; GTB6; InfoPath.2; .NET CLR 1.1.4322; .NET CLR 2.0.50727; msn OptimizedIE8;ESCO)"
190.29.38.242 - - [18/Nov/2009:12:39:24 -0600] "GET /milonic_src.js HTTP/1.1" 200 6067 "http://www.asjudinet.com/" "Mozilla/4.0 (compatible; MSIE 8.0; Windows NT 5.1; Trident/4.0; GTB6; InfoPath.2; .NET CLR 1.1.4322; .NET CLR 2.0.50727; msn OptimizedIE8;ESCO)"
190.29.38.242 - - [18/Nov/2009:12:39:24 -0600] "GET /AC_RunActiveContent.js HTTP/1.1" 200 8321 "http://www.asjudinet.com/" "Mozilla/4.0 (compatible; MSIE 8.0; Windows NT 5.1; Trident/4.0; GTB6; InfoPath.2; .NET CLR 1.1.4322; .NET CLR 2.0.50727; msn OptimizedIE8;ESCO)"
190.29.38.242 - - [18/Nov/2009:12:39:24 -0600] "GET /menu_data.js HTTP/1.1" 200 5541 "http://www.asjudinet.com/" "Mozilla/4.0 (compatible; MSIE 8.0; Windows NT 5.1; Trident/4.0; GTB6; InfoPath.2; .NET CLR 1.1.4322; .NET CLR 2.0.50727; msn OptimizedIE8;ESCO)"
190.24.223.78 - - [18/Nov/2009:12:39:24 -0600] "POST /chat/chat.php HTTP/1.1" 200 17 "-" "Mozilla/4.0 (Windows XP 5.1) Java/1.6.0_17"
190.255.251.154 - - [18/Nov/2009:12:39:24 -0600] "POST /chat/chat.php HTTP/1.1" 200 17 "-" "Mozilla/4.0 (Windows XP 5.1) Java/1.6.0_11"
190.29.38.242 - - [18/Nov/2009:12:39:24 -0600] "GET /fondopagina.gif HTTP/1.1" 200 2780 "http://www.asjudinet.com/" "Mozilla/4.0 (compatible; MSIE 8.0; Windows NT 5.1; Trident/4.0; GTB6; InfoPath.2; .NET CLR 1.1.4322; .NET CLR 2.0.50727; msn OptimizedIE8;ESCO)"
190.29.38.242 - - [18/Nov/2009:12:39:24 -0600] "GET /mmenudom.js HTTP/1.1" 200 30274 "http://www.asjudinet.com/" "Mozilla/4.0 (compatible; MSIE 8.0; Windows NT 5.1; Trident/4.0; GTB6; InfoPath.2; .NET CLR 1.1.4322; .NET CLR 2.0.50727; msn OptimizedIE8;ESCO)"
190.29.38.242 - - [18/Nov/2009:12:39:25 -0600] "GET /ELEMENTOS/servicio.png HTTP/1.1" 200 16814 "http://www.asjudinet.com/" "Mozilla/4.0 (compatible; MSIE 8.0; Windows NT 5.1; Trident/4.0; GTB6; InfoPath.2; .NET CLR 1.1.4322; .NET CLR 2.0.50727; msn OptimizedIE8;ESCO)"
190.29.38.242 - - [18/Nov/2009:12:39:25 -0600] "GET /index.swf HTTP/1.1" 200 69791 "http://www.asjudinet.com/" "Mozilla/4.0 (compatible; MSIE 8.0; Windows NT 5.1; Trident/4.0; GTB6; InfoPath.2; .NET CLR 1.1.4322; .NET CLR 2.0.50727; msn OptimizedIE8;ESCO)"
190.90.239.144 - - [18/Nov/2009:12:39:26 -0600] "POST /chat/chat.php HTTP/1.1" 200 17 "-" "Mozilla/4.0 (Windows XP 5.1) Java/1.6.0_15"
190.255.173.67 - - [18/Nov/2009:12:39:26 -0600] "POST /chat/chat.php HTTP/1.1" 200 17 "-" "Mozilla/4.0 (Windows XP 5.1) Java/1.6.0_11"
201.228.40.146 - - [18/Nov/2009:12:39:26 -0600] "POST /chat/chat.php HTTP/1.1" 200 17 "-" "Mozilla/4.0 (Windows XP 5.1) Java/1.6.0_11"
190.157.32.99 - - [18/Nov/2009:12:39:27 -0600] "POST /chat/chat.php HTTP/1.1" 200 17 "-" "Mozilla/4.0 (Windows XP 5.1) Java/1.6.0_16"
190.29.38.242 - - [18/Nov/2009:12:39:27 -0600] "GET /carrusel.swf HTTP/1.1" 200 15018 "http://www.asjudinet.com/index.swf" "Mozilla/4.0 (compatible; MSIE 8.0; Windows NT 5.1; Trident/4.0; GTB6; InfoPath.2; .NET CLR 1.1.4322; .NET CLR 2.0.50727; msn OptimizedIE8;ESCO)"
190.29.38.242 - - [18/Nov/2009:12:39:27 -0600] "GET /favicon.ico HTTP/1.1" 404 278 "-" "Mozilla/4.0 (compatible; MSIE 8.0; Windows NT 5.1; Trident/4.0; GTB6; InfoPath.2; .NET CLR 1.1.4322; .NET CLR 2.0.50727; msn OptimizedIE8;ESCO)"
190.99.160.153 - - [18/Nov/2009:12:39:27 -0600] "POST /chat/chat.php HTTP/1.1" 200 17 "-" "Mozilla/4.0 (Windows XP 5.1) Java/1.6.0_15"
190.29.38.242 - - [18/Nov/2009:12:39:27 -0600] "GET /photos.xml HTTP/1.1" 200 1737 "http://www.asjudinet.com/carrusel.swf" "Mozilla/4.0 (compatible; MSIE 8.0; Windows NT 5.1; Trident/4.0; GTB6; InfoPath.2; .NET CLR 1.1.4322; .NET CLR 2.0.50727; msn OptimizedIE8;ESCO)"
190.24.223.78 - - [18/Nov/2009:12:39:29 -0600] "POST /chat/chat.php HTTP/1.1" 200 17 "-" "Mozilla/4.0 (Windows XP 5.1) Java/1.6.0_17"
190.255.251.154 - - [18/Nov/2009:12:39:29 -0600] "POST /chat/chat.php HTTP/1.1" 200 17 "-" "Mozilla/4.0 (Windows XP 5.1) Java/1.6.0_11"
190.90.239.144 - - [18/Nov/2009:12:39:31 -0600] "POST /chat/chat.php HTTP/1.1" 200 17 "-" "Mozilla/4.0 (Windows XP 5.1) Java/1.6.0_15"
190.99.160.153 - - [18/Nov/2009:12:39:32 -0600] "POST /chat/chat.php HTTP/1.1" 200 17 "-" "Mozilla/4.0 (Windows XP 5.1) Java/1.6.0_15"
190.255.173.67 - - [18/Nov/2009:12:39:32 -0600] "POST /chat/chat.php HTTP/1.1" 200 17 "-" "Mozilla/4.0 (Windows XP 5.1) Java/1.6.0_11"
190.157.32.99 - - [18/Nov/2009:12:39:32 -0600] "POST /chat/chat.php HTTP/1.1" 200 17 "-" "Mozilla/4.0 (Windows XP 5.1) Java/1.6.0_16"
190.29.38.242 - - [18/Nov/2009:12:39:33 -0600] "GET /Validacion_Usuarios.php HTTP/1.1" 200 23317 "http://www.asjudinet.com/index.swf" "Mozilla/4.0 (compatible; MSIE 8.0; Windows NT 5.1; Trident/4.0; GTB6; InfoPath.2; .NET CLR 1.1.4322; .NET CLR 2.0.50727; msn OptimizedIE8;ESCO)"
190.29.38.242 - - [18/Nov/2009:12:39:33 -0600] "GET /Validacion_Usuarios.php HTTP/1.1" 200 23317 "http://www.asjudinet.com/index.swf" "Mozilla/4.0 (compatible; MSIE 8.0; Windows NT 5.1; Trident/4.0; GTB6; InfoPath.2; .NET CLR 1.1.4322; .NET CLR 2.0.50727; msn OptimizedIE8;ESCO)"
190.29.38.242 - - [18/Nov/2009:12:39:33 -0600] "GET /themes//style/style.css HTTP/1.1" 404 290 "http://www.asjudinet.com/index.swf" "Mozilla/4.0 (compatible; MSIE 8.0; Windows NT 5.1; Trident/4.0; GTB6; InfoPath.2; .NET CLR 1.1.4322; .NET CLR 2.0.50727; msn OptimizedIE8;ESCO)"
190.29.38.242 - - [18/Nov/2009:12:39:33 -0600] "GET /mm_menu.js HTTP/1.1" 200 29972 "http://www.asjudinet.com/index.swf" "Mozilla/4.0 (compatible; MSIE 8.0; Windows NT 5.1; Trident/4.0; GTB6; InfoPath.2; .NET CLR 1.1.4322; .NET CLR 2.0.50727; msn OptimizedIE8;ESCO)"
190.29.38.242 - - [18/Nov/2009:12:39:34 -0600] "GET /ELEMENTOS/fondocuadritosgrises.gif HTTP/1.1" 200 506 "http://www.asjudinet.com/index.swf" "Mozilla/4.0 (compatible; MSIE 8.0; Windows NT 5.1; Trident/4.0; GTB6; InfoPath.2; .NET CLR 1.1.4322; .NET CLR 2.0.50727; msn OptimizedIE8;ESCO)"
190.24.223.78 - - [18/Nov/2009:12:39:34 -0600] "POST /chat/chat.php HTTP/1.1" 200 17 "-" "Mozilla/4.0 (Windows XP 5.1) Java/1.6.0_17"
190.29.38.242 - - [18/Nov/2009:12:39:34 -0600] "GET /imagedos/spacer.gif HTTP/1.1" 200 43 "http://www.asjudinet.com/index.swf" "Mozilla/4.0 (compatible; MSIE 8.0; Windows NT 5.1; Trident/4.0; GTB6; InfoPath.2; .NET CLR 1.1.4322; .NET CLR 2.0.50727; msn OptimizedIE8;ESCO)"
190.29.38.242 - - [18/Nov/2009:12:39:34 -0600] "GET /fondotabla.jpg HTTP/1.1" 200 2845 "http://www.asjudinet.com/index.swf" "Mozilla/4.0 (compatible; MSIE 8.0; Windows NT 5.1; Trident/4.0; GTB6; InfoPath.2; .NET CLR 1.1.4322; .NET CLR 2.0.50727; msn OptimizedIE8;ESCO)"
190.255.251.154 - - [18/Nov/2009:12:39:35 -0600] "POST /chat/chat.php HTTP/1.1" 200 17 "-" "Mozilla/4.0 (Windows XP 5.1) Java/1.6.0_11"
190.29.38.242 - - [18/Nov/2009:12:39:35 -0600] "GET /index_interno.swf HTTP/1.1" 200 17461 "http://www.asjudinet.com/Validacion_Usuarios.php" "Mozilla/4.0 (compatible; MSIE 8.0; Windows NT 5.1; Trident/4.0; GTB6; InfoPath.2; .NET CLR 1.1.4322; .NET CLR 2.0.50727; msn OptimizedIE8;ESCO)"
190.29.38.242 - - [18/Nov/2009:12:39:35 -0600] "GET /Anterior.png HTTP/1.1" 200 30655 "http://www.asjudinet.com/index.swf" "Mozilla/4.0 (compatible; MSIE 8.0; Windows NT 5.1; Trident/4.0; GTB6; InfoPath.2; .NET CLR 1.1.4322; .NET CLR 2.0.50727; msn OptimizedIE8;ESCO)"
