190.24.223.78 - - [18/Nov/2009:12:46:26 -0600] "GET /menuweb.files/afiliado.PNG HTTP/1.1" 304 - "http://www.asjudinet.com/menu_admin.php?ced=79277541&nom=HUERTAS TENJO JOSE FREDY" "Mozilla/4.0 (compatible; MSIE 7.0; Windows NT 5.1; GTB6)"
200.11.45.150 - - [18/Nov/2009:12:46:26 -0600] "GET /menuweb.files/Gota1.png HTTP/1.1" 304 - "http://www.asjudinet.com/menu_admin.php?ced=40341071&nom=GONDOLLEZ VELASQUEZ YUDI YADITH" "Mozilla/4.0 (compatible; MSIE 7.0; Windows NT 5.1; InfoPath.1)"
200.11.45.150 - - [18/Nov/2009:12:46:26 -0600] "GET /menuweb.files/mac_pic1.gif HTTP/1.1" 304 - "http://www.asjudinet.com/menu_admin.php?ced=40341071&nom=GONDOLLEZ VELASQUEZ YUDI YADITH" "Mozilla/4.0 (compatible; MSIE 7.0; Windows NT 5.1; InfoPath.1)"
190.24.223.78 - - [18/Nov/2009:12:46:26 -0600] "GET /menuweb.files/icon_office_pen2.gif HTTP/1.1" 304 - "http://www.asjudinet.com/menu_admin.php?ced=79277541&nom=HUERTAS TENJO JOSE FREDY" "Mozilla/4.0 (compatible; MSIE 7.0; Windows NT 5.1; GTB6)"
190.24.223.78 - - [18/Nov/2009:12:46:26 -0600] "GET /menuweb.files/icon_xp3_8.gif HTTP/1.1" 304 - "http://www.asjudinet.com/menu_admin.php?ced=79277541&nom=HUERTAS TENJO JOSE FREDY" "Mozilla/4.0 (compatible; MSIE 7.0; Windows NT 5.1; GTB6)"
200.11.45.150 - - [18/Nov/2009:12:46:26 -0600] "GET /menuweb.files/icon_office_list.gif HTTP/1.1" 304 - "http://www.asjudinet.com/menu_admin.php?ced=40341071&nom=GONDOLLEZ VELASQUEZ YUDI YADITH" "Mozilla/4.0 (compatible; MSIE 7.0; Windows NT 5.1; InfoPath.1)"
200.11.45.150 - - [18/Nov/2009:12:46:27 -0600] "GET /menuweb.files/afiliado.PNG HTTP/1.1" 304 - "http://www.asjudinet.com/menu_admin.php?ced=40341071&nom=GONDOLLEZ VELASQUEZ YUDI YADITH" "Mozilla/4.0 (compatible; MSIE 7.0; Windows NT 5.1; InfoPath.1)"
190.24.223.78 - - [18/Nov/2009:12:46:27 -0600] "GET /menuweb.files/icon_xp3_12.gif HTTP/1.1" 304 - "http://www.asjudinet.com/menu_admin.php?ced=79277541&nom=HUERTAS TENJO JOSE FREDY" "Mozilla/4.0 (compatible; MSIE 7.0; Windows NT 5.1; GTB6)"
190.24.223.78 - - [18/Nov/2009:12:46:27 -0600] "GET /menuweb.files/icon_xp2_7o.gif HTTP/1.1" 304 - "http://www.asjudinet.com/menu_admin.php?ced=79277541&nom=HUERTAS TENJO JOSE FREDY" "Mozilla/4.0 (compatible; MSIE 7.0; Windows NT 5.1; GTB6)"
200.11.45.150 - - [18/Nov/2009:12:46:27 -0600] "GET /menuweb.files/icon_office_pen2.gif HTTP/1.1" 304 - "http://www.asjudinet.com/menu_admin.php?ced=40341071&nom=GONDOLLEZ VELASQUEZ YUDI YADITH" "Mozilla/4.0 (compatible; MSIE 7.0; Windows NT 5.1; InfoPath.1)"
200.11.45.150 - - [18/Nov/2009:12:46:27 -0600] "GET /menuweb.files/icon_xp3_8.gif HTTP/1.1" 304 - "http://www.asjudinet.com/menu_admin.php?ced=40341071&nom=GONDOLLEZ VELASQUEZ YUDI YADITH" "Mozilla/4.0 (compatible; MSIE 7.0; Windows NT 5.1; InfoPath.1)"
201.228.40.146 - - [18/Nov/2009:12:46:27 -0600] "POST /chat/chat.php HTTP/1.1" 200 17 "-" "Mozilla/4.0 (Windows XP 5.1) Java/1.6.0_11"
200.11.45.150 - - [18/Nov/2009:12:46:27 -0600] "GET /menuweb.files/icon_xp3_12.gif HTTP/1.1" 304 - "http://www.asjudinet.com/menu_admin.php?ced=40341071&nom=GONDOLLEZ VELASQUEZ YUDI YADITH" "Mozilla/4.0 (compatible; MSIE 7.0; Windows NT 5.1; InfoPath.1)"
190.24.223.78 - - [18/Nov/2009:12:46:27 -0600] "GET /menuweb.files/icons_xp_tuner.gif HTTP/1.1" 304 - "http://www.asjudinet.com/menu_admin.php?ced=79277541&nom=HUERTAS TENJO JOSE FREDY" "Mozilla/4.0 (compatible; MSIE 7.0; Windows NT 5.1; GTB6)"
190.24.223.78 - - [18/Nov/2009:12:46:27 -0600] "GET /menuweb.files/mac_pic2.gif HTTP/1.1" 304 - "http://www.asjudinet.com/menu_admin.php?ced=79277541&nom=HUERTAS TENJO JOSE FREDY" "Mozilla/4.0 (compatible; MSIE 7.0; Windows NT 5.1; GTB6)"
190.255.251.154 - - [18/Nov/2009:12:46:27 -0600] "POST /chat/chat.php HTTP/1.1" 200 17 "-" "Mozilla/4.0 (Windows XP 5.1) Java/1.6.0_11"
200.11.45.150 - - [18/Nov/2009:12:46:27 -0600] "GET /menuweb.files/icon_xp2_7o.gif HTTP/1.1" 304 - "http://www.asjudinet.com/menu_admin.php?ced=40341071&nom=GONDOLLEZ VELASQUEZ YUDI YADITH" "Mozilla/4.0 (compatible; MSIE 7.0; Windows NT 5.1; InfoPath.1)"
190.24.223.78 - - [18/Nov/2009:12:46:27 -0600] "GET /menuweb.files/sm_back_xp.gif HTTP/1.1" 304 - "http://www.asjudinet.com/menu_admin.php?ced=79277541&nom=HUERTAS TENJO JOSE FREDY" "Mozilla/4.0 (compatible; MSIE 7.0; Windows NT 5.1; GTB6)"
200.11.45.150 - - [18/Nov/2009:12:46:27 -0600] "GET /menuweb.files/mac_pic2.gif HTTP/1.1" 304 - "http://www.asjudinet.com/menu_admin.php?ced=40341071&nom=GONDOLLEZ VELASQUEZ YUDI YADITH" "Mozilla/4.0 (compatible; MSIE 7.0; Windows NT 5.1; InfoPath.1)"
200.11.45.150 - - [18/Nov/2009:12:46:27 -0600] "GET /menuweb.files/icons_xp_tuner.gif HTTP/1.1" 304 - "http://www.asjudinet.com/menu_admin.php?ced=40341071&nom=GONDOLLEZ VELASQUEZ YUDI YADITH" "Mozilla/4.0 (compatible; MSIE 7.0; Windows NT 5.1; InfoPath.1)"
200.11.45.150 - - [18/Nov/2009:12:46:27 -0600] "GET /menuweb.files/sm_back_xp.gif HTTP/1.1" 304 - "http://www.asjudinet.com/menu_admin.php?ced=40341071&nom=GONDOLLEZ VELASQUEZ YUDI YADITH" "Mozilla/4.0 (compatible; MSIE 7.0; Windows NT 5.1; InfoPath.1)"
190.29.38.242 - - [18/Nov/2009:12:46:27 -0600] "GET /consulta_cartera.php HTTP/1.1" 200 3320 "-" "Mozilla/4.0 (compatible; MSIE 8.0; Windows NT 5.1; Trident/4.0; GTB6; InfoPath.2; .NET CLR 1.1.4322; .NET CLR 2.0.50727; msn OptimizedIE8;ESCO)"
190.24.223.78 - - [18/Nov/2009:12:46:28 -0600] "POST /chat/chat.php HTTP/1.1" 200 17 "-" "Mozilla/4.0 (Windows XP 5.1) Java/1.6.0_17"
190.29.38.242 - - [18/Nov/2009:12:46:28 -0600] "GET /ELEMENTOS/fondo_argollado.gif HTTP/1.1" 200 1751 "http://www.asjudinet.com/consulta_cartera.php" "Mozilla/4.0 (compatible; MSIE 8.0; Windows NT 5.1; Trident/4.0; GTB6; InfoPath.2; .NET CLR 1.1.4322; .NET CLR 2.0.50727; msn OptimizedIE8;ESCO)"
190.29.38.242 - - [18/Nov/2009:12:46:30 -0600] "GET /consulta_ced_info_servi.php HTTP/1.1" 200 4457 "http://www.asjudinet.com/consulta_cartera.php" "Mozilla/4.0 (compatible; MSIE 8.0; Windows NT 5.1; Trident/4.0; GTB6; InfoPath.2; .NET CLR 1.1.4322; .NET CLR 2.0.50727; msn OptimizedIE8;ESCO)"
190.90.239.144 - - [18/Nov/2009:12:46:30 -0600] "POST /chat/chat.php HTTP/1.1" 200 17 "-" "Mozilla/4.0 (Windows XP 5.1) Java/1.6.0_15"
190.255.173.67 - - [18/Nov/2009:12:46:30 -0600] "POST /chat/chat.php HTTP/1.1" 200 17 "-" "Mozilla/4.0 (Windows XP 5.1) Java/1.6.0_11"
190.99.160.153 - - [18/Nov/2009:12:46:30 -0600] "POST /chat/chat.php HTTP/1.1" 200 17 "-" "Mozilla/4.0 (Windows XP 5.1) Java/1.6.0_15"
190.157.32.99 - - [18/Nov/2009:12:46:31 -0600] "POST /chat/chat.php HTTP/1.1" 200 17 "-" "Mozilla/4.0 (Windows XP 5.1) Java/1.6.0_16"
190.24.223.78 - - [18/Nov/2009:12:46:21 -0600] "GET /Visualizar_Mensajes.php?numra=3424&Id=14711&Identificacion=11442668 HTTP/1.1" 200 6302 "-" "Mozilla/4.0 (compatible; MSIE 6.0; Windows NT 5.1; SV1; InfoPath.1)"
201.228.40.146 - - [18/Nov/2009:12:46:32 -0600] "POST /chat/chat.php HTTP/1.1" 200 17 "-" "Mozilla/4.0 (Windows XP 5.1) Java/1.6.0_11"
190.255.251.154 - - [18/Nov/2009:12:46:32 -0600] "POST /chat/chat.php HTTP/1.1" 200 17 "-" "Mozilla/4.0 (Windows XP 5.1) Java/1.6.0_11"
190.24.223.78 - - [18/Nov/2009:12:46:33 -0600] "POST /chat/chat.php HTTP/1.1" 200 17 "-" "Mozilla/4.0 (Windows XP 5.1) Java/1.6.0_17"
190.24.223.78 - - [18/Nov/2009:12:46:34 -0600] "GET /Visualizar_Mensajes.php?numra=3424&Id=14711&Identificacion=11442668 HTTP/1.1" 200 6302 "-" "Mozilla/4.0 (compatible; MSIE 6.0; Windows NT 5.1; SV1; InfoPath.1)"
190.90.239.144 - - [18/Nov/2009:12:46:36 -0600] "POST /chat/chat.php HTTP/1.1" 200 17 "-" "Mozilla/4.0 (Windows XP 5.1) Java/1.6.0_15"
190.99.160.153 - - [18/Nov/2009:12:46:36 -0600] "POST /chat/chat.php HTTP/1.1" 200 17 "-" "Mozilla/4.0 (Windows XP 5.1) Java/1.6.0_15"
190.255.173.67 - - [18/Nov/2009:12:46:36 -0600] "POST /chat/chat.php HTTP/1.1" 200 17 "-" "Mozilla/4.0 (Windows XP 5.1) Java/1.6.0_11"
190.157.32.99 - - [18/Nov/2009:12:46:36 -0600] "POST /chat/chat.php HTTP/1.1" 200 17 "-" "Mozilla/4.0 (Windows XP 5.1) Java/1.6.0_16"
190.255.251.154 - - [18/Nov/2009:12:46:37 -0600] "POST /chat/chat.php HTTP/1.1" 200 17 "-" "Mozilla/4.0 (Windows XP 5.1) Java/1.6.0_11"
190.24.223.78 - - [18/Nov/2009:12:46:38 -0600] "POST /chat/chat.php HTTP/1.1" 200 17 "-" "Mozilla/4.0 (Windows XP 5.1) Java/1.6.0_17"
190.3.196.140 - - [18/Nov/2009:12:46:40 -0600] "GET / HTTP/1.1" 200 6256 "-" "Mozilla/5.0 (Windows; U; Windows NT 5.1; en-US) AppleWebKit/532.0 (KHTML, like Gecko) Chrome/3.0.195.33 Safari/532.0"
190.3.196.140 - - [18/Nov/2009:12:46:40 -0600] "GET /AC_RunActiveContent.js HTTP/1.1" 200 8321 "http://www.asjudinet.com/" "Mozilla/5.0 (Windows; U; Windows NT 5.1; en-US) AppleWebKit/532.0 (KHTML, like Gecko) Chrome/3.0.195.33 Safari/532.0"
190.90.239.144 - - [18/Nov/2009:12:46:41 -0600] "POST /chat/chat.php HTTP/1.1" 200 17 "-" "Mozilla/4.0 (Windows XP 5.1) Java/1.6.0_15"
190.99.160.153 - - [18/Nov/2009:12:46:41 -0600] "POST /chat/chat.php HTTP/1.1" 200 17 "-" "Mozilla/4.0 (Windows XP 5.1) Java/1.6.0_15"
190.255.173.67 - - [18/Nov/2009:12:46:41 -0600] "POST /chat/chat.php HTTP/1.1" 200 17 "-" "Mozilla/4.0 (Windows XP 5.1) Java/1.6.0_11"
190.3.196.140 - - [18/Nov/2009:12:46:41 -0600] "GET /milonic_src.js HTTP/1.1" 200 6067 "http://www.asjudinet.com/" "Mozilla/5.0 (Windows; U; Windows NT 5.1; en-US) AppleWebKit/532.0 (KHTML, like Gecko) Chrome/3.0.195.33 Safari/532.0"
190.3.196.140 - - [18/Nov/2009:12:46:41 -0600] "GET /menu_data.js HTTP/1.1" 200 5541 "http://www.asjudinet.com/" "Mozilla/5.0 (Windows; U; Windows NT 5.1; en-US) AppleWebKit/532.0 (KHTML, like Gecko) Chrome/3.0.195.33 Safari/532.0"
190.3.196.140 - - [18/Nov/2009:12:46:41 -0600] "GET /fondopagina.gif HTTP/1.1" 200 2780 "http://www.asjudinet.com/" "Mozilla/5.0 (Windows; U; Windows NT 5.1; en-US) AppleWebKit/532.0 (KHTML, like Gecko) Chrome/3.0.195.33 Safari/532.0"
190.157.32.99 - - [18/Nov/2009:12:46:41 -0600] "POST /chat/chat.php HTTP/1.1" 200 17 "-" "Mozilla/4.0 (Windows XP 5.1) Java/1.6.0_16"
190.3.196.140 - - [18/Nov/2009:12:46:41 -0600] "GET /ELEMENTOS/servicio.png HTTP/1.1" 200 16814 "http://www.asjudinet.com/" "Mozilla/5.0 (Windows; U; Windows NT 5.1; en-US) AppleWebKit/532.0 (KHTML, like Gecko) Chrome/3.0.195.33 Safari/532.0"
201.228.40.146 - - [18/Nov/2009:12:46:42 -0600] "POST /chat/chat.php HTTP/1.1" 200 17 "-" "Mozilla/4.0 (Windows XP 5.1) Java/1.6.0_11"
190.3.196.140 - - [18/Nov/2009:12:46:41 -0600] "GET /mmenudom.js HTTP/1.1" 200 30274 "http://www.asjudinet.com/" "Mozilla/5.0 (Windows; U; Windows NT 5.1; en-US) AppleWebKit/532.0 (KHTML, like Gecko) Chrome/3.0.195.33 Safari/532.0"
190.255.251.154 - - [18/Nov/2009:12:46:43 -0600] "POST /chat/chat.php HTTP/1.1" 200 17 "-" "Mozilla/4.0 (Windows XP 5.1) Java/1.6.0_11"
190.3.196.140 - - [18/Nov/2009:12:46:43 -0600] "GET /favicon.ico HTTP/1.1" 404 278 "-" "Mozilla/5.0 (Windows; U; Windows NT 5.1; en-US) AppleWebKit/532.0 (KHTML, like Gecko) Chrome/3.0.195.33 Safari/532.0"
190.24.223.78 - - [18/Nov/2009:12:46:43 -0600] "POST /chat/chat.php HTTP/1.1" 200 17 "-" "Mozilla/4.0 (Windows XP 5.1) Java/1.6.0_17"
190.3.196.140 - - [18/Nov/2009:12:46:43 -0600] "GET /index.swf HTTP/1.1" 200 69791 "http://www.asjudinet.com/" "Mozilla/5.0 (Windows; U; Windows NT 5.1; en-US) AppleWebKit/532.0 (KHTML, like Gecko) Chrome/3.0.195.33 Safari/532.0"
190.3.196.140 - - [18/Nov/2009:12:46:45 -0600] "GET /carrusel.swf HTTP/1.1" 200 15018 "http://www.asjudinet.com/index.swf" "Mozilla/5.0 (Windows; U; Windows NT 5.1; en-US) AppleWebKit/532.0 (KHTML, like Gecko) Chrome/3.0.195.33 Safari/532.0"
190.3.196.140 - - [18/Nov/2009:12:46:45 -0600] "GET /photos.xml HTTP/1.1" 200 1737 "http://www.asjudinet.com/index.swf" "Mozilla/5.0 (Windows; U; Windows NT 5.1; en-US) AppleWebKit/532.0 (KHTML, like Gecko) Chrome/3.0.195.33 Safari/532.0"
190.90.239.144 - - [18/Nov/2009:12:46:46 -0600] "POST /chat/chat.php HTTP/1.1" 200 17 "-" "Mozilla/4.0 (Windows XP 5.1) Java/1.6.0_15"
190.99.160.153 - - [18/Nov/2009:12:46:46 -0600] "POST /chat/chat.php HTTP/1.1" 200 17 "-" "Mozilla/4.0 (Windows XP 5.1) Java/1.6.0_15"
190.255.173.67 - - [18/Nov/2009:12:46:46 -0600] "POST /chat/chat.php HTTP/1.1" 200 17 "-" "Mozilla/4.0 (Windows XP 5.1) Java/1.6.0_11"
190.157.32.99 - - [18/Nov/2009:12:46:46 -0600] "POST /chat/chat.php HTTP/1.1" 200 17 "-" "Mozilla/4.0 (Windows XP 5.1) Java/1.6.0_16"
201.228.40.146 - - [18/Nov/2009:12:46:47 -0600] "POST /chat/chat.php HTTP/1.1" 200 17 "-" "Mozilla/4.0 (Windows XP 5.1) Java/1.6.0_11"
190.255.251.154 - - [18/Nov/2009:12:46:48 -0600] "POST /chat/chat.php HTTP/1.1" 200 17 "-" "Mozilla/4.0 (Windows XP 5.1) Java/1.6.0_11"
190.24.223.78 - - [18/Nov/2009:12:46:48 -0600] "POST /chat/chat.php HTTP/1.1" 200 17 "-" "Mozilla/4.0 (Windows XP 5.1) Java/1.6.0_17"
190.24.223.78 - - [18/Nov/2009:12:46:50 -0600] "GET /menu_admin.php HTTP/1.1" 200 2975 "-" "Mozilla/4.0 (compatible; MSIE 6.0; Windows NT 5.1; SV1; InfoPath.1)"
190.24.223.78 - - [18/Nov/2009:12:46:50 -0600] "GET /menuweb.files/dmenu.js HTTP/1.1" 304 - "http://www.asjudinet.com/menu_admin.php" "Mozilla/4.0 (compatible; MSIE 6.0; Windows NT 5.1; SV1; InfoPath.1)"
190.24.223.78 - - [18/Nov/2009:12:46:50 -0600] "GET /ELEMENTOS/Logito22.JPG HTTP/1.1" 304 - "http://www.asjudinet.com/menu_admin.php" "Mozilla/4.0 (compatible; MSIE 6.0; Windows NT 5.1; SV1; InfoPath.1)"
190.24.223.78 - - [18/Nov/2009:12:46:51 -0600] "GET /menuweb.js HTTP/1.1" 304 - "http://www.asjudinet.com/menu_admin.php" "Mozilla/4.0 (compatible; MSIE 6.0; Windows NT 5.1; SV1; InfoPath.1)"
190.24.223.78 - - [18/Nov/2009:12:46:51 -0600] "GET /menuweb.files/icon_win98_7.gif HTTP/1.1" 304 - "http://www.asjudinet.com/menu_admin.php" "Mozilla/4.0 (compatible; MSIE 6.0; Windows NT 5.1; SV1; InfoPath.1)"
190.24.223.78 - - [18/Nov/2009:12:46:51 -0600] "GET /menuweb.files/arr_black_2.gif HTTP/1.1" 304 - "http://www.asjudinet.com/menu_admin.php" "Mozilla/4.0 (compatible; MSIE 6.0; Windows NT 5.1; SV1; InfoPath.1)"
190.90.239.144 - - [18/Nov/2009:12:46:51 -0600] "POST /chat/chat.php HTTP/1.1" 200 17 "-" "Mozilla/4.0 (Windows XP 5.1) Java/1.6.0_15"
190.99.160.153 - - [18/Nov/2009:12:46:51 -0600] "POST /chat/chat.php HTTP/1.1" 200 17 "-" "Mozilla/4.0 (Windows XP 5.1) Java/1.6.0_15"
190.24.223.78 - - [18/Nov/2009:12:46:51 -0600] "GET /menuweb.files/icon_xp_7.gif HTTP/1.1" 304 - "http://www.asjudinet.com/menu_admin.php" "Mozilla/4.0 (compatible; MSIE 6.0; Windows NT 5.1; SV1; InfoPath.1)"
190.255.173.67 - - [18/Nov/2009:12:46:51 -0600] "POST /chat/chat.php HTTP/1.1" 200 17 "-" "Mozilla/4.0 (Windows XP 5.1) Java/1.6.0_11"
190.24.223.78 - - [18/Nov/2009:12:46:51 -0600] "GET /menuweb.files/icon_xp2_1o.gif HTTP/1.1" 304 - "http://www.asjudinet.com/menu_admin.php" "Mozilla/4.0 (compatible; MSIE 6.0; Windows NT 5.1; SV1; InfoPath.1)"
190.24.223.78 - - [18/Nov/2009:12:46:51 -0600] "GET /menuweb.files/Gota1.png HTTP/1.1" 304 - "http://www.asjudinet.com/menu_admin.php" "Mozilla/4.0 (compatible; MSIE 6.0; Windows NT 5.1; SV1; InfoPath.1)"
190.24.223.78 - - [18/Nov/2009:12:46:51 -0600] "GET /menuweb.files/mac_pic1.gif HTTP/1.1" 304 - "http://www.asjudinet.com/menu_admin.php" "Mozilla/4.0 (compatible; MSIE 6.0; Windows NT 5.1; SV1; InfoPath.1)"
190.24.223.78 - - [18/Nov/2009:12:46:51 -0600] "GET /menuweb.files/icon_office_list.gif HTTP/1.1" 304 - "http://www.asjudinet.com/menu_admin.php" "Mozilla/4.0 (compatible; MSIE 6.0; Windows NT 5.1; SV1; InfoPath.1)"
190.24.223.78 - - [18/Nov/2009:12:46:51 -0600] "GET /menuweb.files/afiliado.PNG HTTP/1.1" 304 - "http://www.asjudinet.com/menu_admin.php" "Mozilla/4.0 (compatible; MSIE 6.0; Windows NT 5.1; SV1; InfoPath.1)"
190.24.223.78 - - [18/Nov/2009:12:46:52 -0600] "GET /menuweb.files/icon_office_pen2.gif HTTP/1.1" 304 - "http://www.asjudinet.com/menu_admin.php" "Mozilla/4.0 (compatible; MSIE 6.0; Windows NT 5.1; SV1; InfoPath.1)"
190.24.223.78 - - [18/Nov/2009:12:46:52 -0600] "GET /menuweb.files/icon_xp3_8.gif HTTP/1.1" 304 - "http://www.asjudinet.com/menu_admin.php" "Mozilla/4.0 (compatible; MSIE 6.0; Windows NT 5.1; SV1; InfoPath.1)"
190.157.32.99 - - [18/Nov/2009:12:46:52 -0600] "POST /chat/chat.php HTTP/1.1" 200 17 "-" "Mozilla/4.0 (Windows XP 5.1) Java/1.6.0_16"
190.24.223.78 - - [18/Nov/2009:12:46:52 -0600] "GET /menuweb.files/icon_xp3_12.gif HTTP/1.1" 304 - "http://www.asjudinet.com/menu_admin.php" "Mozilla/4.0 (compatible; MSIE 6.0; Windows NT 5.1; SV1; InfoPath.1)"
190.24.223.78 - - [18/Nov/2009:12:46:52 -0600] "GET /menuweb.files/icon_xp2_7o.gif HTTP/1.1" 304 - "http://www.asjudinet.com/menu_admin.php" "Mozilla/4.0 (compatible; MSIE 6.0; Windows NT 5.1; SV1; InfoPath.1)"
190.24.223.78 - - [18/Nov/2009:12:46:52 -0600] "GET /menuweb.files/mac_pic2.gif HTTP/1.1" 304 - "http://www.asjudinet.com/menu_admin.php" "Mozilla/4.0 (compatible; MSIE 6.0; Windows NT 5.1; SV1; InfoPath.1)"
190.24.223.78 - - [18/Nov/2009:12:46:52 -0600] "GET /menuweb.files/icons_xp_tuner.gif HTTP/1.1" 304 - "http://www.asjudinet.com/menu_admin.php" "Mozilla/4.0 (compatible; MSIE 6.0; Windows NT 5.1; SV1; InfoPath.1)"
190.24.223.78 - - [18/Nov/2009:12:46:52 -0600] "GET /menuweb.files/sm_back_xp.gif HTTP/1.1" 304 - "http://www.asjudinet.com/menu_admin.php" "Mozilla/4.0 (compatible; MSIE 6.0; Windows NT 5.1; SV1; InfoPath.1)"
190.24.223.78 - - [18/Nov/2009:12:46:52 -0600] "GET /menuweb.files/sm_back_xp2.gif HTTP/1.1" 304 - "http://www.asjudinet.com/menu_admin.php" "Mozilla/4.0 (compatible; MSIE 6.0; Windows NT 5.1; SV1; InfoPath.1)"
201.228.40.146 - - [18/Nov/2009:12:46:52 -0600] "POST /chat/chat.php HTTP/1.1" 200 17 "-" "Mozilla/4.0 (Windows XP 5.1) Java/1.6.0_11"
190.24.223.78 - - [18/Nov/2009:12:46:52 -0600] "GET /menuweb.files/arr_white_2.gif HTTP/1.1" 304 - "http://www.asjudinet.com/menu_admin.php" "Mozilla/4.0 (compatible; MSIE 6.0; Windows NT 5.1; SV1; InfoPath.1)"
190.24.223.78 - - [18/Nov/2009:12:46:52 -0600] "GET /menuweb.files/llave.gif HTTP/1.1" 304 - "http://www.asjudinet.com/menu_admin.php" "Mozilla/4.0 (compatible; MSIE 6.0; Windows NT 5.1; SV1; InfoPath.1)"
190.24.223.78 - - [18/Nov/2009:12:46:52 -0600] "GET /menuweb.files/arr_black_2.gif HTTP/1.1" 304 - "http://www.asjudinet.com/menu_admin.php" "Mozilla/4.0 (compatible; MSIE 6.0; Windows NT 5.1; SV1; InfoPath.1)"
190.24.223.78 - - [18/Nov/2009:12:46:52 -0600] "GET /menuweb.files/icon_win98_5.gif HTTP/1.1" 304 - "http://www.asjudinet.com/menu_admin.php" "Mozilla/4.0 (compatible; MSIE 6.0; Windows NT 5.1; SV1; InfoPath.1)"
190.24.223.78 - - [18/Nov/2009:12:46:53 -0600] "GET /menuweb.files/arr_black_2.gif HTTP/1.1" 304 - "http://www.asjudinet.com/menu_admin.php" "Mozilla/4.0 (compatible; MSIE 6.0; Windows NT 5.1; SV1; InfoPath.1)"
190.24.223.78 - - [18/Nov/2009:12:46:53 -0600] "GET /menuweb.files/Gota1.png HTTP/1.1" 304 - "http://www.asjudinet.com/menu_admin.php" "Mozilla/4.0 (compatible; MSIE 6.0; Windows NT 5.1; SV1; InfoPath.1)"
190.24.223.78 - - [18/Nov/2009:12:46:53 -0600] "GET /menuweb.files/icon_win98_5.gif HTTP/1.1" 304 - "http://www.asjudinet.com/menu_admin.php" "Mozilla/4.0 (compatible; MSIE 6.0; Windows NT 5.1; SV1; InfoPath.1)"
190.24.223.78 - - [18/Nov/2009:12:46:53 -0600] "GET /menuweb.files/arr_black_2.gif HTTP/1.1" 304 - "http://www.asjudinet.com/menu_admin.php" "Mozilla/4.0 (compatible; MSIE 6.0; Windows NT 5.1; SV1; InfoPath.1)"
190.255.251.154 - - [18/Nov/2009:12:46:53 -0600] "POST /chat/chat.php HTTP/1.1" 200 17 "-" "Mozilla/4.0 (Windows XP 5.1) Java/1.6.0_11"
190.24.223.78 - - [18/Nov/2009:12:46:54 -0600] "POST /chat/chat.php HTTP/1.1" 200 17 "-" "Mozilla/4.0 (Windows XP 5.1) Java/1.6.0_17"
190.90.239.144 - - [18/Nov/2009:12:46:56 -0600] "POST /chat/chat.php HTTP/1.1" 200 17 "-" "Mozilla/4.0 (Windows XP 5.1) Java/1.6.0_15"
190.99.160.153 - - [18/Nov/2009:12:46:56 -0600] "POST /chat/chat.php HTTP/1.1" 200 17 "-" "Mozilla/4.0 (Windows XP 5.1) Java/1.6.0_15"
190.255.173.67 - - [18/Nov/2009:12:46:56 -0600] "POST /chat/chat.php HTTP/1.1" 200 17 "-" "Mozilla/4.0 (Windows XP 5.1) Java/1.6.0_11"
190.157.32.99 - - [18/Nov/2009:12:46:57 -0600] "POST /chat/chat.php HTTP/1.1" 200 17 "-" "Mozilla/4.0 (Windows XP 5.1) Java/1.6.0_16"
201.228.40.146 - - [18/Nov/2009:12:46:57 -0600] "POST /chat/chat.php HTTP/1.1" 200 17 "-" "Mozilla/4.0 (Windows XP 5.1) Java/1.6.0_11"
190.255.251.154 - - [18/Nov/2009:12:46:58 -0600] "POST /chat/chat.php HTTP/1.1" 200 17 "-" "Mozilla/4.0 (Windows XP 5.1) Java/1.6.0_11"
190.24.223.78 - - [18/Nov/2009:12:46:59 -0600] "POST /chat/chat.php HTTP/1.1" 200 17 "-" "Mozilla/4.0 (Windows XP 5.1) Java/1.6.0_17"
190.24.223.78 - - [18/Nov/2009:12:47:00 -0600] "GET /menuweb.files/sm_back_xp2.gif HTTP/1.1" 304 - "http://www.asjudinet.com/menu_admin.php" "Mozilla/4.0 (compatible; MSIE 6.0; Windows NT 5.1; SV1; InfoPath.1)"
190.24.223.78 - - [18/Nov/2009:12:47:00 -0600] "GET /menuweb.files/sm_back_xp2.gif HTTP/1.1" 304 - "http://www.asjudinet.com/menu_admin.php" "Mozilla/4.0 (compatible; MSIE 6.0; Windows NT 5.1; SV1; InfoPath.1)"
190.24.223.78 - - [18/Nov/2009:12:47:00 -0600] "GET /menuweb.files/arr_white_2.gif HTTP/1.1" 304 - "http://www.asjudinet.com/menu_admin.php" "Mozilla/4.0 (compatible; MSIE 6.0; Windows NT 5.1; SV1; InfoPath.1)"
190.24.223.78 - - [18/Nov/2009:12:47:00 -0600] "GET /menuweb.files/sm_back_xp.gif HTTP/1.1" 304 - "http://www.asjudinet.com/menu_admin.php" "Mozilla/4.0 (compatible; MSIE 6.0; Windows NT 5.1; SV1; InfoPath.1)"
190.24.223.78 - - [18/Nov/2009:12:47:00 -0600] "GET /menuweb.files/arr_black_2.gif HTTP/1.1" 304 - "http://www.asjudinet.com/menu_admin.php" "Mozilla/4.0 (compatible; MSIE 6.0; Windows NT 5.1; SV1; InfoPath.1)"
190.24.223.78 - - [18/Nov/2009:12:47:00 -0600] "GET /menuweb.files/sm_back_xp.gif HTTP/1.1" 304 - "http://www.asjudinet.com/menu_admin.php" "Mozilla/4.0 (compatible; MSIE 6.0; Windows NT 5.1; SV1; InfoPath.1)"
190.24.223.78 - - [18/Nov/2009:12:47:00 -0600] "GET /consulta_cartera.php HTTP/1.1" 200 3320 "-" "Mozilla/4.0 (compatible; MSIE 6.0; Windows NT 5.1; SV1)"
190.24.223.78 - - [18/Nov/2009:12:47:00 -0600] "GET /menuweb.files/sm_back_xp2.gif HTTP/1.1" 304 - "http://www.asjudinet.com/menu_admin.php" "Mozilla/4.0 (compatible; MSIE 6.0; Windows NT 5.1; SV1; InfoPath.1)"
190.24.223.78 - - [18/Nov/2009:12:47:00 -0600] "GET /menuweb.files/arr_white_2.gif HTTP/1.1" 304 - "http://www.asjudinet.com/menu_admin.php" "Mozilla/4.0 (compatible; MSIE 6.0; Windows NT 5.1; SV1; InfoPath.1)"
190.24.223.78 - - [18/Nov/2009:12:47:01 -0600] "GET /menuweb.files/sm_back_xp.gif HTTP/1.1" 304 - "http://www.asjudinet.com/menu_admin.php" "Mozilla/4.0 (compatible; MSIE 6.0; Windows NT 5.1; SV1; InfoPath.1)"
190.24.223.78 - - [18/Nov/2009:12:47:01 -0600] "GET /menuweb.files/sm_back_xp.gif HTTP/1.1" 304 - "http://www.asjudinet.com/menu_admin.php" "Mozilla/4.0 (compatible; MSIE 6.0; Windows NT 5.1; SV1; InfoPath.1)"
190.24.223.78 - - [18/Nov/2009:12:47:01 -0600] "GET /menuweb.files/arr_black_2.gif HTTP/1.1" 304 - "http://www.asjudinet.com/menu_admin.php" "Mozilla/4.0 (compatible; MSIE 6.0; Windows NT 5.1; SV1; InfoPath.1)"
190.24.223.78 - - [18/Nov/2009:12:47:01 -0600] "GET /menuweb.files/arr_white_2.gif HTTP/1.1" 304 - "http://www.asjudinet.com/menu_admin.php" "Mozilla/4.0 (compatible; MSIE 6.0; Windows NT 5.1; SV1; InfoPath.1)"
190.24.223.78 - - [18/Nov/2009:12:47:01 -0600] "GET /menuweb.files/sm_back_xp2.gif HTTP/1.1" 304 - "http://www.asjudinet.com/menu_admin.php" "Mozilla/4.0 (compatible; MSIE 6.0; Windows NT 5.1; SV1; InfoPath.1)"
190.24.223.78 - - [18/Nov/2009:12:47:01 -0600] "GET /menuweb.files/icon_xp2_tunero.gif HTTP/1.1" 304 - "http://www.asjudinet.com/menu_admin.php" "Mozilla/4.0 (compatible; MSIE 6.0; Windows NT 5.1; SV1; InfoPath.1)"
190.24.223.78 - - [18/Nov/2009:12:47:01 -0600] "GET /menuweb.files/icon_xp2_tunero.gif HTTP/1.1" 304 - "http://www.asjudinet.com/menu_admin.php" "Mozilla/4.0 (compatible; MSIE 6.0; Windows NT 5.1; SV1; InfoPath.1)"
190.90.239.144 - - [18/Nov/2009:12:47:01 -0600] "POST /chat/chat.php HTTP/1.1" 200 17 "-" "Mozilla/4.0 (Windows XP 5.1) Java/1.6.0_15"
190.24.223.78 - - [18/Nov/2009:12:47:01 -0600] "GET /menuweb.files/arr_black_2.gif HTTP/1.1" 304 - "http://www.asjudinet.com/menu_admin.php" "Mozilla/4.0 (compatible; MSIE 6.0; Windows NT 5.1; SV1; InfoPath.1)"
190.99.160.153 - - [18/Nov/2009:12:47:01 -0600] "POST /chat/chat.php HTTP/1.1" 200 17 "-" "Mozilla/4.0 (Windows XP 5.1) Java/1.6.0_15"
190.24.223.78 - - [18/Nov/2009:12:47:01 -0600] "GET /menuweb.files/sm_back_xp.gif HTTP/1.1" 304 - "http://www.asjudinet.com/menu_admin.php" "Mozilla/4.0 (compatible; MSIE 6.0; Windows NT 5.1; SV1; InfoPath.1)"
190.255.173.67 - - [18/Nov/2009:12:47:01 -0600] "POST /chat/chat.php HTTP/1.1" 200 17 "-" "Mozilla/4.0 (Windows XP 5.1) Java/1.6.0_11"
190.24.223.78 - - [18/Nov/2009:12:47:01 -0600] "GET /menuweb.files/arr_black_2.gif HTTP/1.1" 304 - "http://www.asjudinet.com/menu_admin.php" "Mozilla/4.0 (compatible; MSIE 6.0; Windows NT 5.1; SV1; InfoPath.1)"
190.24.223.78 - - [18/Nov/2009:12:47:01 -0600] "GET /menuweb.files/sm_back_xp.gif HTTP/1.1" 304 - "http://www.asjudinet.com/menu_admin.php" "Mozilla/4.0 (compatible; MSIE 6.0; Windows NT 5.1; SV1; InfoPath.1)"
190.24.223.78 - - [18/Nov/2009:12:47:02 -0600] "GET /menuweb.files/sm_back_xp.gif HTTP/1.1" 304 - "http://www.asjudinet.com/menu_admin.php" "Mozilla/4.0 (compatible; MSIE 6.0; Windows NT 5.1; SV1; InfoPath.1)"
190.24.223.78 - - [18/Nov/2009:12:47:02 -0600] "GET /menuweb.files/sm_back_xp.gif HTTP/1.1" 304 - "http://www.asjudinet.com/menu_admin.php" "Mozilla/4.0 (compatible; MSIE 6.0; Windows NT 5.1; SV1; InfoPath.1)"
190.24.223.78 - - [18/Nov/2009:12:47:02 -0600] "GET /menuweb.files/sm_back_xp.gif HTTP/1.1" 304 - "http://www.asjudinet.com/menu_admin.php" "Mozilla/4.0 (compatible; MSIE 6.0; Windows NT 5.1; SV1; InfoPath.1)"
190.24.223.78 - - [18/Nov/2009:12:47:02 -0600] "GET /consulta_ced_info_servi.php HTTP/1.1" 200 4457 "http://www.asjudinet.com/consulta_cartera.php" "Mozilla/4.0 (compatible; MSIE 6.0; Windows NT 5.1; SV1)"
190.24.223.78 - - [18/Nov/2009:12:47:02 -0600] "GET /menuweb.files/sm_back_xp2.gif HTTP/1.1" 304 - "http://www.asjudinet.com/menu_admin.php" "Mozilla/4.0 (compatible; MSIE 6.0; Windows NT 5.1; SV1; InfoPath.1)"
190.157.32.99 - - [18/Nov/2009:12:47:02 -0600] "POST /chat/chat.php HTTP/1.1" 200 17 "-" "Mozilla/4.0 (Windows XP 5.1) Java/1.6.0_16"
190.24.223.78 - - [18/Nov/2009:12:47:02 -0600] "GET /menuweb.files/sm_back_xp.gif HTTP/1.1" 304 - "http://www.asjudinet.com/menu_admin.php" "Mozilla/4.0 (compatible; MSIE 6.0; Windows NT 5.1; SV1; InfoPath.1)"
190.24.223.78 - - [18/Nov/2009:12:47:02 -0600] "GET /menuweb.files/icon_xp2_tunero.gif HTTP/1.1" 304 - "http://www.asjudinet.com/menu_admin.php" "Mozilla/4.0 (compatible; MSIE 6.0; Windows NT 5.1; SV1; InfoPath.1)"
190.24.223.78 - - [18/Nov/2009:12:47:02 -0600] "GET /menuweb.files/icon_xp2_tunero.gif HTTP/1.1" 304 - "http://www.asjudinet.com/menu_admin.php" "Mozilla/4.0 (compatible; MSIE 6.0; Windows NT 5.1; SV1; InfoPath.1)"
190.24.223.78 - - [18/Nov/2009:12:47:02 -0600] "GET /menuweb.files/icon_xp2_tunero.gif HTTP/1.1" 304 - "http://www.asjudinet.com/menu_admin.php" "Mozilla/4.0 (compatible; MSIE 6.0; Windows NT 5.1; SV1; InfoPath.1)"
190.24.223.78 - - [18/Nov/2009:12:47:02 -0600] "GET /menuweb.files/sm_back_xp.gif HTTP/1.1" 304 - "http://www.asjudinet.com/menu_admin.php" "Mozilla/4.0 (compatible; MSIE 6.0; Windows NT 5.1; SV1; InfoPath.1)"
190.24.223.78 - - [18/Nov/2009:12:47:02 -0600] "GET /menuweb.files/sm_back_xp.gif HTTP/1.1" 304 - "http://www.asjudinet.com/menu_admin.php" "Mozilla/4.0 (compatible; MSIE 6.0; Windows NT 5.1; SV1; InfoPath.1)"
190.24.223.78 - - [18/Nov/2009:12:47:02 -0600] "GET /menuweb.files/sm_back_xp.gif HTTP/1.1" 304 - "http://www.asjudinet.com/menu_admin.php" "Mozilla/4.0 (compatible; MSIE 6.0; Windows NT 5.1; SV1; InfoPath.1)"
190.24.223.78 - - [18/Nov/2009:12:47:02 -0600] "GET /menuweb.files/sm_back_xp.gif HTTP/1.1" 304 - "http://www.asjudinet.com/menu_admin.php" "Mozilla/4.0 (compatible; MSIE 6.0; Windows NT 5.1; SV1; InfoPath.1)"
201.228.40.146 - - [18/Nov/2009:12:47:02 -0600] "POST /chat/chat.php HTTP/1.1" 200 17 "-" "Mozilla/4.0 (Windows XP 5.1) Java/1.6.0_11"
190.24.223.78 - - [18/Nov/2009:12:47:03 -0600] "GET /menuweb.files/arr_white_2.gif HTTP/1.1" 304 - "http://www.asjudinet.com/menu_admin.php" "Mozilla/4.0 (compatible; MSIE 6.0; Windows NT 5.1; SV1; InfoPath.1)"
190.24.223.78 - - [18/Nov/2009:12:47:03 -0600] "GET /menuweb.files/icon_xp2_tunero.gif HTTP/1.1" 304 - "http://www.asjudinet.com/menu_admin.php" "Mozilla/4.0 (compatible; MSIE 6.0; Windows NT 5.1; SV1; InfoPath.1)"
190.24.223.78 - - [18/Nov/2009:12:47:03 -0600] "GET /menuweb.files/icon_xp2_tunero.gif HTTP/1.1" 304 - "http://www.asjudinet.com/menu_admin.php" "Mozilla/4.0 (compatible; MSIE 6.0; Windows NT 5.1; SV1; InfoPath.1)"
190.24.223.78 - - [18/Nov/2009:12:47:03 -0600] "GET /menuweb.files/sm_back_xp.gif HTTP/1.1" 304 - "http://www.asjudinet.com/menu_admin.php" "Mozilla/4.0 (compatible; MSIE 6.0; Windows NT 5.1; SV1; InfoPath.1)"
190.24.223.78 - - [18/Nov/2009:12:47:03 -0600] "GET /Consultar_Respuestas.php HTTP/1.1" 200 4575 "-" "Mozilla/4.0 (compatible; MSIE 6.0; Windows NT 5.1; SV1; InfoPath.1)"
190.24.223.78 - - [18/Nov/2009:12:47:03 -0600] "GET /menuweb.files/sm_back_xp.gif HTTP/1.1" 304 - "http://www.asjudinet.com/menu_admin.php" "Mozilla/4.0 (compatible; MSIE 6.0; Windows NT 5.1; SV1; InfoPath.1)"
190.24.223.78 - - [18/Nov/2009:12:47:03 -0600] "GET /menuweb.files/sm_back_xp.gif HTTP/1.1" 304 - "http://www.asjudinet.com/menu_admin.php" "Mozilla/4.0 (compatible; MSIE 6.0; Windows NT 5.1; SV1; InfoPath.1)"
190.24.223.78 - - [18/Nov/2009:12:47:03 -0600] "GET /menuweb.files/sm_back_xp.gif HTTP/1.1" 304 - "http://www.asjudinet.com/menu_admin.php" "Mozilla/4.0 (compatible; MSIE 6.0; Windows NT 5.1; SV1; InfoPath.1)"
190.24.223.78 - - [18/Nov/2009:12:47:03 -0600] "GET /ELEMENTOS/cabezote_servi.jpg HTTP/1.1" 304 - "http://www.asjudinet.com/Consultar_Respuestas.php" "Mozilla/4.0 (compatible; MSIE 6.0; Windows NT 5.1; SV1; InfoPath.1)"
190.255.251.154 - - [18/Nov/2009:12:47:03 -0600] "POST /chat/chat.php HTTP/1.1" 200 17 "-" "Mozilla/4.0 (Windows XP 5.1) Java/1.6.0_11"
190.24.223.78 - - [18/Nov/2009:12:47:04 -0600] "POST /chat/chat.php HTTP/1.1" 200 17 "-" "Mozilla/4.0 (Windows XP 5.1) Java/1.6.0_17"
190.90.239.144 - - [18/Nov/2009:12:47:06 -0600] "POST /chat/chat.php HTTP/1.1" 200 17 "-" "Mozilla/4.0 (Windows XP 5.1) Java/1.6.0_15"
190.99.160.153 - - [18/Nov/2009:12:47:06 -0600] "POST /chat/chat.php HTTP/1.1" 200 17 "-" "Mozilla/4.0 (Windows XP 5.1) Java/1.6.0_15"
190.255.173.67 - - [18/Nov/2009:12:47:06 -0600] "POST /chat/chat.php HTTP/1.1" 200 17 "-" "Mozilla/4.0 (Windows XP 5.1) Java/1.6.0_11"
190.157.32.99 - - [18/Nov/2009:12:47:07 -0600] "POST /chat/chat.php HTTP/1.1" 200 17 "-" "Mozilla/4.0 (Windows XP 5.1) Java/1.6.0_16"
201.228.40.146 - - [18/Nov/2009:12:47:08 -0600] "POST /chat/chat.php HTTP/1.1" 200 17 "-" "Mozilla/4.0 (Windows XP 5.1) Java/1.6.0_11"
190.24.223.78 - - [18/Nov/2009:12:47:08 -0600] "GET /Consultar_Respuestas.php?Identificacion=11442668&submit=CONSULTAR HTTP/1.1" 200 8309 "http://www.asjudinet.com/Consultar_Respuestas.php" "Mozilla/4.0 (compatible; MSIE 6.0; Windows NT 5.1; SV1; InfoPath.1)"
190.24.223.78 - - [18/Nov/2009:12:47:08 -0600] "GET /ELEMENTOS/cabezote_servi.jpg HTTP/1.1" 304 - "http://www.asjudinet.com/Consultar_Respuestas.php?Identificacion=11442668&submit=CONSULTAR" "Mozilla/4.0 (compatible; MSIE 6.0; Windows NT 5.1; SV1; InfoPath.1)"
190.255.251.154 - - [18/Nov/2009:12:47:09 -0600] "POST /chat/chat.php HTTP/1.1" 200 17 "-" "Mozilla/4.0 (Windows XP 5.1) Java/1.6.0_11"
190.24.223.78 - - [18/Nov/2009:12:47:09 -0600] "POST /chat/chat.php HTTP/1.1" 200 17 "-" "Mozilla/4.0 (Windows XP 5.1) Java/1.6.0_17"
190.24.223.78 - - [18/Nov/2009:12:47:10 -0600] "GET /Visualizar_Mensajes.php?numra=3178&Id=14170&Identificacion=11442668 HTTP/1.1" 200 6274 "-" "Mozilla/4.0 (compatible; MSIE 6.0; Windows NT 5.1; SV1; InfoPath.1)"
190.90.239.144 - - [18/Nov/2009:12:47:11 -0600] "POST /chat/chat.php HTTP/1.1" 200 17 "-" "Mozilla/4.0 (Windows XP 5.1) Java/1.6.0_15"
190.99.160.153 - - [18/Nov/2009:12:47:11 -0600] "POST /chat/chat.php HTTP/1.1" 200 17 "-" "Mozilla/4.0 (Windows XP 5.1) Java/1.6.0_15"
190.255.173.67 - - [18/Nov/2009:12:47:12 -0600] "POST /chat/chat.php HTTP/1.1" 200 17 "-" "Mozilla/4.0 (Windows XP 5.1) Java/1.6.0_11"
190.24.223.78 - - [18/Nov/2009:12:47:11 -0600] "POST /consulta_ced_info_servi.php HTTP/1.1" 200 5870 "http://www.asjudinet.com/consulta_ced_info_servi.php" "Mozilla/4.0 (compatible; MSIE 6.0; Windows NT 5.1; SV1)"
190.157.32.99 - - [18/Nov/2009:12:47:12 -0600] "POST /chat/chat.php HTTP/1.1" 200 17 "-" "Mozilla/4.0 (Windows XP 5.1) Java/1.6.0_16"
201.228.40.146 - - [18/Nov/2009:12:47:13 -0600] "POST /chat/chat.php HTTP/1.1" 200 17 "-" "Mozilla/4.0 (Windows XP 5.1) Java/1.6.0_11"
190.255.251.154 - - [18/Nov/2009:12:47:14 -0600] "POST /chat/chat.php HTTP/1.1" 200 17 "-" "Mozilla/4.0 (Windows XP 5.1) Java/1.6.0_11"
190.24.223.78 - - [18/Nov/2009:12:47:14 -0600] "POST /chat/chat.php HTTP/1.1" 200 17 "-" "Mozilla/4.0 (Windows XP 5.1) Java/1.6.0_17"
190.24.223.78 - - [18/Nov/2009:12:47:13 -0600] "GET /cartera_consulta_titu_usuario.php?ced2=72192825&numcon=5209 HTTP/1.1" 200 19570 "-" "Mozilla/4.0 (compatible; MSIE 6.0; Windows NT 5.1; SV1)"
190.90.239.144 - - [18/Nov/2009:12:47:17 -0600] "POST /chat/chat.php HTTP/1.1" 200 17 "-" "Mozilla/4.0 (Windows XP 5.1) Java/1.6.0_15"
190.99.160.153 - - [18/Nov/2009:12:47:17 -0600] "POST /chat/chat.php HTTP/1.1" 200 17 "-" "Mozilla/4.0 (Windows XP 5.1) Java/1.6.0_15"
190.255.173.67 - - [18/Nov/2009:12:47:17 -0600] "POST /chat/chat.php HTTP/1.1" 200 17 "-" "Mozilla/4.0 (Windows XP 5.1) Java/1.6.0_11"
190.157.32.99 - - [18/Nov/2009:12:47:17 -0600] "POST /chat/chat.php HTTP/1.1" 200 17 "-" "Mozilla/4.0 (Windows XP 5.1) Java/1.6.0_16"
190.24.223.78 - - [18/Nov/2009:12:47:18 -0600] "GET /consulta_cartera.php HTTP/1.1" 200 3320 "-" "Mozilla/4.0 (compatible; MSIE 6.0; Windows NT 5.1; SV1)"
190.255.251.154 - - [18/Nov/2009:12:47:19 -0600] "POST /chat/chat.php HTTP/1.1" 200 17 "-" "Mozilla/4.0 (Windows XP 5.1) Java/1.6.0_11"
190.24.223.78 - - [18/Nov/2009:12:47:19 -0600] "POST /chat/chat.php HTTP/1.1" 200 17 "-" "Mozilla/4.0 (Windows XP 5.1) Java/1.6.0_17"
190.90.239.144 - - [18/Nov/2009:12:47:22 -0600] "POST /chat/chat.php HTTP/1.1" 200 17 "-" "Mozilla/4.0 (Windows XP 5.1) Java/1.6.0_15"
190.99.160.153 - - [18/Nov/2009:12:47:22 -0600] "POST /chat/chat.php HTTP/1.1" 200 17 "-" "Mozilla/4.0 (Windows XP 5.1) Java/1.6.0_15"
200.11.45.150 - - [18/Nov/2009:12:47:22 -0600] "GET / HTTP/1.1" 200 6256 "-" "Mozilla/4.0 (compatible; MSIE 7.0; Windows NT 5.1; InfoPath.1)"
190.255.173.67 - - [18/Nov/2009:12:47:22 -0600] "POST /chat/chat.php HTTP/1.1" 200 17 "-" "Mozilla/4.0 (Windows XP 5.1) Java/1.6.0_11"
190.157.32.99 - - [18/Nov/2009:12:47:22 -0600] "POST /chat/chat.php HTTP/1.1" 200 17 "-" "Mozilla/4.0 (Windows XP 5.1) Java/1.6.0_16"
200.11.45.150 - - [18/Nov/2009:12:47:23 -0600] "GET /AC_RunActiveContent.js HTTP/1.1" 304 - "http://www.asjudinet.com/" "Mozilla/4.0 (compatible; MSIE 7.0; Windows NT 5.1; InfoPath.1)"
201.228.40.146 - - [18/Nov/2009:12:47:23 -0600] "POST /chat/chat.php HTTP/1.1" 200 17 "-" "Mozilla/4.0 (Windows XP 5.1) Java/1.6.0_11"
200.11.45.150 - - [18/Nov/2009:12:47:23 -0600] "GET /fondopagina.gif HTTP/1.1" 304 - "http://www.asjudinet.com/" "Mozilla/4.0 (compatible; MSIE 7.0; Windows NT 5.1; InfoPath.1)"
200.11.45.150 - - [18/Nov/2009:12:47:23 -0600] "GET /milonic_src.js HTTP/1.1" 304 - "http://www.asjudinet.com/" "Mozilla/4.0 (compatible; MSIE 7.0; Windows NT 5.1; InfoPath.1)"
190.24.223.78 - - [18/Nov/2009:12:47:24 -0600] "GET /menu_admin.php HTTP/1.1" 200 2975 "-" "Mozilla/4.0 (compatible; MSIE 6.0; Windows NT 5.1; SV1; InfoPath.1)"
190.24.223.78 - - [18/Nov/2009:12:47:24 -0600] "GET /menuweb.files/dmenu.js HTTP/1.1" 304 - "http://www.asjudinet.com/menu_admin.php" "Mozilla/4.0 (compatible; MSIE 6.0; Windows NT 5.1; SV1; InfoPath.1)"
200.11.45.150 - - [18/Nov/2009:12:47:24 -0600] "GET /mmenudom.js HTTP/1.1" 304 - "http://www.asjudinet.com/" "Mozilla/4.0 (compatible; MSIE 7.0; Windows NT 5.1; InfoPath.1)"
190.24.223.78 - - [18/Nov/2009:12:47:24 -0600] "GET /ELEMENTOS/Logito22.JPG HTTP/1.1" 304 - "http://www.asjudinet.com/menu_admin.php" "Mozilla/4.0 (compatible; MSIE 6.0; Windows NT 5.1; SV1; InfoPath.1)"
190.24.223.78 - - [18/Nov/2009:12:47:24 -0600] "GET /menuweb.js HTTP/1.1" 304 - "http://www.asjudinet.com/menu_admin.php" "Mozilla/4.0 (compatible; MSIE 6.0; Windows NT 5.1; SV1; InfoPath.1)"
200.11.45.150 - - [18/Nov/2009:12:47:24 -0600] "GET /menu_data.js HTTP/1.1" 304 - "http://www.asjudinet.com/" "Mozilla/4.0 (compatible; MSIE 7.0; Windows NT 5.1; InfoPath.1)"
190.24.223.78 - - [18/Nov/2009:12:47:24 -0600] "GET /menuweb.files/icon_win98_7.gif HTTP/1.1" 304 - "http://www.asjudinet.com/menu_admin.php" "Mozilla/4.0 (compatible; MSIE 6.0; Windows NT 5.1; SV1; InfoPath.1)"
190.24.223.78 - - [18/Nov/2009:12:47:24 -0600] "GET /menuweb.files/arr_black_2.gif HTTP/1.1" 304 - "http://www.asjudinet.com/menu_admin.php" "Mozilla/4.0 (compatible; MSIE 6.0; Windows NT 5.1; SV1; InfoPath.1)"
190.24.223.78 - - [18/Nov/2009:12:47:24 -0600] "GET /menuweb.files/icon_xp_7.gif HTTP/1.1" 304 - "http://www.asjudinet.com/menu_admin.php" "Mozilla/4.0 (compatible; MSIE 6.0; Windows NT 5.1; SV1; InfoPath.1)"
190.24.223.78 - - [18/Nov/2009:12:47:24 -0600] "GET /menuweb.files/icon_xp2_1o.gif HTTP/1.1" 304 - "http://www.asjudinet.com/menu_admin.php" "Mozilla/4.0 (compatible; MSIE 6.0; Windows NT 5.1; SV1; InfoPath.1)"
190.255.251.154 - - [18/Nov/2009:12:47:24 -0600] "POST /chat/chat.php HTTP/1.1" 200 17 "-" "Mozilla/4.0 (Windows XP 5.1) Java/1.6.0_11"
190.24.223.78 - - [18/Nov/2009:12:47:25 -0600] "POST /chat/chat.php HTTP/1.1" 200 17 "-" "Mozilla/4.0 (Windows XP 5.1) Java/1.6.0_17"
190.24.223.78 - - [18/Nov/2009:12:47:25 -0600] "GET /menuweb.files/icon_office_list.gif HTTP/1.1" 304 - "http://www.asjudinet.com/menu_admin.php" "Mozilla/4.0 (compatible; MSIE 6.0; Windows NT 5.1; SV1; InfoPath.1)"
190.24.223.78 - - [18/Nov/2009:12:47:25 -0600] "GET /menuweb.files/afiliado.PNG HTTP/1.1" 304 - "http://www.asjudinet.com/menu_admin.php" "Mozilla/4.0 (compatible; MSIE 6.0; Windows NT 5.1; SV1; InfoPath.1)"
190.24.223.78 - - [18/Nov/2009:12:47:25 -0600] "GET /menuweb.files/icon_office_pen2.gif HTTP/1.1" 304 - "http://www.asjudinet.com/menu_admin.php" "Mozilla/4.0 (compatible; MSIE 6.0; Windows NT 5.1; SV1; InfoPath.1)"
190.24.223.78 - - [18/Nov/2009:12:47:25 -0600] "GET /menuweb.files/icon_xp3_8.gif HTTP/1.1" 304 - "http://www.asjudinet.com/menu_admin.php" "Mozilla/4.0 (compatible; MSIE 6.0; Windows NT 5.1; SV1; InfoPath.1)"
190.24.223.78 - - [18/Nov/2009:12:47:25 -0600] "GET /menuweb.files/icon_xp2_7o.gif HTTP/1.1" 304 - "http://www.asjudinet.com/menu_admin.php" "Mozilla/4.0 (compatible; MSIE 6.0; Windows NT 5.1; SV1; InfoPath.1)"
190.24.223.78 - - [18/Nov/2009:12:47:25 -0600] "GET /menuweb.files/mac_pic2.gif HTTP/1.1" 304 - "http://www.asjudinet.com/menu_admin.php" "Mozilla/4.0 (compatible; MSIE 6.0; Windows NT 5.1; SV1; InfoPath.1)"
190.24.223.78 - - [18/Nov/2009:12:47:25 -0600] "GET /menuweb.files/icons_xp_tuner.gif HTTP/1.1" 304 - "http://www.asjudinet.com/menu_admin.php" "Mozilla/4.0 (compatible; MSIE 6.0; Windows NT 5.1; SV1; InfoPath.1)"
190.24.223.78 - - [18/Nov/2009:12:47:25 -0600] "GET /menuweb.files/sm_back_xp.gif HTTP/1.1" 304 - "http://www.asjudinet.com/menu_admin.php" "Mozilla/4.0 (compatible; MSIE 6.0; Windows NT 5.1; SV1; InfoPath.1)"
190.24.223.78 - - [18/Nov/2009:12:47:25 -0600] "GET /menuweb.files/sm_back_xp2.gif HTTP/1.1" 304 - "http://www.asjudinet.com/menu_admin.php" "Mozilla/4.0 (compatible; MSIE 6.0; Windows NT 5.1; SV1; InfoPath.1)"
190.24.223.78 - - [18/Nov/2009:12:47:25 -0600] "GET /menuweb.files/Gota1.png HTTP/1.1" 304 - "http://www.asjudinet.com/menu_admin.php" "Mozilla/4.0 (compatible; MSIE 6.0; Windows NT 5.1; SV1; InfoPath.1)"
190.24.223.78 - - [18/Nov/2009:12:47:25 -0600] "GET /menuweb.files/mac_pic1.gif HTTP/1.1" 304 - "http://www.asjudinet.com/menu_admin.php" "Mozilla/4.0 (compatible; MSIE 6.0; Windows NT 5.1; SV1; InfoPath.1)"
190.24.223.78 - - [18/Nov/2009:12:47:25 -0600] "GET /menuweb.files/cuadrado.gif HTTP/1.1" 304 - "http://www.asjudinet.com/menu_admin.php" "Mozilla/4.0 (compatible; MSIE 6.0; Windows NT 5.1; SV1; InfoPath.1)"
190.24.223.78 - - [18/Nov/2009:12:47:26 -0600] "GET /menuweb.files/icon_clear_1red.gif HTTP/1.1" 304 - "http://www.asjudinet.com/menu_admin.php" "Mozilla/4.0 (compatible; MSIE 6.0; Windows NT 5.1; SV1; InfoPath.1)"
190.24.223.78 - - [18/Nov/2009:12:47:26 -0600] "GET /menuweb.files/icon_xp3_12.gif HTTP/1.1" 304 - "http://www.asjudinet.com/menu_admin.php" "Mozilla/4.0 (compatible; MSIE 6.0; Windows NT 5.1; SV1; InfoPath.1)"
190.24.223.78 - - [18/Nov/2009:12:47:26 -0600] "GET /menuweb.files/arr_black_2.gif HTTP/1.1" 304 - "http://www.asjudinet.com/menu_admin.php" "Mozilla/4.0 (compatible; MSIE 6.0; Windows NT 5.1; SV1; InfoPath.1)"
190.24.223.78 - - [18/Nov/2009:12:47:26 -0600] "GET /menuweb.files/llave.gif HTTP/1.1" 304 - "http://www.asjudinet.com/menu_admin.php" "Mozilla/4.0 (compatible; MSIE 6.0; Windows NT 5.1; SV1; InfoPath.1)"
190.24.223.78 - - [18/Nov/2009:12:47:26 -0600] "GET /menuweb.files/icon_win98_5.gif HTTP/1.1" 304 - "http://www.asjudinet.com/menu_admin.php" "Mozilla/4.0 (compatible; MSIE 6.0; Windows NT 5.1; SV1; InfoPath.1)"
190.24.223.78 - - [18/Nov/2009:12:47:26 -0600] "GET /menuweb.files/arr_black_2.gif HTTP/1.1" 304 - "http://www.asjudinet.com/menu_admin.php" "Mozilla/4.0 (compatible; MSIE 6.0; Windows NT 5.1; SV1; InfoPath.1)"
190.24.223.78 - - [18/Nov/2009:12:47:26 -0600] "GET /menuweb.files/Gota1.png HTTP/1.1" 304 - "http://www.asjudinet.com/menu_admin.php" "Mozilla/4.0 (compatible; MSIE 6.0; Windows NT 5.1; SV1; InfoPath.1)"
190.24.223.78 - - [18/Nov/2009:12:47:26 -0600] "GET /menuweb.files/icon_win98_5.gif HTTP/1.1" 304 - "http://www.asjudinet.com/menu_admin.php" "Mozilla/4.0 (compatible; MSIE 6.0; Windows NT 5.1; SV1; InfoPath.1)"
190.24.223.78 - - [18/Nov/2009:12:47:26 -0600] "GET /menuweb.files/arr_black_2.gif HTTP/1.1" 304 - "http://www.asjudinet.com/menu_admin.php" "Mozilla/4.0 (compatible; MSIE 6.0; Windows NT 5.1; SV1; InfoPath.1)"
190.24.223.78 - - [18/Nov/2009:12:47:26 -0600] "GET /menuweb.files/icon_xp2_tunero.gif HTTP/1.1" 304 - "http://www.asjudinet.com/menu_admin.php" "Mozilla/4.0 (compatible; MSIE 6.0; Windows NT 5.1; SV1; InfoPath.1)"
190.24.223.78 - - [18/Nov/2009:12:47:26 -0600] "GET /menuweb.files/icon_xp2_tunero.gif HTTP/1.1" 304 - "http://www.asjudinet.com/menu_admin.php" "Mozilla/4.0 (compatible; MSIE 6.0; Windows NT 5.1; SV1; InfoPath.1)"
190.24.223.78 - - [18/Nov/2009:12:47:26 -0600] "GET /menuweb.files/icon_xp2_tunero.gif HTTP/1.1" 304 - "http://www.asjudinet.com/menu_admin.php" "Mozilla/4.0 (compatible; MSIE 6.0; Windows NT 5.1; SV1; InfoPath.1)"
190.24.223.78 - - [18/Nov/2009:12:47:27 -0600] "GET /menuweb.files/icon_xp2_tunero.gif HTTP/1.1" 304 - "http://www.asjudinet.com/menu_admin.php" "Mozilla/4.0 (compatible; MSIE 6.0; Windows NT 5.1; SV1; InfoPath.1)"
190.24.223.78 - - [18/Nov/2009:12:47:27 -0600] "GET /menuweb.files/icon_xp2_tunero.gif HTTP/1.1" 304 - "http://www.asjudinet.com/menu_admin.php" "Mozilla/4.0 (compatible; MSIE 6.0; Windows NT 5.1; SV1; InfoPath.1)"
190.90.239.144 - - [18/Nov/2009:12:47:27 -0600] "POST /chat/chat.php HTTP/1.1" 200 17 "-" "Mozilla/4.0 (Windows XP 5.1) Java/1.6.0_15"
190.24.223.78 - - [18/Nov/2009:12:47:27 -0600] "GET /menuweb.files/icon_xp2_tunero.gif HTTP/1.1" 304 - "http://www.asjudinet.com/menu_admin.php" "Mozilla/4.0 (compatible; MSIE 6.0; Windows NT 5.1; SV1; InfoPath.1)"
190.24.223.78 - - [18/Nov/2009:12:47:27 -0600] "GET /menuweb.files/icon_xp2_tunero.gif HTTP/1.1" 304 - "http://www.asjudinet.com/menu_admin.php" "Mozilla/4.0 (compatible; MSIE 6.0; Windows NT 5.1; SV1; InfoPath.1)"
190.99.160.153 - - [18/Nov/2009:12:47:27 -0600] "POST /chat/chat.php HTTP/1.1" 200 17 "-" "Mozilla/4.0 (Windows XP 5.1) Java/1.6.0_15"
190.24.223.78 - - [18/Nov/2009:12:47:27 -0600] "GET /menuweb.files/icon_xp2_tunero.gif HTTP/1.1" 304 - "http://www.asjudinet.com/menu_admin.php" "Mozilla/4.0 (compatible; MSIE 6.0; Windows NT 5.1; SV1; InfoPath.1)"
190.24.223.78 - - [18/Nov/2009:12:47:27 -0600] "GET /menuweb.files/arr_black_2.gif HTTP/1.1" 304 - "http://www.asjudinet.com/menu_admin.php" "Mozilla/4.0 (compatible; MSIE 6.0; Windows NT 5.1; SV1; InfoPath.1)"
190.255.173.67 - - [18/Nov/2009:12:47:27 -0600] "POST /chat/chat.php HTTP/1.1" 200 17 "-" "Mozilla/4.0 (Windows XP 5.1) Java/1.6.0_11"
190.24.223.78 - - [18/Nov/2009:12:47:27 -0600] "GET /menuweb.files/arr_white_2.gif HTTP/1.1" 304 - "http://www.asjudinet.com/menu_admin.php" "Mozilla/4.0 (compatible; MSIE 6.0; Windows NT 5.1; SV1; InfoPath.1)"
190.24.223.78 - - [18/Nov/2009:12:47:27 -0600] "GET /menuweb.files/arr_black_2.gif HTTP/1.1" 304 - "http://www.asjudinet.com/menu_admin.php" "Mozilla/4.0 (compatible; MSIE 6.0; Windows NT 5.1; SV1; InfoPath.1)"
190.24.223.78 - - [18/Nov/2009:12:47:27 -0600] "GET /menuweb.files/arr_white_2.gif HTTP/1.1" 304 - "http://www.asjudinet.com/menu_admin.php" "Mozilla/4.0 (compatible; MSIE 6.0; Windows NT 5.1; SV1; InfoPath.1)"
200.11.45.150 - - [18/Nov/2009:12:47:27 -0600] "GET /ELEMENTOS/servicio.png HTTP/1.1" 304 - "http://www.asjudinet.com/" "Mozilla/4.0 (compatible; MSIE 7.0; Windows NT 5.1; InfoPath.1)"
200.11.45.150 - - [18/Nov/2009:12:47:28 -0600] "GET /index.swf HTTP/1.1" 304 - "http://www.asjudinet.com/" "Mozilla/4.0 (compatible; MSIE 7.0; Windows NT 5.1; InfoPath.1)"
190.157.32.99 - - [18/Nov/2009:12:47:28 -0600] "POST /chat/chat.php HTTP/1.1" 200 17 "-" "Mozilla/4.0 (Windows XP 5.1) Java/1.6.0_16"
190.24.223.78 - - [18/Nov/2009:12:47:28 -0600] "GET /menuweb.files/sm_back_xp2.gif HTTP/1.1" 304 - "http://www.asjudinet.com/menu_admin.php" "Mozilla/4.0 (compatible; MSIE 6.0; Windows NT 5.1; SV1; InfoPath.1)"
190.24.223.78 - - [18/Nov/2009:12:47:28 -0600] "GET /menuweb.files/sm_back_xp.gif HTTP/1.1" 304 - "http://www.asjudinet.com/menu_admin.php" "Mozilla/4.0 (compatible; MSIE 6.0; Windows NT 5.1; SV1; InfoPath.1)"
190.3.196.140 - - [18/Nov/2009:12:47:28 -0600] "GET /themes//style/style.css HTTP/1.1" 404 290 "http://www.asjudinet.com/servicio_cliente.php" "Mozilla/5.0 (Windows; U; Windows NT 5.1; en-US) AppleWebKit/532.0 (KHTML, like Gecko) Chrome/3.0.195.33 Safari/532.0"
190.24.223.78 - - [18/Nov/2009:12:47:28 -0600] "GET /menuweb.files/arr_black_2.gif HTTP/1.1" 304 - "http://www.asjudinet.com/menu_admin.php" "Mozilla/4.0 (compatible; MSIE 6.0; Windows NT 5.1; SV1; InfoPath.1)"
190.24.223.78 - - [18/Nov/2009:12:47:28 -0600] "GET /menuweb.files/sm_back_xp.gif HTTP/1.1" 304 - "http://www.asjudinet.com/menu_admin.php" "Mozilla/4.0 (compatible; MSIE 6.0; Windows NT 5.1; SV1; InfoPath.1)"
190.24.223.78 - - [18/Nov/2009:12:47:28 -0600] "GET /menuweb.files/sm_back_xp.gif HTTP/1.1" 304 - "http://www.asjudinet.com/menu_admin.php" "Mozilla/4.0 (compatible; MSIE 6.0; Windows NT 5.1; SV1; InfoPath.1)"
190.3.196.140 - - [18/Nov/2009:12:47:27 -0600] "GET /servicio_cliente.php HTTP/1.1" 200 27866 "http://www.asjudinet.com/" "Mozilla/5.0 (Windows; U; Windows NT 5.1; en-US) AppleWebKit/532.0 (KHTML, like Gecko) Chrome/3.0.195.33 Safari/532.0"
190.24.223.78 - - [18/Nov/2009:12:47:28 -0600] "GET /menuweb.files/sm_back_xp2.gif HTTP/1.1" 304 - "http://www.asjudinet.com/menu_admin.php" "Mozilla/4.0 (compatible; MSIE 6.0; Windows NT 5.1; SV1; InfoPath.1)"
190.24.223.78 - - [18/Nov/2009:12:47:28 -0600] "GET /menuweb.files/sm_back_xp2.gif HTTP/1.1" 304 - "http://www.asjudinet.com/menu_admin.php" "Mozilla/4.0 (compatible; MSIE 6.0; Windows NT 5.1; SV1; InfoPath.1)"
190.24.223.78 - - [18/Nov/2009:12:47:28 -0600] "GET /menuweb.files/sm_back_xp2.gif HTTP/1.1" 304 - "http://www.asjudinet.com/menu_admin.php" "Mozilla/4.0 (compatible; MSIE 6.0; Windows NT 5.1; SV1; InfoPath.1)"
190.24.223.78 - - [18/Nov/2009:12:47:28 -0600] "GET /menuweb.files/sm_back_xp2.gif HTTP/1.1" 304 - "http://www.asjudinet.com/menu_admin.php" "Mozilla/4.0 (compatible; MSIE 6.0; Windows NT 5.1; SV1; InfoPath.1)"
190.24.223.78 - - [18/Nov/2009:12:47:28 -0600] "GET /menuweb.files/sm_back_xp.gif HTTP/1.1" 304 - "http://www.asjudinet.com/menu_admin.php" "Mozilla/4.0 (compatible; MSIE 6.0; Windows NT 5.1; SV1; InfoPath.1)"
190.24.223.78 - - [18/Nov/2009:12:47:28 -0600] "GET /menuweb.files/sm_back_xp.gif HTTP/1.1" 304 - "http://www.asjudinet.com/menu_admin.php" "Mozilla/4.0 (compatible; MSIE 6.0; Windows NT 5.1; SV1; InfoPath.1)"
201.228.40.146 - - [18/Nov/2009:12:47:28 -0600] "POST /chat/chat.php HTTP/1.1" 200 17 "-" "Mozilla/4.0 (Windows XP 5.1) Java/1.6.0_11"
190.24.223.78 - - [18/Nov/2009:12:47:28 -0600] "GET /menuweb.files/sm_back_xp.gif HTTP/1.1" 304 - "http://www.asjudinet.com/menu_admin.php" "Mozilla/4.0 (compatible; MSIE 6.0; Windows NT 5.1; SV1; InfoPath.1)"
190.24.223.78 - - [18/Nov/2009:12:47:28 -0600] "GET /menuweb.files/sm_back_xp.gif HTTP/1.1" 304 - "http://www.asjudinet.com/menu_admin.php" "Mozilla/4.0 (compatible; MSIE 6.0; Windows NT 5.1; SV1; InfoPath.1)"
190.24.223.78 - - [18/Nov/2009:12:47:29 -0600] "GET /menuweb.files/sm_back_xp.gif HTTP/1.1" 304 - "http://www.asjudinet.com/menu_admin.php" "Mozilla/4.0 (compatible; MSIE 6.0; Windows NT 5.1; SV1; InfoPath.1)"
190.24.223.78 - - [18/Nov/2009:12:47:28 -0600] "GET /listado_general_respuesta_pen.php HTTP/1.1" 200 45415 "-" "Mozilla/4.0 (compatible; MSIE 6.0; Windows NT 5.1; SV1; InfoPath.1)"
190.3.196.140 - - [18/Nov/2009:12:47:28 -0600] "GET /mm_menu.js HTTP/1.1" 200 29972 "http://www.asjudinet.com/servicio_cliente.php" "Mozilla/5.0 (Windows; U; Windows NT 5.1; en-US) AppleWebKit/532.0 (KHTML, like Gecko) Chrome/3.0.195.33 Safari/532.0"
190.3.196.140 - - [18/Nov/2009:12:47:29 -0600] "GET /ELEMENTOS/fondocuadritosgrises.gif HTTP/1.1" 200 506 "http://www.asjudinet.com/servicio_cliente.php" "Mozilla/5.0 (Windows; U; Windows NT 5.1; en-US) AppleWebKit/532.0 (KHTML, like Gecko) Chrome/3.0.195.33 Safari/532.0"
190.3.196.140 - - [18/Nov/2009:12:47:29 -0600] "GET /imagedos/spacer.gif HTTP/1.1" 200 43 "http://www.asjudinet.com/servicio_cliente.php" "Mozilla/5.0 (Windows; U; Windows NT 5.1; en-US) AppleWebKit/532.0 (KHTML, like Gecko) Chrome/3.0.195.33 Safari/532.0"
