190.99.160.153 - - [18/Nov/2009:12:42:44 -0600] "POST /chat/chat.php HTTP/1.1" 200 17 "-" "Mozilla/4.0 (Windows XP 5.1) Java/1.6.0_15"
190.90.239.144 - - [18/Nov/2009:12:42:44 -0600] "POST /chat/chat.php HTTP/1.1" 200 17 "-" "Mozilla/4.0 (Windows XP 5.1) Java/1.6.0_15"
190.255.173.67 - - [18/Nov/2009:12:42:45 -0600] "POST /chat/chat.php HTTP/1.1" 200 17 "-" "Mozilla/4.0 (Windows XP 5.1) Java/1.6.0_11"
190.157.32.99 - - [18/Nov/2009:12:42:45 -0600] "POST /chat/chat.php HTTP/1.1" 200 17 "-" "Mozilla/4.0 (Windows XP 5.1) Java/1.6.0_16"
201.228.40.146 - - [18/Nov/2009:12:42:45 -0600] "POST /chat/chat.php HTTP/1.1" 200 17 "-" "Mozilla/4.0 (Windows XP 5.1) Java/1.6.0_11"
190.24.223.78 - - [18/Nov/2009:12:42:46 -0600] "POST /chat/chat.php HTTP/1.1" 200 17 "-" "Mozilla/4.0 (Windows XP 5.1) Java/1.6.0_17"
190.255.251.154 - - [18/Nov/2009:12:42:47 -0600] "POST /chat/chat.php HTTP/1.1" 200 17 "-" "Mozilla/4.0 (Windows XP 5.1) Java/1.6.0_11"
190.99.160.153 - - [18/Nov/2009:12:42:49 -0600] "POST /chat/chat.php HTTP/1.1" 200 17 "-" "Mozilla/4.0 (Windows XP 5.1) Java/1.6.0_15"
190.90.239.144 - - [18/Nov/2009:12:42:49 -0600] "POST /chat/chat.php HTTP/1.1" 200 17 "-" "Mozilla/4.0 (Windows XP 5.1) Java/1.6.0_15"
190.255.173.67 - - [18/Nov/2009:12:42:50 -0600] "POST /chat/chat.php HTTP/1.1" 200 17 "-" "Mozilla/4.0 (Windows XP 5.1) Java/1.6.0_11"
190.157.32.99 - - [18/Nov/2009:12:42:50 -0600] "POST /chat/chat.php HTTP/1.1" 200 17 "-" "Mozilla/4.0 (Windows XP 5.1) Java/1.6.0_16"
201.228.40.146 - - [18/Nov/2009:12:42:50 -0600] "POST /chat/chat.php HTTP/1.1" 200 17 "-" "Mozilla/4.0 (Windows XP 5.1) Java/1.6.0_11"
190.24.223.78 - - [18/Nov/2009:12:42:51 -0600] "POST /chat/chat.php HTTP/1.1" 200 17 "-" "Mozilla/4.0 (Windows XP 5.1) Java/1.6.0_17"
190.255.251.154 - - [18/Nov/2009:12:42:52 -0600] "POST /chat/chat.php HTTP/1.1" 200 17 "-" "Mozilla/4.0 (Windows XP 5.1) Java/1.6.0_11"
190.99.160.153 - - [18/Nov/2009:12:42:55 -0600] "POST /chat/chat.php HTTP/1.1" 200 17 "-" "Mozilla/4.0 (Windows XP 5.1) Java/1.6.0_15"
190.90.239.144 - - [18/Nov/2009:12:42:55 -0600] "POST /chat/chat.php HTTP/1.1" 200 17 "-" "Mozilla/4.0 (Windows XP 5.1) Java/1.6.0_15"
190.255.173.67 - - [18/Nov/2009:12:42:55 -0600] "POST /chat/chat.php HTTP/1.1" 200 17 "-" "Mozilla/4.0 (Windows XP 5.1) Java/1.6.0_11"
190.157.32.99 - - [18/Nov/2009:12:42:55 -0600] "POST /chat/chat.php HTTP/1.1" 200 17 "-" "Mozilla/4.0 (Windows XP 5.1) Java/1.6.0_16"
201.228.40.146 - - [18/Nov/2009:12:42:55 -0600] "POST /chat/chat.php HTTP/1.1" 200 17 "-" "Mozilla/4.0 (Windows XP 5.1) Java/1.6.0_11"
190.24.223.78 - - [18/Nov/2009:12:42:56 -0600] "POST /chat/chat.php HTTP/1.1" 200 17 "-" "Mozilla/4.0 (Windows XP 5.1) Java/1.6.0_17"
190.255.251.154 - - [18/Nov/2009:12:42:57 -0600] "POST /chat/chat.php HTTP/1.1" 200 17 "-" "Mozilla/4.0 (Windows XP 5.1) Java/1.6.0_11"
190.99.160.153 - - [18/Nov/2009:12:43:00 -0600] "POST /chat/chat.php HTTP/1.1" 200 17 "-" "Mozilla/4.0 (Windows XP 5.1) Java/1.6.0_15"
190.90.239.144 - - [18/Nov/2009:12:43:00 -0600] "POST /chat/chat.php HTTP/1.1" 200 17 "-" "Mozilla/4.0 (Windows XP 5.1) Java/1.6.0_15"
190.255.173.67 - - [18/Nov/2009:12:43:00 -0600] "POST /chat/chat.php HTTP/1.1" 200 17 "-" "Mozilla/4.0 (Windows XP 5.1) Java/1.6.0_11"
190.157.32.99 - - [18/Nov/2009:12:43:00 -0600] "POST /chat/chat.php HTTP/1.1" 200 17 "-" "Mozilla/4.0 (Windows XP 5.1) Java/1.6.0_16"
190.24.223.78 - - [18/Nov/2009:12:43:01 -0600] "POST /chat/chat.php HTTP/1.1" 200 17 "-" "Mozilla/4.0 (Windows XP 5.1) Java/1.6.0_17"
190.255.251.154 - - [18/Nov/2009:12:43:02 -0600] "POST /chat/chat.php HTTP/1.1" 200 17 "-" "Mozilla/4.0 (Windows XP 5.1) Java/1.6.0_11"
190.99.160.153 - - [18/Nov/2009:12:43:05 -0600] "POST /chat/chat.php HTTP/1.1" 200 17 "-" "Mozilla/4.0 (Windows XP 5.1) Java/1.6.0_15"
190.90.239.144 - - [18/Nov/2009:12:43:05 -0600] "POST /chat/chat.php HTTP/1.1" 200 17 "-" "Mozilla/4.0 (Windows XP 5.1) Java/1.6.0_15"
201.228.40.146 - - [18/Nov/2009:12:43:05 -0600] "POST /chat/chat.php HTTP/1.1" 200 17 "-" "Mozilla/4.0 (Windows XP 5.1) Java/1.6.0_11"
190.255.173.67 - - [18/Nov/2009:12:43:05 -0600] "POST /chat/chat.php HTTP/1.1" 200 17 "-" "Mozilla/4.0 (Windows XP 5.1) Java/1.6.0_11"
190.157.32.99 - - [18/Nov/2009:12:43:05 -0600] "POST /chat/chat.php HTTP/1.1" 200 17 "-" "Mozilla/4.0 (Windows XP 5.1) Java/1.6.0_16"
190.24.223.78 - - [18/Nov/2009:12:43:06 -0600] "POST /chat/chat.php HTTP/1.1" 200 17 "-" "Mozilla/4.0 (Windows XP 5.1) Java/1.6.0_17"
190.255.251.154 - - [18/Nov/2009:12:43:08 -0600] "POST /chat/chat.php HTTP/1.1" 200 17 "-" "Mozilla/4.0 (Windows XP 5.1) Java/1.6.0_11"
190.99.160.153 - - [18/Nov/2009:12:43:10 -0600] "POST /chat/chat.php HTTP/1.1" 200 17 "-" "Mozilla/4.0 (Windows XP 5.1) Java/1.6.0_15"
190.90.239.144 - - [18/Nov/2009:12:43:10 -0600] "POST /chat/chat.php HTTP/1.1" 200 17 "-" "Mozilla/4.0 (Windows XP 5.1) Java/1.6.0_15"
201.228.40.146 - - [18/Nov/2009:12:43:10 -0600] "POST /chat/chat.php HTTP/1.1" 200 17 "-" "Mozilla/4.0 (Windows XP 5.1) Java/1.6.0_11"
190.255.173.67 - - [18/Nov/2009:12:43:10 -0600] "POST /chat/chat.php HTTP/1.1" 200 17 "-" "Mozilla/4.0 (Windows XP 5.1) Java/1.6.0_11"
190.157.32.99 - - [18/Nov/2009:12:43:10 -0600] "POST /chat/chat.php HTTP/1.1" 200 17 "-" "Mozilla/4.0 (Windows XP 5.1) Java/1.6.0_16"
190.24.223.78 - - [18/Nov/2009:12:43:12 -0600] "POST /chat/chat.php HTTP/1.1" 200 17 "-" "Mozilla/4.0 (Windows XP 5.1) Java/1.6.0_17"
190.255.251.154 - - [18/Nov/2009:12:43:13 -0600] "POST /chat/chat.php HTTP/1.1" 200 17 "-" "Mozilla/4.0 (Windows XP 5.1) Java/1.6.0_11"
190.24.223.78 - - [18/Nov/2009:12:43:13 -0600] "GET / HTTP/1.1" 200 6256 "-" "Mozilla/4.0 (compatible; MSIE 6.0; Windows NT 5.1; SV1; InfoPath.1)"
190.24.223.78 - - [18/Nov/2009:12:43:14 -0600] "GET /AC_RunActiveContent.js HTTP/1.1" 304 - "http://www.asjudinet.com/" "Mozilla/4.0 (compatible; MSIE 6.0; Windows NT 5.1; SV1; InfoPath.1)"
190.24.223.78 - - [18/Nov/2009:12:43:14 -0600] "GET /fondopagina.gif HTTP/1.1" 304 - "http://www.asjudinet.com/" "Mozilla/4.0 (compatible; MSIE 6.0; Windows NT 5.1; SV1; InfoPath.1)"
190.24.223.78 - - [18/Nov/2009:12:43:14 -0600] "GET /milonic_src.js HTTP/1.1" 304 - "http://www.asjudinet.com/" "Mozilla/4.0 (compatible; MSIE 6.0; Windows NT 5.1; SV1; InfoPath.1)"
190.24.223.78 - - [18/Nov/2009:12:43:14 -0600] "GET /mmenudom.js HTTP/1.1" 304 - "http://www.asjudinet.com/" "Mozilla/4.0 (compatible; MSIE 6.0; Windows NT 5.1; SV1; InfoPath.1)"
190.24.223.78 - - [18/Nov/2009:12:43:15 -0600] "GET /milonic_src.js HTTP/1.1" 304 - "http://www.asjudinet.com/" "Mozilla/4.0 (compatible; MSIE 6.0; Windows NT 5.1; SV1; InfoPath.1)"
190.24.223.78 - - [18/Nov/2009:12:43:15 -0600] "GET /mmenudom.js HTTP/1.1" 304 - "http://www.asjudinet.com/" "Mozilla/4.0 (compatible; MSIE 6.0; Windows NT 5.1; SV1; InfoPath.1)"
190.24.223.78 - - [18/Nov/2009:12:43:15 -0600] "GET /menu_data.js HTTP/1.1" 304 - "http://www.asjudinet.com/" "Mozilla/4.0 (compatible; MSIE 6.0; Windows NT 5.1; SV1; InfoPath.1)"
190.99.160.153 - - [18/Nov/2009:12:43:15 -0600] "POST /chat/chat.php HTTP/1.1" 200 17 "-" "Mozilla/4.0 (Windows XP 5.1) Java/1.6.0_15"
190.90.239.144 - - [18/Nov/2009:12:43:15 -0600] "POST /chat/chat.php HTTP/1.1" 200 17 "-" "Mozilla/4.0 (Windows XP 5.1) Java/1.6.0_15"
190.255.173.67 - - [18/Nov/2009:12:43:15 -0600] "POST /chat/chat.php HTTP/1.1" 200 17 "-" "Mozilla/4.0 (Windows XP 5.1) Java/1.6.0_11"
190.24.223.78 - - [18/Nov/2009:12:43:15 -0600] "GET /ELEMENTOS/servicio.png HTTP/1.1" 304 - "http://www.asjudinet.com/" "Mozilla/4.0 (compatible; MSIE 6.0; Windows NT 5.1; SV1; InfoPath.1)"
190.24.223.78 - - [18/Nov/2009:12:43:15 -0600] "GET /index.swf HTTP/1.1" 304 - "http://www.asjudinet.com/" "Mozilla/4.0 (compatible; MSIE 6.0; Windows NT 5.1; SV1; InfoPath.1)"
201.228.40.146 - - [18/Nov/2009:12:43:15 -0600] "POST /chat/chat.php HTTP/1.1" 200 17 "-" "Mozilla/4.0 (Windows XP 5.1) Java/1.6.0_11"
190.157.32.99 - - [18/Nov/2009:12:43:15 -0600] "POST /chat/chat.php HTTP/1.1" 200 17 "-" "Mozilla/4.0 (Windows XP 5.1) Java/1.6.0_16"
190.24.223.78 - - [18/Nov/2009:12:43:16 -0600] "GET /carrusel.swf HTTP/1.1" 304 - "http://www.asjudinet.com/index.swf" "Mozilla/4.0 (compatible; MSIE 6.0; Windows NT 5.1; SV1; InfoPath.1)"
190.24.223.78 - - [18/Nov/2009:12:43:16 -0600] "GET /photos.xml HTTP/1.1" 304 - "http://www.asjudinet.com/carrusel.swf" "Mozilla/4.0 (compatible; MSIE 6.0; Windows NT 5.1; SV1; InfoPath.1)"
190.24.223.78 - - [18/Nov/2009:12:43:17 -0600] "POST /chat/chat.php HTTP/1.1" 200 17 "-" "Mozilla/4.0 (Windows XP 5.1) Java/1.6.0_17"
190.24.223.78 - - [18/Nov/2009:12:43:17 -0600] "GET /Validacion_Usuarios.php HTTP/1.1" 200 23317 "http://www.asjudinet.com/index.swf" "Mozilla/4.0 (compatible; MSIE 6.0; Windows NT 5.1; SV1; InfoPath.1)"
190.24.223.78 - - [18/Nov/2009:12:43:17 -0600] "GET /themes//style/style.css HTTP/1.1" 404 290 "http://www.asjudinet.com/index.swf" "Mozilla/4.0 (compatible; MSIE 6.0; Windows NT 5.1; SV1; InfoPath.1)"
190.24.223.78 - - [18/Nov/2009:12:43:18 -0600] "GET /mm_menu.js HTTP/1.1" 304 - "http://www.asjudinet.com/index.swf" "Mozilla/4.0 (compatible; MSIE 6.0; Windows NT 5.1; SV1; InfoPath.1)"
190.24.223.78 - - [18/Nov/2009:12:43:18 -0600] "GET /AC_RunActiveContent.js HTTP/1.1" 304 - "http://www.asjudinet.com/index.swf" "Mozilla/4.0 (compatible; MSIE 6.0; Windows NT 5.1; SV1; InfoPath.1)"
190.24.223.78 - - [18/Nov/2009:12:43:18 -0600] "GET /ELEMENTOS/fondocuadritosgrises.gif HTTP/1.1" 304 - "http://www.asjudinet.com/index.swf" "Mozilla/4.0 (compatible; MSIE 6.0; Windows NT 5.1; SV1; InfoPath.1)"
190.24.223.78 - - [18/Nov/2009:12:43:18 -0600] "GET /milonic_src.js HTTP/1.1" 304 - "http://www.asjudinet.com/index.swf" "Mozilla/4.0 (compatible; MSIE 6.0; Windows NT 5.1; SV1; InfoPath.1)"
190.255.251.154 - - [18/Nov/2009:12:43:18 -0600] "POST /chat/chat.php HTTP/1.1" 200 17 "-" "Mozilla/4.0 (Windows XP 5.1) Java/1.6.0_11"
190.24.223.78 - - [18/Nov/2009:12:43:18 -0600] "GET /mmenudom.js HTTP/1.1" 304 - "http://www.asjudinet.com/index.swf" "Mozilla/4.0 (compatible; MSIE 6.0; Windows NT 5.1; SV1; InfoPath.1)"
190.24.223.78 - - [18/Nov/2009:12:43:18 -0600] "GET /milonic_src.js HTTP/1.1" 304 - "http://www.asjudinet.com/index.swf" "Mozilla/4.0 (compatible; MSIE 6.0; Windows NT 5.1; SV1; InfoPath.1)"
190.24.223.78 - - [18/Nov/2009:12:43:19 -0600] "GET /mmenudom.js HTTP/1.1" 304 - "http://www.asjudinet.com/index.swf" "Mozilla/4.0 (compatible; MSIE 6.0; Windows NT 5.1; SV1; InfoPath.1)"
190.24.223.78 - - [18/Nov/2009:12:43:19 -0600] "GET /menu_data.js HTTP/1.1" 304 - "http://www.asjudinet.com/index.swf" "Mozilla/4.0 (compatible; MSIE 6.0; Windows NT 5.1; SV1; InfoPath.1)"
190.24.223.78 - - [18/Nov/2009:12:43:19 -0600] "GET /imagedos/spacer.gif HTTP/1.1" 304 - "http://www.asjudinet.com/index.swf" "Mozilla/4.0 (compatible; MSIE 6.0; Windows NT 5.1; SV1; InfoPath.1)"
190.24.223.78 - - [18/Nov/2009:12:43:19 -0600] "GET /index_interno.swf HTTP/1.1" 304 - "http://www.asjudinet.com/Validacion_Usuarios.php" "Mozilla/4.0 (compatible; MSIE 6.0; Windows NT 5.1; SV1; InfoPath.1)"
190.24.223.78 - - [18/Nov/2009:12:43:19 -0600] "GET /index_left.swf HTTP/1.1" 304 - "http://www.asjudinet.com/Validacion_Usuarios.php" "Mozilla/4.0 (compatible; MSIE 6.0; Windows NT 5.1; SV1; InfoPath.1)"
190.24.223.78 - - [18/Nov/2009:12:43:19 -0600] "GET /fondotabla.jpg HTTP/1.1" 304 - "http://www.asjudinet.com/index.swf" "Mozilla/4.0 (compatible; MSIE 6.0; Windows NT 5.1; SV1; InfoPath.1)"
190.24.223.78 - - [18/Nov/2009:12:43:19 -0600] "GET /Anterior.png HTTP/1.1" 304 - "http://www.asjudinet.com/index.swf" "Mozilla/4.0 (compatible; MSIE 6.0; Windows NT 5.1; SV1; InfoPath.1)"
190.24.223.78 - - [18/Nov/2009:12:43:20 -0600] "GET /imagedos/menu_r3_c1_f2.gif HTTP/1.1" 304 - "http://www.asjudinet.com/index.swf" "Mozilla/4.0 (compatible; MSIE 6.0; Windows NT 5.1; SV1; InfoPath.1)"
190.24.223.78 - - [18/Nov/2009:12:43:20 -0600] "GET /imagedos/menu_r3_c3_f2.gif HTTP/1.1" 304 - "http://www.asjudinet.com/index.swf" "Mozilla/4.0 (compatible; MSIE 6.0; Windows NT 5.1; SV1; InfoPath.1)"
190.24.223.78 - - [18/Nov/2009:12:43:20 -0600] "GET /imagedos/menu_r3_c2_f2.gif HTTP/1.1" 304 - "http://www.asjudinet.com/index.swf" "Mozilla/4.0 (compatible; MSIE 6.0; Windows NT 5.1; SV1; InfoPath.1)"
190.24.223.78 - - [18/Nov/2009:12:43:20 -0600] "GET /imagedos/menu_r3_c4_f2.gif HTTP/1.1" 304 - "http://www.asjudinet.com/index.swf" "Mozilla/4.0 (compatible; MSIE 6.0; Windows NT 5.1; SV1; InfoPath.1)"
190.24.223.78 - - [18/Nov/2009:12:43:20 -0600] "GET /imagedos/menu_r3_c5_f2.gif HTTP/1.1" 304 - "http://www.asjudinet.com/index.swf" "Mozilla/4.0 (compatible; MSIE 6.0; Windows NT 5.1; SV1; InfoPath.1)"
190.24.223.78 - - [18/Nov/2009:12:43:20 -0600] "GET /imagedos/menu_r3_c6_f2.gif HTTP/1.1" 304 - "http://www.asjudinet.com/index.swf" "Mozilla/4.0 (compatible; MSIE 6.0; Windows NT 5.1; SV1; InfoPath.1)"
190.24.223.78 - - [18/Nov/2009:12:43:20 -0600] "GET /imagedos/menu_r3_c7_f2.gif HTTP/1.1" 304 - "http://www.asjudinet.com/index.swf" "Mozilla/4.0 (compatible; MSIE 6.0; Windows NT 5.1; SV1; InfoPath.1)"
190.99.160.153 - - [18/Nov/2009:12:43:20 -0600] "POST /chat/chat.php HTTP/1.1" 200 17 "-" "Mozilla/4.0 (Windows XP 5.1) Java/1.6.0_15"
190.90.239.144 - - [18/Nov/2009:12:43:20 -0600] "POST /chat/chat.php HTTP/1.1" 200 17 "-" "Mozilla/4.0 (Windows XP 5.1) Java/1.6.0_15"
190.255.173.67 - - [18/Nov/2009:12:43:20 -0600] "POST /chat/chat.php HTTP/1.1" 200 17 "-" "Mozilla/4.0 (Windows XP 5.1) Java/1.6.0_11"
201.228.40.146 - - [18/Nov/2009:12:43:21 -0600] "POST /chat/chat.php HTTP/1.1" 200 17 "-" "Mozilla/4.0 (Windows XP 5.1) Java/1.6.0_11"
190.157.32.99 - - [18/Nov/2009:12:43:21 -0600] "POST /chat/chat.php HTTP/1.1" 200 17 "-" "Mozilla/4.0 (Windows XP 5.1) Java/1.6.0_16"
190.24.223.78 - - [18/Nov/2009:12:43:22 -0600] "POST /chat/chat.php HTTP/1.1" 200 17 "-" "Mozilla/4.0 (Windows XP 5.1) Java/1.6.0_17"
190.255.251.154 - - [18/Nov/2009:12:43:23 -0600] "POST /chat/chat.php HTTP/1.1" 200 17 "-" "Mozilla/4.0 (Windows XP 5.1) Java/1.6.0_11"
190.99.160.153 - - [18/Nov/2009:12:43:25 -0600] "POST /chat/chat.php HTTP/1.1" 200 17 "-" "Mozilla/4.0 (Windows XP 5.1) Java/1.6.0_15"
190.90.239.144 - - [18/Nov/2009:12:43:25 -0600] "POST /chat/chat.php HTTP/1.1" 200 17 "-" "Mozilla/4.0 (Windows XP 5.1) Java/1.6.0_15"
190.255.173.67 - - [18/Nov/2009:12:43:26 -0600] "POST /chat/chat.php HTTP/1.1" 200 17 "-" "Mozilla/4.0 (Windows XP 5.1) Java/1.6.0_11"
201.228.40.146 - - [18/Nov/2009:12:43:26 -0600] "POST /chat/chat.php HTTP/1.1" 200 17 "-" "Mozilla/4.0 (Windows XP 5.1) Java/1.6.0_11"
190.157.32.99 - - [18/Nov/2009:12:43:26 -0600] "POST /chat/chat.php HTTP/1.1" 200 17 "-" "Mozilla/4.0 (Windows XP 5.1) Java/1.6.0_16"
190.24.223.78 - - [18/Nov/2009:12:43:27 -0600] "POST /chat/chat.php HTTP/1.1" 200 17 "-" "Mozilla/4.0 (Windows XP 5.1) Java/1.6.0_17"
190.24.223.78 - - [18/Nov/2009:12:43:28 -0600] "POST /Validacion_Usuarios.php HTTP/1.1" 200 20321 "http://www.asjudinet.com/Validacion_Usuarios.php" "Mozilla/4.0 (compatible; MSIE 6.0; Windows NT 5.1; SV1; InfoPath.1)"
190.255.251.154 - - [18/Nov/2009:12:43:29 -0600] "POST /chat/chat.php HTTP/1.1" 200 17 "-" "Mozilla/4.0 (Windows XP 5.1) Java/1.6.0_11"
190.24.223.78 - - [18/Nov/2009:12:43:29 -0600] "GET /themes//style/style.css HTTP/1.1" 404 290 "http://www.asjudinet.com/Validacion_Usuarios.php" "Mozilla/4.0 (compatible; MSIE 6.0; Windows NT 5.1; SV1; InfoPath.1)"
190.24.223.78 - - [18/Nov/2009:12:43:29 -0600] "GET /mm_menu.js HTTP/1.1" 304 - "http://www.asjudinet.com/Validacion_Usuarios.php" "Mozilla/4.0 (compatible; MSIE 6.0; Windows NT 5.1; SV1; InfoPath.1)"
190.24.223.78 - - [18/Nov/2009:12:43:29 -0600] "GET /AC_RunActiveContent.js HTTP/1.1" 304 - "http://www.asjudinet.com/Validacion_Usuarios.php" "Mozilla/4.0 (compatible; MSIE 6.0; Windows NT 5.1; SV1; InfoPath.1)"
190.24.223.78 - - [18/Nov/2009:12:43:29 -0600] "GET /ELEMENTOS/fondocuadritosgrises.gif HTTP/1.1" 304 - "http://www.asjudinet.com/Validacion_Usuarios.php" "Mozilla/4.0 (compatible; MSIE 6.0; Windows NT 5.1; SV1; InfoPath.1)"
190.24.223.78 - - [18/Nov/2009:12:43:29 -0600] "GET /milonic_src.js HTTP/1.1" 304 - "http://www.asjudinet.com/Validacion_Usuarios.php" "Mozilla/4.0 (compatible; MSIE 6.0; Windows NT 5.1; SV1; InfoPath.1)"
190.24.223.78 - - [18/Nov/2009:12:43:29 -0600] "GET /mmenudom.js HTTP/1.1" 304 - "http://www.asjudinet.com/Validacion_Usuarios.php" "Mozilla/4.0 (compatible; MSIE 6.0; Windows NT 5.1; SV1; InfoPath.1)"
190.24.223.78 - - [18/Nov/2009:12:43:30 -0600] "GET /milonic_src.js HTTP/1.1" 304 - "http://www.asjudinet.com/Validacion_Usuarios.php" "Mozilla/4.0 (compatible; MSIE 6.0; Windows NT 5.1; SV1; InfoPath.1)"
190.24.223.78 - - [18/Nov/2009:12:43:30 -0600] "GET /mmenudom.js HTTP/1.1" 304 - "http://www.asjudinet.com/Validacion_Usuarios.php" "Mozilla/4.0 (compatible; MSIE 6.0; Windows NT 5.1; SV1; InfoPath.1)"
190.24.223.78 - - [18/Nov/2009:12:43:30 -0600] "GET /menu_data.js HTTP/1.1" 304 - "http://www.asjudinet.com/Validacion_Usuarios.php" "Mozilla/4.0 (compatible; MSIE 6.0; Windows NT 5.1; SV1; InfoPath.1)"
190.24.223.78 - - [18/Nov/2009:12:43:30 -0600] "GET /imagedos/spacer.gif HTTP/1.1" 304 - "http://www.asjudinet.com/Validacion_Usuarios.php" "Mozilla/4.0 (compatible; MSIE 6.0; Windows NT 5.1; SV1; InfoPath.1)"
190.24.223.78 - - [18/Nov/2009:12:43:30 -0600] "GET /index_interno.swf HTTP/1.1" 304 - "http://www.asjudinet.com/Validacion_Usuarios.php" "Mozilla/4.0 (compatible; MSIE 6.0; Windows NT 5.1; SV1; InfoPath.1)"
190.24.223.78 - - [18/Nov/2009:12:43:30 -0600] "GET /index_left.swf HTTP/1.1" 304 - "http://www.asjudinet.com/Validacion_Usuarios.php" "Mozilla/4.0 (compatible; MSIE 6.0; Windows NT 5.1; SV1; InfoPath.1)"
190.99.160.153 - - [18/Nov/2009:12:43:30 -0600] "POST /chat/chat.php HTTP/1.1" 200 17 "-" "Mozilla/4.0 (Windows XP 5.1) Java/1.6.0_15"
190.90.239.144 - - [18/Nov/2009:12:43:30 -0600] "POST /chat/chat.php HTTP/1.1" 200 17 "-" "Mozilla/4.0 (Windows XP 5.1) Java/1.6.0_15"
190.24.223.78 - - [18/Nov/2009:12:43:30 -0600] "GET /menu_admin.php?ced=1022336164&nom=ORDO\xd1EZ%20GONZALEZ%20ANYI%20MILENA HTTP/1.1" 200 3003 "-" "Mozilla/4.0 (compatible; MSIE 6.0; Windows NT 5.1; SV1; InfoPath.1)"
190.255.173.67 - - [18/Nov/2009:12:43:31 -0600] "POST /chat/chat.php HTTP/1.1" 200 17 "-" "Mozilla/4.0 (Windows XP 5.1) Java/1.6.0_11"
190.24.223.78 - - [18/Nov/2009:12:43:31 -0600] "GET /menuweb.files/dmenu.js HTTP/1.1" 304 - "http://www.asjudinet.com/menu_admin.php?ced=1022336164&nom=ORDO\xd1EZ GONZALEZ ANYI MILENA" "Mozilla/4.0 (compatible; MSIE 6.0; Windows NT 5.1; SV1; InfoPath.1)"
201.228.40.146 - - [18/Nov/2009:12:43:31 -0600] "POST /chat/chat.php HTTP/1.1" 200 17 "-" "Mozilla/4.0 (Windows XP 5.1) Java/1.6.0_11"
190.157.32.99 - - [18/Nov/2009:12:43:31 -0600] "POST /chat/chat.php HTTP/1.1" 200 17 "-" "Mozilla/4.0 (Windows XP 5.1) Java/1.6.0_16"
190.24.223.78 - - [18/Nov/2009:12:43:31 -0600] "GET /ELEMENTOS/Logito22.JPG HTTP/1.1" 304 - "http://www.asjudinet.com/menu_admin.php?ced=1022336164&nom=ORDO\xd1EZ GONZALEZ ANYI MILENA" "Mozilla/4.0 (compatible; MSIE 6.0; Windows NT 5.1; SV1; InfoPath.1)"
190.24.223.78 - - [18/Nov/2009:12:43:31 -0600] "GET /menuweb.js HTTP/1.1" 304 - "http://www.asjudinet.com/menu_admin.php?ced=1022336164&nom=ORDO\xd1EZ GONZALEZ ANYI MILENA" "Mozilla/4.0 (compatible; MSIE 6.0; Windows NT 5.1; SV1; InfoPath.1)"
190.24.223.78 - - [18/Nov/2009:12:43:31 -0600] "GET /menuweb.files/arr_black_2.gif HTTP/1.1" 304 - "http://www.asjudinet.com/menu_admin.php?ced=1022336164&nom=ORDO\xd1EZ GONZALEZ ANYI MILENA" "Mozilla/4.0 (compatible; MSIE 6.0; Windows NT 5.1; SV1; InfoPath.1)"
190.24.223.78 - - [18/Nov/2009:12:43:31 -0600] "GET /menuweb.files/icon_win98_7.gif HTTP/1.1" 304 - "http://www.asjudinet.com/menu_admin.php?ced=1022336164&nom=ORDO\xd1EZ GONZALEZ ANYI MILENA" "Mozilla/4.0 (compatible; MSIE 6.0; Windows NT 5.1; SV1; InfoPath.1)"
190.24.223.78 - - [18/Nov/2009:12:43:31 -0600] "GET /menuweb.files/icon_xp_7.gif HTTP/1.1" 304 - "http://www.asjudinet.com/menu_admin.php?ced=1022336164&nom=ORDO\xd1EZ GONZALEZ ANYI MILENA" "Mozilla/4.0 (compatible; MSIE 6.0; Windows NT 5.1; SV1; InfoPath.1)"
190.24.223.78 - - [18/Nov/2009:12:43:31 -0600] "GET /menuweb.files/icon_xp2_1o.gif HTTP/1.1" 304 - "http://www.asjudinet.com/menu_admin.php?ced=1022336164&nom=ORDO\xd1EZ GONZALEZ ANYI MILENA" "Mozilla/4.0 (compatible; MSIE 6.0; Windows NT 5.1; SV1; InfoPath.1)"
190.24.223.78 - - [18/Nov/2009:12:43:32 -0600] "GET /menuweb.files/Gota1.png HTTP/1.1" 304 - "http://www.asjudinet.com/menu_admin.php?ced=1022336164&nom=ORDO\xd1EZ GONZALEZ ANYI MILENA" "Mozilla/4.0 (compatible; MSIE 6.0; Windows NT 5.1; SV1; InfoPath.1)"
190.24.223.78 - - [18/Nov/2009:12:43:32 -0600] "GET /menuweb.files/mac_pic1.gif HTTP/1.1" 304 - "http://www.asjudinet.com/menu_admin.php?ced=1022336164&nom=ORDO\xd1EZ GONZALEZ ANYI MILENA" "Mozilla/4.0 (compatible; MSIE 6.0; Windows NT 5.1; SV1; InfoPath.1)"
190.24.223.78 - - [18/Nov/2009:12:43:32 -0600] "GET /menuweb.files/icon_office_list.gif HTTP/1.1" 304 - "http://www.asjudinet.com/menu_admin.php?ced=1022336164&nom=ORDO\xd1EZ GONZALEZ ANYI MILENA" "Mozilla/4.0 (compatible; MSIE 6.0; Windows NT 5.1; SV1; InfoPath.1)"
190.24.223.78 - - [18/Nov/2009:12:43:32 -0600] "GET /menuweb.files/icon_office_pen2.gif HTTP/1.1" 304 - "http://www.asjudinet.com/menu_admin.php?ced=1022336164&nom=ORDO\xd1EZ GONZALEZ ANYI MILENA" "Mozilla/4.0 (compatible; MSIE 6.0; Windows NT 5.1; SV1; InfoPath.1)"
190.24.223.78 - - [18/Nov/2009:12:43:32 -0600] "GET /menuweb.files/afiliado.PNG HTTP/1.1" 304 - "http://www.asjudinet.com/menu_admin.php?ced=1022336164&nom=ORDO\xd1EZ GONZALEZ ANYI MILENA" "Mozilla/4.0 (compatible; MSIE 6.0; Windows NT 5.1; SV1; InfoPath.1)"
190.24.223.78 - - [18/Nov/2009:12:43:32 -0600] "GET /menuweb.files/icon_xp3_8.gif HTTP/1.1" 304 - "http://www.asjudinet.com/menu_admin.php?ced=1022336164&nom=ORDO\xd1EZ GONZALEZ ANYI MILENA" "Mozilla/4.0 (compatible; MSIE 6.0; Windows NT 5.1; SV1; InfoPath.1)"
190.24.223.78 - - [18/Nov/2009:12:43:32 -0600] "GET /menuweb.files/icon_xp3_12.gif HTTP/1.1" 304 - "http://www.asjudinet.com/menu_admin.php?ced=1022336164&nom=ORDO\xd1EZ GONZALEZ ANYI MILENA" "Mozilla/4.0 (compatible; MSIE 6.0; Windows NT 5.1; SV1; InfoPath.1)"
190.24.223.78 - - [18/Nov/2009:12:43:32 -0600] "GET /menuweb.files/icon_xp2_7o.gif HTTP/1.1" 304 - "http://www.asjudinet.com/menu_admin.php?ced=1022336164&nom=ORDO\xd1EZ GONZALEZ ANYI MILENA" "Mozilla/4.0 (compatible; MSIE 6.0; Windows NT 5.1; SV1; InfoPath.1)"
190.24.223.78 - - [18/Nov/2009:12:43:32 -0600] "POST /chat/chat.php HTTP/1.1" 200 17 "-" "Mozilla/4.0 (Windows XP 5.1) Java/1.6.0_17"
190.24.223.78 - - [18/Nov/2009:12:43:32 -0600] "GET /menuweb.files/mac_pic2.gif HTTP/1.1" 304 - "http://www.asjudinet.com/menu_admin.php?ced=1022336164&nom=ORDO\xd1EZ GONZALEZ ANYI MILENA" "Mozilla/4.0 (compatible; MSIE 6.0; Windows NT 5.1; SV1; InfoPath.1)"
190.24.223.78 - - [18/Nov/2009:12:43:32 -0600] "GET /menuweb.files/icons_xp_tuner.gif HTTP/1.1" 304 - "http://www.asjudinet.com/menu_admin.php?ced=1022336164&nom=ORDO\xd1EZ GONZALEZ ANYI MILENA" "Mozilla/4.0 (compatible; MSIE 6.0; Windows NT 5.1; SV1; InfoPath.1)"
190.24.223.78 - - [18/Nov/2009:12:43:32 -0600] "GET /menuweb.files/arr_black_2.gif HTTP/1.1" 304 - "http://www.asjudinet.com/menu_admin.php?ced=1022336164&nom=ORDO\xd1EZ GONZALEZ ANYI MILENA" "Mozilla/4.0 (compatible; MSIE 6.0; Windows NT 5.1; SV1; InfoPath.1)"
190.24.223.78 - - [18/Nov/2009:12:43:32 -0600] "GET /menuweb.files/arr_black_2.gif HTTP/1.1" 304 - "http://www.asjudinet.com/menu_admin.php?ced=1022336164&nom=ORDO\xd1EZ GONZALEZ ANYI MILENA" "Mozilla/4.0 (compatible; MSIE 6.0; Windows NT 5.1; SV1; InfoPath.1)"
190.24.223.78 - - [18/Nov/2009:12:43:33 -0600] "GET /menuweb.files/arr_black_2.gif HTTP/1.1" 304 - "http://www.asjudinet.com/menu_admin.php?ced=1022336164&nom=ORDO\xd1EZ GONZALEZ ANYI MILENA" "Mozilla/4.0 (compatible; MSIE 6.0; Windows NT 5.1; SV1; InfoPath.1)"
190.24.223.78 - - [18/Nov/2009:12:43:33 -0600] "GET /menuweb.files/sm_back_xp.gif HTTP/1.1" 304 - "http://www.asjudinet.com/menu_admin.php?ced=1022336164&nom=ORDO\xd1EZ GONZALEZ ANYI MILENA" "Mozilla/4.0 (compatible; MSIE 6.0; Windows NT 5.1; SV1; InfoPath.1)"
190.24.223.78 - - [18/Nov/2009:12:43:33 -0600] "GET /menuweb.files/sm_back_xp2.gif HTTP/1.1" 304 - "http://www.asjudinet.com/menu_admin.php?ced=1022336164&nom=ORDO\xd1EZ GONZALEZ ANYI MILENA" "Mozilla/4.0 (compatible; MSIE 6.0; Windows NT 5.1; SV1; InfoPath.1)"
190.24.223.78 - - [18/Nov/2009:12:43:33 -0600] "GET /menuweb.files/arr_white_2.gif HTTP/1.1" 304 - "http://www.asjudinet.com/menu_admin.php?ced=1022336164&nom=ORDO\xd1EZ GONZALEZ ANYI MILENA" "Mozilla/4.0 (compatible; MSIE 6.0; Windows NT 5.1; SV1; InfoPath.1)"
190.24.223.78 - - [18/Nov/2009:12:43:33 -0600] "GET /menuweb.files/llave.gif HTTP/1.1" 304 - "http://www.asjudinet.com/menu_admin.php?ced=1022336164&nom=ORDO\xd1EZ GONZALEZ ANYI MILENA" "Mozilla/4.0 (compatible; MSIE 6.0; Windows NT 5.1; SV1; InfoPath.1)"
190.24.223.78 - - [18/Nov/2009:12:43:33 -0600] "GET /menuweb.files/arr_black_2.gif HTTP/1.1" 304 - "http://www.asjudinet.com/menu_admin.php?ced=1022336164&nom=ORDO\xd1EZ GONZALEZ ANYI MILENA" "Mozilla/4.0 (compatible; MSIE 6.0; Windows NT 5.1; SV1; InfoPath.1)"
190.24.223.78 - - [18/Nov/2009:12:43:33 -0600] "GET /menuweb.files/icon_win98_5.gif HTTP/1.1" 304 - "http://www.asjudinet.com/menu_admin.php?ced=1022336164&nom=ORDO\xd1EZ GONZALEZ ANYI MILENA" "Mozilla/4.0 (compatible; MSIE 6.0; Windows NT 5.1; SV1; InfoPath.1)"
190.24.223.78 - - [18/Nov/2009:12:43:33 -0600] "GET /menuweb.files/sm_back_xp.gif HTTP/1.1" 304 - "http://www.asjudinet.com/menu_admin.php?ced=1022336164&nom=ORDO\xd1EZ GONZALEZ ANYI MILENA" "Mozilla/4.0 (compatible; MSIE 6.0; Windows NT 5.1; SV1; InfoPath.1)"
190.24.223.78 - - [18/Nov/2009:12:43:33 -0600] "GET /menuweb.files/sm_back_xp2.gif HTTP/1.1" 304 - "http://www.asjudinet.com/menu_admin.php?ced=1022336164&nom=ORDO\xd1EZ GONZALEZ ANYI MILENA" "Mozilla/4.0 (compatible; MSIE 6.0; Windows NT 5.1; SV1; InfoPath.1)"
190.24.223.78 - - [18/Nov/2009:12:43:33 -0600] "GET /menuweb.files/arr_black_2.gif HTTP/1.1" 304 - "http://www.asjudinet.com/menu_admin.php?ced=1022336164&nom=ORDO\xd1EZ GONZALEZ ANYI MILENA" "Mozilla/4.0 (compatible; MSIE 6.0; Windows NT 5.1; SV1; InfoPath.1)"
190.24.223.78 - - [18/Nov/2009:12:43:34 -0600] "GET /menuweb.files/arr_black_2.gif HTTP/1.1" 304 - "http://www.asjudinet.com/menu_admin.php?ced=1022336164&nom=ORDO\xd1EZ GONZALEZ ANYI MILENA" "Mozilla/4.0 (compatible; MSIE 6.0; Windows NT 5.1; SV1; InfoPath.1)"
190.24.223.78 - - [18/Nov/2009:12:43:34 -0600] "GET /menuweb.files/icon_xp2_tunero.gif HTTP/1.1" 304 - "http://www.asjudinet.com/menu_admin.php?ced=1022336164&nom=ORDO\xd1EZ GONZALEZ ANYI MILENA" "Mozilla/4.0 (compatible; MSIE 6.0; Windows NT 5.1; SV1; InfoPath.1)"
190.24.223.78 - - [18/Nov/2009:12:43:34 -0600] "GET /menuweb.files/sm_back_xp.gif HTTP/1.1" 304 - "http://www.asjudinet.com/menu_admin.php?ced=1022336164&nom=ORDO\xd1EZ GONZALEZ ANYI MILENA" "Mozilla/4.0 (compatible; MSIE 6.0; Windows NT 5.1; SV1; InfoPath.1)"
190.24.223.78 - - [18/Nov/2009:12:43:34 -0600] "GET /menuweb.files/sm_back_xp.gif HTTP/1.1" 304 - "http://www.asjudinet.com/menu_admin.php?ced=1022336164&nom=ORDO\xd1EZ GONZALEZ ANYI MILENA" "Mozilla/4.0 (compatible; MSIE 6.0; Windows NT 5.1; SV1; InfoPath.1)"
190.255.251.154 - - [18/Nov/2009:12:43:34 -0600] "POST /chat/chat.php HTTP/1.1" 200 17 "-" "Mozilla/4.0 (Windows XP 5.1) Java/1.6.0_11"
190.24.223.78 - - [18/Nov/2009:12:43:34 -0600] "GET /menuweb.files/sm_back_xp.gif HTTP/1.1" 304 - "http://www.asjudinet.com/menu_admin.php?ced=1022336164&nom=ORDO\xd1EZ GONZALEZ ANYI MILENA" "Mozilla/4.0 (compatible; MSIE 6.0; Windows NT 5.1; SV1; InfoPath.1)"
190.24.223.78 - - [18/Nov/2009:12:43:34 -0600] "GET /menuweb.files/sm_back_xp.gif HTTP/1.1" 304 - "http://www.asjudinet.com/menu_admin.php?ced=1022336164&nom=ORDO\xd1EZ GONZALEZ ANYI MILENA" "Mozilla/4.0 (compatible; MSIE 6.0; Windows NT 5.1; SV1; InfoPath.1)"
190.24.223.78 - - [18/Nov/2009:12:43:34 -0600] "GET /menuweb.files/sm_back_xp.gif HTTP/1.1" 304 - "http://www.asjudinet.com/menu_admin.php?ced=1022336164&nom=ORDO\xd1EZ GONZALEZ ANYI MILENA" "Mozilla/4.0 (compatible; MSIE 6.0; Windows NT 5.1; SV1; InfoPath.1)"
190.24.223.78 - - [18/Nov/2009:12:43:34 -0600] "GET /menuweb.files/arr_black_2.gif HTTP/1.1" 304 - "http://www.asjudinet.com/menu_admin.php?ced=1022336164&nom=ORDO\xd1EZ GONZALEZ ANYI MILENA" "Mozilla/4.0 (compatible; MSIE 6.0; Windows NT 5.1; SV1; InfoPath.1)"
190.24.223.78 - - [18/Nov/2009:12:43:34 -0600] "GET /menuweb.files/sm_back_xp2.gif HTTP/1.1" 304 - "http://www.asjudinet.com/menu_admin.php?ced=1022336164&nom=ORDO\xd1EZ GONZALEZ ANYI MILENA" "Mozilla/4.0 (compatible; MSIE 6.0; Windows NT 5.1; SV1; InfoPath.1)"
190.24.223.78 - - [18/Nov/2009:12:43:34 -0600] "GET /menuweb.files/arr_white_2.gif HTTP/1.1" 304 - "http://www.asjudinet.com/menu_admin.php?ced=1022336164&nom=ORDO\xd1EZ GONZALEZ ANYI MILENA" "Mozilla/4.0 (compatible; MSIE 6.0; Windows NT 5.1; SV1; InfoPath.1)"
190.24.223.78 - - [18/Nov/2009:12:43:34 -0600] "GET /menuweb.files/sm_back_xp.gif HTTP/1.1" 304 - "http://www.asjudinet.com/menu_admin.php?ced=1022336164&nom=ORDO\xd1EZ GONZALEZ ANYI MILENA" "Mozilla/4.0 (compatible; MSIE 6.0; Windows NT 5.1; SV1; InfoPath.1)"
190.24.223.78 - - [18/Nov/2009:12:43:34 -0600] "GET /menuweb.files/icon_xp2_tunero.gif HTTP/1.1" 304 - "http://www.asjudinet.com/menu_admin.php?ced=1022336164&nom=ORDO\xd1EZ GONZALEZ ANYI MILENA" "Mozilla/4.0 (compatible; MSIE 6.0; Windows NT 5.1; SV1; InfoPath.1)"
190.24.223.78 - - [18/Nov/2009:12:43:35 -0600] "GET /menuweb.files/icon_xp2_tunero.gif HTTP/1.1" 304 - "http://www.asjudinet.com/menu_admin.php?ced=1022336164&nom=ORDO\xd1EZ GONZALEZ ANYI MILENA" "Mozilla/4.0 (compatible; MSIE 6.0; Windows NT 5.1; SV1; InfoPath.1)"
190.24.223.78 - - [18/Nov/2009:12:43:35 -0600] "GET /menuweb.files/icon_xp2_tunero.gif HTTP/1.1" 304 - "http://www.asjudinet.com/menu_admin.php?ced=1022336164&nom=ORDO\xd1EZ GONZALEZ ANYI MILENA" "Mozilla/4.0 (compatible; MSIE 6.0; Windows NT 5.1; SV1; InfoPath.1)"
190.24.223.78 - - [18/Nov/2009:12:43:35 -0600] "GET /menuweb.files/icon_xp2_tunero.gif HTTP/1.1" 304 - "http://www.asjudinet.com/menu_admin.php?ced=1022336164&nom=ORDO\xd1EZ GONZALEZ ANYI MILENA" "Mozilla/4.0 (compatible; MSIE 6.0; Windows NT 5.1; SV1; InfoPath.1)"
190.24.223.78 - - [18/Nov/2009:12:43:35 -0600] "GET /menuweb.files/sm_back_xp.gif HTTP/1.1" 304 - "http://www.asjudinet.com/menu_admin.php?ced=1022336164&nom=ORDO\xd1EZ GONZALEZ ANYI MILENA" "Mozilla/4.0 (compatible; MSIE 6.0; Windows NT 5.1; SV1; InfoPath.1)"
190.24.223.78 - - [18/Nov/2009:12:43:35 -0600] "GET /menuweb.files/arr_white_2.gif HTTP/1.1" 304 - "http://www.asjudinet.com/menu_admin.php?ced=1022336164&nom=ORDO\xd1EZ GONZALEZ ANYI MILENA" "Mozilla/4.0 (compatible; MSIE 6.0; Windows NT 5.1; SV1; InfoPath.1)"
190.24.223.78 - - [18/Nov/2009:12:43:35 -0600] "GET /menuweb.files/sm_back_xp.gif HTTP/1.1" 304 - "http://www.asjudinet.com/menu_admin.php?ced=1022336164&nom=ORDO\xd1EZ GONZALEZ ANYI MILENA" "Mozilla/4.0 (compatible; MSIE 6.0; Windows NT 5.1; SV1; InfoPath.1)"
190.24.223.78 - - [18/Nov/2009:12:43:35 -0600] "GET /menuweb.files/sm_back_xp.gif HTTP/1.1" 304 - "http://www.asjudinet.com/menu_admin.php?ced=1022336164&nom=ORDO\xd1EZ GONZALEZ ANYI MILENA" "Mozilla/4.0 (compatible; MSIE 6.0; Windows NT 5.1; SV1; InfoPath.1)"
190.24.223.78 - - [18/Nov/2009:12:43:35 -0600] "GET /menuweb.files/sm_back_xp.gif HTTP/1.1" 304 - "http://www.asjudinet.com/menu_admin.php?ced=1022336164&nom=ORDO\xd1EZ GONZALEZ ANYI MILENA" "Mozilla/4.0 (compatible; MSIE 6.0; Windows NT 5.1; SV1; InfoPath.1)"
190.24.223.78 - - [18/Nov/2009:12:43:35 -0600] "GET /menuweb.files/Gota1.png HTTP/1.1" 304 - "http://www.asjudinet.com/menu_admin.php?ced=1022336164&nom=ORDO\xd1EZ GONZALEZ ANYI MILENA" "Mozilla/4.0 (compatible; MSIE 6.0; Windows NT 5.1; SV1; InfoPath.1)"
190.24.223.78 - - [18/Nov/2009:12:43:35 -0600] "GET /menuweb.files/icon_win98_5.gif HTTP/1.1" 304 - "http://www.asjudinet.com/menu_admin.php?ced=1022336164&nom=ORDO\xd1EZ GONZALEZ ANYI MILENA" "Mozilla/4.0 (compatible; MSIE 6.0; Windows NT 5.1; SV1; InfoPath.1)"
190.24.223.78 - - [18/Nov/2009:12:43:35 -0600] "GET /menuweb.files/icon_xp2_tunero.gif HTTP/1.1" 304 - "http://www.asjudinet.com/menu_admin.php?ced=1022336164&nom=ORDO\xd1EZ GONZALEZ ANYI MILENA" "Mozilla/4.0 (compatible; MSIE 6.0; Windows NT 5.1; SV1; InfoPath.1)"
190.24.223.78 - - [18/Nov/2009:12:43:35 -0600] "GET /menuweb.files/icon_xp2_tunero.gif HTTP/1.1" 304 - "http://www.asjudinet.com/menu_admin.php?ced=1022336164&nom=ORDO\xd1EZ GONZALEZ ANYI MILENA" "Mozilla/4.0 (compatible; MSIE 6.0; Windows NT 5.1; SV1; InfoPath.1)"
190.24.223.78 - - [18/Nov/2009:12:43:35 -0600] "GET /menuweb.files/icon_xp2_tunero.gif HTTP/1.1" 304 - "http://www.asjudinet.com/menu_admin.php?ced=1022336164&nom=ORDO\xd1EZ GONZALEZ ANYI MILENA" "Mozilla/4.0 (compatible; MSIE 6.0; Windows NT 5.1; SV1; InfoPath.1)"
190.24.223.78 - - [18/Nov/2009:12:43:36 -0600] "GET /menuweb.files/sm_back_xp.gif HTTP/1.1" 304 - "http://www.asjudinet.com/menu_admin.php?ced=1022336164&nom=ORDO\xd1EZ GONZALEZ ANYI MILENA" "Mozilla/4.0 (compatible; MSIE 6.0; Windows NT 5.1; SV1; InfoPath.1)"
190.99.160.153 - - [18/Nov/2009:12:43:36 -0600] "POST /chat/chat.php HTTP/1.1" 200 17 "-" "Mozilla/4.0 (Windows XP 5.1) Java/1.6.0_15"
190.90.239.144 - - [18/Nov/2009:12:43:36 -0600] "POST /chat/chat.php HTTP/1.1" 200 17 "-" "Mozilla/4.0 (Windows XP 5.1) Java/1.6.0_15"
190.24.223.78 - - [18/Nov/2009:12:43:36 -0600] "GET /menuweb.files/sm_back_xp2.gif HTTP/1.1" 304 - "http://www.asjudinet.com/menu_admin.php?ced=1022336164&nom=ORDO\xd1EZ GONZALEZ ANYI MILENA" "Mozilla/4.0 (compatible; MSIE 6.0; Windows NT 5.1; SV1; InfoPath.1)"
190.24.223.78 - - [18/Nov/2009:12:43:36 -0600] "GET /menuweb.files/sm_back_xp2.gif HTTP/1.1" 304 - "http://www.asjudinet.com/menu_admin.php?ced=1022336164&nom=ORDO\xd1EZ GONZALEZ ANYI MILENA" "Mozilla/4.0 (compatible; MSIE 6.0; Windows NT 5.1; SV1; InfoPath.1)"
190.24.223.78 - - [18/Nov/2009:12:43:36 -0600] "GET /menuweb.files/sm_back_xp.gif HTTP/1.1" 304 - "http://www.asjudinet.com/menu_admin.php?ced=1022336164&nom=ORDO\xd1EZ GONZALEZ ANYI MILENA" "Mozilla/4.0 (compatible; MSIE 6.0; Windows NT 5.1; SV1; InfoPath.1)"
190.24.223.78 - - [18/Nov/2009:12:43:36 -0600] "GET /menuweb.files/sm_back_xp2.gif HTTP/1.1" 304 - "http://www.asjudinet.com/menu_admin.php?ced=1022336164&nom=ORDO\xd1EZ GONZALEZ ANYI MILENA" "Mozilla/4.0 (compatible; MSIE 6.0; Windows NT 5.1; SV1; InfoPath.1)"
190.255.173.67 - - [18/Nov/2009:12:43:36 -0600] "POST /chat/chat.php HTTP/1.1" 200 17 "-" "Mozilla/4.0 (Windows XP 5.1) Java/1.6.0_11"
190.24.223.78 - - [18/Nov/2009:12:43:36 -0600] "GET /menuweb.files/sm_back_xp2.gif HTTP/1.1" 304 - "http://www.asjudinet.com/menu_admin.php?ced=1022336164&nom=ORDO\xd1EZ GONZALEZ ANYI MILENA" "Mozilla/4.0 (compatible; MSIE 6.0; Windows NT 5.1; SV1; InfoPath.1)"
190.157.32.99 - - [18/Nov/2009:12:43:36 -0600] "POST /chat/chat.php HTTP/1.1" 200 17 "-" "Mozilla/4.0 (Windows XP 5.1) Java/1.6.0_16"
190.24.223.78 - - [18/Nov/2009:12:43:36 -0600] "GET /menuweb.files/arr_black_2.gif HTTP/1.1" 304 - "http://www.asjudinet.com/menu_admin.php?ced=1022336164&nom=ORDO\xd1EZ GONZALEZ ANYI MILENA" "Mozilla/4.0 (compatible; MSIE 6.0; Windows NT 5.1; SV1; InfoPath.1)"
190.24.223.78 - - [18/Nov/2009:12:43:36 -0600] "GET /menuweb.files/sm_back_xp.gif HTTP/1.1" 304 - "http://www.asjudinet.com/menu_admin.php?ced=1022336164&nom=ORDO\xd1EZ GONZALEZ ANYI MILENA" "Mozilla/4.0 (compatible; MSIE 6.0; Windows NT 5.1; SV1; InfoPath.1)"
190.24.223.78 - - [18/Nov/2009:12:43:36 -0600] "GET /menuweb.files/sm_back_xp.gif HTTP/1.1" 304 - "http://www.asjudinet.com/menu_admin.php?ced=1022336164&nom=ORDO\xd1EZ GONZALEZ ANYI MILENA" "Mozilla/4.0 (compatible; MSIE 6.0; Windows NT 5.1; SV1; InfoPath.1)"
190.24.223.78 - - [18/Nov/2009:12:43:36 -0600] "GET /menuweb.files/sm_back_xp.gif HTTP/1.1" 304 - "http://www.asjudinet.com/menu_admin.php?ced=1022336164&nom=ORDO\xd1EZ GONZALEZ ANYI MILENA" "Mozilla/4.0 (compatible; MSIE 6.0; Windows NT 5.1; SV1; InfoPath.1)"
190.24.223.78 - - [18/Nov/2009:12:43:37 -0600] "GET /menuweb.files/sm_back_xp.gif HTTP/1.1" 304 - "http://www.asjudinet.com/menu_admin.php?ced=1022336164&nom=ORDO\xd1EZ GONZALEZ ANYI MILENA" "Mozilla/4.0 (compatible; MSIE 6.0; Windows NT 5.1; SV1; InfoPath.1)"
190.24.223.78 - - [18/Nov/2009:12:43:37 -0600] "GET /menuweb.files/sm_back_xp.gif HTTP/1.1" 304 - "http://www.asjudinet.com/menu_admin.php?ced=1022336164&nom=ORDO\xd1EZ GONZALEZ ANYI MILENA" "Mozilla/4.0 (compatible; MSIE 6.0; Windows NT 5.1; SV1; InfoPath.1)"
190.24.223.78 - - [18/Nov/2009:12:43:37 -0600] "GET /menuweb.files/sm_back_xp.gif HTTP/1.1" 304 - "http://www.asjudinet.com/menu_admin.php?ced=1022336164&nom=ORDO\xd1EZ GONZALEZ ANYI MILENA" "Mozilla/4.0 (compatible; MSIE 6.0; Windows NT 5.1; SV1; InfoPath.1)"
190.24.223.78 - - [18/Nov/2009:12:43:37 -0600] "GET /menuweb.files/sm_back_xp.gif HTTP/1.1" 304 - "http://www.asjudinet.com/menu_admin.php?ced=1022336164&nom=ORDO\xd1EZ GONZALEZ ANYI MILENA" "Mozilla/4.0 (compatible; MSIE 6.0; Windows NT 5.1; SV1; InfoPath.1)"
190.24.223.78 - - [18/Nov/2009:12:43:37 -0600] "GET /menuweb.files/sm_back_xp.gif HTTP/1.1" 304 - "http://www.asjudinet.com/menu_admin.php?ced=1022336164&nom=ORDO\xd1EZ GONZALEZ ANYI MILENA" "Mozilla/4.0 (compatible; MSIE 6.0; Windows NT 5.1; SV1; InfoPath.1)"
190.24.223.78 - - [18/Nov/2009:12:43:37 -0600] "POST /chat/chat.php HTTP/1.1" 200 17 "-" "Mozilla/4.0 (Windows XP 5.1) Java/1.6.0_17"
190.24.223.78 - - [18/Nov/2009:12:43:36 -0600] "GET /listado_general_respuesta_pen.php HTTP/1.1" 200 46517 "-" "Mozilla/4.0 (compatible; MSIE 6.0; Windows NT 5.1; SV1; InfoPath.1)"
190.255.251.154 - - [18/Nov/2009:12:43:39 -0600] "POST /chat/chat.php HTTP/1.1" 200 17 "-" "Mozilla/4.0 (Windows XP 5.1) Java/1.6.0_11"
190.99.160.153 - - [18/Nov/2009:12:43:41 -0600] "POST /chat/chat.php HTTP/1.1" 200 17 "-" "Mozilla/4.0 (Windows XP 5.1) Java/1.6.0_15"
190.90.239.144 - - [18/Nov/2009:12:43:41 -0600] "POST /chat/chat.php HTTP/1.1" 200 17 "-" "Mozilla/4.0 (Windows XP 5.1) Java/1.6.0_15"
201.228.40.146 - - [18/Nov/2009:12:43:41 -0600] "POST /chat/chat.php HTTP/1.1" 200 17 "-" "Mozilla/4.0 (Windows XP 5.1) Java/1.6.0_11"
190.255.173.67 - - [18/Nov/2009:12:43:41 -0600] "POST /chat/chat.php HTTP/1.1" 200 17 "-" "Mozilla/4.0 (Windows XP 5.1) Java/1.6.0_11"
190.157.32.99 - - [18/Nov/2009:12:43:41 -0600] "POST /chat/chat.php HTTP/1.1" 200 17 "-" "Mozilla/4.0 (Windows XP 5.1) Java/1.6.0_16"
190.24.223.78 - - [18/Nov/2009:12:43:43 -0600] "POST /chat/chat.php HTTP/1.1" 200 17 "-" "Mozilla/4.0 (Windows XP 5.1) Java/1.6.0_17"
190.255.251.154 - - [18/Nov/2009:12:43:44 -0600] "POST /chat/chat.php HTTP/1.1" 200 17 "-" "Mozilla/4.0 (Windows XP 5.1) Java/1.6.0_11"
190.99.160.153 - - [18/Nov/2009:12:43:46 -0600] "POST /chat/chat.php HTTP/1.1" 200 17 "-" "Mozilla/4.0 (Windows XP 5.1) Java/1.6.0_15"
190.90.239.144 - - [18/Nov/2009:12:43:46 -0600] "POST /chat/chat.php HTTP/1.1" 200 17 "-" "Mozilla/4.0 (Windows XP 5.1) Java/1.6.0_15"
201.228.40.146 - - [18/Nov/2009:12:43:46 -0600] "POST /chat/chat.php HTTP/1.1" 200 17 "-" "Mozilla/4.0 (Windows XP 5.1) Java/1.6.0_11"
190.255.173.67 - - [18/Nov/2009:12:43:46 -0600] "POST /chat/chat.php HTTP/1.1" 200 17 "-" "Mozilla/4.0 (Windows XP 5.1) Java/1.6.0_11"
190.157.32.99 - - [18/Nov/2009:12:43:46 -0600] "POST /chat/chat.php HTTP/1.1" 200 17 "-" "Mozilla/4.0 (Windows XP 5.1) Java/1.6.0_16"
190.24.223.78 - - [18/Nov/2009:12:43:48 -0600] "POST /chat/chat.php HTTP/1.1" 200 17 "-" "Mozilla/4.0 (Windows XP 5.1) Java/1.6.0_17"
190.255.251.154 - - [18/Nov/2009:12:43:50 -0600] "POST /chat/chat.php HTTP/1.1" 200 17 "-" "Mozilla/4.0 (Windows XP 5.1) Java/1.6.0_11"
190.99.160.153 - - [18/Nov/2009:12:43:51 -0600] "POST /chat/chat.php HTTP/1.1" 200 17 "-" "Mozilla/4.0 (Windows XP 5.1) Java/1.6.0_15"
190.90.239.144 - - [18/Nov/2009:12:43:51 -0600] "POST /chat/chat.php HTTP/1.1" 200 17 "-" "Mozilla/4.0 (Windows XP 5.1) Java/1.6.0_15"
201.228.40.146 - - [18/Nov/2009:12:43:51 -0600] "POST /chat/chat.php HTTP/1.1" 200 17 "-" "Mozilla/4.0 (Windows XP 5.1) Java/1.6.0_11"
190.255.173.67 - - [18/Nov/2009:12:43:51 -0600] "POST /chat/chat.php HTTP/1.1" 200 17 "-" "Mozilla/4.0 (Windows XP 5.1) Java/1.6.0_11"
190.157.32.99 - - [18/Nov/2009:12:43:52 -0600] "POST /chat/chat.php HTTP/1.1" 200 17 "-" "Mozilla/4.0 (Windows XP 5.1) Java/1.6.0_16"
190.24.223.78 - - [18/Nov/2009:12:43:53 -0600] "POST /chat/chat.php HTTP/1.1" 200 17 "-" "Mozilla/4.0 (Windows XP 5.1) Java/1.6.0_17"
190.255.251.154 - - [18/Nov/2009:12:43:55 -0600] "POST /chat/chat.php HTTP/1.1" 200 17 "-" "Mozilla/4.0 (Windows XP 5.1) Java/1.6.0_11"
190.99.160.153 - - [18/Nov/2009:12:43:56 -0600] "POST /chat/chat.php HTTP/1.1" 200 17 "-" "Mozilla/4.0 (Windows XP 5.1) Java/1.6.0_15"
190.90.239.144 - - [18/Nov/2009:12:43:56 -0600] "POST /chat/chat.php HTTP/1.1" 200 17 "-" "Mozilla/4.0 (Windows XP 5.1) Java/1.6.0_15"
201.228.40.146 - - [18/Nov/2009:12:43:56 -0600] "POST /chat/chat.php HTTP/1.1" 200 17 "-" "Mozilla/4.0 (Windows XP 5.1) Java/1.6.0_11"
190.255.173.67 - - [18/Nov/2009:12:43:56 -0600] "POST /chat/chat.php HTTP/1.1" 200 17 "-" "Mozilla/4.0 (Windows XP 5.1) Java/1.6.0_11"
190.157.32.99 - - [18/Nov/2009:12:43:57 -0600] "POST /chat/chat.php HTTP/1.1" 200 17 "-" "Mozilla/4.0 (Windows XP 5.1) Java/1.6.0_16"
190.24.223.78 - - [18/Nov/2009:12:43:58 -0600] "POST /chat/chat.php HTTP/1.1" 200 17 "-" "Mozilla/4.0 (Windows XP 5.1) Java/1.6.0_17"
190.255.251.154 - - [18/Nov/2009:12:44:00 -0600] "POST /chat/chat.php HTTP/1.1" 200 17 "-" "Mozilla/4.0 (Windows XP 5.1) Java/1.6.0_11"
190.99.160.153 - - [18/Nov/2009:12:44:01 -0600] "POST /chat/chat.php HTTP/1.1" 200 17 "-" "Mozilla/4.0 (Windows XP 5.1) Java/1.6.0_15"
190.90.239.144 - - [18/Nov/2009:12:44:01 -0600] "POST /chat/chat.php HTTP/1.1" 200 17 "-" "Mozilla/4.0 (Windows XP 5.1) Java/1.6.0_15"
201.228.40.146 - - [18/Nov/2009:12:44:01 -0600] "POST /chat/chat.php HTTP/1.1" 200 17 "-" "Mozilla/4.0 (Windows XP 5.1) Java/1.6.0_11"
190.255.173.67 - - [18/Nov/2009:12:44:02 -0600] "POST /chat/chat.php HTTP/1.1" 200 17 "-" "Mozilla/4.0 (Windows XP 5.1) Java/1.6.0_11"
190.157.32.99 - - [18/Nov/2009:12:44:02 -0600] "POST /chat/chat.php HTTP/1.1" 200 17 "-" "Mozilla/4.0 (Windows XP 5.1) Java/1.6.0_16"
190.24.223.78 - - [18/Nov/2009:12:44:03 -0600] "POST /chat/chat.php HTTP/1.1" 200 17 "-" "Mozilla/4.0 (Windows XP 5.1) Java/1.6.0_17"
190.24.223.78 - - [18/Nov/2009:12:44:05 -0600] "GET /menu_admin.php HTTP/1.1" 200 2975 "-" "Mozilla/4.0 (compatible; MSIE 6.0; Windows NT 5.1; SV1; InfoPath.1)"
190.24.223.78 - - [18/Nov/2009:12:44:05 -0600] "GET /menuweb.files/dmenu.js HTTP/1.1" 304 - "http://www.asjudinet.com/menu_admin.php" "Mozilla/4.0 (compatible; MSIE 6.0; Windows NT 5.1; SV1; InfoPath.1)"
190.24.223.78 - - [18/Nov/2009:12:44:05 -0600] "GET /ELEMENTOS/Logito22.JPG HTTP/1.1" 304 - "http://www.asjudinet.com/menu_admin.php" "Mozilla/4.0 (compatible; MSIE 6.0; Windows NT 5.1; SV1; InfoPath.1)"
190.255.251.154 - - [18/Nov/2009:12:44:05 -0600] "POST /chat/chat.php HTTP/1.1" 200 17 "-" "Mozilla/4.0 (Windows XP 5.1) Java/1.6.0_11"
190.24.223.78 - - [18/Nov/2009:12:44:05 -0600] "GET /menuweb.js HTTP/1.1" 304 - "http://www.asjudinet.com/menu_admin.php" "Mozilla/4.0 (compatible; MSIE 6.0; Windows NT 5.1; SV1; InfoPath.1)"
190.24.223.78 - - [18/Nov/2009:12:44:06 -0600] "GET /menuweb.files/icon_win98_7.gif HTTP/1.1" 304 - "http://www.asjudinet.com/menu_admin.php" "Mozilla/4.0 (compatible; MSIE 6.0; Windows NT 5.1; SV1; InfoPath.1)"
190.24.223.78 - - [18/Nov/2009:12:44:06 -0600] "GET /menuweb.files/arr_black_2.gif HTTP/1.1" 304 - "http://www.asjudinet.com/menu_admin.php" "Mozilla/4.0 (compatible; MSIE 6.0; Windows NT 5.1; SV1; InfoPath.1)"
190.24.223.78 - - [18/Nov/2009:12:44:06 -0600] "GET /menuweb.files/icon_xp_7.gif HTTP/1.1" 304 - "http://www.asjudinet.com/menu_admin.php" "Mozilla/4.0 (compatible; MSIE 6.0; Windows NT 5.1; SV1; InfoPath.1)"
190.24.223.78 - - [18/Nov/2009:12:44:06 -0600] "GET /menuweb.files/icon_xp2_1o.gif HTTP/1.1" 304 - "http://www.asjudinet.com/menu_admin.php" "Mozilla/4.0 (compatible; MSIE 6.0; Windows NT 5.1; SV1; InfoPath.1)"
190.24.223.78 - - [18/Nov/2009:12:44:06 -0600] "GET /menuweb.files/Gota1.png HTTP/1.1" 304 - "http://www.asjudinet.com/menu_admin.php" "Mozilla/4.0 (compatible; MSIE 6.0; Windows NT 5.1; SV1; InfoPath.1)"
190.24.223.78 - - [18/Nov/2009:12:44:06 -0600] "GET /menuweb.files/mac_pic1.gif HTTP/1.1" 304 - "http://www.asjudinet.com/menu_admin.php" "Mozilla/4.0 (compatible; MSIE 6.0; Windows NT 5.1; SV1; InfoPath.1)"
190.24.223.78 - - [18/Nov/2009:12:44:06 -0600] "GET /menuweb.files/icon_office_list.gif HTTP/1.1" 304 - "http://www.asjudinet.com/menu_admin.php" "Mozilla/4.0 (compatible; MSIE 6.0; Windows NT 5.1; SV1; InfoPath.1)"
190.24.223.78 - - [18/Nov/2009:12:44:06 -0600] "GET /menuweb.files/afiliado.PNG HTTP/1.1" 304 - "http://www.asjudinet.com/menu_admin.php" "Mozilla/4.0 (compatible; MSIE 6.0; Windows NT 5.1; SV1; InfoPath.1)"
190.24.223.78 - - [18/Nov/2009:12:44:06 -0600] "GET /menuweb.files/icon_office_pen2.gif HTTP/1.1" 304 - "http://www.asjudinet.com/menu_admin.php" "Mozilla/4.0 (compatible; MSIE 6.0; Windows NT 5.1; SV1; InfoPath.1)"
190.24.223.78 - - [18/Nov/2009:12:44:06 -0600] "GET /menuweb.files/icon_xp3_8.gif HTTP/1.1" 304 - "http://www.asjudinet.com/menu_admin.php" "Mozilla/4.0 (compatible; MSIE 6.0; Windows NT 5.1; SV1; InfoPath.1)"
190.99.160.153 - - [18/Nov/2009:12:44:06 -0600] "POST /chat/chat.php HTTP/1.1" 200 17 "-" "Mozilla/4.0 (Windows XP 5.1) Java/1.6.0_15"
190.90.239.144 - - [18/Nov/2009:12:44:06 -0600] "POST /chat/chat.php HTTP/1.1" 200 17 "-" "Mozilla/4.0 (Windows XP 5.1) Java/1.6.0_15"
190.24.223.78 - - [18/Nov/2009:12:44:06 -0600] "GET /menuweb.files/icon_xp3_12.gif HTTP/1.1" 304 - "http://www.asjudinet.com/menu_admin.php" "Mozilla/4.0 (compatible; MSIE 6.0; Windows NT 5.1; SV1; InfoPath.1)"
190.24.223.78 - - [18/Nov/2009:12:44:07 -0600] "GET /menuweb.files/icon_xp2_7o.gif HTTP/1.1" 304 - "http://www.asjudinet.com/menu_admin.php" "Mozilla/4.0 (compatible; MSIE 6.0; Windows NT 5.1; SV1; InfoPath.1)"
201.228.40.146 - - [18/Nov/2009:12:44:07 -0600] "POST /chat/chat.php HTTP/1.1" 200 17 "-" "Mozilla/4.0 (Windows XP 5.1) Java/1.6.0_11"
190.24.223.78 - - [18/Nov/2009:12:44:07 -0600] "GET /menuweb.files/mac_pic2.gif HTTP/1.1" 304 - "http://www.asjudinet.com/menu_admin.php" "Mozilla/4.0 (compatible; MSIE 6.0; Windows NT 5.1; SV1; InfoPath.1)"
190.255.173.67 - - [18/Nov/2009:12:44:07 -0600] "POST /chat/chat.php HTTP/1.1" 200 17 "-" "Mozilla/4.0 (Windows XP 5.1) Java/1.6.0_11"
190.24.223.78 - - [18/Nov/2009:12:44:07 -0600] "GET /menuweb.files/icons_xp_tuner.gif HTTP/1.1" 304 - "http://www.asjudinet.com/menu_admin.php" "Mozilla/4.0 (compatible; MSIE 6.0; Windows NT 5.1; SV1; InfoPath.1)"
190.24.223.78 - - [18/Nov/2009:12:44:07 -0600] "GET /menuweb.files/llave.gif HTTP/1.1" 304 - "http://www.asjudinet.com/menu_admin.php" "Mozilla/4.0 (compatible; MSIE 6.0; Windows NT 5.1; SV1; InfoPath.1)"
190.24.223.78 - - [18/Nov/2009:12:44:07 -0600] "GET /menuweb.files/icon_win98_5.gif HTTP/1.1" 304 - "http://www.asjudinet.com/menu_admin.php" "Mozilla/4.0 (compatible; MSIE 6.0; Windows NT 5.1; SV1; InfoPath.1)"
190.157.32.99 - - [18/Nov/2009:12:44:07 -0600] "POST /chat/chat.php HTTP/1.1" 200 17 "-" "Mozilla/4.0 (Windows XP 5.1) Java/1.6.0_16"
190.24.223.78 - - [18/Nov/2009:12:44:07 -0600] "GET /menuweb.files/arr_black_2.gif HTTP/1.1" 304 - "http://www.asjudinet.com/menu_admin.php" "Mozilla/4.0 (compatible; MSIE 6.0; Windows NT 5.1; SV1; InfoPath.1)"
190.24.223.78 - - [18/Nov/2009:12:44:07 -0600] "GET /menuweb.files/Gota1.png HTTP/1.1" 304 - "http://www.asjudinet.com/menu_admin.php" "Mozilla/4.0 (compatible; MSIE 6.0; Windows NT 5.1; SV1; InfoPath.1)"
190.24.223.78 - - [18/Nov/2009:12:44:07 -0600] "GET /menuweb.files/icon_win98_5.gif HTTP/1.1" 304 - "http://www.asjudinet.com/menu_admin.php" "Mozilla/4.0 (compatible; MSIE 6.0; Windows NT 5.1; SV1; InfoPath.1)"
190.24.223.78 - - [18/Nov/2009:12:44:07 -0600] "GET /menuweb.files/arr_white_2.gif HTTP/1.1" 304 - "http://www.asjudinet.com/menu_admin.php" "Mozilla/4.0 (compatible; MSIE 6.0; Windows NT 5.1; SV1; InfoPath.1)"
190.24.223.78 - - [18/Nov/2009:12:44:07 -0600] "GET /menuweb.files/sm_back_xp.gif HTTP/1.1" 304 - "http://www.asjudinet.com/menu_admin.php" "Mozilla/4.0 (compatible; MSIE 6.0; Windows NT 5.1; SV1; InfoPath.1)"
190.24.223.78 - - [18/Nov/2009:12:44:07 -0600] "GET /menuweb.files/sm_back_xp2.gif HTTP/1.1" 304 - "http://www.asjudinet.com/menu_admin.php" "Mozilla/4.0 (compatible; MSIE 6.0; Windows NT 5.1; SV1; InfoPath.1)"
190.24.223.78 - - [18/Nov/2009:12:44:08 -0600] "GET /menuweb.files/icon_xp2_tunero.gif HTTP/1.1" 304 - "http://www.asjudinet.com/menu_admin.php" "Mozilla/4.0 (compatible; MSIE 6.0; Windows NT 5.1; SV1; InfoPath.1)"
190.24.223.78 - - [18/Nov/2009:12:44:08 -0600] "GET /menuweb.files/icon_xp2_tunero.gif HTTP/1.1" 304 - "http://www.asjudinet.com/menu_admin.php" "Mozilla/4.0 (compatible; MSIE 6.0; Windows NT 5.1; SV1; InfoPath.1)"
190.24.223.78 - - [18/Nov/2009:12:44:08 -0600] "GET /menuweb.files/icon_xp2_tunero.gif HTTP/1.1" 304 - "http://www.asjudinet.com/menu_admin.php" "Mozilla/4.0 (compatible; MSIE 6.0; Windows NT 5.1; SV1; InfoPath.1)"
190.24.223.78 - - [18/Nov/2009:12:44:08 -0600] "GET /menuweb.files/icon_xp2_tunero.gif HTTP/1.1" 304 - "http://www.asjudinet.com/menu_admin.php" "Mozilla/4.0 (compatible; MSIE 6.0; Windows NT 5.1; SV1; InfoPath.1)"
190.24.223.78 - - [18/Nov/2009:12:44:08 -0600] "GET /menuweb.files/icon_xp2_tunero.gif HTTP/1.1" 304 - "http://www.asjudinet.com/menu_admin.php" "Mozilla/4.0 (compatible; MSIE 6.0; Windows NT 5.1; SV1; InfoPath.1)"
190.24.223.78 - - [18/Nov/2009:12:44:08 -0600] "GET /consulta_ced_enviar_correo_afi.php HTTP/1.1" 200 4064 "-" "Mozilla/4.0 (compatible; MSIE 6.0; Windows NT 5.1; SV1; InfoPath.1)"
190.24.223.78 - - [18/Nov/2009:12:44:08 -0600] "POST /chat/chat.php HTTP/1.1" 200 17 "-" "Mozilla/4.0 (Windows XP 5.1) Java/1.6.0_17"
